192.16.196.209 - - [02/Sep/2003:01:42:34 -0700] "GET /images/search.gif HTTP/1.1" 304 - "http://www.antlr.org/about.html" "Mozilla/4.0 (compatible; MSIE 6.0; Windows NT 5.0; .NET CLR 1.1.4322)"
192.16.196.209 - - [02/Sep/2003:01:42:34 -0700] "GET /images/search-go.gif HTTP/1.1" 304 - "http://www.antlr.org/about.html" "Mozilla/4.0 (compatible; MSIE 6.0; Windows NT 5.0; .NET CLR 1.1.4322)"
213.129.227.146 - - [02/Sep/2003:01:43:24 -0700] "GET /images/shim.gif HTTP/1.1" 304 - "http://www.antlr.org/doc/metalang.html" "Opera/7.11 (Windows NT 5.0; U) [en]"
213.129.227.146 - - [02/Sep/2003:01:43:24 -0700] "GET /doc/subrule.gif HTTP/1.1" 200 1887 "http://www.antlr.org/doc/metalang.html" "Opera/7.11 (Windows NT 5.0; U) [en]"
213.129.227.146 - - [02/Sep/2003:01:43:26 -0700] "GET /images/logo-head.gif HTTP/1.1" 304 - "http://www.antlr.org/doc/metalang.html" "Opera/7.11 (Windows NT 5.0; U) [en]"
213.129.227.146 - - [02/Sep/2003:01:43:26 -0700] "GET /doc/optional.gif HTTP/1.1" 200 2018 "http://www.antlr.org/doc/metalang.html" "Opera/7.11 (Windows NT 5.0; U) [en]"
213.129.227.146 - - [02/Sep/2003:01:43:26 -0700] "GET /images/head-shim.gif HTTP/1.1" 304 - "http://www.antlr.org/doc/metalang.html" "Opera/7.11 (Windows NT 5.0; U) [en]"
213.129.227.146 - - [02/Sep/2003:01:43:26 -0700] "GET /doc/closure.gif HTTP/1.1" 200 2166 "http://www.antlr.org/doc/metalang.html" "Opera/7.11 (Windows NT 5.0; U) [en]"
213.129.227.146 - - [02/Sep/2003:01:43:26 -0700] "GET /images/button-download.gif HTTP/1.1" 304 - "http://www.antlr.org/doc/metalang.html" "Opera/7.11 (Windows NT 5.0; U) [en]"
213.129.227.146 - - [02/Sep/2003:01:43:26 -0700] "GET /doc/posclosure.gif HTTP/1.1" 200 2031 "http://www.antlr.org/doc/metalang.html" "Opera/7.11 (Windows NT 5.0; U) [en]"
213.129.227.146 - - [02/Sep/2003:01:43:27 -0700] "GET /images/search.gif HTTP/1.1" 304 - "http://www.antlr.org/doc/metalang.html" "Opera/7.11 (Windows NT 5.0; U) [en]"
213.129.227.146 - - [02/Sep/2003:01:43:27 -0700] "GET /images/search-go.gif HTTP/1.1" 304 - "http://www.antlr.org/doc/metalang.html" "Opera/7.11 (Windows NT 5.0; U) [en]"
213.129.227.146 - - [02/Sep/2003:01:43:27 -0700] "GET /images/search-go.gif HTTP/1.1" 304 - "http://www.antlr.org/doc/metalang.html" "Opera/7.11 (Windows NT 5.0; U) [en]"
128.131.208.33 - - [02/Sep/2003:01:44:49 -0700] "GET /doc/index.html HTTP/1.1" 200 26469 "http://www.antlr.org/doc/getting-started.html" "Mozilla/4.0 (compatible; MSIE 6.0; Windows NT 5.1; .NET CLR 1.0.3705)"
128.131.208.33 - - [02/Sep/2003:01:44:52 -0700] "GET / HTTP/1.1" 200 11690 "http://www.antlr.org/doc/index.html" "Mozilla/4.0 (compatible; MSIE 6.0; Windows NT 5.1; .NET CLR 1.0.3705)"
128.131.208.33 - - [02/Sep/2003:01:44:53 -0700] "GET /images/parr-head.jpg HTTP/1.1" 304 - "http://www.antlr.org/" "Mozilla/4.0 (compatible; MSIE 6.0; Windows NT 5.1; .NET CLR 1.0.3705)"
128.131.208.33 - - [02/Sep/2003:01:44:55 -0700] "GET /article/tags/index.html HTTP/1.1" 200 14861 "http://www.antlr.org/" "Mozilla/4.0 (compatible; MSIE 6.0; Windows NT 5.1; .NET CLR 1.0.3705)"
128.131.208.33 - - [02/Sep/2003:01:45:03 -0700] "GET /article/tags/alice.g HTTP/1.1" 200 1995 "-" "Mozilla/4.0 (compatible; MSIE 6.0; Windows NT 5.1; .NET CLR 1.0.3705)"
213.11.67.51 - - [02/Sep/2003:01:45:53 -0700] "GET /doc/antlr272release.html HTTP/1.1" 200 29232 "http://www.antlr.org/doc/index.html" "Mozilla/4.0 (compatible; MSIE 6.0; Windows NT 5.0)"
81.80.88.225 - - [02/Sep/2003:01:46:02 -0700] "GET /doc/index.html HTTP/1.1" 200 26469 "-" "Mozilla/4.0 (compatible; MSIE 6.0; Windows NT 5.0)"
213.11.67.50 - - [02/Sep/2003:01:46:12 -0700] "GET /doc/lexer.html HTTP/1.1" 200 83864 "http://www.antlr.org/doc/index.html" "Mozilla/4.0 (compatible; MSIE 6.0; Windows NT 5.0)"
130.239.30.142 - - [02/Sep/2003:01:47:03 -0700] "GET /doc/index.html HTTP/1.1" 200 26469 "http://www.antlr.org/grammar/java" "Mozilla/4.0 (compatible; MSIE 6.0; Windows NT 5.0; .NET CLR 1.1.4322)"
130.239.30.142 - - [02/Sep/2003:01:47:20 -0700] "GET /doc/metalang.html HTTP/1.1" 200 52606 "http://www.antlr.org/doc/index.html" "Mozilla/4.0 (compatible; MSIE 6.0; Windows NT 5.0; .NET CLR 1.1.4322)"
130.239.30.142 - - [02/Sep/2003:01:47:21 -0700] "GET /doc/optional.gif HTTP/1.1" 200 2018 "http://www.antlr.org/doc/metalang.html" "Mozilla/4.0 (compatible; MSIE 6.0; Windows NT 5.0; .NET CLR 1.1.4322)"
130.239.30.142 - - [02/Sep/2003:01:47:21 -0700] "GET /doc/subrule.gif HTTP/1.1" 200 1887 "http://www.antlr.org/doc/metalang.html" "Mozilla/4.0 (compatible; MSIE 6.0; Windows NT 5.0; .NET CLR 1.1.4322)"
130.239.30.142 - - [02/Sep/2003:01:47:21 -0700] "GET /doc/closure.gif HTTP/1.1" 200 2166 "http://www.antlr.org/doc/metalang.html" "Mozilla/4.0 (compatible; MSIE 6.0; Windows NT 5.0; .NET CLR 1.1.4322)"
130.239.30.142 - - [02/Sep/2003:01:47:21 -0700] "GET /doc/posclosure.gif HTTP/1.1" 200 2031 "http://www.antlr.org/doc/metalang.html" "Mozilla/4.0 (compatible; MSIE 6.0; Windows NT 5.0; .NET CLR 1.1.4322)"
130.239.30.142 - - [02/Sep/2003:01:47:30 -0700] "GET /doc/index.html HTTP/1.1" 200 26469 "http://www.antlr.org/grammar/java" "Mozilla/4.0 (compatible; MSIE 6.0; Windows NT 5.0; .NET CLR 1.1.4322)"
130.239.30.142 - - [02/Sep/2003:01:47:35 -0700] "GET /doc/lexer.html HTTP/1.1" 200 83864 "http://www.antlr.org/doc/index.html" "Mozilla/4.0 (compatible; MSIE 6.0; Windows NT 5.0; .NET CLR 1.1.4322)"
130.239.30.142 - - [02/Sep/2003:01:47:40 -0700] "GET /doc/index.html HTTP/1.1" 200 26469 "http://www.antlr.org/grammar/java" "Mozilla/4.0 (compatible; MSIE 6.0; Windows NT 5.0; .NET CLR 1.1.4322)"
130.239.30.142 - - [02/Sep/2003:01:47:43 -0700] "GET /doc/metalang.html HTTP/1.1" 200 52606 "http://www.antlr.org/doc/index.html" "Mozilla/4.0 (compatible; MSIE 6.0; Windows NT 5.0; .NET CLR 1.1.4322)"
130.239.30.142 - - [02/Sep/2003:01:47:44 -0700] "GET /doc/subrule.gif HTTP/1.1" 200 1887 "http://www.antlr.org/doc/metalang.html" "Mozilla/4.0 (compatible; MSIE 6.0; Windows NT 5.0; .NET CLR 1.1.4322)"
130.239.30.142 - - [02/Sep/2003:01:47:44 -0700] "GET /doc/optional.gif HTTP/1.1" 200 2018 "http://www.antlr.org/doc/metalang.html" "Mozilla/4.0 (compatible; MSIE 6.0; Windows NT 5.0; .NET CLR 1.1.4322)"
130.239.30.142 - - [02/Sep/2003:01:47:44 -0700] "GET /doc/closure.gif HTTP/1.1" 200 2166 "http://www.antlr.org/doc/metalang.html" "Mozilla/4.0 (compatible; MSIE 6.0; Windows NT 5.0; .NET CLR 1.1.4322)"
130.239.30.142 - - [02/Sep/2003:01:47:44 -0700] "GET /doc/posclosure.gif HTTP/1.1" 200 2031 "http://www.antlr.org/doc/metalang.html" "Mozilla/4.0 (compatible; MSIE 6.0; Windows NT 5.0; .NET CLR 1.1.4322)"
213.11.67.50 - - [02/Sep/2003:01:47:50 -0700] "GET /doc/index.html HTTP/1.1" 200 26469 "-" "Mozilla/4.0 (compatible; MSIE 6.0; Windows NT 5.0)"
213.11.67.50 - - [02/Sep/2003:01:47:58 -0700] "GET /doc/sor.html HTTP/1.1" 200 22139 "http://www.antlr.org/doc/index.html" "Mozilla/4.0 (compatible; MSIE 6.0; Windows NT 5.0)"
81.80.88.225 - - [02/Sep/2003:01:48:34 -0700] "GET /doc/index.html HTTP/1.1" 200 26469 "-" "Mozilla/4.0 (compatible; MSIE 6.0; Windows NT 5.0)"
66.57.112.49 - - [02/Sep/2003:01:48:41 -0700] "GET /bug/30.html HTTP/1.1" 302 143 "-" "Mozilla/4.0 (compatible; grub-client-1.5.3; Crawl your own stuff with http://grub.org)"
66.57.112.49 - - [02/Sep/2003:01:48:41 -0700] "GET /error.jsp?msg=Problems+extracting+content%2Ftitle+from+file+%2Fbug%2F30.html%3A+null HTTP/1.1" 200 6463 "-" "Mozilla/4.0 (compatible; grub-client-1.5.3; Crawl your own stuff with http://grub.org)"
81.80.88.225 - - [02/Sep/2003:01:48:45 -0700] "GET /doc/cpp-runtime.html HTTP/1.1" 200 18691 "http://www.antlr.org/doc/index.html" "Mozilla/4.0 (compatible; MSIE 6.0; Windows NT 5.0)"
64.68.82.18 - - [02/Sep/2003:01:48:53 -0700] "GET /article/tags/AliceReaderListener.java HTTP/1.0" 200 131 "-" "Googlebot/2.1 (+http://www.googlebot.com/bot.html)"
80.11.167.4 - - [02/Sep/2003:01:49:09 -0700] "GET /doc/csharp-runtime.html HTTP/1.0" 200 14148 "http://www.google.fr/search?q=nant+download&hl=fr&lr=&ie=UTF-8&oe=UTF-8&start=10&sa=N" "Mozilla/4.0 (compatible; MSIE 6.0; Windows NT 5.0; .NET CLR 1.1.4322; .NET CLR 1.0.3705)"
80.11.167.4 - - [02/Sep/2003:01:49:10 -0700] "GET /images/shim.gif HTTP/1.0" 200 43 "http://www.antlr.org/doc/csharp-runtime.html" "Mozilla/4.0 (compatible; MSIE 6.0; Windows NT 5.0; .NET CLR 1.1.4322; .NET CLR 1.0.3705)"
80.11.167.4 - - [02/Sep/2003:01:49:10 -0700] "GET /images/logo-head.gif HTTP/1.0" 200 4098 "http://www.antlr.org/doc/csharp-runtime.html" "Mozilla/4.0 (compatible; MSIE 6.0; Windows NT 5.0; .NET CLR 1.1.4322; .NET CLR 1.0.3705)"
80.11.167.4 - - [02/Sep/2003:01:49:10 -0700] "GET /images/button-download.gif HTTP/1.0" 200 733 "http://www.antlr.org/doc/csharp-runtime.html" "Mozilla/4.0 (compatible; MSIE 6.0; Windows NT 5.0; .NET CLR 1.1.4322; .NET CLR 1.0.3705)"
80.11.167.4 - - [02/Sep/2003:01:49:10 -0700] "GET /images/head-shim.gif HTTP/1.0" 200 158 "http://www.antlr.org/doc/csharp-runtime.html" "Mozilla/4.0 (compatible; MSIE 6.0; Windows NT 5.0; .NET CLR 1.1.4322; .NET CLR 1.0.3705)"
80.11.167.4 - - [02/Sep/2003:01:49:11 -0700] "GET /images/search.gif HTTP/1.0" 200 299 "http://www.antlr.org/doc/csharp-runtime.html" "Mozilla/4.0 (compatible; MSIE 6.0; Windows NT 5.0; .NET CLR 1.1.4322; .NET CLR 1.0.3705)"
80.11.167.4 - - [02/Sep/2003:01:49:11 -0700] "GET /images/search-go.gif HTTP/1.0" 200 266 "http://www.antlr.org/doc/csharp-runtime.html" "Mozilla/4.0 (compatible; MSIE 6.0; Windows NT 5.0; .NET CLR 1.1.4322; .NET CLR 1.0.3705)"
81.80.88.225 - - [02/Sep/2003:01:49:22 -0700] "GET /doc/index.html HTTP/1.1" 200 26469 "-" "Mozilla/4.0 (compatible; MSIE 6.0; Windows NT 5.0)"
81.80.88.225 - - [02/Sep/2003:01:49:31 -0700] "GET /doc/options.html HTTP/1.1" 200 37045 "http://www.antlr.org/doc/index.html" "Mozilla/4.0 (compatible; MSIE 6.0; Windows NT 5.0)"
66.196.65.35 - - [02/Sep/2003:01:49:42 -0700] "GET /robots.txt HTTP/1.0" 200 6453 "-" "Mozilla/5.0 (Slurp/si; slurp@inktomi.com; http://www.inktomi.com/slurp.html)"
66.196.90.12 - - [02/Sep/2003:01:49:53 -0700] "GET / HTTP/1.0" 200 11690 "-" "Mozilla/5.0 (Slurp/cat; slurp@inktomi.com; http://www.inktomi.com/slurp.html)"
213.11.67.50 - - [02/Sep/2003:01:50:10 -0700] "GET /doc/index.html HTTP/1.1" 200 26469 "-" "Mozilla/4.0 (compatible; MSIE 6.0; Windows NT 5.0)"
213.11.67.50 - - [02/Sep/2003:01:50:42 -0700] "GET /doc/sor.html HTTP/1.1" 200 22139 "http://www.antlr.org/doc/index.html" "Mozilla/4.0 (compatible; MSIE 6.0; Windows NT 5.0)"
203.196.188.66 - - [02/Sep/2003:01:50:53 -0700] "GET / HTTP/1.0" 200 11690 "http://www.google.co.in/search?hl=en&ie=UTF-8&oe=UTF-8&q=getting+the+source+of+a+page+into+another+page&btnG=Google+Search&meta=" "Mozilla/4.0 (compatible; MSIE 6.0; Windows NT 5.1; Hotbar 4.3.5.0; .NET CLR 1.0.3705)"
203.196.188.66 - - [02/Sep/2003:01:50:55 -0700] "GET /images/shim.gif HTTP/1.0" 200 43 "http://www.antlr.org/" "Mozilla/4.0 (compatible; MSIE 6.0; Windows NT 5.1; Hotbar 4.3.5.0; .NET CLR 1.0.3705)"
203.196.188.66 - - [02/Sep/2003:01:50:55 -0700] "GET /images/logo-head.gif HTTP/1.0" 200 4098 "http://www.antlr.org/" "Mozilla/4.0 (compatible; MSIE 6.0; Windows NT 5.1; Hotbar 4.3.5.0; .NET CLR 1.0.3705)"
203.196.188.66 - - [02/Sep/2003:01:50:56 -0700] "GET /images/button-download.gif HTTP/1.0" 200 733 "http://www.antlr.org/" "Mozilla/4.0 (compatible; MSIE 6.0; Windows NT 5.1; Hotbar 4.3.5.0; .NET CLR 1.0.3705)"
203.196.188.66 - - [02/Sep/2003:01:50:56 -0700] "GET /images/parr-head.jpg HTTP/1.0" 200 3582 "http://www.antlr.org/" "Mozilla/4.0 (compatible; MSIE 6.0; Windows NT 5.1; Hotbar 4.3.5.0; .NET CLR 1.0.3705)"
203.196.188.66 - - [02/Sep/2003:01:50:57 -0700] "GET /images/search.gif HTTP/1.0" 200 299 "http://www.antlr.org/" "Mozilla/4.0 (compatible; MSIE 6.0; Windows NT 5.1; Hotbar 4.3.5.0; .NET CLR 1.0.3705)"
203.196.188.66 - - [02/Sep/2003:01:50:57 -0700] "GET /images/head-shim.gif HTTP/1.0" 200 158 "http://www.antlr.org/" "Mozilla/4.0 (compatible; MSIE 6.0; Windows NT 5.1; Hotbar 4.3.5.0; .NET CLR 1.0.3705)"
203.196.188.66 - - [02/Sep/2003:01:50:59 -0700] "GET /images/search-go.gif HTTP/1.0" 200 266 "http://www.antlr.org/" "Mozilla/4.0 (compatible; MSIE 6.0; Windows NT 5.1; Hotbar 4.3.5.0; .NET CLR 1.0.3705)"
213.11.67.50 - - [02/Sep/2003:01:51:22 -0700] "GET /doc/index.html HTTP/1.1" 200 26469 "-" "Mozilla/4.0 (compatible; MSIE 6.0; Windows NT 5.0)"
213.11.67.50 - - [02/Sep/2003:01:51:30 -0700] "GET /doc/sor.html HTTP/1.1" 200 22139 "http://www.antlr.org/doc/index.html" "Mozilla/4.0 (compatible; MSIE 6.0; Windows NT 5.0)"
213.11.67.50 - - [02/Sep/2003:01:51:54 -0700] "GET /doc/lexer.html HTTP/1.1" 200 83864 "http://www.antlr.org/doc/index.html" "Mozilla/4.0 (compatible; MSIE 6.0; Windows NT 5.0)"
80.137.76.211 - - [02/Sep/2003:01:51:57 -0700] "GET / HTTP/1.0" 200 11690 "-" "Mozilla/4.0 (compatible; MSIE 6.0; Windows NT 5.0)"
80.137.76.211 - - [02/Sep/2003:01:51:57 -0700] "GET /images/head-shim.gif HTTP/1.0" 200 158 "http://www.antlr.org/" "Mozilla/4.0 (compatible; MSIE 6.0; Windows NT 5.0)"
80.137.76.211 - - [02/Sep/2003:01:51:57 -0700] "GET /images/logo-head.gif HTTP/1.0" 200 4098 "http://www.antlr.org/" "Mozilla/4.0 (compatible; MSIE 6.0; Windows NT 5.0)"
80.137.76.211 - - [02/Sep/2003:01:51:58 -0700] "GET /images/shim.gif HTTP/1.0" 200 43 "http://www.antlr.org/" "Mozilla/4.0 (compatible; MSIE 6.0; Windows NT 5.0)"
80.137.76.211 - - [02/Sep/2003:01:51:58 -0700] "GET /images/button-download.gif HTTP/1.0" 200 733 "http://www.antlr.org/" "Mozilla/4.0 (compatible; MSIE 6.0; Windows NT 5.0)"
80.137.76.211 - - [02/Sep/2003:01:51:58 -0700] "GET /images/parr-head.jpg HTTP/1.0" 200 3582 "http://www.antlr.org/" "Mozilla/4.0 (compatible; MSIE 6.0; Windows NT 5.0)"
80.137.76.211 - - [02/Sep/2003:01:51:58 -0700] "GET /images/search.gif HTTP/1.0" 200 299 "http://www.antlr.org/" "Mozilla/4.0 (compatible; MSIE 6.0; Windows NT 5.0)"
80.137.76.211 - - [02/Sep/2003:01:51:58 -0700] "GET /images/search-go.gif HTTP/1.0" 200 266 "http://www.antlr.org/" "Mozilla/4.0 (compatible; MSIE 6.0; Windows NT 5.0)"
80.137.76.211 - - [02/Sep/2003:01:52:38 -0700] "GET /grammar/list HTTP/1.0" 200 15685 "http://www.antlr.org/" "Mozilla/4.0 (compatible; MSIE 6.0; Windows NT 5.0)"
80.137.76.211 - - [02/Sep/2003:01:52:38 -0700] "GET /images/button-add-grammar.gif HTTP/1.0" 200 664 "http://www.antlr.org/grammar/list" "Mozilla/4.0 (compatible; MSIE 6.0; Windows NT 5.0)"
81.80.88.225 - - [02/Sep/2003:01:52:46 -0700] "GET /doc/index.html HTTP/1.1" 200 26469 "-" "Mozilla/4.0 (compatible; MSIE 6.0; Windows NT 5.0)"
80.137.76.211 - - [02/Sep/2003:01:53:00 -0700] "GET /grammar/cgram HTTP/1.0" 200 8086 "http://www.antlr.org/grammar/list" "Mozilla/4.0 (compatible; MSIE 6.0; Windows NT 5.0)"
213.11.67.50 - - [02/Sep/2003:01:53:00 -0700] "GET /doc/options.html HTTP/1.1" 200 37045 "http://www.antlr.org/doc/index.html" "Mozilla/4.0 (compatible; MSIE 6.0; Windows NT 5.0)"
80.137.76.211 - - [02/Sep/2003:01:53:07 -0700] "GET /grammar/cgram/todo.txt HTTP/1.0" 200 520 "http://www.antlr.org/grammar/cgram" "Mozilla/4.0 (compatible; MSIE 6.0; Windows NT 5.0)"
81.80.88.225 - - [02/Sep/2003:01:53:09 -0700] "GET /doc/index.html HTTP/1.1" 200 26469 "http://www.antlr.org/doc/options.html" "Mozilla/4.0 (compatible; MSIE 6.0; Windows NT 5.0)"
80.137.76.211 - - [02/Sep/2003:01:53:15 -0700] "GET /grammar/cgram HTTP/1.0" 200 8086 "http://www.antlr.org/grammar/list" "Mozilla/4.0 (compatible; MSIE 6.0; Windows NT 5.0)"
80.137.76.211 - - [02/Sep/2003:01:53:20 -0700] "GET /grammar/cgram/examples HTTP/1.0" 200 8004 "http://www.antlr.org/grammar/cgram" "Mozilla/4.0 (compatible; MSIE 6.0; Windows NT 5.0)"
80.137.76.211 - - [02/Sep/2003:01:53:26 -0700] "GET /grammar/cgram/examples/GNUCTokenTypes.txt HTTP/1.0" 200 6488 "http://www.antlr.org/grammar/cgram/examples" "Mozilla/4.0 (compatible; MSIE 6.0; Windows NT 5.0)"
80.137.76.211 - - [02/Sep/2003:01:53:31 -0700] "GET /grammar/cgram/examples HTTP/1.0" 200 8004 "http://www.antlr.org/grammar/cgram" "Mozilla/4.0 (compatible; MSIE 6.0; Windows NT 5.0)"
80.137.76.211 - - [02/Sep/2003:01:53:33 -0700] "GET /grammar/cgram/examples/Makefile HTTP/1.0" 200 214 "http://www.antlr.org/grammar/cgram/examples" "Mozilla/4.0 (compatible; MSIE 6.0; Windows NT 5.0)"
80.137.76.211 - - [02/Sep/2003:01:53:35 -0700] "GET /grammar/cgram/examples HTTP/1.0" 200 8004 "http://www.antlr.org/grammar/cgram" "Mozilla/4.0 (compatible; MSIE 6.0; Windows NT 5.0)"
80.137.76.211 - - [02/Sep/2003:01:53:38 -0700] "GET /grammar/cgram/examples/TestLex.java HTTP/1.0" 200 1071 "http://www.antlr.org/grammar/cgram/examples" "Mozilla/4.0 (compatible; MSIE 6.0; Windows NT 5.0)"
81.80.88.225 - - [02/Sep/2003:01:53:46 -0700] "GET /article/1055550418982/building.dev.tools.html HTTP/1.1" 200 37518 "http://www.google.fr/search?q=ANTLR+LALR&ie=UTF-8&oe=UTF-8&hl=fr&meta=" "Mozilla/4.0 (compatible; MSIE 6.0; Windows NT 5.0)"
213.11.67.51 - - [02/Sep/2003:01:53:47 -0700] "GET /logo.gif HTTP/1.1" 200 6455 "http://www.antlr.org/article/1055550418982/building.dev.tools.html" "Mozilla/4.0 (compatible; MSIE 6.0; Windows NT 5.0)"
80.137.76.211 - - [02/Sep/2003:01:53:49 -0700] "GET /grammar/cgram/examples HTTP/1.0" 200 8004 "http://www.antlr.org/grammar/cgram" "Mozilla/4.0 (compatible; MSIE 6.0; Windows NT 5.0)"
80.137.76.211 - - [02/Sep/2003:01:53:54 -0700] "GET /javadoc/overview-summary.html HTTP/1.0" 200 9784 "http://www.antlr.org/grammar/cgram/examples" "Mozilla/4.0 (compatible; MSIE 6.0; Windows NT 5.0)"
80.137.76.211 - - [02/Sep/2003:01:54:03 -0700] "GET /javadoc/antlr/preprocessor/package-summary.html HTTP/1.0" 200 9097 "http://www.antlr.org/javadoc/overview-summary.html" "Mozilla/4.0 (compatible; MSIE 6.0; Windows NT 5.0)"
80.137.76.211 - - [02/Sep/2003:01:54:13 -0700] "GET /javadoc/overview-summary.html HTTP/1.0" 200 9784 "http://www.antlr.org/grammar/cgram/examples" "Mozilla/4.0 (compatible; MSIE 6.0; Windows NT 5.0)"
80.137.76.211 - - [02/Sep/2003:01:54:18 -0700] "GET /javadoc/antlr/collections/package-summary.html HTTP/1.0" 200 8829 "http://www.antlr.org/javadoc/overview-summary.html" "Mozilla/4.0 (compatible; MSIE 6.0; Windows NT 5.0)"
64.171.186.97 - - [02/Sep/2003:01:54:24 -0700] "GET /pccts133.html HTTP/1.1" 200 18035 "http://catalog.compilertools.net/kits.html" "Mozilla/5.0 (Macintosh; U; PPC Mac OS X; en-us) AppleWebKit/85 (KHTML, like Gecko) Safari/85"
64.171.186.97 - - [02/Sep/2003:01:54:24 -0700] "GET /images/shim.gif HTTP/1.1" 200 43 "http://www.antlr.org/pccts133.html" "Mozilla/5.0 (Macintosh; U; PPC Mac OS X; en-us) AppleWebKit/85 (KHTML, like Gecko) Safari/85"
64.171.186.97 - - [02/Sep/2003:01:54:25 -0700] "GET /images/logo-head.gif HTTP/1.1" 200 4098 "http://www.antlr.org/pccts133.html" "Mozilla/5.0 (Macintosh; U; PPC Mac OS X; en-us) AppleWebKit/85 (KHTML, like Gecko) Safari/85"
64.171.186.97 - - [02/Sep/2003:01:54:25 -0700] "GET /images/head-shim.gif HTTP/1.1" 200 158 "http://www.antlr.org/pccts133.html" "Mozilla/5.0 (Macintosh; U; PPC Mac OS X; en-us) AppleWebKit/85 (KHTML, like Gecko) Safari/85"
64.171.186.97 - - [02/Sep/2003:01:54:25 -0700] "GET /images/button-download.gif HTTP/1.1" 200 733 "http://www.antlr.org/pccts133.html" "Mozilla/5.0 (Macintosh; U; PPC Mac OS X; en-us) AppleWebKit/85 (KHTML, like Gecko) Safari/85"
64.171.186.97 - - [02/Sep/2003:01:54:25 -0700] "GET /images/search.gif HTTP/1.1" 200 299 "http://www.antlr.org/pccts133.html" "Mozilla/5.0 (Macintosh; U; PPC Mac OS X; en-us) AppleWebKit/85 (KHTML, like Gecko) Safari/85"
64.171.186.97 - - [02/Sep/2003:01:54:25 -0700] "GET /images/search-go.gif HTTP/1.1" 200 266 "http://www.antlr.org/pccts133.html" "Mozilla/5.0 (Macintosh; U; PPC Mac OS X; en-us) AppleWebKit/85 (KHTML, like Gecko) Safari/85"
64.171.186.97 - - [02/Sep/2003:01:54:25 -0700] "GET /favicon.ico HTTP/1.1" 404 173 "-" "Mozilla/5.0 (Macintosh; U; PPC Mac OS X; en-us) AppleWebKit/85 (KHTML, like Gecko) Safari/85"
80.137.76.211 - - [02/Sep/2003:01:54:28 -0700] "GET /share/list HTTP/1.0" 200 10783 "http://www.antlr.org/javadoc/antlr/collections/package-summary.html" "Mozilla/4.0 (compatible; MSIE 6.0; Windows NT 5.0)"
80.137.76.211 - - [02/Sep/2003:01:54:29 -0700] "GET /images/button-shared-resource.gif HTTP/1.0" 200 853 "http://www.antlr.org/share/list" "Mozilla/4.0 (compatible; MSIE 6.0; Windows NT 5.0)"
194.153.170.254 - - [02/Sep/2003:01:54:38 -0700] "GET / HTTP/1.1" 200 11690 "http://ant.apache.org/manual/install.html" "Mozilla/5.0 (X11; U; Linux i686; en-US; rv:1.4) Gecko/20030624"
80.137.76.211 - - [02/Sep/2003:01:54:44 -0700] "GET /share/1061247417958/xref.tar.gz HTTP/1.0" 200 25203 "http://www.antlr.org/share/list" "Mozilla/4.0 (compatible; MSIE 6.0; Windows NT 5.0)"
194.153.170.254 - - [02/Sep/2003:01:54:46 -0700] "GET /download.html HTTP/1.1" 200 9276 "http://www.antlr.org/" "Mozilla/5.0 (X11; U; Linux i686; en-US; rv:1.4) Gecko/20030624"
80.137.76.211 - - [02/Sep/2003:01:54:54 -0700] "GET /showcase/list HTTP/1.0" 200 13108 "http://www.antlr.org/share/list" "Mozilla/4.0 (compatible; MSIE 6.0; Windows NT 5.0)"
80.137.76.211 - - [02/Sep/2003:01:54:55 -0700] "GET /images/button-add-showcase.gif HTTP/1.0" 200 682 "http://www.antlr.org/showcase/list" "Mozilla/4.0 (compatible; MSIE 6.0; Windows NT 5.0)"
62.73.38.51 - - [02/Sep/2003:01:55:00 -0700] "GET / HTTP/1.1" 200 11690 "-" "Mozilla/5.0 (X11; U; Linux i686; en-US; rv:1.5a) Gecko/20030728 Mozilla Firebird/0.6.1"
62.73.38.51 - - [02/Sep/2003:01:55:00 -0700] "GET /images/shim.gif HTTP/1.1" 200 43 "http://www.antlr.org/" "Mozilla/5.0 (X11; U; Linux i686; en-US; rv:1.5a) Gecko/20030728 Mozilla Firebird/0.6.1"
62.73.38.51 - - [02/Sep/2003:01:55:00 -0700] "GET /images/logo-head.gif HTTP/1.1" 200 4098 "http://www.antlr.org/" "Mozilla/5.0 (X11; U; Linux i686; en-US; rv:1.5a) Gecko/20030728 Mozilla Firebird/0.6.1"
62.73.38.51 - - [02/Sep/2003:01:55:00 -0700] "GET /favicon.ico HTTP/1.1" 404 173 "-" "Mozilla/5.0 (X11; U; Linux i686; en-US; rv:1.5a) Gecko/20030728 Mozilla Firebird/0.6.1"
62.73.38.51 - - [02/Sep/2003:01:55:00 -0700] "GET /images/button-download.gif HTTP/1.1" 200 733 "http://www.antlr.org/" "Mozilla/5.0 (X11; U; Linux i686; en-US; rv:1.5a) Gecko/20030728 Mozilla Firebird/0.6.1"
62.73.38.51 - - [02/Sep/2003:01:55:01 -0700] "GET /images/search.gif HTTP/1.1" 200 299 "http://www.antlr.org/" "Mozilla/5.0 (X11; U; Linux i686; en-US; rv:1.5a) Gecko/20030728 Mozilla Firebird/0.6.1"
62.73.38.51 - - [02/Sep/2003:01:55:01 -0700] "GET /images/parr-head.jpg HTTP/1.1" 200 3582 "http://www.antlr.org/" "Mozilla/5.0 (X11; U; Linux i686; en-US; rv:1.5a) Gecko/20030728 Mozilla Firebird/0.6.1"
62.73.38.51 - - [02/Sep/2003:01:55:01 -0700] "GET /images/search-go.gif HTTP/1.1" 200 266 "http://www.antlr.org/" "Mozilla/5.0 (X11; U; Linux i686; en-US; rv:1.5a) Gecko/20030728 Mozilla Firebird/0.6.1"
194.153.170.254 - - [02/Sep/2003:01:55:01 -0700] "GET /download.html HTTP/1.1" 200 9276 "http://www.antlr.org/" "Mozilla/5.0 (X11; U; Linux i686; en-US; rv:1.4) Gecko/20030624"
62.73.38.51 - - [02/Sep/2003:01:55:01 -0700] "GET /images/head-shim.gif HTTP/1.1" 200 158 "http://www.antlr.org/" "Mozilla/5.0 (X11; U; Linux i686; en-US; rv:1.5a) Gecko/20030728 Mozilla Firebird/0.6.1"
62.73.38.51 - - [02/Sep/2003:01:55:19 -0700] "GET /download.html HTTP/1.1" 200 9276 "http://www.antlr.org/" "Mozilla/5.0 (X11; U; Linux i686; en-US; rv:1.5a) Gecko/20030728 Mozilla Firebird/0.6.1"
64.68.82.14 - - [02/Sep/2003:01:55:21 -0700] "GET /1.33/ HTTP/1.0" 200 8297 "-" "Googlebot/2.1 (+http://www.googlebot.com/bot.html)"
194.153.170.254 - - [02/Sep/2003:01:55:24 -0700] "GET /license.html HTTP/1.1" 200 9083 "http://www.antlr.org/download.html" "Mozilla/5.0 (X11; U; Linux i686; en-US; rv:1.4) Gecko/20030624"
194.153.170.254 - - [02/Sep/2003:01:55:25 -0700] "GET /images/antlr-link.gif HTTP/1.1" 200 1372 "http://www.antlr.org/license.html" "Mozilla/5.0 (X11; U; Linux i686; en-US; rv:1.4) Gecko/20030624"
62.73.38.51 - - [02/Sep/2003:01:55:49 -0700] "GET /download/antlr-2.7.2.zip HTTP/1.1" 200 1943296 "http://www.antlr.org/download.html" "Mozilla/5.0 (X11; U; Linux i686; en-US; rv:1.5a) Gecko/20030728 Mozilla Firebird/0.6.1"
203.204.226.145 - - [02/Sep/2003:01:56:01 -0700] "GET / HTTP/1.1" 200 11690 "http://www.cjsdn.com/post/view?bid=1&id=48715&tpg=1&ppg=1&sty=1&age=0" "Mozilla/4.0 (compatible; MSIE 6.0; Windows NT 5.0)"
203.204.226.145 - - [02/Sep/2003:01:56:01 -0700] "GET /images/logo-head.gif HTTP/1.1" 200 4098 "http://www.antlr.org/" "Mozilla/4.0 (compatible; MSIE 6.0; Windows NT 5.0)"
203.204.226.145 - - [02/Sep/2003:01:56:03 -0700] "GET /images/shim.gif HTTP/1.1" 200 43 "http://www.antlr.org/" "Mozilla/4.0 (compatible; MSIE 6.0; Windows NT 5.0)"
203.204.226.145 - - [02/Sep/2003:01:56:04 -0700] "GET /images/head-shim.gif HTTP/1.1" 200 158 "http://www.antlr.org/" "Mozilla/4.0 (compatible; MSIE 6.0; Windows NT 5.0)"
194.153.170.254 - - [02/Sep/2003:01:56:21 -0700] "GET /download/antlr-2.7.2.tar.gz HTTP/1.1" 200 1557051 "http://www.antlr.org/download.html" "Mozilla/5.0 (X11; U; Linux i686; en-US; rv:1.4) Gecko/20030624"
64.68.82.170 - - [02/Sep/2003:01:56:24 -0700] "GET /workshop/cabal-2003/index.html~ HTTP/1.0" 200 71 "-" "Googlebot/2.1 (+http://www.googlebot.com/bot.html)"
203.199.176.98 - - [02/Sep/2003:01:56:42 -0700] "GET /doc/getting-started.html HTTP/1.0" 200 11326 "http://www.jguru.com/faq/view.jsp?EID=78" "Mozilla/5.0 (Windows; U; Windows NT 5.0; en-US; rv:1.4a) Gecko/20030409 Phoenix/0.5+"
217.239.19.28 - - [02/Sep/2003:01:58:00 -0700] "GET /javadoc/antlr/preprocessor/package-summary.html HTTP/1.0" 200 9097 "http://www.google.com/search?q=antlr%20preprocessor&sourceid=mozilla-search&start=0&start=0&ie=utf-8&oe=utf-8" "Mozilla/5.0 (Windows; U; Windows NT 5.1; en-US; rv:1.4b) Gecko/20030507"
164.15.250.21 - - [02/Sep/2003:01:58:00 -0700] "GET / HTTP/1.1" 200 11690 "http://www.google.com/search?q=antlr&ie=UTF-8&oe=UTF-8" "Mozilla/5.0 (Macintosh; U; PPC Mac OS X; en-us) AppleWebKit/85 (KHTML, like Gecko) Safari/85"
164.15.250.21 - - [02/Sep/2003:01:58:00 -0700] "GET /images/shim.gif HTTP/1.1" 200 43 "http://www.antlr.org/" "Mozilla/5.0 (Macintosh; U; PPC Mac OS X; en-us) AppleWebKit/85 (KHTML, like Gecko) Safari/85"
164.15.250.21 - - [02/Sep/2003:01:58:01 -0700] "GET /images/logo-head.gif HTTP/1.1" 200 4098 "http://www.antlr.org/" "Mozilla/5.0 (Macintosh; U; PPC Mac OS X; en-us) AppleWebKit/85 (KHTML, like Gecko) Safari/85"
164.15.250.21 - - [02/Sep/2003:01:58:01 -0700] "GET /images/head-shim.gif HTTP/1.1" 200 158 "http://www.antlr.org/" "Mozilla/5.0 (Macintosh; U; PPC Mac OS X; en-us) AppleWebKit/85 (KHTML, like Gecko) Safari/85"
164.15.250.21 - - [02/Sep/2003:01:58:01 -0700] "GET /images/parr-head.jpg HTTP/1.1" 200 3582 "http://www.antlr.org/" "Mozilla/5.0 (Macintosh; U; PPC Mac OS X; en-us) AppleWebKit/85 (KHTML, like Gecko) Safari/85"
164.15.250.21 - - [02/Sep/2003:01:58:01 -0700] "GET /images/button-download.gif HTTP/1.1" 200 733 "http://www.antlr.org/" "Mozilla/5.0 (Macintosh; U; PPC Mac OS X; en-us) AppleWebKit/85 (KHTML, like Gecko) Safari/85"
164.15.250.21 - - [02/Sep/2003:01:58:01 -0700] "GET /images/search.gif HTTP/1.1" 200 299 "http://www.antlr.org/" "Mozilla/5.0 (Macintosh; U; PPC Mac OS X; en-us) AppleWebKit/85 (KHTML, like Gecko) Safari/85"
164.15.250.21 - - [02/Sep/2003:01:58:01 -0700] "GET /images/search-go.gif HTTP/1.1" 200 266 "http://www.antlr.org/" "Mozilla/5.0 (Macintosh; U; PPC Mac OS X; en-us) AppleWebKit/85 (KHTML, like Gecko) Safari/85"
164.15.250.21 - - [02/Sep/2003:01:58:01 -0700] "GET /favicon.ico HTTP/1.1" 404 173 "-" "Mozilla/5.0 (Macintosh; U; PPC Mac OS X; en-us) AppleWebKit/85 (KHTML, like Gecko) Safari/85"
217.239.19.28 - - [02/Sep/2003:01:58:11 -0700] "GET /doc/index.html HTTP/1.0" 200 26469 "http://www.antlr.org/javadoc/antlr/preprocessor/package-summary.html" "Mozilla/5.0 (Windows; U; Windows NT 5.1; en-US; rv:1.4b) Gecko/20030507"
217.239.19.28 - - [02/Sep/2003:01:58:20 -0700] "GET /javadoc/antlr/preprocessor/Preprocessor.html HTTP/1.0" 200 37014 "http://www.antlr.org/javadoc/antlr/preprocessor/package-summary.html" "Mozilla/5.0 (Windows; U; Windows NT 5.1; en-US; rv:1.4b) Gecko/20030507"
213.3.86.243 - - [02/Sep/2003:01:59:51 -0700] "GET / HTTP/1.1" 200 11690 "-" "Mozilla/4.0 (compatible; MSIE 6.0; Windows NT 5.0)"
213.3.86.243 - - [02/Sep/2003:01:59:51 -0700] "GET /images/shim.gif HTTP/1.1" 200 43 "http://www.antlr.org/" "Mozilla/4.0 (compatible; MSIE 6.0; Windows NT 5.0)"
213.3.86.243 - - [02/Sep/2003:01:59:52 -0700] "GET /images/logo-head.gif HTTP/1.1" 200 4098 "http://www.antlr.org/" "Mozilla/4.0 (compatible; MSIE 6.0; Windows NT 5.0)"
213.3.86.243 - - [02/Sep/2003:01:59:52 -0700] "GET /images/head-shim.gif HTTP/1.1" 200 158 "http://www.antlr.org/" "Mozilla/4.0 (compatible; MSIE 6.0; Windows NT 5.0)"
213.3.86.243 - - [02/Sep/2003:01:59:52 -0700] "GET /images/button-download.gif HTTP/1.1" 200 733 "http://www.antlr.org/" "Mozilla/4.0 (compatible; MSIE 6.0; Windows NT 5.0)"
213.3.86.243 - - [02/Sep/2003:01:59:52 -0700] "GET /images/parr-head.jpg HTTP/1.1" 200 3582 "http://www.antlr.org/" "Mozilla/4.0 (compatible; MSIE 6.0; Windows NT 5.0)"
213.3.86.243 - - [02/Sep/2003:01:59:52 -0700] "GET /images/search.gif HTTP/1.1" 200 299 "http://www.antlr.org/" "Mozilla/4.0 (compatible; MSIE 6.0; Windows NT 5.0)"
213.3.86.243 - - [02/Sep/2003:01:59:52 -0700] "GET /images/search-go.gif HTTP/1.1" 200 266 "http://www.antlr.org/" "Mozilla/4.0 (compatible; MSIE 6.0; Windows NT 5.0)"
164.15.250.21 - - [02/Sep/2003:02:00:03 -0700] "GET /support.html HTTP/1.1" 200 10899 "http://www.antlr.org/" "Mozilla/5.0 (Macintosh; U; PPC Mac OS X; en-us) AppleWebKit/85 (KHTML, like Gecko) Safari/85"
164.15.250.21 - - [02/Sep/2003:02:00:11 -0700] "GET /about.html HTTP/1.1" 200 8707 "http://www.antlr.org/support.html" "Mozilla/5.0 (Macintosh; U; PPC Mac OS X; en-us) AppleWebKit/85 (KHTML, like Gecko) Safari/85"
164.15.250.21 - - [02/Sep/2003:02:00:24 -0700] "GET /doc/index.html HTTP/1.1" 200 26469 "http://www.antlr.org/about.html" "Mozilla/5.0 (Macintosh; U; PPC Mac OS X; en-us) AppleWebKit/85 (KHTML, like Gecko) Safari/85"
81.80.88.225 - - [02/Sep/2003:02:00:53 -0700] "GET /article/1055550418982/building.dev.tools.html HTTP/1.1" 200 37518 "http://www.google.fr/search?q=ANTLR+LALR&ie=UTF-8&oe=UTF-8&hl=fr&meta=" "Mozilla/4.0 (compatible; MSIE 6.0; Windows NT 5.0)"
81.80.88.226 - - [02/Sep/2003:02:00:54 -0700] "GET /logo.gif HTTP/1.1" 200 6455 "http://www.antlr.org/article/1055550418982/building.dev.tools.html" "Mozilla/4.0 (compatible; MSIE 6.0; Windows NT 5.0)"
81.80.88.225 - - [02/Sep/2003:02:00:57 -0700] "GET /doc/index.html HTTP/1.1" 200 26469 "http://www.antlr.org/article/1055550418982/building.dev.tools.html" "Mozilla/4.0 (compatible; MSIE 6.0; Windows NT 5.0)"
213.11.67.51 - - [02/Sep/2003:02:01:09 -0700] "GET /doc/metalang.html HTTP/1.1" 200 52606 "http://www.antlr.org/doc/index.html" "Mozilla/4.0 (compatible; MSIE 6.0; Windows NT 5.0)"
213.11.67.51 - - [02/Sep/2003:02:01:10 -0700] "GET /doc/subrule.gif HTTP/1.1" 200 1887 "http://www.antlr.org/doc/metalang.html" "Mozilla/4.0 (compatible; MSIE 6.0; Windows NT 5.0)"
213.11.67.51 - - [02/Sep/2003:02:01:10 -0700] "GET /doc/optional.gif HTTP/1.1" 200 2018 "http://www.antlr.org/doc/metalang.html" "Mozilla/4.0 (compatible; MSIE 6.0; Windows NT 5.0)"
64.68.82.167 - - [02/Sep/2003:02:01:43 -0700] "GET /workshop/cabal-2003/photos HTTP/1.0" 200 8770 "-" "Googlebot/2.1 (+http://www.googlebot.com/bot.html)"
81.80.88.225 - - [02/Sep/2003:02:02:01 -0700] "GET /doc/posclosure.gif HTTP/1.1" 200 2031 "http://www.antlr.org/doc/metalang.html" "Mozilla/4.0 (compatible; MSIE 6.0; Windows NT 5.0)"
81.80.88.225 - - [02/Sep/2003:02:02:01 -0700] "GET /doc/closure.gif HTTP/1.1" 200 2166 "http://www.antlr.org/doc/metalang.html" "Mozilla/4.0 (compatible; MSIE 6.0; Windows NT 5.0)"
202.108.234.202 - - [02/Sep/2003:02:02:07 -0700] "GET / HTTP/1.1" 200 11690 "http://www.thecortex.net/clover/relnotes121.html" "Mozilla/4.0 (compatible; MSIE 6.0; Windows NT 5.0; iTreeSurf 3.6.1 (Build 056))"
202.108.234.202 - - [02/Sep/2003:02:02:09 -0700] "GET /images/logo-head.gif HTTP/1.1" 200 4098 "http://www.antlr.org/" "Mozilla/4.0 (compatible; MSIE 6.0; Windows NT 5.0; iTreeSurf 3.6.1 (Build 056))"
202.108.234.202 - - [02/Sep/2003:02:02:09 -0700] "GET /images/head-shim.gif HTTP/1.1" 200 158 "http://www.antlr.org/" "Mozilla/4.0 (compatible; MSIE 6.0; Windows NT 5.0; iTreeSurf 3.6.1 (Build 056))"
202.108.234.202 - - [02/Sep/2003:02:02:10 -0700] "GET /images/button-download.gif HTTP/1.1" 200 733 "http://www.antlr.org/" "Mozilla/4.0 (compatible; MSIE 6.0; Windows NT 5.0; iTreeSurf 3.6.1 (Build 056))"
202.149.215.10 - - [02/Sep/2003:02:02:13 -0700] "GET /images/shim.gif HTTP/1.0" 200 43 "http://www.antlr.org/" "Mozilla/4.0 (compatible; MSIE 5.01; Windows 98)"
202.149.215.10 - - [02/Sep/2003:02:02:13 -0700] "GET /images/logo-head.gif HTTP/1.0" 200 4098 "http://www.antlr.org/" "Mozilla/4.0 (compatible; MSIE 5.01; Windows 98)"
202.149.215.10 - - [02/Sep/2003:02:02:13 -0700] "GET /images/head-shim.gif HTTP/1.0" 200 158 "http://www.antlr.org/" "Mozilla/4.0 (compatible; MSIE 5.01; Windows 98)"
202.149.215.10 - - [02/Sep/2003:02:02:13 -0700] "GET / HTTP/1.0" 200 11690 "http://saloon.javaranch.com/cgi-bin/ubb/ultimatebb.cgi?ubb=get_topic&f=34&t=003709" "Mozilla/4.0 (compatible; MSIE 5.01; Windows 98)"
202.149.215.10 - - [02/Sep/2003:02:02:14 -0700] "GET /images/button-download.gif HTTP/1.0" 200 733 "http://www.antlr.org/" "Mozilla/4.0 (compatible; MSIE 5.01; Windows 98)"
202.149.215.10 - - [02/Sep/2003:02:02:14 -0700] "GET /images/parr-head.jpg HTTP/1.0" 200 3582 "http://www.antlr.org/" "Mozilla/4.0 (compatible; MSIE 5.01; Windows 98)"
202.149.215.10 - - [02/Sep/2003:02:02:14 -0700] "GET /images/search.gif HTTP/1.0" 200 299 "http://www.antlr.org/" "Mozilla/4.0 (compatible; MSIE 5.01; Windows 98)"
202.149.215.10 - - [02/Sep/2003:02:02:14 -0700] "GET /images/search-go.gif HTTP/1.0" 200 266 "http://www.antlr.org/" "Mozilla/4.0 (compatible; MSIE 5.01; Windows 98)"
202.108.234.202 - - [02/Sep/2003:02:02:16 -0700] "GET /images/parr-head.jpg HTTP/1.1" 200 3582 "http://www.antlr.org/" "Mozilla/4.0 (compatible; MSIE 6.0; Windows NT 5.0; iTreeSurf 3.6.1 (Build 056))"
202.108.234.202 - - [02/Sep/2003:02:02:19 -0700] "GET /images/search.gif HTTP/1.1" 200 299 "http://www.antlr.org/" "Mozilla/4.0 (compatible; MSIE 6.0; Windows NT 5.0; iTreeSurf 3.6.1 (Build 056))"
202.108.234.202 - - [02/Sep/2003:02:02:21 -0700] "GET /images/search-go.gif HTTP/1.1" 200 266 "http://www.antlr.org/" "Mozilla/4.0 (compatible; MSIE 6.0; Windows NT 5.0; iTreeSurf 3.6.1 (Build 056))"
202.108.234.202 - - [02/Sep/2003:02:02:30 -0700] "GET /images/shim.gif HTTP/1.1" 200 43 "http://www.antlr.org/" "Mozilla/4.0 (compatible; MSIE 6.0; Windows NT 5.0; iTreeSurf 3.6.1 (Build 056))"
213.160.132.3 - - [02/Sep/2003:02:02:59 -0700] "GET /download/antlr-2.7.0.zip HTTP/1.0" 200 49152 "http://www.antlr.org/" "Mozilla/4.0 (compatible; MSIE 5.0; Windows 98)"
64.68.82.168 - - [02/Sep/2003:02:04:23 -0700] "GET /why.html HTTP/1.0" 200 10713 "-" "Googlebot/2.1 (+http://www.googlebot.com/bot.html)"
64.241.243.66 - - [02/Sep/2003:02:04:23 -0700] "GET / HTTP/1.1" 200 11690 "-" "Mozilla/4.0 (compatible; Zealbot 1.0)"
194.201.195.151 - - [02/Sep/2003:02:04:44 -0700] "GET / HTTP/1.1" 200 11690 "http://www.jguru.com/forums/home.jsp?topic=PageForge" "Mozilla/4.0 (compatible; MSIE 6.0; Windows NT 5.1; BP E1.06; .NET CLR 1.1.4322)"
194.201.195.151 - - [02/Sep/2003:02:04:45 -0700] "GET /images/shim.gif HTTP/1.1" 200 43 "http://www.antlr.org/" "Mozilla/4.0 (compatible; MSIE 6.0; Windows NT 5.1; BP E1.06; .NET CLR 1.1.4322)"
194.201.195.151 - - [02/Sep/2003:02:04:45 -0700] "GET /images/logo-head.gif HTTP/1.1" 200 4098 "http://www.antlr.org/" "Mozilla/4.0 (compatible; MSIE 6.0; Windows NT 5.1; BP E1.06; .NET CLR 1.1.4322)"
194.201.195.151 - - [02/Sep/2003:02:04:45 -0700] "GET /images/button-download.gif HTTP/1.1" 200 733 "http://www.antlr.org/" "Mozilla/4.0 (compatible; MSIE 6.0; Windows NT 5.1; BP E1.06; .NET CLR 1.1.4322)"
194.201.195.151 - - [02/Sep/2003:02:04:45 -0700] "GET /images/parr-head.jpg HTTP/1.1" 200 3582 "http://www.antlr.org/" "Mozilla/4.0 (compatible; MSIE 6.0; Windows NT 5.1; BP E1.06; .NET CLR 1.1.4322)"
194.201.195.151 - - [02/Sep/2003:02:04:45 -0700] "GET /images/head-shim.gif HTTP/1.1" 200 158 "http://www.antlr.org/" "Mozilla/4.0 (compatible; MSIE 6.0; Windows NT 5.1; BP E1.06; .NET CLR 1.1.4322)"
194.201.195.151 - - [02/Sep/2003:02:04:45 -0700] "GET /images/search.gif HTTP/1.1" 200 299 "http://www.antlr.org/" "Mozilla/4.0 (compatible; MSIE 6.0; Windows NT 5.1; BP E1.06; .NET CLR 1.1.4322)"
194.201.195.151 - - [02/Sep/2003:02:04:45 -0700] "GET /images/search-go.gif HTTP/1.1" 200 266 "http://www.antlr.org/" "Mozilla/4.0 (compatible; MSIE 6.0; Windows NT 5.1; BP E1.06; .NET CLR 1.1.4322)"
195.110.70.55 - - [02/Sep/2003:02:04:56 -0700] "GET /grammar/1060760563082/MS_SQL_SELECT.html HTTP/1.0" 302 174 "http://www.google.com/search?hl=en&lr=&ie=UTF-8&oe=UTF-8&q=sql+select+constant&btnG=Google+Search" "Mozilla/4.0 (compatible; MSIE 6.0; Windows NT 5.1)"
195.110.70.55 - - [02/Sep/2003:02:04:56 -0700] "GET /error.jsp?msg=Problems+extracting+content%2Ftitle+from+file+%2Fgrammar%2F1060760563082%2FMS_SQL_SELECT.html%3A+null HTTP/1.0" 200 6492 "http://www.google.com/search?hl=en&lr=&ie=UTF-8&oe=UTF-8&q=sql+select+constant&btnG=Google+Search" "Mozilla/4.0 (compatible; MSIE 6.0; Windows NT 5.1)"
195.110.70.55 - - [02/Sep/2003:02:04:57 -0700] "GET /images/shim.gif HTTP/1.0" 200 43 "http://www.antlr.org/error.jsp?msg=Problems+extracting+content%2Ftitle+from+file+%2Fgrammar%2F1060760563082%2FMS_SQL_SELECT.html%3A+null" "Mozilla/4.0 (compatible; MSIE 6.0; Windows NT 5.1)"
195.110.70.55 - - [02/Sep/2003:02:04:57 -0700] "GET /images/logo-head.gif HTTP/1.0" 200 4098 "http://www.antlr.org/error.jsp?msg=Problems+extracting+content%2Ftitle+from+file+%2Fgrammar%2F1060760563082%2FMS_SQL_SELECT.html%3A+null" "Mozilla/4.0 (compatible; MSIE 6.0; Windows NT 5.1)"
195.110.70.55 - - [02/Sep/2003:02:04:58 -0700] "GET /images/button-download.gif HTTP/1.0" 200 733 "http://www.antlr.org/error.jsp?msg=Problems+extracting+content%2Ftitle+from+file+%2Fgrammar%2F1060760563082%2FMS_SQL_SELECT.html%3A+null" "Mozilla/4.0 (compatible; MSIE 6.0; Windows NT 5.1)"
195.110.70.55 - - [02/Sep/2003:02:04:58 -0700] "GET /images/head-shim.gif HTTP/1.0" 200 158 "http://www.antlr.org/error.jsp?msg=Problems+extracting+content%2Ftitle+from+file+%2Fgrammar%2F1060760563082%2FMS_SQL_SELECT.html%3A+null" "Mozilla/4.0 (compatible; MSIE 6.0; Windows NT 5.1)"
213.11.67.50 - - [02/Sep/2003:02:05:36 -0700] "GET /doc/index.html HTTP/1.1" 200 26469 "http://www.antlr.org/article/1055550418982/building.dev.tools.html" "Mozilla/4.0 (compatible; MSIE 6.0; Windows NT 5.0)"
194.196.100.86 - - [02/Sep/2003:02:06:00 -0700] "GET / HTTP/1.0" 200 11690 "-" "Mozilla/4.0 (compatible; MSIE 6.0; Windows NT 5.0; .NET CLR 1.0.3705)"
194.196.100.75 - - [02/Sep/2003:02:06:01 -0700] "GET /images/shim.gif HTTP/1.0" 200 43 "http://www.antlr.org/" "Mozilla/4.0 (compatible; MSIE 6.0; Windows NT 5.0; .NET CLR 1.0.3705)"
194.196.100.88 - - [02/Sep/2003:02:06:01 -0700] "GET /images/logo-head.gif HTTP/1.0" 200 4098 "http://www.antlr.org/" "Mozilla/4.0 (compatible; MSIE 6.0; Windows NT 5.0; .NET CLR 1.0.3705)"
194.196.100.86 - - [02/Sep/2003:02:06:02 -0700] "GET /images/button-download.gif HTTP/1.0" 200 733 "http://www.antlr.org/" "Mozilla/4.0 (compatible; MSIE 6.0; Windows NT 5.0; .NET CLR 1.0.3705)"
194.196.100.86 - - [02/Sep/2003:02:06:02 -0700] "GET /images/head-shim.gif HTTP/1.0" 200 158 "http://www.antlr.org/" "Mozilla/4.0 (compatible; MSIE 6.0; Windows NT 5.0; .NET CLR 1.0.3705)"
194.196.100.75 - - [02/Sep/2003:02:06:03 -0700] "GET /images/parr-head.jpg HTTP/1.0" 200 3582 "http://www.antlr.org/" "Mozilla/4.0 (compatible; MSIE 6.0; Windows NT 5.0; .NET CLR 1.0.3705)"
194.196.100.86 - - [02/Sep/2003:02:06:03 -0700] "GET /images/search.gif HTTP/1.0" 200 299 "http://www.antlr.org/" "Mozilla/4.0 (compatible; MSIE 6.0; Windows NT 5.0; .NET CLR 1.0.3705)"
194.196.100.86 - - [02/Sep/2003:02:06:04 -0700] "GET /images/search-go.gif HTTP/1.0" 200 266 "http://www.antlr.org/" "Mozilla/4.0 (compatible; MSIE 6.0; Windows NT 5.0; .NET CLR 1.0.3705)"
213.11.67.50 - - [02/Sep/2003:02:06:04 -0700] "GET /doc/sor.html HTTP/1.1" 200 22139 "http://www.antlr.org/doc/index.html" "Mozilla/4.0 (compatible; MSIE 6.0; Windows NT 5.0)"
194.196.100.86 - - [02/Sep/2003:02:06:28 -0700] "GET /grammar/list HTTP/1.0" 200 15685 "http://www.antlr.org/" "Mozilla/4.0 (compatible; MSIE 6.0; Windows NT 5.0; .NET CLR 1.0.3705)"
194.196.100.88 - - [02/Sep/2003:02:06:30 -0700] "GET /images/button-add-grammar.gif HTTP/1.0" 200 664 "http://www.antlr.org/grammar/list" "Mozilla/4.0 (compatible; MSIE 6.0; Windows NT 5.0; .NET CLR 1.0.3705)"
220.73.165.143 - - [02/Sep/2003:02:06:34 -0700] "GET /doc/index.html HTTP/1.0" 200 26469 "-" "Mozilla/4.0 (compatible; MSIE 6.0; Windows NT 5.0; .NET CLR 1.1.4322)"
220.73.165.143 - - [02/Sep/2003:02:06:34 -0700] "GET /images/shim.gif HTTP/1.0" 200 43 "http://www.antlr.org/doc/index.html" "Mozilla/4.0 (compatible; MSIE 6.0; Windows NT 5.0; .NET CLR 1.1.4322)"
220.73.165.143 - - [02/Sep/2003:02:06:34 -0700] "GET /images/logo-head.gif HTTP/1.0" 200 4098 "http://www.antlr.org/doc/index.html" "Mozilla/4.0 (compatible; MSIE 6.0; Windows NT 5.0; .NET CLR 1.1.4322)"
220.73.165.143 - - [02/Sep/2003:02:06:34 -0700] "GET /images/button-download.gif HTTP/1.0" 200 733 "http://www.antlr.org/doc/index.html" "Mozilla/4.0 (compatible; MSIE 6.0; Windows NT 5.0; .NET CLR 1.1.4322)"
220.73.165.143 - - [02/Sep/2003:02:06:34 -0700] "GET /images/head-shim.gif HTTP/1.0" 200 158 "http://www.antlr.org/doc/index.html" "Mozilla/4.0 (compatible; MSIE 6.0; Windows NT 5.0; .NET CLR 1.1.4322)"
220.73.165.143 - - [02/Sep/2003:02:06:34 -0700] "GET /images/search-go.gif HTTP/1.0" 200 266 "http://www.antlr.org/doc/index.html" "Mozilla/4.0 (compatible; MSIE 6.0; Windows NT 5.0; .NET CLR 1.1.4322)"
220.73.165.143 - - [02/Sep/2003:02:06:36 -0700] "GET /images/search.gif HTTP/1.0" 200 299 "http://www.antlr.org/doc/index.html" "Mozilla/4.0 (compatible; MSIE 6.0; Windows NT 5.0; .NET CLR 1.1.4322)"
194.196.100.86 - - [02/Sep/2003:02:06:40 -0700] "GET / HTTP/1.0" 200 11690 "-" "Mozilla/4.0 (compatible; MSIE 6.0; Windows NT 5.0; .NET CLR 1.0.3705)"
81.80.88.226 - - [02/Sep/2003:02:06:43 -0700] "POST /search/results HTTP/1.1" 200 7765 "http://www.antlr.org/doc/sor.html" "Mozilla/4.0 (compatible; MSIE 6.0; Windows NT 5.0)"
213.11.67.50 - - [02/Sep/2003:02:06:48 -0700] "GET /doc/sor.html HTTP/1.1" 200 22139 "http://www.antlr.org/doc/index.html" "Mozilla/4.0 (compatible; MSIE 6.0; Windows NT 5.0)"
194.196.100.86 - - [02/Sep/2003:02:06:56 -0700] "GET /doc/getting-started.html HTTP/1.0" 200 11326 "http://www.antlr.org/" "Mozilla/4.0 (compatible; MSIE 6.0; Windows NT 5.0; .NET CLR 1.0.3705)"
213.11.67.50 - - [02/Sep/2003:02:07:00 -0700] "GET /doc/sor.html HTTP/1.1" 200 22139 "http://www.antlr.org/doc/index.html" "Mozilla/4.0 (compatible; MSIE 6.0; Windows NT 5.0)"
217.239.19.28 - - [02/Sep/2003:02:07:08 -0700] "GET /javadoc/antlr/preprocessor/Preprocessor.html HTTP/1.0" 200 37014 "http://www.google.de/search?q=preprocessor&hl=de&lr=&ie=UTF-8&oe=UTF-8&start=100&sa=N" "Mozilla/5.0 (Windows; U; Windows NT 5.0; en-US; rv:1.0.2) Gecko/20030208 Netscape/7.02"
220.73.165.143 - - [02/Sep/2003:02:07:29 -0700] "GET /fieldguide/start/index.html HTTP/1.0" 302 161 "-" "Mozilla/4.0 (compatible; MSIE 6.0; Windows NT 5.0; .NET CLR 1.1.4322)"
220.73.165.143 - - [02/Sep/2003:02:07:29 -0700] "GET /error.jsp?msg=Problems+extracting+content%2Ftitle+from+file+%2Ffieldguide%2Fstart%2Findex.html%3A+null HTTP/1.0" 200 6479 "-" "Mozilla/4.0 (compatible; MSIE 6.0; Windows NT 5.0; .NET CLR 1.1.4322)"
193.249.244.48 - - [02/Sep/2003:02:08:34 -0700] "GET / HTTP/1.1" 200 11690 "http://www.google.ch/search?hl=de&ie=UTF-8&oe=UTF-8&q=antlr&btnG=Google+Suche&meta=" "Mozilla/5.0 (Windows; U; Windows NT 5.1; en-US; rv:1.4) Gecko/20030624"
193.249.244.48 - - [02/Sep/2003:02:08:37 -0700] "GET /images/shim.gif HTTP/1.1" 200 43 "http://www.antlr.org/" "Mozilla/5.0 (Windows; U; Windows NT 5.1; en-US; rv:1.4) Gecko/20030624"
193.249.244.48 - - [02/Sep/2003:02:08:37 -0700] "GET /images/logo-head.gif HTTP/1.1" 200 4098 "http://www.antlr.org/" "Mozilla/5.0 (Windows; U; Windows NT 5.1; en-US; rv:1.4) Gecko/20030624"
193.249.244.48 - - [02/Sep/2003:02:08:37 -0700] "GET /images/button-download.gif HTTP/1.1" 200 733 "http://www.antlr.org/" "Mozilla/5.0 (Windows; U; Windows NT 5.1; en-US; rv:1.4) Gecko/20030624"
193.249.244.48 - - [02/Sep/2003:02:08:39 -0700] "GET /images/parr-head.jpg HTTP/1.1" 200 3582 "http://www.antlr.org/" "Mozilla/5.0 (Windows; U; Windows NT 5.1; en-US; rv:1.4) Gecko/20030624"
193.249.244.48 - - [02/Sep/2003:02:08:39 -0700] "GET /images/search.gif HTTP/1.1" 200 299 "http://www.antlr.org/" "Mozilla/5.0 (Windows; U; Windows NT 5.1; en-US; rv:1.4) Gecko/20030624"
193.249.244.48 - - [02/Sep/2003:02:08:40 -0700] "GET /images/head-shim.gif HTTP/1.1" 200 158 "http://www.antlr.org/" "Mozilla/5.0 (Windows; U; Windows NT 5.1; en-US; rv:1.4) Gecko/20030624"
193.249.244.48 - - [02/Sep/2003:02:08:44 -0700] "GET /images/search-go.gif HTTP/1.1" 200 266 "http://www.antlr.org/" "Mozilla/5.0 (Windows; U; Windows NT 5.1; en-US; rv:1.4) Gecko/20030624"
212.25.104.125 - - [02/Sep/2003:02:09:10 -0700] "GET /images/shim.gif HTTP/1.1" 200 43 "http://www.antlr.org/1.33/pccts_faq.html" "Mozilla/4.0 (compatible; MSIE 6.0; Windows NT 5.0; Hotbar 4.0)"
212.25.104.125 - - [02/Sep/2003:02:09:10 -0700] "GET /images/logo-head.gif HTTP/1.1" 200 4098 "http://www.antlr.org/1.33/pccts_faq.html" "Mozilla/4.0 (compatible; MSIE 6.0; Windows NT 5.0; Hotbar 4.0)"
212.25.104.125 - - [02/Sep/2003:02:09:11 -0700] "GET /1.33/pccts_faq.html HTTP/1.1" 200 29779 "http://www.google.com/search?q=make+c+ansi+grammar+with+lex&hl=en&lr=&ie=UTF-8&start=10&sa=N" "Mozilla/4.0 (compatible; MSIE 6.0; Windows NT 5.0; Hotbar 4.0)"
212.25.104.125 - - [02/Sep/2003:02:09:11 -0700] "GET /images/head-shim.gif HTTP/1.1" 200 158 "http://www.antlr.org/1.33/pccts_faq.html" "Mozilla/4.0 (compatible; MSIE 6.0; Windows NT 5.0; Hotbar 4.0)"
212.25.104.125 - - [02/Sep/2003:02:09:11 -0700] "GET /images/button-download.gif HTTP/1.1" 200 733 "http://www.antlr.org/1.33/pccts_faq.html" "Mozilla/4.0 (compatible; MSIE 6.0; Windows NT 5.0; Hotbar 4.0)"
212.25.104.125 - - [02/Sep/2003:02:09:11 -0700] "GET /images/search.gif HTTP/1.1" 200 299 "http://www.antlr.org/1.33/pccts_faq.html" "Mozilla/4.0 (compatible; MSIE 6.0; Windows NT 5.0; Hotbar 4.0)"
212.25.104.125 - - [02/Sep/2003:02:09:11 -0700] "GET /images/search-go.gif HTTP/1.1" 200 266 "http://www.antlr.org/1.33/pccts_faq.html" "Mozilla/4.0 (compatible; MSIE 6.0; Windows NT 5.0; Hotbar 4.0)"
212.121.135.226 - - [02/Sep/2003:02:09:26 -0700] "GET /grammar/IDL HTTP/1.1" 200 7820 "http://www.google.de/search?q=ANTLR+IDL&ie=UTF-8&oe=UTF-8&hl=de&btnG=Google+Suche&meta=" "Mozilla/5.0 (X11; U; Linux i686; en-US; rv:1.4b) Gecko/20030507"
212.121.135.226 - - [02/Sep/2003:02:09:29 -0700] "GET /images/shim.gif HTTP/1.1" 200 43 "http://www.antlr.org/grammar/IDL" "Mozilla/5.0 (X11; U; Linux i686; en-US; rv:1.4b) Gecko/20030507"
212.121.135.226 - - [02/Sep/2003:02:09:29 -0700] "GET /images/logo-head.gif HTTP/1.1" 200 4098 "http://www.antlr.org/grammar/IDL" "Mozilla/5.0 (X11; U; Linux i686; en-US; rv:1.4b) Gecko/20030507"
212.121.135.226 - - [02/Sep/2003:02:09:29 -0700] "GET /images/search-go.gif HTTP/1.1" 200 266 "http://www.antlr.org/grammar/IDL" "Mozilla/5.0 (X11; U; Linux i686; en-US; rv:1.4b) Gecko/20030507"
212.121.135.226 - - [02/Sep/2003:02:09:29 -0700] "GET /images/button-download.gif HTTP/1.1" 200 733 "http://www.antlr.org/grammar/IDL" "Mozilla/5.0 (X11; U; Linux i686; en-US; rv:1.4b) Gecko/20030507"
212.121.135.226 - - [02/Sep/2003:02:09:29 -0700] "GET /images/search.gif HTTP/1.1" 200 299 "http://www.antlr.org/grammar/IDL" "Mozilla/5.0 (X11; U; Linux i686; en-US; rv:1.4b) Gecko/20030507"
212.121.135.226 - - [02/Sep/2003:02:09:29 -0700] "GET /images/head-shim.gif HTTP/1.1" 200 158 "http://www.antlr.org/grammar/IDL" "Mozilla/5.0 (X11; U; Linux i686; en-US; rv:1.4b) Gecko/20030507"
212.121.135.226 - - [02/Sep/2003:02:09:33 -0700] "GET /grammar/IDL/idl.g HTTP/1.1" 200 11611 "http://www.antlr.org/grammar/IDL" "Mozilla/5.0 (X11; U; Linux i686; en-US; rv:1.4b) Gecko/20030507"
212.121.135.226 - - [02/Sep/2003:02:09:46 -0700] "GET /grammar/list HTTP/1.1" 200 15685 "http://www.antlr.org/grammar/IDL" "Mozilla/5.0 (X11; U; Linux i686; en-US; rv:1.4b) Gecko/20030507"
212.121.135.226 - - [02/Sep/2003:02:09:46 -0700] "GET /images/button-add-grammar.gif HTTP/1.1" 200 664 "http://www.antlr.org/grammar/list" "Mozilla/5.0 (X11; U; Linux i686; en-US; rv:1.4b) Gecko/20030507"
195.235.92.108 - - [02/Sep/2003:02:09:55 -0700] "GET / HTTP/1.1" 200 11690 "http://developer.java.sun.com/developer/technicalArticles/Parser/SeriesPt1/" "Mozilla/5.0 (Windows; U; WinNT4.0; en-US; rv:1.4) Gecko/20030624 Netscape/7.1 (ax)"
195.235.92.108 - - [02/Sep/2003:02:09:56 -0700] "GET /images/shim.gif HTTP/1.1" 200 43 "http://www.antlr.org/" "Mozilla/5.0 (Windows; U; WinNT4.0; en-US; rv:1.4) Gecko/20030624 Netscape/7.1 (ax)"
195.235.92.108 - - [02/Sep/2003:02:09:56 -0700] "GET /images/search.gif HTTP/1.1" 200 299 "http://www.antlr.org/" "Mozilla/5.0 (Windows; U; WinNT4.0; en-US; rv:1.4) Gecko/20030624 Netscape/7.1 (ax)"
195.235.92.108 - - [02/Sep/2003:02:09:56 -0700] "GET /images/logo-head.gif HTTP/1.1" 200 4098 "http://www.antlr.org/" "Mozilla/5.0 (Windows; U; WinNT4.0; en-US; rv:1.4) Gecko/20030624 Netscape/7.1 (ax)"
195.235.92.108 - - [02/Sep/2003:02:09:56 -0700] "GET /images/button-download.gif HTTP/1.1" 200 733 "http://www.antlr.org/" "Mozilla/5.0 (Windows; U; WinNT4.0; en-US; rv:1.4) Gecko/20030624 Netscape/7.1 (ax)"
195.235.92.108 - - [02/Sep/2003:02:09:56 -0700] "GET /images/parr-head.jpg HTTP/1.1" 200 3582 "http://www.antlr.org/" "Mozilla/5.0 (Windows; U; WinNT4.0; en-US; rv:1.4) Gecko/20030624 Netscape/7.1 (ax)"
