128.210.122.252 - - [02/Sep/2003:10:52:54 -0700] "GET /images/parr-head.jpg HTTP/1.1" 304 - "http://www.antlr.org/" "Mozilla/4.0 (compatible; MSIE 6.0; Windows NT 5.1)"
128.210.122.252 - - [02/Sep/2003:10:52:55 -0700] "GET /images/search.gif HTTP/1.1" 304 - "http://www.antlr.org/" "Mozilla/4.0 (compatible; MSIE 6.0; Windows NT 5.1)"
128.210.122.252 - - [02/Sep/2003:10:52:55 -0700] "GET /images/search-go.gif HTTP/1.1" 304 - "http://www.antlr.org/" "Mozilla/4.0 (compatible; MSIE 6.0; Windows NT 5.1)"
128.210.122.252 - - [02/Sep/2003:10:53:01 -0700] "GET /doc/getting-started.html HTTP/1.1" 200 11326 "http://www.antlr.org/" "Mozilla/4.0 (compatible; MSIE 6.0; Windows NT 5.1)"
128.210.122.252 - - [02/Sep/2003:10:54:35 -0700] "GET /article/cutpaste/index.html HTTP/1.1" 200 10494 "http://www.antlr.org/doc/getting-started.html" "Mozilla/4.0 (compatible; MSIE 6.0; Windows NT 5.1)"
67.42.168.73 - - [02/Sep/2003:10:55:59 -0700] "POST /search/results HTTP/1.1" 200 7765 "http://www.antlr.org/grammar/list" "Mozilla/4.0 (compatible; MSIE 6.0; Windows NT 5.0; .NET CLR 1.0.3705; .NET CLR 1.1.4322)"
216.39.50.159 - - [02/Sep/2003:10:56:32 -0700] "GET /doc/index.html HTTP/1.0" 200 26469 "-" "Scooter/3.3_SF"
62.87.246.64 - - [02/Sep/2003:10:57:06 -0700] "GET /images/logo-head.gif HTTP/1.1" 200 4098 "http://www.antlr.org/" "Mozilla/4.0 (compatible; MSIE 6.0; Windows NT 5.0; beem; .NET CLR 1.1.4322)"
62.87.246.64 - - [02/Sep/2003:10:57:06 -0700] "GET / HTTP/1.1" 200 11690 "http://www.google.com/search?sourceid=navclient&q=antlr" "Mozilla/4.0 (compatible; MSIE 6.0; Windows NT 5.0; beem; .NET CLR 1.1.4322)"
62.87.246.64 - - [02/Sep/2003:10:57:09 -0700] "GET /images/shim.gif HTTP/1.1" 200 43 "http://www.antlr.org/" "Mozilla/4.0 (compatible; MSIE 6.0; Windows NT 5.0; beem; .NET CLR 1.1.4322)"
62.87.246.64 - - [02/Sep/2003:10:57:10 -0700] "GET /images/head-shim.gif HTTP/1.1" 200 158 "http://www.antlr.org/" "Mozilla/4.0 (compatible; MSIE 6.0; Windows NT 5.0; beem; .NET CLR 1.1.4322)"
62.87.246.64 - - [02/Sep/2003:10:57:12 -0700] "GET /images/button-download.gif HTTP/1.1" 200 733 "http://www.antlr.org/" "Mozilla/4.0 (compatible; MSIE 6.0; Windows NT 5.0; beem; .NET CLR 1.1.4322)"
62.87.246.64 - - [02/Sep/2003:10:57:13 -0700] "GET /images/search.gif HTTP/1.1" 200 299 "http://www.antlr.org/" "Mozilla/4.0 (compatible; MSIE 6.0; Windows NT 5.0; beem; .NET CLR 1.1.4322)"
62.87.246.64 - - [02/Sep/2003:10:57:14 -0700] "GET /images/parr-head.jpg HTTP/1.1" 200 3582 "http://www.antlr.org/" "Mozilla/4.0 (compatible; MSIE 6.0; Windows NT 5.0; beem; .NET CLR 1.1.4322)"
62.87.246.64 - - [02/Sep/2003:10:57:15 -0700] "GET /images/search-go.gif HTTP/1.1" 200 266 "http://www.antlr.org/" "Mozilla/4.0 (compatible; MSIE 6.0; Windows NT 5.0; beem; .NET CLR 1.1.4322)"
204.180.140.48 - - [02/Sep/2003:10:57:51 -0700] "GET /moose.jpg HTTP/1.1" 200 6456 "http://images.google.com/imgres?imgurl=www.antlr.org/moose.jpg&imgrefurl=http://www.antlr.org/&h=144&w=209&prev=/images%3Fq%3Dmoose%26start%3D20%26svnum%3D10%26hl%3Den%26lr%3D%26ie%3DUTF-8%26sa%3DN&frame=small" "Mozilla/4.0 (compatible; MSIE 5.01; Windows NT 5.0)"
204.180.140.48 - - [02/Sep/2003:10:57:51 -0700] "GET / HTTP/1.1" 200 11690 "http://images.google.com/imgres?imgurl=www.antlr.org/moose.jpg&imgrefurl=http://www.antlr.org/&h=144&w=209&prev=/images%3Fq%3Dmoose%26start%3D20%26svnum%3D10%26hl%3Den%26lr%3D%26ie%3DUTF-8%26sa%3DN" "Mozilla/4.0 (compatible; MSIE 5.01; Windows NT 5.0)"
204.180.140.48 - - [02/Sep/2003:10:57:51 -0700] "GET /images/logo-head.gif HTTP/1.1" 200 4098 "http://www.antlr.org/" "Mozilla/4.0 (compatible; MSIE 5.01; Windows NT 5.0)"
204.180.140.48 - - [02/Sep/2003:10:57:51 -0700] "GET /images/head-shim.gif HTTP/1.1" 200 158 "http://www.antlr.org/" "Mozilla/4.0 (compatible; MSIE 5.01; Windows NT 5.0)"
204.180.140.48 - - [02/Sep/2003:10:57:51 -0700] "GET /images/shim.gif HTTP/1.1" 200 43 "http://www.antlr.org/" "Mozilla/4.0 (compatible; MSIE 5.01; Windows NT 5.0)"
204.180.140.48 - - [02/Sep/2003:10:57:51 -0700] "GET /images/button-download.gif HTTP/1.1" 200 733 "http://www.antlr.org/" "Mozilla/4.0 (compatible; MSIE 5.01; Windows NT 5.0)"
204.180.140.48 - - [02/Sep/2003:10:57:51 -0700] "GET /images/parr-head.jpg HTTP/1.1" 200 3582 "http://www.antlr.org/" "Mozilla/4.0 (compatible; MSIE 5.01; Windows NT 5.0)"
204.180.140.48 - - [02/Sep/2003:10:57:52 -0700] "GET /images/search.gif HTTP/1.1" 200 299 "http://www.antlr.org/" "Mozilla/4.0 (compatible; MSIE 5.01; Windows NT 5.0)"
204.180.140.48 - - [02/Sep/2003:10:57:52 -0700] "GET /images/search-go.gif HTTP/1.1" 200 266 "http://www.antlr.org/" "Mozilla/4.0 (compatible; MSIE 5.01; Windows NT 5.0)"
62.87.246.64 - - [02/Sep/2003:10:58:11 -0700] "GET /grammar/list HTTP/1.1" 200 15685 "http://www.antlr.org/" "Mozilla/4.0 (compatible; MSIE 6.0; Windows NT 5.0; beem; .NET CLR 1.1.4322)"
62.87.246.64 - - [02/Sep/2003:10:58:13 -0700] "GET /images/shim.gif HTTP/1.1" 304 - "http://www.antlr.org/grammar/list" "Mozilla/4.0 (compatible; MSIE 6.0; Windows NT 5.0; beem; .NET CLR 1.1.4322)"
62.87.246.64 - - [02/Sep/2003:10:58:14 -0700] "GET /images/head-shim.gif HTTP/1.1" 304 - "http://www.antlr.org/grammar/list" "Mozilla/4.0 (compatible; MSIE 6.0; Windows NT 5.0; beem; .NET CLR 1.1.4322)"
62.87.246.64 - - [02/Sep/2003:10:58:15 -0700] "GET /images/button-download.gif HTTP/1.1" 304 - "http://www.antlr.org/grammar/list" "Mozilla/4.0 (compatible; MSIE 6.0; Windows NT 5.0; beem; .NET CLR 1.1.4322)"
62.87.246.64 - - [02/Sep/2003:10:58:15 -0700] "GET /images/logo-head.gif HTTP/1.1" 304 - "http://www.antlr.org/grammar/list" "Mozilla/4.0 (compatible; MSIE 6.0; Windows NT 5.0; beem; .NET CLR 1.1.4322)"
62.87.246.64 - - [02/Sep/2003:10:58:17 -0700] "GET /images/search-go.gif HTTP/1.1" 304 - "http://www.antlr.org/grammar/list" "Mozilla/4.0 (compatible; MSIE 6.0; Windows NT 5.0; beem; .NET CLR 1.1.4322)"
62.87.246.64 - - [02/Sep/2003:10:58:18 -0700] "GET /images/button-add-grammar.gif HTTP/1.1" 200 664 "http://www.antlr.org/grammar/list" "Mozilla/4.0 (compatible; MSIE 6.0; Windows NT 5.0; beem; .NET CLR 1.1.4322)"
62.87.246.64 - - [02/Sep/2003:10:58:20 -0700] "GET /images/search.gif HTTP/1.1" 304 - "http://www.antlr.org/grammar/list" "Mozilla/4.0 (compatible; MSIE 6.0; Windows NT 5.0; beem; .NET CLR 1.1.4322)"
62.87.246.64 - - [02/Sep/2003:10:58:42 -0700] "GET /grammar/java HTTP/1.1" 200 8472 "http://www.antlr.org/grammar/list" "Mozilla/4.0 (compatible; MSIE 6.0; Windows NT 5.0; beem; .NET CLR 1.1.4322)"
62.87.246.64 - - [02/Sep/2003:10:58:52 -0700] "GET /images/logo-head.gif HTTP/1.1" 304 - "http://www.antlr.org/grammar/java" "Mozilla/4.0 (compatible; MSIE 6.0; Windows NT 5.0; beem; .NET CLR 1.1.4322)"
62.87.246.64 - - [02/Sep/2003:10:58:53 -0700] "GET /images/button-download.gif HTTP/1.1" 304 - "http://www.antlr.org/grammar/java" "Mozilla/4.0 (compatible; MSIE 6.0; Windows NT 5.0; beem; .NET CLR 1.1.4322)"
62.87.246.64 - - [02/Sep/2003:10:58:55 -0700] "GET /images/search.gif HTTP/1.1" 304 - "http://www.antlr.org/grammar/java" "Mozilla/4.0 (compatible; MSIE 6.0; Windows NT 5.0; beem; .NET CLR 1.1.4322)"
62.87.246.64 - - [02/Sep/2003:10:58:55 -0700] "GET /images/shim.gif HTTP/1.1" 304 - "http://www.antlr.org/grammar/java" "Mozilla/4.0 (compatible; MSIE 6.0; Windows NT 5.0; beem; .NET CLR 1.1.4322)"
62.87.246.64 - - [02/Sep/2003:10:58:56 -0700] "GET /images/search-go.gif HTTP/1.1" 304 - "http://www.antlr.org/grammar/java" "Mozilla/4.0 (compatible; MSIE 6.0; Windows NT 5.0; beem; .NET CLR 1.1.4322)"
62.87.246.64 - - [02/Sep/2003:10:58:58 -0700] "GET /images/head-shim.gif HTTP/1.1" 304 - "http://www.antlr.org/grammar/java" "Mozilla/4.0 (compatible; MSIE 6.0; Windows NT 5.0; beem; .NET CLR 1.1.4322)"
62.87.246.64 - - [02/Sep/2003:10:59:04 -0700] "GET /grammar/java/JavaTokenTypes.txt HTTP/1.1" 200 2583 "http://www.antlr.org/grammar/java" "Mozilla/4.0 (compatible; MSIE 6.0; Windows NT 5.0; beem; .NET CLR 1.1.4322)"
204.19.71.2 - - [02/Sep/2003:10:59:43 -0700] "GET / HTTP/1.1" 200 11690 "http://www.cuj.com/link/subject30.htm?topic=link" "Mozilla/5.0 (X11; U; Linux i686; en-US; rv:1.0.1) Gecko/20020823 Netscape/7.0"
204.19.71.2 - - [02/Sep/2003:10:59:43 -0700] "GET /favicon.ico HTTP/1.1" 404 173 "-" "Mozilla/5.0 (X11; U; Linux i686; en-US; rv:1.0.1) Gecko/20020823 Netscape/7.0"
204.19.71.2 - - [02/Sep/2003:10:59:44 -0700] "GET /images/shim.gif HTTP/1.1" 200 43 "http://www.antlr.org/" "Mozilla/5.0 (X11; U; Linux i686; en-US; rv:1.0.1) Gecko/20020823 Netscape/7.0"
204.19.71.2 - - [02/Sep/2003:10:59:44 -0700] "GET /images/logo-head.gif HTTP/1.1" 200 4098 "http://www.antlr.org/" "Mozilla/5.0 (X11; U; Linux i686; en-US; rv:1.0.1) Gecko/20020823 Netscape/7.0"
204.19.71.2 - - [02/Sep/2003:10:59:45 -0700] "GET /images/button-download.gif HTTP/1.1" 200 733 "http://www.antlr.org/" "Mozilla/5.0 (X11; U; Linux i686; en-US; rv:1.0.1) Gecko/20020823 Netscape/7.0"
204.19.71.2 - - [02/Sep/2003:10:59:46 -0700] "GET /images/parr-head.jpg HTTP/1.1" 200 3582 "http://www.antlr.org/" "Mozilla/5.0 (X11; U; Linux i686; en-US; rv:1.0.1) Gecko/20020823 Netscape/7.0"
204.19.71.2 - - [02/Sep/2003:10:59:46 -0700] "GET /images/search.gif HTTP/1.1" 200 299 "http://www.antlr.org/" "Mozilla/5.0 (X11; U; Linux i686; en-US; rv:1.0.1) Gecko/20020823 Netscape/7.0"
204.19.71.2 - - [02/Sep/2003:10:59:46 -0700] "GET /images/search-go.gif HTTP/1.1" 200 266 "http://www.antlr.org/" "Mozilla/5.0 (X11; U; Linux i686; en-US; rv:1.0.1) Gecko/20020823 Netscape/7.0"
204.19.71.2 - - [02/Sep/2003:10:59:47 -0700] "GET /images/head-shim.gif HTTP/1.1" 200 158 "http://www.antlr.org/" "Mozilla/5.0 (X11; U; Linux i686; en-US; rv:1.0.1) Gecko/20020823 Netscape/7.0"
62.87.246.64 - - [02/Sep/2003:11:00:01 -0700] "GET /grammar/java HTTP/1.1" 200 8472 "-" "Mozilla/4.0 (compatible; MSIE 6.0; Windows NT 5.0; beem; .NET CLR 1.1.4322)"
62.87.246.64 - - [02/Sep/2003:11:00:16 -0700] "GET /images/shim.gif HTTP/1.1" 304 - "http://www.antlr.org/grammar/java" "Mozilla/4.0 (compatible; MSIE 6.0; Windows NT 5.0; beem; .NET CLR 1.1.4322)"
62.87.246.64 - - [02/Sep/2003:11:00:19 -0700] "GET /images/logo-head.gif HTTP/1.1" 304 - "http://www.antlr.org/grammar/java" "Mozilla/4.0 (compatible; MSIE 6.0; Windows NT 5.0; beem; .NET CLR 1.1.4322)"
204.19.71.2 - - [02/Sep/2003:11:00:20 -0700] "GET /doc/getting-started.html HTTP/1.1" 200 11326 "http://www.antlr.org/" "Mozilla/5.0 (X11; U; Linux i686; en-US; rv:1.0.1) Gecko/20020823 Netscape/7.0"
62.87.246.64 - - [02/Sep/2003:11:00:22 -0700] "GET /images/head-shim.gif HTTP/1.1" 304 - "http://www.antlr.org/grammar/java" "Mozilla/4.0 (compatible; MSIE 6.0; Windows NT 5.0; beem; .NET CLR 1.1.4322)"
62.87.246.64 - - [02/Sep/2003:11:00:24 -0700] "GET /images/button-download.gif HTTP/1.1" 304 - "http://www.antlr.org/grammar/java" "Mozilla/4.0 (compatible; MSIE 6.0; Windows NT 5.0; beem; .NET CLR 1.1.4322)"
62.87.246.64 - - [02/Sep/2003:11:00:25 -0700] "GET /images/search.gif HTTP/1.1" 304 - "http://www.antlr.org/grammar/java" "Mozilla/4.0 (compatible; MSIE 6.0; Windows NT 5.0; beem; .NET CLR 1.1.4322)"
62.87.246.64 - - [02/Sep/2003:11:00:28 -0700] "GET /images/search-go.gif HTTP/1.1" 304 - "http://www.antlr.org/grammar/java" "Mozilla/4.0 (compatible; MSIE 6.0; Windows NT 5.0; beem; .NET CLR 1.1.4322)"
139.149.1.195 - - [02/Sep/2003:11:00:31 -0700] "GET / HTTP/1.0" 200 11690 "http://directory.google.com/Top/Computers/Programming/Compilers/Compiler_Construction_Kits/ANTLR/" "Mozilla/4.0 (compatible; MSIE 6.0; Windows NT 5.1; .NET CLR 1.0.3705)"
139.149.1.195 - - [02/Sep/2003:11:00:31 -0700] "GET /images/shim.gif HTTP/1.0" 200 43 "http://www.antlr.org/" "Mozilla/4.0 (compatible; MSIE 6.0; Windows NT 5.1; .NET CLR 1.0.3705)"
139.149.1.195 - - [02/Sep/2003:11:00:31 -0700] "GET /images/logo-head.gif HTTP/1.0" 200 4098 "http://www.antlr.org/" "Mozilla/4.0 (compatible; MSIE 6.0; Windows NT 5.1; .NET CLR 1.0.3705)"
139.149.1.195 - - [02/Sep/2003:11:00:31 -0700] "GET /images/head-shim.gif HTTP/1.0" 200 158 "http://www.antlr.org/" "Mozilla/4.0 (compatible; MSIE 6.0; Windows NT 5.1; .NET CLR 1.0.3705)"
204.19.71.2 - - [02/Sep/2003:11:00:32 -0700] "GET /license.html HTTP/1.1" 200 9083 "http://www.antlr.org/doc/getting-started.html" "Mozilla/5.0 (X11; U; Linux i686; en-US; rv:1.0.1) Gecko/20020823 Netscape/7.0"
139.149.1.195 - - [02/Sep/2003:11:00:32 -0700] "GET /images/button-download.gif HTTP/1.0" 200 733 "http://www.antlr.org/" "Mozilla/4.0 (compatible; MSIE 6.0; Windows NT 5.1; .NET CLR 1.0.3705)"
139.149.1.195 - - [02/Sep/2003:11:00:33 -0700] "GET /images/parr-head.jpg HTTP/1.0" 200 3582 "http://www.antlr.org/" "Mozilla/4.0 (compatible; MSIE 6.0; Windows NT 5.1; .NET CLR 1.0.3705)"
139.149.1.195 - - [02/Sep/2003:11:00:34 -0700] "GET /images/search.gif HTTP/1.0" 200 299 "http://www.antlr.org/" "Mozilla/4.0 (compatible; MSIE 6.0; Windows NT 5.1; .NET CLR 1.0.3705)"
204.19.71.2 - - [02/Sep/2003:11:00:34 -0700] "GET /images/antlr-link.gif HTTP/1.1" 200 1372 "http://www.antlr.org/license.html" "Mozilla/5.0 (X11; U; Linux i686; en-US; rv:1.0.1) Gecko/20020823 Netscape/7.0"
139.149.1.195 - - [02/Sep/2003:11:00:35 -0700] "GET /images/search-go.gif HTTP/1.0" 200 266 "http://www.antlr.org/" "Mozilla/4.0 (compatible; MSIE 6.0; Windows NT 5.1; .NET CLR 1.0.3705)"
138.11.254.204 - - [02/Sep/2003:11:00:35 -0700] "GET /share/1057505418267/antlr_net-2.7.2_bin.zip HTTP/1.0" 200 711876 "http://www.antlr.org/share/list" "Mozilla/5.0 (Windows; U; Windows NT 5.1; en-US; rv:1.5a) Gecko/20030718"
204.19.71.2 - - [02/Sep/2003:11:01:35 -0700] "GET /doc/index.html HTTP/1.1" 200 26469 "http://www.antlr.org/license.html" "Mozilla/5.0 (X11; U; Linux i686; en-US; rv:1.0.1) Gecko/20020823 Netscape/7.0"
62.87.246.64 - - [02/Sep/2003:11:01:38 -0700] "GET /grammar/java/java.g HTTP/1.1" 200 33216 "http://www.antlr.org/grammar/java" "Mozilla/4.0 (compatible; MSIE 6.0; Windows NT 5.0; beem; .NET CLR 1.1.4322)"
139.149.1.195 - - [02/Sep/2003:11:01:45 -0700] "GET /doc/getting-started.html HTTP/1.0" 200 11326 "http://www.antlr.org/" "Mozilla/4.0 (compatible; MSIE 6.0; Windows NT 5.1; .NET CLR 1.0.3705)"
64.65.175.142 - - [02/Sep/2003:11:01:54 -0700] "GET /grammar/1060760563082/MS_SQL_SELECT.html HTTP/1.1" 302 174 "http://www.google.com/search?hl=en&lr=&ie=UTF-8&oe=utf-8&safe=off&q=select+ms+sql+%28select&btnG=Google+Search" "Mozilla/5.0 (Windows; U; Windows NT 5.1; en-US; rv:1.4) Gecko/20030529"
64.65.175.142 - - [02/Sep/2003:11:01:55 -0700] "GET /error.jsp?msg=Problems+extracting+content%2Ftitle+from+file+%2Fgrammar%2F1060760563082%2FMS_SQL_SELECT.html%3A+null HTTP/1.1" 200 6492 "http://www.google.com/search?hl=en&lr=&ie=UTF-8&oe=utf-8&safe=off&q=select+ms+sql+%28select&btnG=Google+Search" "Mozilla/5.0 (Windows; U; Windows NT 5.1; en-US; rv:1.4) Gecko/20030529"
64.65.175.142 - - [02/Sep/2003:11:01:55 -0700] "GET /images/shim.gif HTTP/1.1" 200 43 "http://www.antlr.org/error.jsp?msg=Problems+extracting+content%2Ftitle+from+file+%2Fgrammar%2F1060760563082%2FMS_SQL_SELECT.html%3A+null" "Mozilla/5.0 (Windows; U; Windows NT 5.1; en-US; rv:1.4) Gecko/20030529"
64.65.175.142 - - [02/Sep/2003:11:01:55 -0700] "GET /images/logo-head.gif HTTP/1.1" 200 4098 "http://www.antlr.org/error.jsp?msg=Problems+extracting+content%2Ftitle+from+file+%2Fgrammar%2F1060760563082%2FMS_SQL_SELECT.html%3A+null" "Mozilla/5.0 (Windows; U; Windows NT 5.1; en-US; rv:1.4) Gecko/20030529"
64.65.175.142 - - [02/Sep/2003:11:01:55 -0700] "GET /images/button-download.gif HTTP/1.1" 200 733 "http://www.antlr.org/error.jsp?msg=Problems+extracting+content%2Ftitle+from+file+%2Fgrammar%2F1060760563082%2FMS_SQL_SELECT.html%3A+null" "Mozilla/5.0 (Windows; U; Windows NT 5.1; en-US; rv:1.4) Gecko/20030529"
64.65.175.142 - - [02/Sep/2003:11:01:55 -0700] "GET /images/head-shim.gif HTTP/1.1" 200 158 "http://www.antlr.org/error.jsp?msg=Problems+extracting+content%2Ftitle+from+file+%2Fgrammar%2F1060760563082%2FMS_SQL_SELECT.html%3A+null" "Mozilla/5.0 (Windows; U; Windows NT 5.1; en-US; rv:1.4) Gecko/20030529"
149.2.53.158 - - [02/Sep/2003:11:02:01 -0700] "GET /share/1061323078962/antlr.metagrammar.tar HTTP/1.1" 200 30720 "http://www.antlr.org/" "Mozilla/5.0 (Windows; U; Windows NT 5.0; en-US; rv:1.4) Gecko/20030624"
204.19.71.2 - - [02/Sep/2003:11:02:04 -0700] "GET /grammar/list HTTP/1.1" 200 15685 "http://www.antlr.org/doc/index.html" "Mozilla/5.0 (X11; U; Linux i686; en-US; rv:1.0.1) Gecko/20020823 Netscape/7.0"
139.149.1.195 - - [02/Sep/2003:11:02:04 -0700] "GET /doc/index.html HTTP/1.0" 200 26469 "http://www.antlr.org/" "Mozilla/4.0 (compatible; MSIE 6.0; Windows NT 5.1; .NET CLR 1.0.3705)"
204.19.71.2 - - [02/Sep/2003:11:02:05 -0700] "GET /images/button-add-grammar.gif HTTP/1.1" 200 664 "http://www.antlr.org/grammar/list" "Mozilla/5.0 (X11; U; Linux i686; en-US; rv:1.0.1) Gecko/20020823 Netscape/7.0"
204.19.71.2 - - [02/Sep/2003:11:02:14 -0700] "GET /grammar/cgram HTTP/1.1" 200 8086 "http://www.antlr.org/grammar/list" "Mozilla/5.0 (X11; U; Linux i686; en-US; rv:1.0.1) Gecko/20020823 Netscape/7.0"
204.19.71.2 - - [02/Sep/2003:11:02:18 -0700] "GET /grammar/cgram/cgram.tgz HTTP/1.1" 200 43412 "http://www.antlr.org/grammar/cgram" "Mozilla/5.0 (X11; U; Linux i686; en-US; rv:1.0.1) Gecko/20020823 Netscape/7.0"
204.19.71.2 - - [02/Sep/2003:11:02:23 -0700] "GET /grammar/cgram/license.txt HTTP/1.1" 200 1670 "http://www.antlr.org/grammar/cgram" "Mozilla/5.0 (X11; U; Linux i686; en-US; rv:1.0.1) Gecko/20020823 Netscape/7.0"
204.19.71.2 - - [02/Sep/2003:11:02:34 -0700] "GET /download.html HTTP/1.1" 200 9276 "http://www.antlr.org/grammar/cgram" "Mozilla/5.0 (X11; U; Linux i686; en-US; rv:1.0.1) Gecko/20020823 Netscape/7.0"
204.19.71.2 - - [02/Sep/2003:11:03:14 -0700] "GET /download/antlr-2.7.2.tar.gz HTTP/1.1" 200 1557051 "http://www.antlr.org/download.html" "Mozilla/5.0 (X11; U; Linux i686; en-US; rv:1.0.1) Gecko/20020823 Netscape/7.0"
139.149.1.195 - - [02/Sep/2003:11:03:14 -0700] "GET /doc/metalang.html HTTP/1.0" 200 52606 "http://www.antlr.org/doc/index.html" "Mozilla/4.0 (compatible; MSIE 6.0; Windows NT 5.1; .NET CLR 1.0.3705)"
139.149.1.195 - - [02/Sep/2003:11:03:15 -0700] "GET /doc/subrule.gif HTTP/1.0" 200 1887 "http://www.antlr.org/doc/metalang.html" "Mozilla/4.0 (compatible; MSIE 6.0; Windows NT 5.1; .NET CLR 1.0.3705)"
139.149.1.195 - - [02/Sep/2003:11:03:15 -0700] "GET /doc/closure.gif HTTP/1.0" 200 2166 "http://www.antlr.org/doc/metalang.html" "Mozilla/4.0 (compatible; MSIE 6.0; Windows NT 5.1; .NET CLR 1.0.3705)"
139.149.1.195 - - [02/Sep/2003:11:03:15 -0700] "GET /doc/optional.gif HTTP/1.0" 200 2018 "http://www.antlr.org/doc/metalang.html" "Mozilla/4.0 (compatible; MSIE 6.0; Windows NT 5.1; .NET CLR 1.0.3705)"
139.149.1.195 - - [02/Sep/2003:11:03:15 -0700] "GET /doc/posclosure.gif HTTP/1.0" 200 2031 "http://www.antlr.org/doc/metalang.html" "Mozilla/4.0 (compatible; MSIE 6.0; Windows NT 5.1; .NET CLR 1.0.3705)"
192.18.42.10 - - [02/Sep/2003:11:03:35 -0700] "GET / HTTP/1.0" 200 11690 "-" "Mozilla/5.0 (X11; U; SunOS sun4u; en-US; rv:1.0.1) Gecko/20020920 Netscape/7.0"
192.18.42.10 - - [02/Sep/2003:11:03:35 -0700] "GET /favicon.ico HTTP/1.0" 404 173 "-" "Mozilla/5.0 (X11; U; SunOS sun4u; en-US; rv:1.0.1) Gecko/20020920 Netscape/7.0"
192.18.42.10 - - [02/Sep/2003:11:03:36 -0700] "GET /images/shim.gif HTTP/1.0" 200 43 "http://www.antlr.org/" "Mozilla/5.0 (X11; U; SunOS sun4u; en-US; rv:1.0.1) Gecko/20020920 Netscape/7.0"
192.18.42.10 - - [02/Sep/2003:11:03:36 -0700] "GET /images/logo-head.gif HTTP/1.0" 200 4098 "http://www.antlr.org/" "Mozilla/5.0 (X11; U; SunOS sun4u; en-US; rv:1.0.1) Gecko/20020920 Netscape/7.0"
192.18.42.10 - - [02/Sep/2003:11:03:36 -0700] "GET /images/button-download.gif HTTP/1.0" 200 733 "http://www.antlr.org/" "Mozilla/5.0 (X11; U; SunOS sun4u; en-US; rv:1.0.1) Gecko/20020920 Netscape/7.0"
192.18.42.10 - - [02/Sep/2003:11:03:36 -0700] "GET /images/parr-head.jpg HTTP/1.0" 304 - "http://www.antlr.org/" "Mozilla/5.0 (X11; U; SunOS sun4u; en-US; rv:1.0.1) Gecko/20020920 Netscape/7.0"
192.18.42.10 - - [02/Sep/2003:11:03:36 -0700] "GET /images/search.gif HTTP/1.0" 200 299 "http://www.antlr.org/" "Mozilla/5.0 (X11; U; SunOS sun4u; en-US; rv:1.0.1) Gecko/20020920 Netscape/7.0"
192.18.42.10 - - [02/Sep/2003:11:03:36 -0700] "GET /images/search-go.gif HTTP/1.0" 200 266 "http://www.antlr.org/" "Mozilla/5.0 (X11; U; SunOS sun4u; en-US; rv:1.0.1) Gecko/20020920 Netscape/7.0"
192.18.42.10 - - [02/Sep/2003:11:03:38 -0700] "GET /favicon.ico HTTP/1.0" 404 173 "-" "Mozilla/5.0 (X11; U; SunOS sun4u; en-US; rv:1.0.1) Gecko/20020920 Netscape/7.0"
192.18.42.10 - - [02/Sep/2003:11:03:39 -0700] "GET /images/head-shim.gif HTTP/1.0" 200 158 "-" "Mozilla/5.0 (X11; U; SunOS sun4u; en-US; rv:1.0.1) Gecko/20020920 Netscape/7.0"
216.46.81.132 - - [02/Sep/2003:11:04:30 -0700] "GET /javadoc/antlr/TokenStreamException.html HTTP/1.1" 200 11397 "http://www.google.com/search?sourceid=navclient&ie=UTF-8&oe=UTF-8&q=TokenStreamException" "Mozilla/4.0 (compatible; MSIE 6.0; Windows NT 5.0)"
216.46.81.132 - - [02/Sep/2003:11:04:31 -0700] "GET /images/shim.gif HTTP/1.1" 200 43 "http://www.antlr.org/javadoc/antlr/TokenStreamException.html" "Mozilla/4.0 (compatible; MSIE 6.0; Windows NT 5.0)"
216.46.81.132 - - [02/Sep/2003:11:04:31 -0700] "GET /images/logo-head.gif HTTP/1.1" 200 4098 "http://www.antlr.org/javadoc/antlr/TokenStreamException.html" "Mozilla/4.0 (compatible; MSIE 6.0; Windows NT 5.0)"
216.46.81.132 - - [02/Sep/2003:11:04:31 -0700] "GET /images/head-shim.gif HTTP/1.1" 200 158 "http://www.antlr.org/javadoc/antlr/TokenStreamException.html" "Mozilla/4.0 (compatible; MSIE 6.0; Windows NT 5.0)"
216.46.81.132 - - [02/Sep/2003:11:04:31 -0700] "GET /images/button-download.gif HTTP/1.1" 200 733 "http://www.antlr.org/javadoc/antlr/TokenStreamException.html" "Mozilla/4.0 (compatible; MSIE 6.0; Windows NT 5.0)"
216.46.81.132 - - [02/Sep/2003:11:04:31 -0700] "GET /images/search.gif HTTP/1.1" 200 299 "http://www.antlr.org/javadoc/antlr/TokenStreamException.html" "Mozilla/4.0 (compatible; MSIE 6.0; Windows NT 5.0)"
216.46.81.132 - - [02/Sep/2003:11:04:31 -0700] "GET /images/search-go.gif HTTP/1.1" 200 266 "http://www.antlr.org/javadoc/antlr/TokenStreamException.html" "Mozilla/4.0 (compatible; MSIE 6.0; Windows NT 5.0)"
204.19.71.2 - - [02/Sep/2003:11:04:41 -0700] "GET /rights.html HTTP/1.1" 302 141 "-" "Mozilla/5.0 (X11; U; Linux i686; en-US; rv:1.0.1) Gecko/20020823 Netscape/7.0"
204.19.71.2 - - [02/Sep/2003:11:04:41 -0700] "GET /error.jsp?msg=Problems+extracting+content%2Ftitle+from+file+%2Frights.html%3A+null HTTP/1.1" 200 6463 "-" "Mozilla/5.0 (X11; U; Linux i686; en-US; rv:1.0.1) Gecko/20020823 Netscape/7.0"
216.46.81.132 - - [02/Sep/2003:11:04:45 -0700] "GET /javadoc/antlr/TokenStreamIOException.html HTTP/1.1" 200 11916 "http://www.antlr.org/javadoc/antlr/TokenStreamException.html" "Mozilla/4.0 (compatible; MSIE 6.0; Windows NT 5.0)"
216.46.81.132 - - [02/Sep/2003:11:04:54 -0700] "GET /javadoc/antlr/ANTLRException.html HTTP/1.1" 200 11038 "http://www.antlr.org/javadoc/antlr/TokenStreamIOException.html" "Mozilla/4.0 (compatible; MSIE 6.0; Windows NT 5.0)"
216.46.81.132 - - [02/Sep/2003:11:05:06 -0700] "GET /javadoc/antlr/TokenStreamIOException.html HTTP/1.1" 200 11916 "http://www.antlr.org/javadoc/antlr/TokenStreamException.html" "Mozilla/4.0 (compatible; MSIE 6.0; Windows NT 5.0)"
216.46.81.132 - - [02/Sep/2003:11:05:12 -0700] "GET /about.html HTTP/1.1" 200 8707 "http://www.antlr.org/javadoc/antlr/TokenStreamIOException.html" "Mozilla/4.0 (compatible; MSIE 6.0; Windows NT 5.0)"
216.46.81.132 - - [02/Sep/2003:11:05:43 -0700] "GET /why.html HTTP/1.1" 200 10713 "http://www.antlr.org/about.html" "Mozilla/4.0 (compatible; MSIE 6.0; Windows NT 5.0)"
216.46.81.132 - - [02/Sep/2003:11:05:48 -0700] "GET /about.html HTTP/1.1" 200 8707 "http://www.antlr.org/javadoc/antlr/TokenStreamIOException.html" "Mozilla/4.0 (compatible; MSIE 6.0; Windows NT 5.0)"
216.46.81.132 - - [02/Sep/2003:11:05:57 -0700] "GET /why.html HTTP/1.1" 200 10713 "http://www.antlr.org/about.html" "Mozilla/4.0 (compatible; MSIE 6.0; Windows NT 5.0)"
204.19.71.2 - - [02/Sep/2003:11:05:57 -0700] "GET /doc/index.html HTTP/1.1" 200 26469 "http://www.antlr.org/" "Mozilla/5.0 (X11; U; Linux i686; en-US; rv:1.0.1) Gecko/20020823 Netscape/7.0"
203.94.226.90 - - [02/Sep/2003:11:06:37 -0700] "GET /buybook.html HTTP/1.1" 302 142 "http://www.searchebooks.com/cgi-bin/search.dll?q=XML&p=11" "Mozilla/4.0 (compatible; MSIE 5.01; Windows NT 5.0)"
203.94.226.90 - - [02/Sep/2003:11:06:38 -0700] "GET /error.jsp?msg=Problems+extracting+content%2Ftitle+from+file+%2Fbuybook.html%3A+null HTTP/1.1" 200 6464 "http://www.searchebooks.com/cgi-bin/search.dll?q=XML&p=11" "Mozilla/4.0 (compatible; MSIE 5.01; Windows NT 5.0)"
203.94.226.90 - - [02/Sep/2003:11:06:40 -0700] "GET /images/shim.gif HTTP/1.1" 200 43 "http://www.antlr.org/error.jsp?msg=Problems+extracting+content%2Ftitle+from+file+%2Fbuybook.html%3A+null" "Mozilla/4.0 (compatible; MSIE 5.01; Windows NT 5.0)"
203.94.226.90 - - [02/Sep/2003:11:06:40 -0700] "GET /images/logo-head.gif HTTP/1.1" 200 4098 "http://www.antlr.org/error.jsp?msg=Problems+extracting+content%2Ftitle+from+file+%2Fbuybook.html%3A+null" "Mozilla/4.0 (compatible; MSIE 5.01; Windows NT 5.0)"
203.94.226.90 - - [02/Sep/2003:11:06:40 -0700] "GET /images/head-shim.gif HTTP/1.1" 200 158 "http://www.antlr.org/error.jsp?msg=Problems+extracting+content%2Ftitle+from+file+%2Fbuybook.html%3A+null" "Mozilla/4.0 (compatible; MSIE 5.01; Windows NT 5.0)"
203.94.226.90 - - [02/Sep/2003:11:06:44 -0700] "GET /images/button-download.gif HTTP/1.1" 200 733 "http://www.antlr.org/error.jsp?msg=Problems+extracting+content%2Ftitle+from+file+%2Fbuybook.html%3A+null" "Mozilla/4.0 (compatible; MSIE 5.01; Windows NT 5.0)"
204.19.71.2 - - [02/Sep/2003:11:06:44 -0700] "GET /doc/index.html HTTP/1.1" 200 26469 "http://www.antlr.org/doc/index.html" "Mozilla/5.0 (X11; U; Linux i686; en-US; rv:1.0.1) Gecko/20020823 Netscape/7.0"
128.210.122.252 - - [02/Sep/2003:11:06:45 -0700] "GET /doc/getting-started.html HTTP/1.1" 200 11326 "http://www.antlr.org/" "Mozilla/4.0 (compatible; MSIE 6.0; Windows NT 5.1)"
200.136.83.2 - - [02/Sep/2003:11:06:51 -0700] "GET / HTTP/1.0" 200 11690 "-" "Mozilla/4.0 (compatible; MSIE 6.0; Windows 98)"
200.136.83.2 - - [02/Sep/2003:11:06:52 -0700] "GET /images/head-shim.gif HTTP/1.0" 200 158 "http://www.antlr.org" "Mozilla/4.0 (compatible; MSIE 6.0; Windows 98)"
200.136.83.2 - - [02/Sep/2003:11:06:52 -0700] "GET /images/logo-head.gif HTTP/1.0" 200 4098 "http://www.antlr.org" "Mozilla/4.0 (compatible; MSIE 6.0; Windows 98)"
200.136.83.2 - - [02/Sep/2003:11:06:53 -0700] "GET /images/parr-head.jpg HTTP/1.0" 200 3582 "http://www.antlr.org" "Mozilla/4.0 (compatible; MSIE 6.0; Windows 98)"
200.136.83.2 - - [02/Sep/2003:11:06:54 -0700] "GET /images/search.gif HTTP/1.0" 200 299 "http://www.antlr.org" "Mozilla/4.0 (compatible; MSIE 6.0; Windows 98)"
200.136.83.2 - - [02/Sep/2003:11:06:56 -0700] "GET /images/search-go.gif HTTP/1.0" 200 266 "http://www.antlr.org" "Mozilla/4.0 (compatible; MSIE 6.0; Windows 98)"
204.19.71.2 - - [02/Sep/2003:11:06:59 -0700] "GET /javadoc/overview-summary.html HTTP/1.1" 200 9784 "http://www.antlr.org/doc/index.html" "Mozilla/5.0 (X11; U; Linux i686; en-US; rv:1.0.1) Gecko/20020823 Netscape/7.0"
216.46.81.132 - - [02/Sep/2003:11:07:07 -0700] "GET /why.html HTTP/1.1" 200 10713 "http://www.antlr.org/about.html" "Mozilla/4.0 (compatible; MSIE 6.0; Windows NT 5.0)"
216.46.81.132 - - [02/Sep/2003:11:07:10 -0700] "GET /about.html HTTP/1.1" 200 8707 "http://www.antlr.org/javadoc/antlr/TokenStreamIOException.html" "Mozilla/4.0 (compatible; MSIE 6.0; Windows NT 5.0)"
204.19.71.2 - - [02/Sep/2003:11:07:14 -0700] "GET /share/list HTTP/1.1" 200 10783 "http://www.antlr.org/javadoc/overview-summary.html" "Mozilla/5.0 (X11; U; Linux i686; en-US; rv:1.0.1) Gecko/20020823 Netscape/7.0"
204.19.71.2 - - [02/Sep/2003:11:07:15 -0700] "GET /images/button-shared-resource.gif HTTP/1.1" 200 853 "http://www.antlr.org/share/list" "Mozilla/5.0 (X11; U; Linux i686; en-US; rv:1.0.1) Gecko/20020823 Netscape/7.0"
200.136.83.2 - - [02/Sep/2003:11:07:22 -0700] "GET /images/shim.gif HTTP/1.0" 200 43 "http://www.antlr.org" "Mozilla/4.0 (compatible; MSIE 6.0; Windows 98)"
216.46.81.132 - - [02/Sep/2003:11:07:26 -0700] "GET /javadoc/overview-summary.html HTTP/1.1" 200 9784 "http://www.antlr.org/about.html" "Mozilla/4.0 (compatible; MSIE 6.0; Windows NT 5.0)"
200.136.83.2 - - [02/Sep/2003:11:07:33 -0700] "GET /doc/index.html HTTP/1.0" 200 26469 "http://www.antlr.org" "Mozilla/4.0 (compatible; MSIE 6.0; Windows 98)"
204.19.71.2 - - [02/Sep/2003:11:07:42 -0700] "GET /download.html HTTP/1.1" 200 9276 "http://www.antlr.org/share/list" "Mozilla/5.0 (X11; U; Linux i686; en-US; rv:1.0.1) Gecko/20020823 Netscape/7.0"
204.19.71.2 - - [02/Sep/2003:11:07:51 -0700] "GET / HTTP/1.1" 200 11690 "http://www.antlr.org/download.html" "Mozilla/5.0 (X11; U; Linux i686; en-US; rv:1.0.1) Gecko/20020823 Netscape/7.0"
203.94.226.90 - - [02/Sep/2003:11:07:51 -0700] "GET /images/shim.gif HTTP/1.1" 304 - "http://www.antlr.org/doc/index.html" "Mozilla/4.0 (compatible; MSIE 5.01; Windows NT 5.0)"
203.94.226.90 - - [02/Sep/2003:11:07:52 -0700] "GET /images/logo-head.gif HTTP/1.1" 304 - "http://www.antlr.org/doc/index.html" "Mozilla/4.0 (compatible; MSIE 5.01; Windows NT 5.0)"
203.94.226.90 - - [02/Sep/2003:11:07:53 -0700] "GET /images/head-shim.gif HTTP/1.1" 304 - "http://www.antlr.org/doc/index.html" "Mozilla/4.0 (compatible; MSIE 5.01; Windows NT 5.0)"
203.94.226.90 - - [02/Sep/2003:11:07:54 -0700] "GET /images/button-download.gif HTTP/1.1" 304 - "http://www.antlr.org/doc/index.html" "Mozilla/4.0 (compatible; MSIE 5.01; Windows NT 5.0)"
203.94.226.90 - - [02/Sep/2003:11:07:57 -0700] "GET /images/search.gif HTTP/1.1" 200 299 "http://www.antlr.org/doc/index.html" "Mozilla/4.0 (compatible; MSIE 5.01; Windows NT 5.0)"
200.136.83.2 - - [02/Sep/2003:11:07:57 -0700] "GET /doc/getting-started.html HTTP/1.0" 200 11326 "http://www.antlr.org/doc/index.html" "Mozilla/4.0 (compatible; MSIE 6.0; Windows 98)"
203.94.226.90 - - [02/Sep/2003:11:07:58 -0700] "GET /images/search-go.gif HTTP/1.1" 200 266 "http://www.antlr.org/doc/index.html" "Mozilla/4.0 (compatible; MSIE 5.01; Windows NT 5.0)"
203.94.226.90 - - [02/Sep/2003:11:08:07 -0700] "GET /doc/index.html HTTP/1.1" 200 26469 "http://www.antlr.org/error.jsp?msg=Problems+extracting+content%2Ftitle+from+file+%2Fbuybook.html%3A+null" "Mozilla/4.0 (compatible; MSIE 5.01; Windows NT 5.0)"
200.136.83.2 - - [02/Sep/2003:11:08:21 -0700] "GET /share/list HTTP/1.0" 200 10783 "http://www.antlr.org/doc/getting-started.html" "Mozilla/4.0 (compatible; MSIE 6.0; Windows 98)"
200.136.83.2 - - [02/Sep/2003:11:08:31 -0700] "GET /images/button-shared-resource.gif HTTP/1.0" 200 853 "http://www.antlr.org/share/list" "Mozilla/4.0 (compatible; MSIE 6.0; Windows 98)"
216.181.179.247 - - [02/Sep/2003:11:10:28 -0700] "GET /images/logo-head.gif HTTP/1.1" 200 4098 "http://216.239.53.104/search?q=cache:SebGUZVmoPoJ:www.antlr.org/javadoc/antlr/JavaCodeGenerator.html+antlr+open+file&hl=en&ie=UTF-8" "Mozilla/4.0 (compatible; MSIE 6.0; Windows NT 5.1; .NET CLR 1.0.3705; .NET CLR 1.1.4322)"
216.181.179.247 - - [02/Sep/2003:11:10:30 -0700] "GET /images/button-download.gif HTTP/1.1" 200 733 "http://216.239.53.104/search?q=cache:SebGUZVmoPoJ:www.antlr.org/javadoc/antlr/JavaCodeGenerator.html+antlr+open+file&hl=en&ie=UTF-8" "Mozilla/4.0 (compatible; MSIE 6.0; Windows NT 5.1; .NET CLR 1.0.3705; .NET CLR 1.1.4322)"
216.181.179.247 - - [02/Sep/2003:11:10:30 -0700] "GET /images/shim.gif HTTP/1.1" 200 43 "http://216.239.53.104/search?q=cache:SebGUZVmoPoJ:www.antlr.org/javadoc/antlr/JavaCodeGenerator.html+antlr+open+file&hl=en&ie=UTF-8" "Mozilla/4.0 (compatible; MSIE 6.0; Windows NT 5.1; .NET CLR 1.0.3705; .NET CLR 1.1.4322)"
216.181.179.247 - - [02/Sep/2003:11:10:30 -0700] "GET /images/head-shim.gif HTTP/1.1" 200 158 "http://216.239.53.104/search?q=cache:SebGUZVmoPoJ:www.antlr.org/javadoc/antlr/JavaCodeGenerator.html+antlr+open+file&hl=en&ie=UTF-8" "Mozilla/4.0 (compatible; MSIE 6.0; Windows NT 5.1; .NET CLR 1.0.3705; .NET CLR 1.1.4322)"
216.181.179.247 - - [02/Sep/2003:11:10:30 -0700] "GET /images/search.gif HTTP/1.1" 200 299 "http://216.239.53.104/search?q=cache:SebGUZVmoPoJ:www.antlr.org/javadoc/antlr/JavaCodeGenerator.html+antlr+open+file&hl=en&ie=UTF-8" "Mozilla/4.0 (compatible; MSIE 6.0; Windows NT 5.1; .NET CLR 1.0.3705; .NET CLR 1.1.4322)"
216.181.179.247 - - [02/Sep/2003:11:10:31 -0700] "GET /images/search-go.gif HTTP/1.1" 200 266 "http://216.239.53.104/search?q=cache:SebGUZVmoPoJ:www.antlr.org/javadoc/antlr/JavaCodeGenerator.html+antlr+open+file&hl=en&ie=UTF-8" "Mozilla/4.0 (compatible; MSIE 6.0; Windows NT 5.1; .NET CLR 1.0.3705; .NET CLR 1.1.4322)"
129.42.184.35 - - [02/Sep/2003:11:15:16 -0700] "GET / HTTP/1.1" 200 11690 "-" "Mozilla/4.0 (compatible; MSIE 6.0; Windows NT 5.0; H010818; MyIE2; .NET CLR 1.0.3705; .NET CLR 1.1.4322)"
129.42.184.35 - - [02/Sep/2003:11:15:16 -0700] "GET /images/shim.gif HTTP/1.1" 304 - "http://antlr.org/" "Mozilla/4.0 (compatible; MSIE 6.0; Windows NT 5.0; H010818; MyIE2; .NET CLR 1.0.3705; .NET CLR 1.1.4322)"
129.42.184.35 - - [02/Sep/2003:11:15:16 -0700] "GET /images/logo-head.gif HTTP/1.1" 304 - "http://antlr.org/" "Mozilla/4.0 (compatible; MSIE 6.0; Windows NT 5.0; H010818; MyIE2; .NET CLR 1.0.3705; .NET CLR 1.1.4322)"
129.42.184.35 - - [02/Sep/2003:11:15:16 -0700] "GET /images/button-download.gif HTTP/1.1" 304 - "http://antlr.org/" "Mozilla/4.0 (compatible; MSIE 6.0; Windows NT 5.0; H010818; MyIE2; .NET CLR 1.0.3705; .NET CLR 1.1.4322)"
129.42.184.35 - - [02/Sep/2003:11:15:16 -0700] "GET /images/parr-head.jpg HTTP/1.1" 304 - "http://antlr.org/" "Mozilla/4.0 (compatible; MSIE 6.0; Windows NT 5.0; H010818; MyIE2; .NET CLR 1.0.3705; .NET CLR 1.1.4322)"
129.42.184.35 - - [02/Sep/2003:11:15:16 -0700] "GET /images/search.gif HTTP/1.1" 304 - "http://antlr.org/" "Mozilla/4.0 (compatible; MSIE 6.0; Windows NT 5.0; H010818; MyIE2; .NET CLR 1.0.3705; .NET CLR 1.1.4322)"
129.42.184.35 - - [02/Sep/2003:11:15:16 -0700] "GET /images/search-go.gif HTTP/1.1" 304 - "http://antlr.org/" "Mozilla/4.0 (compatible; MSIE 6.0; Windows NT 5.0; H010818; MyIE2; .NET CLR 1.0.3705; .NET CLR 1.1.4322)"
129.42.184.35 - - [02/Sep/2003:11:15:16 -0700] "GET /images/head-shim.gif HTTP/1.1" 304 - "http://antlr.org/" "Mozilla/4.0 (compatible; MSIE 6.0; Windows NT 5.0; H010818; MyIE2; .NET CLR 1.0.3705; .NET CLR 1.1.4322)"
129.42.184.35 - - [02/Sep/2003:11:16:18 -0700] "GET /grammar/list HTTP/1.1" 200 15685 "http://antlr.org/" "Mozilla/4.0 (compatible; MSIE 6.0; Windows NT 5.0; H010818; MyIE2; .NET CLR 1.0.3705; .NET CLR 1.1.4322)"
129.42.184.35 - - [02/Sep/2003:11:16:18 -0700] "GET /images/button-add-grammar.gif HTTP/1.1" 200 664 "http://antlr.org/grammar/list" "Mozilla/4.0 (compatible; MSIE 6.0; Windows NT 5.0; H010818; MyIE2; .NET CLR 1.0.3705; .NET CLR 1.1.4322)"
129.42.184.35 - - [02/Sep/2003:11:16:38 -0700] "GET /grammar/1062280680642/MS_SQL_SELECT.html HTTP/1.1" 200 48601 "http://antlr.org/grammar/list" "Mozilla/4.0 (compatible; MSIE 6.0; Windows NT 5.0; H010818; MyIE2; .NET CLR 1.0.3705; .NET CLR 1.1.4322)"
129.42.184.35 - - [02/Sep/2003:11:17:41 -0700] "GET /license.html HTTP/1.1" 200 9083 "http://antlr.org/grammar/1062280680642/MS_SQL_SELECT.html" "Mozilla/4.0 (compatible; MSIE 6.0; Windows NT 5.0; H010818; MyIE2; .NET CLR 1.0.3705; .NET CLR 1.1.4322)"
129.42.184.35 - - [02/Sep/2003:11:17:42 -0700] "GET /images/antlr-link.gif HTTP/1.1" 200 1372 "http://antlr.org/license.html" "Mozilla/4.0 (compatible; MSIE 6.0; Windows NT 5.0; H010818; MyIE2; .NET CLR 1.0.3705; .NET CLR 1.1.4322)"
129.42.184.35 - - [02/Sep/2003:11:17:56 -0700] "GET /download.html HTTP/1.1" 200 9276 "http://antlr.org/license.html" "Mozilla/4.0 (compatible; MSIE 6.0; Windows NT 5.0; H010818; MyIE2; .NET CLR 1.0.3705; .NET CLR 1.1.4322)"
208.128.243.250 - - [02/Sep/2003:11:19:18 -0700] "GET / HTTP/1.1" 200 11690 "-" "Mozilla/4.0 (compatible; MSIE 5.01; Windows NT 5.0)"
208.128.243.250 - - [02/Sep/2003:11:19:18 -0700] "GET /images/shim.gif HTTP/1.1" 304 - "http://www.antlr.org/" "Mozilla/4.0 (compatible; MSIE 5.01; Windows NT 5.0)"
208.128.243.250 - - [02/Sep/2003:11:19:18 -0700] "GET /images/logo-head.gif HTTP/1.1" 304 - "http://www.antlr.org/" "Mozilla/4.0 (compatible; MSIE 5.01; Windows NT 5.0)"
208.128.243.250 - - [02/Sep/2003:11:19:18 -0700] "GET /images/head-shim.gif HTTP/1.1" 304 - "http://www.antlr.org/" "Mozilla/4.0 (compatible; MSIE 5.01; Windows NT 5.0)"
208.128.243.250 - - [02/Sep/2003:11:19:18 -0700] "GET /images/button-download.gif HTTP/1.1" 304 - "http://www.antlr.org/" "Mozilla/4.0 (compatible; MSIE 5.01; Windows NT 5.0)"
208.128.243.250 - - [02/Sep/2003:11:19:18 -0700] "GET /images/parr-head.jpg HTTP/1.1" 304 - "http://www.antlr.org/" "Mozilla/4.0 (compatible; MSIE 5.01; Windows NT 5.0)"
208.128.243.250 - - [02/Sep/2003:11:19:18 -0700] "GET /images/search.gif HTTP/1.1" 304 - "http://www.antlr.org/" "Mozilla/4.0 (compatible; MSIE 5.01; Windows NT 5.0)"
208.128.243.250 - - [02/Sep/2003:11:19:18 -0700] "GET /images/search-go.gif HTTP/1.1" 304 - "http://www.antlr.org/" "Mozilla/4.0 (compatible; MSIE 5.01; Windows NT 5.0)"
208.128.243.250 - - [02/Sep/2003:11:19:38 -0700] "GET /doc/index.html HTTP/1.1" 200 26469 "http://www.antlr.org/" "Mozilla/4.0 (compatible; MSIE 5.01; Windows NT 5.0)"
208.128.243.250 - - [02/Sep/2003:11:19:54 -0700] "GET /doc/metalang.html HTTP/1.1" 200 52606 "http://www.antlr.org/doc/index.html" "Mozilla/4.0 (compatible; MSIE 5.01; Windows NT 5.0)"
208.128.243.250 - - [02/Sep/2003:11:19:54 -0700] "GET /doc/optional.gif HTTP/1.1" 200 2018 "http://www.antlr.org/doc/metalang.html" "Mozilla/4.0 (compatible; MSIE 5.01; Windows NT 5.0)"
208.128.243.250 - - [02/Sep/2003:11:19:54 -0700] "GET /doc/subrule.gif HTTP/1.1" 200 1887 "http://www.antlr.org/doc/metalang.html" "Mozilla/4.0 (compatible; MSIE 5.01; Windows NT 5.0)"
208.128.243.250 - - [02/Sep/2003:11:19:54 -0700] "GET /doc/closure.gif HTTP/1.1" 200 2166 "http://www.antlr.org/doc/metalang.html" "Mozilla/4.0 (compatible; MSIE 5.01; Windows NT 5.0)"
208.128.243.250 - - [02/Sep/2003:11:19:54 -0700] "GET /doc/posclosure.gif HTTP/1.1" 200 2031 "http://www.antlr.org/doc/metalang.html" "Mozilla/4.0 (compatible; MSIE 5.01; Windows NT 5.0)"
153.106.50.227 - - [02/Sep/2003:11:20:36 -0700] "GET / HTTP/1.1" 200 11690 "-" "Mozilla/5.0 (Macintosh; U; PPC Mac OS X; en-us) AppleWebKit/85 (KHTML, like Gecko) Safari/85"
153.106.50.227 - - [02/Sep/2003:11:20:37 -0700] "GET /images/parr-head.jpg HTTP/1.1" 200 3582 "http://www.antlr.org/" "Mozilla/5.0 (Macintosh; U; PPC Mac OS X; en-us) AppleWebKit/85 (KHTML, like Gecko) Safari/85"
62.87.246.64 - - [02/Sep/2003:11:21:09 -0700] "GET /grammar/java HTTP/1.1" 200 8472 "-" "Mozilla/4.0 (compatible; MSIE 6.0; Windows NT 5.0; beem; .NET CLR 1.1.4322)"
62.87.246.64 - - [02/Sep/2003:11:21:51 -0700] "GET /download.html HTTP/1.1" 200 9276 "http://www.antlr.org/" "Mozilla/4.0 (compatible; MSIE 6.0; Windows NT 5.0; beem; .NET CLR 1.1.4322)"
62.87.246.64 - - [02/Sep/2003:11:22:00 -0700] "GET /grammar/java/shiplist HTTP/1.1" 200 36 "http://www.antlr.org/grammar/java" "Mozilla/4.0 (compatible; MSIE 6.0; Windows NT 5.0; beem; .NET CLR 1.1.4322)"
62.87.246.64 - - [02/Sep/2003:11:22:04 -0700] "GET /images/shim.gif HTTP/1.1" 304 - "http://www.antlr.org/download.html" "Mozilla/4.0 (compatible; MSIE 6.0; Windows NT 5.0; beem; .NET CLR 1.1.4322)"
62.87.246.64 - - [02/Sep/2003:11:22:09 -0700] "GET /grammar/java HTTP/1.1" 200 8472 "-" "Mozilla/4.0 (compatible; MSIE 6.0; Windows NT 5.0; beem; .NET CLR 1.1.4322)"
62.87.246.64 - - [02/Sep/2003:11:22:10 -0700] "GET /images/logo-head.gif HTTP/1.1" 304 - "http://www.antlr.org/download.html" "Mozilla/4.0 (compatible; MSIE 6.0; Windows NT 5.0; beem; .NET CLR 1.1.4322)"
62.87.246.64 - - [02/Sep/2003:11:22:12 -0700] "GET /images/head-shim.gif HTTP/1.1" 304 - "http://www.antlr.org/download.html" "Mozilla/4.0 (compatible; MSIE 6.0; Windows NT 5.0; beem; .NET CLR 1.1.4322)"
62.87.246.64 - - [02/Sep/2003:11:22:13 -0700] "GET /images/search.gif HTTP/1.1" 304 - "http://www.antlr.org/download.html" "Mozilla/4.0 (compatible; MSIE 6.0; Windows NT 5.0; beem; .NET CLR 1.1.4322)"
62.87.246.64 - - [02/Sep/2003:11:22:13 -0700] "GET /images/button-download.gif HTTP/1.1" 304 - "http://www.antlr.org/download.html" "Mozilla/4.0 (compatible; MSIE 6.0; Windows NT 5.0; beem; .NET CLR 1.1.4322)"
62.87.246.64 - - [02/Sep/2003:11:22:14 -0700] "GET /images/search-go.gif HTTP/1.1" 304 - "http://www.antlr.org/download.html" "Mozilla/4.0 (compatible; MSIE 6.0; Windows NT 5.0; beem; .NET CLR 1.1.4322)"
62.87.246.64 - - [02/Sep/2003:11:22:14 -0700] "GET /images/logo-head.gif HTTP/1.1" 304 - "http://www.antlr.org/grammar/java" "Mozilla/4.0 (compatible; MSIE 6.0; Windows NT 5.0; beem; .NET CLR 1.1.4322)"
62.87.246.64 - - [02/Sep/2003:11:22:15 -0700] "GET /images/head-shim.gif HTTP/1.1" 304 - "http://www.antlr.org/grammar/java" "Mozilla/4.0 (compatible; MSIE 6.0; Windows NT 5.0; beem; .NET CLR 1.1.4322)"
62.87.246.64 - - [02/Sep/2003:11:22:15 -0700] "GET /images/button-download.gif HTTP/1.1" 304 - "http://www.antlr.org/grammar/java" "Mozilla/4.0 (compatible; MSIE 6.0; Windows NT 5.0; beem; .NET CLR 1.1.4322)"
62.87.246.64 - - [02/Sep/2003:11:22:16 -0700] "GET /images/search.gif HTTP/1.1" 304 - "http://www.antlr.org/grammar/java" "Mozilla/4.0 (compatible; MSIE 6.0; Windows NT 5.0; beem; .NET CLR 1.1.4322)"
62.87.246.64 - - [02/Sep/2003:11:22:17 -0700] "GET /images/search-go.gif HTTP/1.1" 304 - "http://www.antlr.org/grammar/java" "Mozilla/4.0 (compatible; MSIE 6.0; Windows NT 5.0; beem; .NET CLR 1.1.4322)"
66.177.59.87 - - [02/Sep/2003:11:22:26 -0700] "GET /why.html HTTP/1.1" 200 10713 "http://www.antlr.org/grammar/cpp" "Mozilla/5.0 (X11; U; Linux i686; en-US; rv:1.5a) Gecko/20030806 Mozilla Firebird/0.6.1"
153.106.50.227 - - [02/Sep/2003:11:22:49 -0700] "POST /search/results HTTP/1.1" 302 73 "http://www.antlr.org/" "Mozilla/5.0 (Macintosh; U; PPC Mac OS X; en-us) AppleWebKit/85 (KHTML, like Gecko) Safari/85"
153.106.50.227 - - [02/Sep/2003:11:22:50 -0700] "GET /search/results HTTP/1.1" 200 7765 "http://www.antlr.org/" "Mozilla/5.0 (Macintosh; U; PPC Mac OS X; en-us) AppleWebKit/85 (KHTML, like Gecko) Safari/85"
153.106.50.227 - - [02/Sep/2003:11:22:50 -0700] "GET /images/shim.gif HTTP/1.1" 200 43 "http://www.antlr.org/search/results" "Mozilla/5.0 (Macintosh; U; PPC Mac OS X; en-us) AppleWebKit/85 (KHTML, like Gecko) Safari/85"
153.106.50.227 - - [02/Sep/2003:11:22:50 -0700] "GET /images/logo-head.gif HTTP/1.1" 200 4098 "http://www.antlr.org/search/results" "Mozilla/5.0 (Macintosh; U; PPC Mac OS X; en-us) AppleWebKit/85 (KHTML, like Gecko) Safari/85"
153.106.50.227 - - [02/Sep/2003:11:22:50 -0700] "GET /images/head-shim.gif HTTP/1.1" 200 158 "http://www.antlr.org/search/results" "Mozilla/5.0 (Macintosh; U; PPC Mac OS X; en-us) AppleWebKit/85 (KHTML, like Gecko) Safari/85"
153.106.50.227 - - [02/Sep/2003:11:22:50 -0700] "GET /images/button-download.gif HTTP/1.1" 200 733 "http://www.antlr.org/search/results" "Mozilla/5.0 (Macintosh; U; PPC Mac OS X; en-us) AppleWebKit/85 (KHTML, like Gecko) Safari/85"
153.106.50.227 - - [02/Sep/2003:11:22:50 -0700] "GET /images/search.gif HTTP/1.1" 200 299 "http://www.antlr.org/search/results" "Mozilla/5.0 (Macintosh; U; PPC Mac OS X; en-us) AppleWebKit/85 (KHTML, like Gecko) Safari/85"
153.106.50.227 - - [02/Sep/2003:11:22:50 -0700] "GET /images/search-go.gif HTTP/1.1" 200 266 "http://www.antlr.org/search/results" "Mozilla/5.0 (Macintosh; U; PPC Mac OS X; en-us) AppleWebKit/85 (KHTML, like Gecko) Safari/85"
153.106.50.227 - - [02/Sep/2003:11:23:10 -0700] "GET /grammar/list HTTP/1.1" 200 15685 "http://www.antlr.org/search/results" "Mozilla/5.0 (Macintosh; U; PPC Mac OS X; en-us) AppleWebKit/85 (KHTML, like Gecko) Safari/85"
153.106.50.227 - - [02/Sep/2003:11:23:10 -0700] "GET /images/button-add-grammar.gif HTTP/1.1" 200 664 "http://www.antlr.org/grammar/list" "Mozilla/5.0 (Macintosh; U; PPC Mac OS X; en-us) AppleWebKit/85 (KHTML, like Gecko) Safari/85"
153.106.50.227 - - [02/Sep/2003:11:23:31 -0700] "GET /grammar/HTML HTTP/1.1" 200 7830 "http://www.antlr.org/grammar/list" "Mozilla/5.0 (Macintosh; U; PPC Mac OS X; en-us) AppleWebKit/85 (KHTML, like Gecko) Safari/85"
153.106.50.227 - - [02/Sep/2003:11:23:34 -0700] "GET /grammar/HTML/html.g HTTP/1.1" 200 14739 "http://www.antlr.org/grammar/HTML" "Mozilla/5.0 (Macintosh; U; PPC Mac OS X; en-us) AppleWebKit/85 (KHTML, like Gecko) Safari/85"
200.241.110.131 - - [02/Sep/2003:11:25:17 -0700] "GET / HTTP/1.1" 200 11690 "-" "Mozilla/4.0 (compatible; MSIE 6.0; Windows NT 5.1; .NET CLR 1.1.4322)"
200.241.110.131 - - [02/Sep/2003:11:25:17 -0700] "GET /images/shim.gif HTTP/1.1" 200 43 "http://www.antlr.org/" "Mozilla/4.0 (compatible; MSIE 6.0; Windows NT 5.1; .NET CLR 1.1.4322)"
200.241.110.131 - - [02/Sep/2003:11:25:17 -0700] "GET /images/logo-head.gif HTTP/1.1" 200 4098 "http://www.antlr.org/" "Mozilla/4.0 (compatible; MSIE 6.0; Windows NT 5.1; .NET CLR 1.1.4322)"
200.241.110.131 - - [02/Sep/2003:11:25:17 -0700] "GET /images/head-shim.gif HTTP/1.1" 200 158 "http://www.antlr.org/" "Mozilla/4.0 (compatible; MSIE 6.0; Windows NT 5.1; .NET CLR 1.1.4322)"
200.241.110.131 - - [02/Sep/2003:11:25:17 -0700] "GET /images/button-download.gif HTTP/1.1" 200 733 "http://www.antlr.org/" "Mozilla/4.0 (compatible; MSIE 6.0; Windows NT 5.1; .NET CLR 1.1.4322)"
200.241.110.131 - - [02/Sep/2003:11:25:17 -0700] "GET /images/parr-head.jpg HTTP/1.1" 200 3582 "http://www.antlr.org/" "Mozilla/4.0 (compatible; MSIE 6.0; Windows NT 5.1; .NET CLR 1.1.4322)"
200.241.110.131 - - [02/Sep/2003:11:25:18 -0700] "GET /images/search.gif HTTP/1.1" 200 299 "http://www.antlr.org/" "Mozilla/4.0 (compatible; MSIE 6.0; Windows NT 5.1; .NET CLR 1.1.4322)"
200.241.110.131 - - [02/Sep/2003:11:25:18 -0700] "GET /images/search-go.gif HTTP/1.1" 200 266 "http://www.antlr.org/" "Mozilla/4.0 (compatible; MSIE 6.0; Windows NT 5.1; .NET CLR 1.1.4322)"
217.80.236.152 - - [02/Sep/2003:11:26:57 -0700] "GET /doc/getting-started.html HTTP/1.1" 200 11326 "-" "Mozilla/4.0 (compatible; MSIE 6.0; Linux 2.4.19-4GB i686) Opera 7.11 [en]"
217.80.236.152 - - [02/Sep/2003:11:26:57 -0700] "GET /images/button-download.gif HTTP/1.1" 200 733 "http://www.antlr.org/doc/getting-started.html" "Mozilla/4.0 (compatible; MSIE 6.0; Linux 2.4.19-4GB i686) Opera 7.11 [en]"
217.80.236.152 - - [02/Sep/2003:11:26:57 -0700] "GET /images/head-shim.gif HTTP/1.1" 200 158 "http://www.antlr.org/doc/getting-started.html" "Mozilla/4.0 (compatible; MSIE 6.0; Linux 2.4.19-4GB i686) Opera 7.11 [en]"
217.80.236.152 - - [02/Sep/2003:11:26:57 -0700] "GET /images/shim.gif HTTP/1.1" 200 43 "http://www.antlr.org/doc/getting-started.html" "Mozilla/4.0 (compatible; MSIE 6.0; Linux 2.4.19-4GB i686) Opera 7.11 [en]"
217.80.236.152 - - [02/Sep/2003:11:26:58 -0700] "GET /images/logo-head.gif HTTP/1.1" 200 4098 "http://www.antlr.org/doc/getting-started.html" "Mozilla/4.0 (compatible; MSIE 6.0; Linux 2.4.19-4GB i686) Opera 7.11 [en]"
217.80.236.152 - - [02/Sep/2003:11:26:58 -0700] "GET /favicon.ico HTTP/1.1" 404 1015 "http://www.antlr.org/doc/getting-started.html" "Mozilla/4.0 (compatible; MSIE 6.0; Linux 2.4.19-4GB i686) Opera 7.11 [en]"
217.80.236.152 - - [02/Sep/2003:11:26:58 -0700] "GET /images/search.gif HTTP/1.1" 200 299 "http://www.antlr.org/doc/getting-started.html" "Mozilla/4.0 (compatible; MSIE 6.0; Linux 2.4.19-4GB i686) Opera 7.11 [en]"
217.80.236.152 - - [02/Sep/2003:11:26:58 -0700] "GET /images/search-go.gif HTTP/1.1" 200 266 "http://www.antlr.org/doc/getting-started.html" "Mozilla/4.0 (compatible; MSIE 6.0; Linux 2.4.19-4GB i686) Opera 7.11 [en]"
217.80.236.152 - - [02/Sep/2003:11:27:05 -0700] "GET /doc/index.html HTTP/1.1" 200 26469 "http://www.antlr.org/doc/getting-started.html" "Mozilla/4.0 (compatible; MSIE 6.0; Linux 2.4.19-4GB i686) Opera 7.11 [en]"
217.80.236.152 - - [02/Sep/2003:11:27:41 -0700] "GET /download/antlr-2.7.2.tar.gz HTTP/1.1" 200 1557051 "http://www.antlr.org/doc/getting-started.html" "Mozilla/4.0 (compatible; MSIE 6.0; Linux 2.4.19-4GB i686) Opera 7.11 [en]"