130.67.132.140 - - [02/Sep/2003:07:19:31 -0700] "GET /images/button-add-grammar.gif HTTP/1.1" 200 664 "http://www.antlr.org/grammar/list" "Mozilla/4.0 (compatible; MSIE 6.0; Windows NT 5.1; .NET CLR 1.1.4322)"
130.67.132.140 - - [02/Sep/2003:07:19:34 -0700] "GET /grammar/java HTTP/1.1" 200 8472 "http://www.antlr.org/grammar/list" "Mozilla/4.0 (compatible; MSIE 6.0; Windows NT 5.1; .NET CLR 1.1.4322)"
130.67.132.140 - - [02/Sep/2003:07:19:36 -0700] "GET /images/shim.gif HTTP/1.1" 304 - "http://www.antlr.org/grammar/java" "Mozilla/4.0 (compatible; MSIE 6.0; Windows NT 5.1; .NET CLR 1.1.4322)"
130.67.132.140 - - [02/Sep/2003:07:19:36 -0700] "GET /images/logo-head.gif HTTP/1.1" 304 - "http://www.antlr.org/grammar/java" "Mozilla/4.0 (compatible; MSIE 6.0; Windows NT 5.1; .NET CLR 1.1.4322)"
130.67.132.140 - - [02/Sep/2003:07:19:36 -0700] "GET /images/button-download.gif HTTP/1.1" 304 - "http://www.antlr.org/grammar/java" "Mozilla/4.0 (compatible; MSIE 6.0; Windows NT 5.1; .NET CLR 1.1.4322)"
130.67.132.140 - - [02/Sep/2003:07:19:37 -0700] "GET /images/head-shim.gif HTTP/1.1" 304 - "http://www.antlr.org/grammar/java" "Mozilla/4.0 (compatible; MSIE 6.0; Windows NT 5.1; .NET CLR 1.1.4322)"
130.67.132.140 - - [02/Sep/2003:07:19:37 -0700] "GET /images/search.gif HTTP/1.1" 304 - "http://www.antlr.org/grammar/java" "Mozilla/4.0 (compatible; MSIE 6.0; Windows NT 5.1; .NET CLR 1.1.4322)"
130.67.132.140 - - [02/Sep/2003:07:19:37 -0700] "GET /images/search-go.gif HTTP/1.1" 304 - "http://www.antlr.org/grammar/java" "Mozilla/4.0 (compatible; MSIE 6.0; Windows NT 5.1; .NET CLR 1.1.4322)"
130.67.132.140 - - [02/Sep/2003:07:19:40 -0700] "GET /grammar/java/java.tree.g HTTP/1.1" 200 5213 "http://www.antlr.org/grammar/java" "Mozilla/4.0 (compatible; MSIE 6.0; Windows NT 5.1; .NET CLR 1.1.4322)"
130.67.132.140 - - [02/Sep/2003:07:19:44 -0700] "GET /grammar/java HTTP/1.1" 200 8472 "http://www.antlr.org/grammar/list" "Mozilla/4.0 (compatible; MSIE 6.0; Windows NT 5.1; .NET CLR 1.1.4322)"
130.67.132.140 - - [02/Sep/2003:07:19:50 -0700] "GET /grammar/java/java.tree.g HTTP/1.1" 200 5213 "-" "Mozilla/4.0 (compatible; MSIE 6.0; Windows NT 5.1; .NET CLR 1.1.4322)"
130.67.132.140 - - [02/Sep/2003:07:19:54 -0700] "GET /grammar/java/java.tree.g HTTP/1.1" 200 5213 "http://www.antlr.org/grammar/java" "Mozilla/4.0 (compatible; MSIE 6.0; Windows NT 5.1; .NET CLR 1.1.4322)"
80.58.41.46 - - [02/Sep/2003:07:19:58 -0700] "GET / HTTP/1.0" 200 11690 "http://www.eclipse.org/community/plugins.html" "Mozilla/5.0 (Windows; U; Windows NT 5.1; en-US; rv:1.3.1) Gecko/20030425"
80.58.41.46 - - [02/Sep/2003:07:19:59 -0700] "GET /images/shim.gif HTTP/1.0" 200 43 "http://antlr.org/" "Mozilla/5.0 (Windows; U; Windows NT 5.1; en-US; rv:1.3.1) Gecko/20030425"
80.58.41.46 - - [02/Sep/2003:07:19:59 -0700] "GET /images/logo-head.gif HTTP/1.0" 200 4098 "http://antlr.org/" "Mozilla/5.0 (Windows; U; Windows NT 5.1; en-US; rv:1.3.1) Gecko/20030425"
130.67.132.140 - - [02/Sep/2003:07:19:59 -0700] "GET /grammar/java/java.tree.g HTTP/1.1" 200 5213 "-" "Mozilla/4.0 (compatible; MSIE 6.0; Windows NT 5.1; .NET CLR 1.1.4322)"
207.236.123.3 - - [02/Sep/2003:07:19:59 -0700] "GET / HTTP/1.0" 200 11690 "-" "Mozilla/4.0 (compatible; MSIE 6.0; Windows NT 5.0; .NET CLR 1.0.3705; .NET CLR 1.1.4322)"
80.58.41.46 - - [02/Sep/2003:07:19:59 -0700] "GET /images/button-download.gif HTTP/1.0" 200 733 "http://antlr.org/" "Mozilla/5.0 (Windows; U; Windows NT 5.1; en-US; rv:1.3.1) Gecko/20030425"
80.58.41.46 - - [02/Sep/2003:07:19:59 -0700] "GET /images/parr-head.jpg HTTP/1.0" 200 3582 "http://antlr.org/" "Mozilla/5.0 (Windows; U; Windows NT 5.1; en-US; rv:1.3.1) Gecko/20030425"
207.236.123.3 - - [02/Sep/2003:07:20:00 -0700] "GET /images/shim.gif HTTP/1.0" 304 - "http://www.antlr.org" "Mozilla/4.0 (compatible; MSIE 6.0; Windows NT 5.0; .NET CLR 1.0.3705; .NET CLR 1.1.4322)"
207.236.123.3 - - [02/Sep/2003:07:20:00 -0700] "GET /images/logo-head.gif HTTP/1.0" 304 - "http://www.antlr.org" "Mozilla/4.0 (compatible; MSIE 6.0; Windows NT 5.0; .NET CLR 1.0.3705; .NET CLR 1.1.4322)"
207.236.123.3 - - [02/Sep/2003:07:20:00 -0700] "GET /images/button-download.gif HTTP/1.0" 304 - "http://www.antlr.org" "Mozilla/4.0 (compatible; MSIE 6.0; Windows NT 5.0; .NET CLR 1.0.3705; .NET CLR 1.1.4322)"
207.236.123.3 - - [02/Sep/2003:07:20:00 -0700] "GET /images/parr-head.jpg HTTP/1.0" 304 - "http://www.antlr.org" "Mozilla/4.0 (compatible; MSIE 6.0; Windows NT 5.0; .NET CLR 1.0.3705; .NET CLR 1.1.4322)"
80.58.41.46 - - [02/Sep/2003:07:20:00 -0700] "GET /images/search.gif HTTP/1.0" 200 299 "http://antlr.org/" "Mozilla/5.0 (Windows; U; Windows NT 5.1; en-US; rv:1.3.1) Gecko/20030425"
207.236.123.3 - - [02/Sep/2003:07:20:00 -0700] "GET /images/head-shim.gif HTTP/1.0" 304 - "http://www.antlr.org" "Mozilla/4.0 (compatible; MSIE 6.0; Windows NT 5.0; .NET CLR 1.0.3705; .NET CLR 1.1.4322)"
80.58.41.46 - - [02/Sep/2003:07:20:00 -0700] "GET /images/search-go.gif HTTP/1.0" 200 266 "http://antlr.org/" "Mozilla/5.0 (Windows; U; Windows NT 5.1; en-US; rv:1.3.1) Gecko/20030425"
207.236.123.3 - - [02/Sep/2003:07:20:00 -0700] "GET /images/search.gif HTTP/1.0" 304 - "http://www.antlr.org" "Mozilla/4.0 (compatible; MSIE 6.0; Windows NT 5.0; .NET CLR 1.0.3705; .NET CLR 1.1.4322)"
207.236.123.3 - - [02/Sep/2003:07:20:00 -0700] "GET /images/search-go.gif HTTP/1.0" 304 - "http://www.antlr.org" "Mozilla/4.0 (compatible; MSIE 6.0; Windows NT 5.0; .NET CLR 1.0.3705; .NET CLR 1.1.4322)"
212.121.135.226 - - [02/Sep/2003:07:20:11 -0700] "GET /doc/index.html HTTP/1.1" 200 26469 "http://www.antlr.org/" "Mozilla/5.0 (X11; U; Linux i686; en-US; rv:1.4b) Gecko/20030507"
207.236.123.3 - - [02/Sep/2003:07:20:15 -0700] "POST /search/results HTTP/1.0" 200 7765 "http://www.antlr.org" "Mozilla/4.0 (compatible; MSIE 6.0; Windows NT 5.0; .NET CLR 1.0.3705; .NET CLR 1.1.4322)"
212.121.135.226 - - [02/Sep/2003:07:20:19 -0700] "GET /doc/index.html HTTP/1.1" 200 26469 "http://www.antlr.org/doc/index.html" "Mozilla/5.0 (X11; U; Linux i686; en-US; rv:1.4b) Gecko/20030507"
207.236.123.3 - - [02/Sep/2003:07:20:27 -0700] "GET / HTTP/1.0" 200 11690 "-" "Mozilla/4.0 (compatible; MSIE 6.0; Windows NT 5.0; .NET CLR 1.0.3705; .NET CLR 1.1.4322)"
212.121.135.226 - - [02/Sep/2003:07:20:29 -0700] "GET /doc/antlr272release.html HTTP/1.1" 200 29232 "http://www.antlr.org/doc/index.html" "Mozilla/5.0 (X11; U; Linux i686; en-US; rv:1.4b) Gecko/20030507"
207.236.123.3 - - [02/Sep/2003:07:20:33 -0700] "POST /search/results HTTP/1.0" 200 7765 "http://www.antlr.org" "Mozilla/4.0 (compatible; MSIE 6.0; Windows NT 5.0; .NET CLR 1.0.3705; .NET CLR 1.1.4322)"
207.236.123.3 - - [02/Sep/2003:07:20:33 -0700] "GET /images/logo-head.gif HTTP/1.0" 304 - "http://www.antlr.org/search/results" "Mozilla/4.0 (compatible; MSIE 6.0; Windows NT 5.0; .NET CLR 1.0.3705; .NET CLR 1.1.4322)"
207.236.123.3 - - [02/Sep/2003:07:20:33 -0700] "GET /images/shim.gif HTTP/1.0" 304 - "http://www.antlr.org/search/results" "Mozilla/4.0 (compatible; MSIE 6.0; Windows NT 5.0; .NET CLR 1.0.3705; .NET CLR 1.1.4322)"
207.236.123.3 - - [02/Sep/2003:07:20:33 -0700] "GET /images/button-download.gif HTTP/1.0" 304 - "http://www.antlr.org/search/results" "Mozilla/4.0 (compatible; MSIE 6.0; Windows NT 5.0; .NET CLR 1.0.3705; .NET CLR 1.1.4322)"
207.236.123.3 - - [02/Sep/2003:07:20:33 -0700] "GET /images/head-shim.gif HTTP/1.0" 304 - "http://www.antlr.org/search/results" "Mozilla/4.0 (compatible; MSIE 6.0; Windows NT 5.0; .NET CLR 1.0.3705; .NET CLR 1.1.4322)"
207.236.123.3 - - [02/Sep/2003:07:20:34 -0700] "GET /images/search.gif HTTP/1.0" 304 - "http://www.antlr.org/search/results" "Mozilla/4.0 (compatible; MSIE 6.0; Windows NT 5.0; .NET CLR 1.0.3705; .NET CLR 1.1.4322)"
207.236.123.3 - - [02/Sep/2003:07:20:34 -0700] "GET /images/search-go.gif HTTP/1.0" 304 - "http://www.antlr.org/search/results" "Mozilla/4.0 (compatible; MSIE 6.0; Windows NT 5.0; .NET CLR 1.0.3705; .NET CLR 1.1.4322)"
207.236.123.3 - - [02/Sep/2003:07:20:38 -0700] "GET /support.html HTTP/1.0" 200 10899 "http://www.antlr.org/search/results" "Mozilla/4.0 (compatible; MSIE 6.0; Windows NT 5.0; .NET CLR 1.0.3705; .NET CLR 1.1.4322)"
141.45.31.103 - - [02/Sep/2003:07:20:50 -0700] "GET / HTTP/1.0" 200 11690 "http://www.informatik.uni-osnabrueck.de/alumni/bernd/oolex/" "Mozilla/4.8 (Macintosh; U; PPC)"
141.45.31.103 - - [02/Sep/2003:07:20:50 -0700] "GET /images/shim.gif HTTP/1.0" 200 43 "http://www.antlr.org/" "Mozilla/4.8 (Macintosh; U; PPC)"
141.45.31.103 - - [02/Sep/2003:07:20:50 -0700] "GET /images/logo-head.gif HTTP/1.0" 200 4098 "http://www.antlr.org/" "Mozilla/4.8 (Macintosh; U; PPC)"
141.45.31.103 - - [02/Sep/2003:07:20:50 -0700] "GET /images/shim.gif HTTP/1.0" 200 43 "http://www.antlr.org/" "Mozilla/4.8 (Macintosh; U; PPC)"
66.93.24.188 - - [02/Sep/2003:07:20:51 -0700] "GET /doc/antlr272release.html HTTP/1.1" 200 29232 "-" "Mozilla/4.0 (compatible; MSIE 6.0; Windows NT 5.1; .NET CLR 1.1.4322)"
66.93.24.188 - - [02/Sep/2003:07:20:51 -0700] "GET /images/shim.gif HTTP/1.1" 200 43 "-" "Mozilla/4.0 (compatible; MSIE 6.0; Windows NT 5.1; .NET CLR 1.1.4322)"
141.45.31.103 - - [02/Sep/2003:07:20:51 -0700] "GET /images/search.gif HTTP/1.0" 200 299 "http://www.antlr.org/" "Mozilla/4.8 (Macintosh; U; PPC)"
141.45.31.103 - - [02/Sep/2003:07:20:51 -0700] "GET /images/logo-head.gif HTTP/1.0" 200 4098 "http://www.antlr.org/" "Mozilla/4.8 (Macintosh; U; PPC)"
141.45.31.103 - - [02/Sep/2003:07:20:51 -0700] "GET /images/button-download.gif HTTP/1.0" 200 733 "http://www.antlr.org/" "Mozilla/4.8 (Macintosh; U; PPC)"
141.45.31.103 - - [02/Sep/2003:07:20:51 -0700] "GET /images/parr-head.jpg HTTP/1.0" 200 3582 "http://www.antlr.org/" "Mozilla/4.8 (Macintosh; U; PPC)"
66.93.24.188 - - [02/Sep/2003:07:20:51 -0700] "GET /images/logo-head.gif HTTP/1.1" 200 4098 "-" "Mozilla/4.0 (compatible; MSIE 6.0; Windows NT 5.1; .NET CLR 1.1.4322)"
66.93.24.188 - - [02/Sep/2003:07:20:52 -0700] "GET /images/button-download.gif HTTP/1.1" 200 733 "-" "Mozilla/4.0 (compatible; MSIE 6.0; Windows NT 5.1; .NET CLR 1.1.4322)"
66.93.24.188 - - [02/Sep/2003:07:20:52 -0700] "GET /images/head-shim.gif HTTP/1.1" 200 158 "-" "Mozilla/4.0 (compatible; MSIE 6.0; Windows NT 5.1; .NET CLR 1.1.4322)"
66.93.24.188 - - [02/Sep/2003:07:20:52 -0700] "GET /images/search.gif HTTP/1.1" 200 299 "-" "Mozilla/4.0 (compatible; MSIE 6.0; Windows NT 5.1; .NET CLR 1.1.4322)"
66.93.24.188 - - [02/Sep/2003:07:20:52 -0700] "GET /images/search-go.gif HTTP/1.1" 200 266 "-" "Mozilla/4.0 (compatible; MSIE 6.0; Windows NT 5.1; .NET CLR 1.1.4322)"
141.45.31.103 - - [02/Sep/2003:07:20:52 -0700] "GET /images/head-shim.gif HTTP/1.0" 200 158 "http://www.antlr.org/" "Mozilla/4.8 (Macintosh; U; PPC)"
141.45.31.103 - - [02/Sep/2003:07:20:52 -0700] "GET /images/search-go.gif HTTP/1.0" 200 266 "http://www.antlr.org/" "Mozilla/4.8 (Macintosh; U; PPC)"
207.236.123.3 - - [02/Sep/2003:07:20:54 -0700] "GET /download.html HTTP/1.0" 200 9276 "http://www.antlr.org/support.html" "Mozilla/4.0 (compatible; MSIE 6.0; Windows NT 5.0; .NET CLR 1.0.3705; .NET CLR 1.1.4322)"
168.210.90.231 - - [02/Sep/2003:07:20:57 -0700] "GET /article/cutpaste/index.html HTTP/1.1" 200 10494 "http://www.antlr.org/doc/getting-started.html" "Mozilla/4.0 (compatible; MSIE 6.0; Windows NT 5.0)"
66.120.162.218 - - [02/Sep/2003:07:21:04 -0700] "GET /grammar/list HTTP/1.1" 200 15685 "http://www.antlr.org/article/list" "Opera/7.11 (Windows NT 5.1; U) [en]"
130.67.132.140 - - [02/Sep/2003:07:21:08 -0700] "GET /grammar/java/java.g HTTP/1.1" 200 33216 "-" "Mozilla/4.0 (compatible; MSIE 6.0; Windows NT 5.1; .NET CLR 1.1.4322)"
66.120.162.218 - - [02/Sep/2003:07:21:10 -0700] "GET /grammar/cpp HTTP/1.1" 200 8441 "http://www.antlr.org/grammar/list" "Opera/7.11 (Windows NT 5.1; U) [en]"
217.167.119.251 - - [02/Sep/2003:07:21:19 -0700] "GET /fieldguide/start/index.html HTTP/1.1" 302 161 "-" "Mozilla/4.0 (compatible; MSIE 6.0; Windows 98)"
217.167.119.251 - - [02/Sep/2003:07:21:20 -0700] "GET /error.jsp?msg=Problems+extracting+content%2Ftitle+from+file+%2Ffieldguide%2Fstart%2Findex.html%3A+null HTTP/1.1" 200 6479 "-" "Mozilla/4.0 (compatible; MSIE 6.0; Windows 98)"
217.167.119.251 - - [02/Sep/2003:07:21:21 -0700] "GET /images/shim.gif HTTP/1.1" 304 - "http://www.antlr.org/error.jsp?msg=Problems+extracting+content%2Ftitle+from+file+%2Ffieldguide%2Fstart%2Findex.html%3A+null" "Mozilla/4.0 (compatible; MSIE 6.0; Windows 98)"
217.167.119.251 - - [02/Sep/2003:07:21:21 -0700] "GET /images/logo-head.gif HTTP/1.1" 304 - "http://www.antlr.org/error.jsp?msg=Problems+extracting+content%2Ftitle+from+file+%2Ffieldguide%2Fstart%2Findex.html%3A+null" "Mozilla/4.0 (compatible; MSIE 6.0; Windows 98)"
217.167.119.251 - - [02/Sep/2003:07:21:21 -0700] "GET /images/head-shim.gif HTTP/1.1" 304 - "http://www.antlr.org/error.jsp?msg=Problems+extracting+content%2Ftitle+from+file+%2Ffieldguide%2Fstart%2Findex.html%3A+null" "Mozilla/4.0 (compatible; MSIE 6.0; Windows 98)"
217.167.119.251 - - [02/Sep/2003:07:21:21 -0700] "GET /images/button-download.gif HTTP/1.1" 304 - "http://www.antlr.org/error.jsp?msg=Problems+extracting+content%2Ftitle+from+file+%2Ffieldguide%2Fstart%2Findex.html%3A+null" "Mozilla/4.0 (compatible; MSIE 6.0; Windows 98)"
217.167.119.251 - - [02/Sep/2003:07:21:24 -0700] "GET /error.jsp?msg=Problems+extracting+content%2Ftitle+from+file+%2Ffieldguide%2Fstart%2Findex.html%3A+null HTTP/1.1" 200 6479 "-" "Mozilla/4.0 (compatible; MSIE 6.0; Windows 98)"
217.167.119.251 - - [02/Sep/2003:07:21:25 -0700] "GET /images/shim.gif HTTP/1.1" 304 - "http://www.antlr.org/error.jsp?msg=Problems+extracting+content%2Ftitle+from+file+%2Ffieldguide%2Fstart%2Findex.html%3A+null" "Mozilla/4.0 (compatible; MSIE 6.0; Windows 98)"
217.167.119.251 - - [02/Sep/2003:07:21:25 -0700] "GET /images/logo-head.gif HTTP/1.1" 304 - "http://www.antlr.org/error.jsp?msg=Problems+extracting+content%2Ftitle+from+file+%2Ffieldguide%2Fstart%2Findex.html%3A+null" "Mozilla/4.0 (compatible; MSIE 6.0; Windows 98)"
217.167.119.251 - - [02/Sep/2003:07:21:25 -0700] "GET /images/head-shim.gif HTTP/1.1" 304 - "http://www.antlr.org/error.jsp?msg=Problems+extracting+content%2Ftitle+from+file+%2Ffieldguide%2Fstart%2Findex.html%3A+null" "Mozilla/4.0 (compatible; MSIE 6.0; Windows 98)"
66.120.162.218 - - [02/Sep/2003:07:21:29 -0700] "GET /grammar/cpp HTTP/1.1" 200 8441 "http://www.antlr.org/grammar/list" "Opera/7.11 (Windows NT 5.1; U) [en]"
66.120.162.218 - - [02/Sep/2003:07:21:34 -0700] "GET /grammar/cpp/MyReadMe.txt HTTP/1.1" 200 5163 "http://www.antlr.org/grammar/cpp" "Opera/7.11 (Windows NT 5.1; U) [en]"
207.236.123.3 - - [02/Sep/2003:07:21:42 -0700] "GET /download/antlr-2.7.2.zip HTTP/1.0" 200 1943296 "http://www.antlr.org/download.html" "Mozilla/4.0 (compatible; MSIE 6.0; Windows NT 5.0; .NET CLR 1.0.3705; .NET CLR 1.1.4322)"
217.167.119.251 - - [02/Sep/2003:07:21:49 -0700] "GET /fieldguide/start/index.html HTTP/1.1" 302 161 "-" "Mozilla/4.0 (compatible; MSIE 6.0; Windows 98)"
217.167.119.251 - - [02/Sep/2003:07:21:49 -0700] "GET /error.jsp?msg=Problems+extracting+content%2Ftitle+from+file+%2Ffieldguide%2Fstart%2Findex.html%3A+null HTTP/1.1" 200 6479 "-" "Mozilla/4.0 (compatible; MSIE 6.0; Windows 98)"
66.120.162.218 - - [02/Sep/2003:07:21:51 -0700] "GET /grammar/cpp/support.cpp HTTP/1.1" 200 27586 "http://www.antlr.org/grammar/cpp" "Opera/7.11 (Windows NT 5.1; U) [en]"
217.167.119.251 - - [02/Sep/2003:07:22:01 -0700] "GET /error.jsp?msg=Problems+extracting+content%2Ftitle+from+file+%2Ffieldguide%2Fstart%2Findex.html%3A+null HTTP/1.1" 200 6479 "-" "Mozilla/4.0 (compatible; MSIE 6.0; Windows 98)"
216.88.158.142 - - [02/Sep/2003:07:22:02 -0700] "GET /buybook.html HTTP/1.1" 302 142 "-" "Mozilla/4.0 compatible ZyBorg/1.0 DLC (wn.zyborg@looksmart.net; http://www.WISEnutbot.com)"
212.121.135.226 - - [02/Sep/2003:07:22:14 -0700] "GET /doc/metalang.html HTTP/1.1" 200 52606 "http://www.antlr.org/doc/index.html" "Mozilla/5.0 (X11; U; Linux i686; en-US; rv:1.4b) Gecko/20030507"
212.121.135.226 - - [02/Sep/2003:07:22:14 -0700] "GET /doc/optional.gif HTTP/1.1" 200 2018 "http://www.antlr.org/doc/metalang.html" "Mozilla/5.0 (X11; U; Linux i686; en-US; rv:1.4b) Gecko/20030507"
212.121.135.226 - - [02/Sep/2003:07:22:14 -0700] "GET /doc/subrule.gif HTTP/1.1" 200 1887 "http://www.antlr.org/doc/metalang.html" "Mozilla/5.0 (X11; U; Linux i686; en-US; rv:1.4b) Gecko/20030507"
212.121.135.226 - - [02/Sep/2003:07:22:14 -0700] "GET /doc/closure.gif HTTP/1.1" 200 2166 "http://www.antlr.org/doc/metalang.html" "Mozilla/5.0 (X11; U; Linux i686; en-US; rv:1.4b) Gecko/20030507"
212.121.135.226 - - [02/Sep/2003:07:22:14 -0700] "GET /doc/posclosure.gif HTTP/1.1" 200 2031 "http://www.antlr.org/doc/metalang.html" "Mozilla/5.0 (X11; U; Linux i686; en-US; rv:1.4b) Gecko/20030507"
66.120.162.218 - - [02/Sep/2003:07:22:27 -0700] "GET /doc/index.html HTTP/1.1" 200 26469 "http://www.antlr.org/grammar/cpp" "Opera/7.11 (Windows NT 5.1; U) [en]"
24.69.108.54 - - [02/Sep/2003:07:22:33 -0700] "GET /images/shim.gif HTTP/1.1" 200 43 "http://www.antlr.org/doc/trees.html" "Mozilla/4.0 (compatible; MSIE 6.0; Windows NT 5.1; Q312461)"
24.69.108.54 - - [02/Sep/2003:07:22:33 -0700] "GET /images/logo-head.gif HTTP/1.1" 200 4098 "http://www.antlr.org/doc/trees.html" "Mozilla/4.0 (compatible; MSIE 6.0; Windows NT 5.1; Q312461)"
24.69.108.54 - - [02/Sep/2003:07:22:33 -0700] "GET /images/head-shim.gif HTTP/1.1" 200 158 "http://www.antlr.org/doc/trees.html" "Mozilla/4.0 (compatible; MSIE 6.0; Windows NT 5.1; Q312461)"
24.69.108.54 - - [02/Sep/2003:07:22:33 -0700] "GET /images/button-download.gif HTTP/1.1" 200 733 "http://www.antlr.org/doc/trees.html" "Mozilla/4.0 (compatible; MSIE 6.0; Windows NT 5.1; Q312461)"
24.69.108.54 - - [02/Sep/2003:07:22:33 -0700] "GET /images/search.gif HTTP/1.1" 200 299 "http://www.antlr.org/doc/trees.html" "Mozilla/4.0 (compatible; MSIE 6.0; Windows NT 5.1; Q312461)"
24.69.108.54 - - [02/Sep/2003:07:22:33 -0700] "GET /images/search-go.gif HTTP/1.1" 200 266 "http://www.antlr.org/doc/trees.html" "Mozilla/4.0 (compatible; MSIE 6.0; Windows NT 5.1; Q312461)"
24.69.108.54 - - [02/Sep/2003:07:22:33 -0700] "GET /doc/trees.html HTTP/1.1" 200 48468 "http://www.google.ca/search?q=antlr+tree+visitor&ie=UTF-8&oe=UTF-8&hl=en&meta=" "Mozilla/4.0 (compatible; MSIE 6.0; Windows NT 5.1; Q312461)"
130.67.132.140 - - [02/Sep/2003:07:23:10 -0700] "GET /doc/getting-started.html HTTP/1.1" 200 11326 "http://www.antlr.org/grammar/java" "Mozilla/4.0 (compatible; MSIE 6.0; Windows NT 5.1; .NET CLR 1.1.4322)"
130.67.132.140 - - [02/Sep/2003:07:23:11 -0700] "GET /images/shim.gif HTTP/1.1" 304 - "http://www.antlr.org/doc/getting-started.html" "Mozilla/4.0 (compatible; MSIE 6.0; Windows NT 5.1; .NET CLR 1.1.4322)"
130.67.132.140 - - [02/Sep/2003:07:23:12 -0700] "GET /images/logo-head.gif HTTP/1.1" 304 - "http://www.antlr.org/doc/getting-started.html" "Mozilla/4.0 (compatible; MSIE 6.0; Windows NT 5.1; .NET CLR 1.1.4322)"
130.67.132.140 - - [02/Sep/2003:07:23:12 -0700] "GET /images/head-shim.gif HTTP/1.1" 304 - "http://www.antlr.org/doc/getting-started.html" "Mozilla/4.0 (compatible; MSIE 6.0; Windows NT 5.1; .NET CLR 1.1.4322)"
130.67.132.140 - - [02/Sep/2003:07:23:12 -0700] "GET /images/button-download.gif HTTP/1.1" 304 - "http://www.antlr.org/doc/getting-started.html" "Mozilla/4.0 (compatible; MSIE 6.0; Windows NT 5.1; .NET CLR 1.1.4322)"
130.67.132.140 - - [02/Sep/2003:07:23:12 -0700] "GET /images/search.gif HTTP/1.1" 304 - "http://www.antlr.org/doc/getting-started.html" "Mozilla/4.0 (compatible; MSIE 6.0; Windows NT 5.1; .NET CLR 1.1.4322)"
130.67.132.140 - - [02/Sep/2003:07:23:12 -0700] "GET /images/search-go.gif HTTP/1.1" 304 - "http://www.antlr.org/doc/getting-started.html" "Mozilla/4.0 (compatible; MSIE 6.0; Windows NT 5.1; .NET CLR 1.1.4322)"
80.58.0.46 - - [02/Sep/2003:07:23:17 -0700] "GET /grammars/SQL/sql.g HTTP/1.0" 200 6465 "http://www.experts-exchange.com/Programming/Programming_Languages/Java/Q_20608849.html" "Mozilla/5.0 (Windows; U; Windows NT 5.1; en-US; rv:1.5a) Gecko/20030718"
80.58.4.237 - - [02/Sep/2003:07:23:18 -0700] "GET /images/shim.gif HTTP/1.0" 304 - "http://www.antlr.org/grammars/SQL/sql.g" "Mozilla/5.0 (Windows; U; Windows NT 5.1; en-US; rv:1.5a) Gecko/20030718"
80.58.4.237 - - [02/Sep/2003:07:23:18 -0700] "GET /images/button-download.gif HTTP/1.0" 304 - "http://www.antlr.org/grammars/SQL/sql.g" "Mozilla/5.0 (Windows; U; Windows NT 5.1; en-US; rv:1.5a) Gecko/20030718"
80.58.4.237 - - [02/Sep/2003:07:23:18 -0700] "GET /images/logo-head.gif HTTP/1.0" 304 - "http://www.antlr.org/grammars/SQL/sql.g" "Mozilla/5.0 (Windows; U; Windows NT 5.1; en-US; rv:1.5a) Gecko/20030718"
80.58.4.237 - - [02/Sep/2003:07:23:18 -0700] "GET /images/head-shim.gif HTTP/1.0" 304 - "http://www.antlr.org/grammars/SQL/sql.g" "Mozilla/5.0 (Windows; U; Windows NT 5.1; en-US; rv:1.5a) Gecko/20030718"
80.58.4.237 - - [02/Sep/2003:07:23:24 -0700] "GET /doc/index.html HTTP/1.0" 200 26469 "http://www.antlr.org/grammars/SQL/sql.g" "Mozilla/5.0 (Windows; U; Windows NT 5.1; en-US; rv:1.5a) Gecko/20030718"
80.58.4.237 - - [02/Sep/2003:07:23:25 -0700] "GET /images/button-download.gif HTTP/1.0" 304 - "http://www.antlr.org/doc/index.html" "Mozilla/5.0 (Windows; U; Windows NT 5.1; en-US; rv:1.5a) Gecko/20030718"
80.58.4.237 - - [02/Sep/2003:07:23:25 -0700] "GET /images/shim.gif HTTP/1.0" 304 - "http://www.antlr.org/doc/index.html" "Mozilla/5.0 (Windows; U; Windows NT 5.1; en-US; rv:1.5a) Gecko/20030718"
80.58.4.237 - - [02/Sep/2003:07:23:25 -0700] "GET /images/logo-head.gif HTTP/1.0" 304 - "http://www.antlr.org/doc/index.html" "Mozilla/5.0 (Windows; U; Windows NT 5.1; en-US; rv:1.5a) Gecko/20030718"
80.58.4.237 - - [02/Sep/2003:07:23:25 -0700] "GET /images/search.gif HTTP/1.0" 304 - "http://www.antlr.org/doc/index.html" "Mozilla/5.0 (Windows; U; Windows NT 5.1; en-US; rv:1.5a) Gecko/20030718"
80.58.4.237 - - [02/Sep/2003:07:23:25 -0700] "GET /images/search-go.gif HTTP/1.0" 304 - "http://www.antlr.org/doc/index.html" "Mozilla/5.0 (Windows; U; Windows NT 5.1; en-US; rv:1.5a) Gecko/20030718"
80.58.4.237 - - [02/Sep/2003:07:23:26 -0700] "GET /images/head-shim.gif HTTP/1.0" 304 - "http://www.antlr.org/doc/index.html" "Mozilla/5.0 (Windows; U; Windows NT 5.1; en-US; rv:1.5a) Gecko/20030718"
130.67.132.140 - - [02/Sep/2003:07:24:03 -0700] "GET /doc/index.html HTTP/1.1" 200 26469 "http://www.antlr.org/doc/getting-started.html" "Mozilla/4.0 (compatible; MSIE 6.0; Windows NT 5.1; .NET CLR 1.1.4322)"
130.67.132.140 - - [02/Sep/2003:07:24:03 -0700] "GET /images/shim.gif HTTP/1.1" 304 - "http://www.antlr.org/doc/index.html" "Mozilla/4.0 (compatible; MSIE 6.0; Windows NT 5.1; .NET CLR 1.1.4322)"
130.67.132.140 - - [02/Sep/2003:07:24:04 -0700] "GET /images/logo-head.gif HTTP/1.1" 304 - "http://www.antlr.org/doc/index.html" "Mozilla/4.0 (compatible; MSIE 6.0; Windows NT 5.1; .NET CLR 1.1.4322)"
130.67.132.140 - - [02/Sep/2003:07:24:04 -0700] "GET /images/button-download.gif HTTP/1.1" 304 - "http://www.antlr.org/doc/index.html" "Mozilla/4.0 (compatible; MSIE 6.0; Windows NT 5.1; .NET CLR 1.1.4322)"
130.67.132.140 - - [02/Sep/2003:07:24:04 -0700] "GET /images/head-shim.gif HTTP/1.1" 304 - "http://www.antlr.org/doc/index.html" "Mozilla/4.0 (compatible; MSIE 6.0; Windows NT 5.1; .NET CLR 1.1.4322)"
130.67.132.140 - - [02/Sep/2003:07:24:05 -0700] "GET /images/search.gif HTTP/1.1" 304 - "http://www.antlr.org/doc/index.html" "Mozilla/4.0 (compatible; MSIE 6.0; Windows NT 5.1; .NET CLR 1.1.4322)"
130.67.132.140 - - [02/Sep/2003:07:24:05 -0700] "GET /images/search-go.gif HTTP/1.1" 304 - "http://www.antlr.org/doc/index.html" "Mozilla/4.0 (compatible; MSIE 6.0; Windows NT 5.1; .NET CLR 1.1.4322)"
64.68.82.181 - - [02/Sep/2003:07:24:13 -0700] "GET /grammars/ASN.1/ASN1_grammar.g/ HTTP/1.0" 200 6477 "-" "Googlebot/2.1 (+http://www.googlebot.com/bot.html)"
81.255.42.139 - - [02/Sep/2003:07:24:38 -0700] "GET /grammar/list HTTP/1.1" 200 15685 "http://www.google.fr/search?q=ada+grammar+pccts&num=50&hl=fr&lr=&ie=UTF-8&start=0&sa=N" "Mozilla/4.78 [fr] (WinNT; U)"
192.88.60.16 - - [02/Sep/2003:07:24:39 -0700] "GET / HTTP/1.1" 200 11690 "http://www.cjsdn.com/post/view?bid=1&id=48408&sty=1&tpg=1&age=0" "Mozilla/5.0 (Windows; U; Windows NT 5.1; en-US; rv:1.4) Gecko/20030624 Netscape/7.1 (ax)"
192.88.60.16 - - [02/Sep/2003:07:24:39 -0700] "GET /images/shim.gif HTTP/1.1" 200 43 "http://www.antlr.org/" "Mozilla/5.0 (Windows; U; Windows NT 5.1; en-US; rv:1.4) Gecko/20030624 Netscape/7.1 (ax)"
192.88.60.16 - - [02/Sep/2003:07:24:40 -0700] "GET /images/logo-head.gif HTTP/1.1" 200 4098 "http://www.antlr.org/" "Mozilla/5.0 (Windows; U; Windows NT 5.1; en-US; rv:1.4) Gecko/20030624 Netscape/7.1 (ax)"
192.88.60.16 - - [02/Sep/2003:07:24:40 -0700] "GET /images/button-download.gif HTTP/1.1" 200 733 "http://www.antlr.org/" "Mozilla/5.0 (Windows; U; Windows NT 5.1; en-US; rv:1.4) Gecko/20030624 Netscape/7.1 (ax)"
192.88.60.16 - - [02/Sep/2003:07:24:40 -0700] "GET /images/parr-head.jpg HTTP/1.1" 200 3582 "http://www.antlr.org/" "Mozilla/5.0 (Windows; U; Windows NT 5.1; en-US; rv:1.4) Gecko/20030624 Netscape/7.1 (ax)"
192.88.60.16 - - [02/Sep/2003:07:24:40 -0700] "GET /images/search.gif HTTP/1.1" 200 299 "http://www.antlr.org/" "Mozilla/5.0 (Windows; U; Windows NT 5.1; en-US; rv:1.4) Gecko/20030624 Netscape/7.1 (ax)"
192.88.60.16 - - [02/Sep/2003:07:24:41 -0700] "GET /images/search-go.gif HTTP/1.1" 200 266 "http://www.antlr.org/" "Mozilla/5.0 (Windows; U; Windows NT 5.1; en-US; rv:1.4) Gecko/20030624 Netscape/7.1 (ax)"
192.88.60.16 - - [02/Sep/2003:07:24:41 -0700] "GET /favicon.ico HTTP/1.1" 404 173 "-" "Mozilla/5.0 (Windows; U; Windows NT 5.1; en-US; rv:1.4) Gecko/20030624 Netscape/7.1 (ax)"
192.88.60.16 - - [02/Sep/2003:07:25:41 -0700] "GET /images/head-shim.gif HTTP/1.1" 200 158 "http://www.antlr.org/" "Mozilla/5.0 (Windows; U; Windows NT 5.1; en-US; rv:1.4) Gecko/20030624 Netscape/7.1 (ax)"
216.88.158.142 - - [02/Sep/2003:07:25:53 -0700] "GET /error.jsp?msg=Problems+extracting+content%2Ftitle+from+file+%2Fbuybook.html%3A+null HTTP/1.1" 200 6464 "-" "Mozilla/4.0 compatible ZyBorg/1.0 DLC (wn.zyborg@looksmart.net; http://www.WISEnutbot.com)"
216.181.179.247 - - [02/Sep/2003:07:26:16 -0700] "GET / HTTP/1.1" 200 11690 "http://antlreclipse.sourceforge.net/" "Mozilla/4.0 (compatible; MSIE 6.0; Windows NT 5.1; .NET CLR 1.0.3705; .NET CLR 1.1.4322)"
216.181.179.247 - - [02/Sep/2003:07:26:16 -0700] "GET /images/shim.gif HTTP/1.1" 200 43 "http://www.antlr.org/" "Mozilla/4.0 (compatible; MSIE 6.0; Windows NT 5.1; .NET CLR 1.0.3705; .NET CLR 1.1.4322)"
216.181.179.247 - - [02/Sep/2003:07:26:17 -0700] "GET /images/logo-head.gif HTTP/1.1" 200 4098 "http://www.antlr.org/" "Mozilla/4.0 (compatible; MSIE 6.0; Windows NT 5.1; .NET CLR 1.0.3705; .NET CLR 1.1.4322)"
216.181.179.247 - - [02/Sep/2003:07:26:17 -0700] "GET /images/head-shim.gif HTTP/1.1" 200 158 "http://www.antlr.org/" "Mozilla/4.0 (compatible; MSIE 6.0; Windows NT 5.1; .NET CLR 1.0.3705; .NET CLR 1.1.4322)"
216.181.179.247 - - [02/Sep/2003:07:26:17 -0700] "GET /images/button-download.gif HTTP/1.1" 200 733 "http://www.antlr.org/" "Mozilla/4.0 (compatible; MSIE 6.0; Windows NT 5.1; .NET CLR 1.0.3705; .NET CLR 1.1.4322)"
216.181.179.247 - - [02/Sep/2003:07:26:17 -0700] "GET /images/parr-head.jpg HTTP/1.1" 200 3582 "http://www.antlr.org/" "Mozilla/4.0 (compatible; MSIE 6.0; Windows NT 5.1; .NET CLR 1.0.3705; .NET CLR 1.1.4322)"
216.181.179.247 - - [02/Sep/2003:07:26:17 -0700] "GET /images/search.gif HTTP/1.1" 200 299 "http://www.antlr.org/" "Mozilla/4.0 (compatible; MSIE 6.0; Windows NT 5.1; .NET CLR 1.0.3705; .NET CLR 1.1.4322)"
216.181.179.247 - - [02/Sep/2003:07:26:17 -0700] "GET /images/search-go.gif HTTP/1.1" 200 266 "http://www.antlr.org/" "Mozilla/4.0 (compatible; MSIE 6.0; Windows NT 5.1; .NET CLR 1.0.3705; .NET CLR 1.1.4322)"
192.88.60.16 - - [02/Sep/2003:07:26:21 -0700] "GET /doc/index.html HTTP/1.1" 200 26469 "http://www.antlr.org/" "Mozilla/5.0 (Windows; U; Windows NT 5.1; en-US; rv:1.4) Gecko/20030624 Netscape/7.1 (ax)"
130.67.132.140 - - [02/Sep/2003:07:27:05 -0700] "GET /images/shim.gif HTTP/1.1" 304 - "http://www.antlr.org/doc/metalang.html" "Mozilla/4.0 (compatible; MSIE 6.0; Windows NT 5.1; .NET CLR 1.1.4322)"
130.67.132.140 - - [02/Sep/2003:07:27:06 -0700] "GET /images/logo-head.gif HTTP/1.1" 304 - "http://www.antlr.org/doc/metalang.html" "Mozilla/4.0 (compatible; MSIE 6.0; Windows NT 5.1; .NET CLR 1.1.4322)"
130.67.132.140 - - [02/Sep/2003:07:27:06 -0700] "GET /images/button-download.gif HTTP/1.1" 304 - "http://www.antlr.org/doc/metalang.html" "Mozilla/4.0 (compatible; MSIE 6.0; Windows NT 5.1; .NET CLR 1.1.4322)"
130.67.132.140 - - [02/Sep/2003:07:27:07 -0700] "GET /images/head-shim.gif HTTP/1.1" 304 - "http://www.antlr.org/doc/metalang.html" "Mozilla/4.0 (compatible; MSIE 6.0; Windows NT 5.1; .NET CLR 1.1.4322)"
130.67.132.140 - - [02/Sep/2003:07:27:08 -0700] "GET /doc/metalang.html HTTP/1.1" 200 52606 "http://www.antlr.org/doc/index.html" "Mozilla/4.0 (compatible; MSIE 6.0; Windows NT 5.1; .NET CLR 1.1.4322)"
130.67.132.140 - - [02/Sep/2003:07:27:09 -0700] "GET /images/search.gif HTTP/1.1" 304 - "http://www.antlr.org/doc/metalang.html" "Mozilla/4.0 (compatible; MSIE 6.0; Windows NT 5.1; .NET CLR 1.1.4322)"
130.67.132.140 - - [02/Sep/2003:07:27:10 -0700] "GET /images/search-go.gif HTTP/1.1" 304 - "http://www.antlr.org/doc/metalang.html" "Mozilla/4.0 (compatible; MSIE 6.0; Windows NT 5.1; .NET CLR 1.1.4322)"
130.67.132.140 - - [02/Sep/2003:07:27:10 -0700] "GET /doc/subrule.gif HTTP/1.1" 200 1887 "http://www.antlr.org/doc/metalang.html" "Mozilla/4.0 (compatible; MSIE 6.0; Windows NT 5.1; .NET CLR 1.1.4322)"
130.67.132.140 - - [02/Sep/2003:07:27:10 -0700] "GET /doc/optional.gif HTTP/1.1" 200 2018 "http://www.antlr.org/doc/metalang.html" "Mozilla/4.0 (compatible; MSIE 6.0; Windows NT 5.1; .NET CLR 1.1.4322)"
130.67.132.140 - - [02/Sep/2003:07:27:11 -0700] "GET /doc/closure.gif HTTP/1.1" 200 2166 "http://www.antlr.org/doc/metalang.html" "Mozilla/4.0 (compatible; MSIE 6.0; Windows NT 5.1; .NET CLR 1.1.4322)"
130.67.132.140 - - [02/Sep/2003:07:27:12 -0700] "GET /doc/posclosure.gif HTTP/1.1" 200 2031 "http://www.antlr.org/doc/metalang.html" "Mozilla/4.0 (compatible; MSIE 6.0; Windows NT 5.1; .NET CLR 1.1.4322)"
195.6.104.32 - - [02/Sep/2003:07:27:49 -0700] "GET / HTTP/1.0" 200 11690 "http://www.inf.fu-berlin.de/projects/jspick/index.html" "Mozilla/4.0 (compatible; MSIE 5.5; Windows NT 5.0)"
195.6.104.32 - - [02/Sep/2003:07:27:49 -0700] "GET /images/shim.gif HTTP/1.0" 200 43 "http://www.antlr.org/" "Mozilla/4.0 (compatible; MSIE 5.5; Windows NT 5.0)"
195.6.104.32 - - [02/Sep/2003:07:27:49 -0700] "GET /images/logo-head.gif HTTP/1.0" 200 4098 "http://www.antlr.org/" "Mozilla/4.0 (compatible; MSIE 5.5; Windows NT 5.0)"
195.6.104.32 - - [02/Sep/2003:07:27:49 -0700] "GET /images/button-download.gif HTTP/1.0" 200 733 "http://www.antlr.org/" "Mozilla/4.0 (compatible; MSIE 5.5; Windows NT 5.0)"
195.6.104.32 - - [02/Sep/2003:07:27:49 -0700] "GET /images/head-shim.gif HTTP/1.0" 200 158 "http://www.antlr.org/" "Mozilla/4.0 (compatible; MSIE 5.5; Windows NT 5.0)"
195.6.104.32 - - [02/Sep/2003:07:27:49 -0700] "GET /images/parr-head.jpg HTTP/1.0" 200 3582 "http://www.antlr.org/" "Mozilla/4.0 (compatible; MSIE 5.5; Windows NT 5.0)"
195.6.104.32 - - [02/Sep/2003:07:27:49 -0700] "GET /images/search.gif HTTP/1.0" 200 299 "http://www.antlr.org/" "Mozilla/4.0 (compatible; MSIE 5.5; Windows NT 5.0)"
195.6.104.32 - - [02/Sep/2003:07:27:49 -0700] "GET /images/search-go.gif HTTP/1.0" 200 266 "http://www.antlr.org/" "Mozilla/4.0 (compatible; MSIE 5.5; Windows NT 5.0)"
195.6.104.32 - - [02/Sep/2003:07:27:58 -0700] "GET /download.html HTTP/1.0" 200 9276 "http://www.antlr.org/" "Mozilla/4.0 (compatible; MSIE 5.5; Windows NT 5.0)"
195.6.104.32 - - [02/Sep/2003:07:27:59 -0700] "GET /images/shim.gif HTTP/1.0" 304 - "http://www.antlr.org/download.html" "Mozilla/4.0 (compatible; MSIE 5.5; Windows NT 5.0)"
195.6.104.32 - - [02/Sep/2003:07:27:59 -0700] "GET /images/button-download.gif HTTP/1.0" 304 - "http://www.antlr.org/download.html" "Mozilla/4.0 (compatible; MSIE 5.5; Windows NT 5.0)"
195.6.104.32 - - [02/Sep/2003:07:28:00 -0700] "GET /images/search.gif HTTP/1.0" 304 - "http://www.antlr.org/download.html" "Mozilla/4.0 (compatible; MSIE 5.5; Windows NT 5.0)"
195.6.104.32 - - [02/Sep/2003:07:28:00 -0700] "GET /images/search-go.gif HTTP/1.0" 304 - "http://www.antlr.org/download.html" "Mozilla/4.0 (compatible; MSIE 5.5; Windows NT 5.0)"
62.244.29.154 - - [02/Sep/2003:07:28:02 -0700] "GET / HTTP/1.1" 200 11690 "http://clubpro.spb.ru/ubb/Forum3/HTML/000549.html" "Mozilla/4.0 (compatible; MSIE 6.0; Windows NT 5.0; .NET CLR 1.0.3705)"
62.244.29.154 - - [02/Sep/2003:07:28:03 -0700] "GET /images/shim.gif HTTP/1.1" 200 43 "http://www.antlr.org/" "Mozilla/4.0 (compatible; MSIE 6.0; Windows NT 5.0; .NET CLR 1.0.3705)"
62.244.29.154 - - [02/Sep/2003:07:28:04 -0700] "GET /images/logo-head.gif HTTP/1.1" 200 4098 "http://www.antlr.org/" "Mozilla/4.0 (compatible; MSIE 6.0; Windows NT 5.0; .NET CLR 1.0.3705)"
62.244.29.154 - - [02/Sep/2003:07:28:04 -0700] "GET /images/head-shim.gif HTTP/1.1" 200 158 "http://www.antlr.org/" "Mozilla/4.0 (compatible; MSIE 6.0; Windows NT 5.0; .NET CLR 1.0.3705)"
62.244.29.154 - - [02/Sep/2003:07:28:05 -0700] "GET /images/button-download.gif HTTP/1.1" 200 733 "http://www.antlr.org/" "Mozilla/4.0 (compatible; MSIE 6.0; Windows NT 5.0; .NET CLR 1.0.3705)"
62.244.29.154 - - [02/Sep/2003:07:28:05 -0700] "GET /images/parr-head.jpg HTTP/1.1" 200 3582 "http://www.antlr.org/" "Mozilla/4.0 (compatible; MSIE 6.0; Windows NT 5.0; .NET CLR 1.0.3705)"
62.244.29.154 - - [02/Sep/2003:07:28:06 -0700] "GET /images/search.gif HTTP/1.1" 200 299 "http://www.antlr.org/" "Mozilla/4.0 (compatible; MSIE 6.0; Windows NT 5.0; .NET CLR 1.0.3705)"
62.244.29.154 - - [02/Sep/2003:07:28:07 -0700] "GET /images/search-go.gif HTTP/1.1" 200 266 "http://www.antlr.org/" "Mozilla/4.0 (compatible; MSIE 6.0; Windows NT 5.0; .NET CLR 1.0.3705)"
217.167.119.251 - - [02/Sep/2003:07:28:40 -0700] "GET / HTTP/1.1" 200 11690 "-" "Mozilla/4.0 (compatible; MSIE 6.0; Windows 98)"
217.167.119.251 - - [02/Sep/2003:07:28:40 -0700] "GET /images/parr-head.jpg HTTP/1.1" 200 3582 "http://www.antlr.org/" "Mozilla/4.0 (compatible; MSIE 6.0; Windows 98)"
217.167.119.251 - - [02/Sep/2003:07:28:40 -0700] "GET /images/search-go.gif HTTP/1.1" 200 266 "http://www.antlr.org/" "Mozilla/4.0 (compatible; MSIE 6.0; Windows 98)"
217.167.119.251 - - [02/Sep/2003:07:28:40 -0700] "GET /images/search.gif HTTP/1.1" 200 299 "http://www.antlr.org/" "Mozilla/4.0 (compatible; MSIE 6.0; Windows 98)"
217.167.119.251 - - [02/Sep/2003:07:28:45 -0700] "GET /doc/getting-started.html HTTP/1.1" 200 11326 "http://www.antlr.org/" "Mozilla/4.0 (compatible; MSIE 6.0; Windows 98)"
217.167.119.251 - - [02/Sep/2003:07:28:46 -0700] "GET /article/cutpaste/index.html HTTP/1.1" 200 10494 "http://www.antlr.org/doc/getting-started.html" "Mozilla/4.0 (compatible; MSIE 6.0; Windows 98)"
195.6.104.32 - - [02/Sep/2003:07:29:18 -0700] "GET /download/antlr-2.7.2.zip HTTP/1.0" 200 1943296 "-" "Mozilla/4.0 (compatible; MSIE 5.5; Windows NT 5.0)"
219.77.175.93 - - [02/Sep/2003:07:29:30 -0700] "GET / HTTP/1.1" 200 11690 "http://catalog.compilertools.net/java.html" "Mozilla/4.0 (compatible; MSIE 6.0; Windows NT 5.1)"
219.77.175.93 - - [02/Sep/2003:07:29:30 -0700] "GET /images/shim.gif HTTP/1.1" 200 43 "http://www.antlr.org/" "Mozilla/4.0 (compatible; MSIE 6.0; Windows NT 5.1)"
219.77.175.93 - - [02/Sep/2003:07:29:31 -0700] "GET /images/logo-head.gif HTTP/1.1" 200 4098 "http://www.antlr.org/" "Mozilla/4.0 (compatible; MSIE 6.0; Windows NT 5.1)"
219.77.175.93 - - [02/Sep/2003:07:29:31 -0700] "GET /images/head-shim.gif HTTP/1.1" 200 158 "http://www.antlr.org/" "Mozilla/4.0 (compatible; MSIE 6.0; Windows NT 5.1)"
219.77.175.93 - - [02/Sep/2003:07:29:31 -0700] "GET /images/button-download.gif HTTP/1.1" 200 733 "http://www.antlr.org/" "Mozilla/4.0 (compatible; MSIE 6.0; Windows NT 5.1)"
219.77.175.93 - - [02/Sep/2003:07:29:31 -0700] "GET /images/parr-head.jpg HTTP/1.1" 200 3582 "http://www.antlr.org/" "Mozilla/4.0 (compatible; MSIE 6.0; Windows NT 5.1)"
219.77.175.93 - - [02/Sep/2003:07:29:31 -0700] "GET /images/search.gif HTTP/1.1" 200 299 "http://www.antlr.org/" "Mozilla/4.0 (compatible; MSIE 6.0; Windows NT 5.1)"
219.77.175.93 - - [02/Sep/2003:07:29:32 -0700] "GET /images/search-go.gif HTTP/1.1" 200 266 "http://www.antlr.org/" "Mozilla/4.0 (compatible; MSIE 6.0; Windows NT 5.1)"
129.16.225.16 - - [02/Sep/2003:07:29:32 -0700] "GET /javadoc/antlr/package-summary.html HTTP/1.1" 200 22368 "http://www.antlr.org/javadoc/overview-summary.html" "Mozilla/5.0 (X11; U; Linux i686; en-US; rv:1.2.1) Gecko/20030225"
134.58.253.115 - - [02/Sep/2003:07:29:38 -0700] "GET /showcase/list HTTP/1.1" 200 13108 "http://www.google.be/search?hl=nl&ie=UTF-8&oe=UTF-8&q=file+sharing+jsp+open+source&btnG=Google+zoeken&meta=" "Mozilla/5.0 (Windows; U; Windows NT 5.1; en-US; rv:1.5a) Gecko/20030728 Mozilla Firebird/0.6.1"
134.58.253.115 - - [02/Sep/2003:07:29:39 -0700] "GET /images/shim.gif HTTP/1.1" 200 43 "http://www.antlr.org/showcase/list" "Mozilla/5.0 (Windows; U; Windows NT 5.1; en-US; rv:1.5a) Gecko/20030728 Mozilla Firebird/0.6.1"
134.58.253.115 - - [02/Sep/2003:07:29:39 -0700] "GET /images/logo-head.gif HTTP/1.1" 200 4098 "http://www.antlr.org/showcase/list" "Mozilla/5.0 (Windows; U; Windows NT 5.1; en-US; rv:1.5a) Gecko/20030728 Mozilla Firebird/0.6.1"
134.58.253.115 - - [02/Sep/2003:07:29:41 -0700] "GET /images/button-download.gif HTTP/1.1" 200 733 "http://www.antlr.org/showcase/list" "Mozilla/5.0 (Windows; U; Windows NT 5.1; en-US; rv:1.5a) Gecko/20030728 Mozilla Firebird/0.6.1"
134.58.253.115 - - [02/Sep/2003:07:29:41 -0700] "GET /favicon.ico HTTP/1.1" 404 173 "-" "Mozilla/5.0 (Windows; U; Windows NT 5.1; en-US; rv:1.5a) Gecko/20030728 Mozilla Firebird/0.6.1"
129.16.225.16 - - [02/Sep/2003:07:29:43 -0700] "GET /javadoc/antlr/Parser.html HTTP/1.1" 200 41608 "http://www.antlr.org/javadoc/antlr/package-summary.html" "Mozilla/5.0 (X11; U; Linux i686; en-US; rv:1.2.1) Gecko/20030225"
134.58.253.115 - - [02/Sep/2003:07:29:43 -0700] "GET /images/search.gif HTTP/1.1" 200 299 "http://www.antlr.org/showcase/list" "Mozilla/5.0 (Windows; U; Windows NT 5.1; en-US; rv:1.5a) Gecko/20030728 Mozilla Firebird/0.6.1"
134.58.253.115 - - [02/Sep/2003:07:29:43 -0700] "GET /images/search-go.gif HTTP/1.1" 200 266 "http://www.antlr.org/showcase/list" "Mozilla/5.0 (Windows; U; Windows NT 5.1; en-US; rv:1.5a) Gecko/20030728 Mozilla Firebird/0.6.1"
134.58.253.115 - - [02/Sep/2003:07:29:45 -0700] "GET /images/button-add-showcase.gif HTTP/1.1" 200 682 "http://www.antlr.org/showcase/list" "Mozilla/5.0 (Windows; U; Windows NT 5.1; en-US; rv:1.5a) Gecko/20030728 Mozilla Firebird/0.6.1"
134.58.253.115 - - [02/Sep/2003:07:29:46 -0700] "GET /images/head-shim.gif HTTP/1.1" 200 158 "http://www.antlr.org/showcase/list" "Mozilla/5.0 (Windows; U; Windows NT 5.1; en-US; rv:1.5a) Gecko/20030728 Mozilla Firebird/0.6.1"
134.58.253.115 - - [02/Sep/2003:07:29:53 -0700] "GET /share/list HTTP/1.1" 200 10783 "http://www.antlr.org/showcase/list" "Mozilla/5.0 (Windows; U; Windows NT 5.1; en-US; rv:1.5a) Gecko/20030728 Mozilla Firebird/0.6.1"
134.58.253.115 - - [02/Sep/2003:07:29:56 -0700] "GET /images/button-shared-resource.gif HTTP/1.1" 200 853 "http://www.antlr.org/share/list" "Mozilla/5.0 (Windows; U; Windows NT 5.1; en-US; rv:1.5a) Gecko/20030728 Mozilla Firebird/0.6.1"
219.77.175.93 - - [02/Sep/2003:07:30:00 -0700] "GET / HTTP/1.1" 200 11690 "http://catalog.compilertools.net/java.html" "Mozilla/4.0 (compatible; MSIE 6.0; Windows NT 5.1)"
81.170.206.26 - - [02/Sep/2003:07:30:10 -0700] "GET /grammars/ORACLE-7-SQL/ HTTP/1.1" 200 6469 "-" "Mozilla/4.0 (compatible; grub-client-1.4.3; Crawl your own stuff with http://grub.org)"
129.16.225.16 - - [02/Sep/2003:07:30:28 -0700] "GET /javadoc/antlr/InputBuffer.html HTTP/1.1" 200 16408 "http://www.antlr.org/javadoc/antlr/package-summary.html" "Mozilla/5.0 (X11; U; Linux i686; en-US; rv:1.2.1) Gecko/20030225"
216.181.179.247 - - [02/Sep/2003:07:30:40 -0700] "GET / HTTP/1.1" 200 11690 "http://www.google.com/search?hl=en&lr=&ie=UTF-8&oe=UTF-8&q=antlr" "Mozilla/4.0 (compatible; MSIE 6.0; Windows NT 5.1; .NET CLR 1.0.3705; .NET CLR 1.1.4322)"
216.181.179.247 - - [02/Sep/2003:07:30:40 -0700] "GET /images/shim.gif HTTP/1.1" 304 - "http://www.antlr.org/" "Mozilla/4.0 (compatible; MSIE 6.0; Windows NT 5.1; .NET CLR 1.0.3705; .NET CLR 1.1.4322)"
216.181.179.247 - - [02/Sep/2003:07:30:40 -0700] "GET /images/logo-head.gif HTTP/1.1" 304 - "http://www.antlr.org/" "Mozilla/4.0 (compatible; MSIE 6.0; Windows NT 5.1; .NET CLR 1.0.3705; .NET CLR 1.1.4322)"
216.181.179.247 - - [02/Sep/2003:07:30:40 -0700] "GET /images/head-shim.gif HTTP/1.1" 304 - "http://www.antlr.org/" "Mozilla/4.0 (compatible; MSIE 6.0; Windows NT 5.1; .NET CLR 1.0.3705; .NET CLR 1.1.4322)"
216.181.179.247 - - [02/Sep/2003:07:30:41 -0700] "GET /images/button-download.gif HTTP/1.1" 304 - "http://www.antlr.org/" "Mozilla/4.0 (compatible; MSIE 6.0; Windows NT 5.1; .NET CLR 1.0.3705; .NET CLR 1.1.4322)"
216.181.179.247 - - [02/Sep/2003:07:30:41 -0700] "GET /images/parr-head.jpg HTTP/1.1" 304 - "http://www.antlr.org/" "Mozilla/4.0 (compatible; MSIE 6.0; Windows NT 5.1; .NET CLR 1.0.3705; .NET CLR 1.1.4322)"
216.181.179.247 - - [02/Sep/2003:07:30:41 -0700] "GET /images/search.gif HTTP/1.1" 304 - "http://www.antlr.org/" "Mozilla/4.0 (compatible; MSIE 6.0; Windows NT 5.1; .NET CLR 1.0.3705; .NET CLR 1.1.4322)"
216.181.179.247 - - [02/Sep/2003:07:30:41 -0700] "GET /images/search-go.gif HTTP/1.1" 304 - "http://www.antlr.org/" "Mozilla/4.0 (compatible; MSIE 6.0; Windows NT 5.1; .NET CLR 1.0.3705; .NET CLR 1.1.4322)"
216.181.179.247 - - [02/Sep/2003:07:30:52 -0700] "POST /search/results HTTP/1.1" 200 7765 "http://www.antlr.org/" "Mozilla/4.0 (compatible; MSIE 6.0; Windows NT 5.1; .NET CLR 1.0.3705; .NET CLR 1.1.4322)"
129.16.225.16 - - [02/Sep/2003:07:30:52 -0700] "GET /javadoc/antlr/ByteBuffer.html HTTP/1.1" 200 12013 "http://www.antlr.org/javadoc/antlr/InputBuffer.html" "Mozilla/5.0 (X11; U; Linux i686; en-US; rv:1.2.1) Gecko/20030225"
216.181.179.247 - - [02/Sep/2003:07:30:52 -0700] "GET /images/shim.gif HTTP/1.1" 304 - "http://www.antlr.org/search/results" "Mozilla/4.0 (compatible; MSIE 6.0; Windows NT 5.1; .NET CLR 1.0.3705; .NET CLR 1.1.4322)"
216.181.179.247 - - [02/Sep/2003:07:30:52 -0700] "GET /images/logo-head.gif HTTP/1.1" 304 - "http://www.antlr.org/search/results" "Mozilla/4.0 (compatible; MSIE 6.0; Windows NT 5.1; .NET CLR 1.0.3705; .NET CLR 1.1.4322)"
216.181.179.247 - - [02/Sep/2003:07:30:53 -0700] "GET /images/head-shim.gif HTTP/1.1" 304 - "http://www.antlr.org/search/results" "Mozilla/4.0 (compatible; MSIE 6.0; Windows NT 5.1; .NET CLR 1.0.3705; .NET CLR 1.1.4322)"
216.181.179.247 - - [02/Sep/2003:07:30:53 -0700] "GET /images/button-download.gif HTTP/1.1" 304 - "http://www.antlr.org/search/results" "Mozilla/4.0 (compatible; MSIE 6.0; Windows NT 5.1; .NET CLR 1.0.3705; .NET CLR 1.1.4322)"
216.181.179.247 - - [02/Sep/2003:07:30:53 -0700] "GET /images/search.gif HTTP/1.1" 304 - "http://www.antlr.org/search/results" "Mozilla/4.0 (compatible; MSIE 6.0; Windows NT 5.1; .NET CLR 1.0.3705; .NET CLR 1.1.4322)"
216.181.179.247 - - [02/Sep/2003:07:30:53 -0700] "GET /images/search-go.gif HTTP/1.1" 304 - "http://www.antlr.org/search/results" "Mozilla/4.0 (compatible; MSIE 6.0; Windows NT 5.1; .NET CLR 1.0.3705; .NET CLR 1.1.4322)"
62.107.64.242 - - [02/Sep/2003:07:30:55 -0700] "GET /doc/getting-started.html HTTP/1.1" 200 11326 "http://wwwhome.cs.utwente.nl/~kruiskam/antlr-2.7.2/doc/" "Mozilla/4.0 (compatible; MSIE 6.0; Windows NT 5.1; .NET CLR 1.1.4322; .NET CLR 1.0.3705)"
129.16.225.16 - - [02/Sep/2003:07:30:55 -0700] "GET /javadoc/antlr/CharBuffer.html HTTP/1.1" 200 11993 "http://www.antlr.org/javadoc/antlr/InputBuffer.html" "Mozilla/5.0 (X11; U; Linux i686; en-US; rv:1.2.1) Gecko/20030225"
62.107.64.242 - - [02/Sep/2003:07:30:56 -0700] "GET /images/shim.gif HTTP/1.1" 200 43 "http://www.antlr.org/doc/getting-started.html" "Mozilla/4.0 (compatible; MSIE 6.0; Windows NT 5.1; .NET CLR 1.1.4322; .NET CLR 1.0.3705)"
62.107.64.242 - - [02/Sep/2003:07:30:56 -0700] "GET /images/logo-head.gif HTTP/1.1" 200 4098 "http://www.antlr.org/doc/getting-started.html" "Mozilla/4.0 (compatible; MSIE 6.0; Windows NT 5.1; .NET CLR 1.1.4322; .NET CLR 1.0.3705)"
62.107.64.242 - - [02/Sep/2003:07:30:56 -0700] "GET /images/button-download.gif HTTP/1.1" 200 733 "http://www.antlr.org/doc/getting-started.html" "Mozilla/4.0 (compatible; MSIE 6.0; Windows NT 5.1; .NET CLR 1.1.4322; .NET CLR 1.0.3705)"
62.107.64.242 - - [02/Sep/2003:07:30:56 -0700] "GET /images/head-shim.gif HTTP/1.1" 200 158 "http://www.antlr.org/doc/getting-started.html" "Mozilla/4.0 (compatible; MSIE 6.0; Windows NT 5.1; .NET CLR 1.1.4322; .NET CLR 1.0.3705)"
62.107.64.242 - - [02/Sep/2003:07:30:56 -0700] "GET /images/search.gif HTTP/1.1" 200 299 "http://www.antlr.org/doc/getting-started.html" "Mozilla/4.0 (compatible; MSIE 6.0; Windows NT 5.1; .NET CLR 1.1.4322; .NET CLR 1.0.3705)"
62.107.64.242 - - [02/Sep/2003:07:30:56 -0700] "GET /images/search-go.gif HTTP/1.1" 200 266 "http://www.antlr.org/doc/getting-started.html" "Mozilla/4.0 (compatible; MSIE 6.0; Windows NT 5.1; .NET CLR 1.1.4322; .NET CLR 1.0.3705)"
216.181.179.247 - - [02/Sep/2003:07:31:03 -0700] "GET /images/shim.gif HTTP/1.1" 304 - "http://www.antlr.org/grammar/list" "Mozilla/4.0 (compatible; MSIE 6.0; Windows NT 5.1; .NET CLR 1.0.3705; .NET CLR 1.1.4322)"
216.181.179.247 - - [02/Sep/2003:07:31:04 -0700] "GET /grammar/list HTTP/1.1" 200 15685 "http://www.antlr.org/search/results" "Mozilla/4.0 (compatible; MSIE 6.0; Windows NT 5.1; .NET CLR 1.0.3705; .NET CLR 1.1.4322)"
216.181.179.247 - - [02/Sep/2003:07:31:04 -0700] "GET /images/logo-head.gif HTTP/1.1" 304 - "http://www.antlr.org/grammar/list" "Mozilla/4.0 (compatible; MSIE 6.0; Windows NT 5.1; .NET CLR 1.0.3705; .NET CLR 1.1.4322)"
216.181.179.247 - - [02/Sep/2003:07:31:04 -0700] "GET /images/head-shim.gif HTTP/1.1" 304 - "http://www.antlr.org/grammar/list" "Mozilla/4.0 (compatible; MSIE 6.0; Windows NT 5.1; .NET CLR 1.0.3705; .NET CLR 1.1.4322)"
216.181.179.247 - - [02/Sep/2003:07:31:04 -0700] "GET /images/button-download.gif HTTP/1.1" 304 - "http://www.antlr.org/grammar/list" "Mozilla/4.0 (compatible; MSIE 6.0; Windows NT 5.1; .NET CLR 1.0.3705; .NET CLR 1.1.4322)"
216.181.179.247 - - [02/Sep/2003:07:31:04 -0700] "GET /images/search.gif HTTP/1.1" 304 - "http://www.antlr.org/grammar/list" "Mozilla/4.0 (compatible; MSIE 6.0; Windows NT 5.1; .NET CLR 1.0.3705; .NET CLR 1.1.4322)"
216.181.179.247 - - [02/Sep/2003:07:31:05 -0700] "GET /images/search-go.gif HTTP/1.1" 304 - "http://www.antlr.org/grammar/list" "Mozilla/4.0 (compatible; MSIE 6.0; Windows NT 5.1; .NET CLR 1.0.3705; .NET CLR 1.1.4322)"
216.181.179.247 - - [02/Sep/2003:07:31:05 -0700] "GET /images/button-add-grammar.gif HTTP/1.1" 200 664 "http://www.antlr.org/grammar/list" "Mozilla/4.0 (compatible; MSIE 6.0; Windows NT 5.1; .NET CLR 1.0.3705; .NET CLR 1.1.4322)"
62.107.64.242 - - [02/Sep/2003:07:31:05 -0700] "GET /article/cutpaste/index.html HTTP/1.1" 200 10494 "http://www.antlr.org/doc/getting-started.html" "Mozilla/4.0 (compatible; MSIE 6.0; Windows NT 5.1; .NET CLR 1.1.4322; .NET CLR 1.0.3705)"
195.89.159.62 - - [02/Sep/2003:07:31:16 -0700] "GET / HTTP/1.1" 200 11690 "-" "Mozilla/5.0 (X11; U; Linux i686; en-US; rv:1.4) Gecko/20030625"
195.89.159.62 - - [02/Sep/2003:07:31:16 -0700] "GET /images/shim.gif HTTP/1.1" 200 43 "http://www.antlr.org/" "Mozilla/5.0 (X11; U; Linux i686; en-US; rv:1.4) Gecko/20030625"
195.89.159.62 - - [02/Sep/2003:07:31:16 -0700] "GET /images/logo-head.gif HTTP/1.1" 200 4098 "http://www.antlr.org/" "Mozilla/5.0 (X11; U; Linux i686; en-US; rv:1.4) Gecko/20030625"
195.89.159.62 - - [02/Sep/2003:07:31:16 -0700] "GET /images/button-download.gif HTTP/1.1" 200 733 "http://www.antlr.org/" "Mozilla/5.0 (X11; U; Linux i686; en-US; rv:1.4) Gecko/20030625"
195.89.159.62 - - [02/Sep/2003:07:31:16 -0700] "GET /images/parr-head.jpg HTTP/1.1" 200 3582 "http://www.antlr.org/" "Mozilla/5.0 (X11; U; Linux i686; en-US; rv:1.4) Gecko/20030625"
195.89.159.62 - - [02/Sep/2003:07:31:16 -0700] "GET /images/search.gif HTTP/1.1" 200 299 "http://www.antlr.org/" "Mozilla/5.0 (X11; U; Linux i686; en-US; rv:1.4) Gecko/20030625"
195.89.159.62 - - [02/Sep/2003:07:31:17 -0700] "GET /images/search-go.gif HTTP/1.1" 200 266 "http://www.antlr.org/" "Mozilla/5.0 (X11; U; Linux i686; en-US; rv:1.4) Gecko/20030625"
195.89.159.62 - - [02/Sep/2003:07:31:17 -0700] "GET /images/head-shim.gif HTTP/1.1" 200 158 "http://www.antlr.org/" "Mozilla/5.0 (X11; U; Linux i686; en-US; rv:1.4) Gecko/20030625"
129.16.225.16 - - [02/Sep/2003:07:31:25 -0700] "GET /javadoc/antlr/CharBuffer.html HTTP/1.1" 200 11993 "http://www.antlr.org/javadoc/antlr/package-summary.html" "Mozilla/5.0 (X11; U; Linux i686; en-US; rv:1.2.1) Gecko/20030225"
216.181.179.247 - - [02/Sep/2003:07:31:36 -0700] "GET /images/shim.gif HTTP/1.1" 304 - "http://216.239.51.104/search?q=cache:nRHjqIJSHDIJ:www.antlr.org/doc/lexer.html+site:www.antlr.org+lexer&hl=en&ie=UTF-8" "Mozilla/4.0 (compatible; MSIE 6.0; Windows NT 5.1; .NET CLR 1.0.3705; .NET CLR 1.1.4322)"
216.181.179.247 - - [02/Sep/2003:07:31:36 -0700] "GET /images/logo-head.gif HTTP/1.1" 304 - "http://216.239.51.104/search?q=cache:nRHjqIJSHDIJ:www.antlr.org/doc/lexer.html+site:www.antlr.org+lexer&hl=en&ie=UTF-8" "Mozilla/4.0 (compatible; MSIE 6.0; Windows NT 5.1; .NET CLR 1.0.3705; .NET CLR 1.1.4322)"
216.181.179.247 - - [02/Sep/2003:07:31:36 -0700] "GET /images/head-shim.gif HTTP/1.1" 304 - "http://216.239.51.104/search?q=cache:nRHjqIJSHDIJ:www.antlr.org/doc/lexer.html+site:www.antlr.org+lexer&hl=en&ie=UTF-8" "Mozilla/4.0 (compatible; MSIE 6.0; Windows NT 5.1; .NET CLR 1.0.3705; .NET CLR 1.1.4322)"
