68.164.91.59 - - [02/Sep/2003:04:34:38 -0700] "GET /grammars/cgram/tests HTTP/1.1" 200 6467 "-" "Mozilla/4.0 (compatible; grub-client-1.3.7; Crawl your own stuff with http://grub.org)"
213.197.234.125 - - [02/Sep/2003:04:35:20 -0700] "GET /javadoc/antlr/StringUtils.html HTTP/1.1" 200 15337 "http://www.google.com/search?hl=en&lr=&ie=UTF-8&oe=UTF-8&q=string.remove+java" "Mozilla/4.0 (compatible; MSIE 6.0; Windows NT 5.0)"
213.197.234.125 - - [02/Sep/2003:04:35:20 -0700] "GET /images/shim.gif HTTP/1.1" 200 43 "http://www.antlr.org/javadoc/antlr/StringUtils.html" "Mozilla/4.0 (compatible; MSIE 6.0; Windows NT 5.0)"
213.197.234.125 - - [02/Sep/2003:04:35:20 -0700] "GET /images/logo-head.gif HTTP/1.1" 200 4098 "http://www.antlr.org/javadoc/antlr/StringUtils.html" "Mozilla/4.0 (compatible; MSIE 6.0; Windows NT 5.0)"
213.197.234.125 - - [02/Sep/2003:04:35:20 -0700] "GET /images/button-download.gif HTTP/1.1" 200 733 "http://www.antlr.org/javadoc/antlr/StringUtils.html" "Mozilla/4.0 (compatible; MSIE 6.0; Windows NT 5.0)"
213.197.234.125 - - [02/Sep/2003:04:35:20 -0700] "GET /images/head-shim.gif HTTP/1.1" 200 158 "http://www.antlr.org/javadoc/antlr/StringUtils.html" "Mozilla/4.0 (compatible; MSIE 6.0; Windows NT 5.0)"
213.197.234.125 - - [02/Sep/2003:04:35:20 -0700] "GET /images/search.gif HTTP/1.1" 200 299 "http://www.antlr.org/javadoc/antlr/StringUtils.html" "Mozilla/4.0 (compatible; MSIE 6.0; Windows NT 5.0)"
213.197.234.125 - - [02/Sep/2003:04:35:21 -0700] "GET /images/search-go.gif HTTP/1.1" 200 266 "http://www.antlr.org/javadoc/antlr/StringUtils.html" "Mozilla/4.0 (compatible; MSIE 6.0; Windows NT 5.0)"
213.197.234.125 - - [02/Sep/2003:04:35:37 -0700] "GET /download.html HTTP/1.1" 200 9276 "http://www.antlr.org/javadoc/antlr/StringUtils.html" "Mozilla/4.0 (compatible; MSIE 6.0; Windows NT 5.0)"
193.249.246.247 - - [02/Sep/2003:04:35:37 -0700] "GET /buybook.html HTTP/1.1" 302 142 "http://www.antlr.org/pccts133.html" "Mozilla/4.0 (compatible; MSIE 6.0; Windows NT 5.1; .NET CLR 1.0.3705)"
193.249.246.247 - - [02/Sep/2003:04:35:39 -0700] "GET /error.jsp?msg=Problems+extracting+content%2Ftitle+from+file+%2Fbuybook.html%3A+null HTTP/1.1" 200 6464 "http://www.antlr.org/pccts133.html" "Mozilla/4.0 (compatible; MSIE 6.0; Windows NT 5.1; .NET CLR 1.0.3705)"
193.249.246.247 - - [02/Sep/2003:04:35:43 -0700] "GET /images/shim.gif HTTP/1.1" 304 - "http://www.antlr.org/error.jsp?msg=Problems+extracting+content%2Ftitle+from+file+%2Fbuybook.html%3A+null" "Mozilla/4.0 (compatible; MSIE 6.0; Windows NT 5.1; .NET CLR 1.0.3705)"
193.249.246.247 - - [02/Sep/2003:04:35:43 -0700] "GET /images/logo-head.gif HTTP/1.1" 304 - "http://www.antlr.org/error.jsp?msg=Problems+extracting+content%2Ftitle+from+file+%2Fbuybook.html%3A+null" "Mozilla/4.0 (compatible; MSIE 6.0; Windows NT 5.1; .NET CLR 1.0.3705)"
193.249.246.247 - - [02/Sep/2003:04:35:48 -0700] "GET /images/button-download.gif HTTP/1.1" 304 - "http://www.antlr.org/error.jsp?msg=Problems+extracting+content%2Ftitle+from+file+%2Fbuybook.html%3A+null" "Mozilla/4.0 (compatible; MSIE 6.0; Windows NT 5.1; .NET CLR 1.0.3705)"
193.249.246.247 - - [02/Sep/2003:04:35:48 -0700] "GET /images/head-shim.gif HTTP/1.1" 304 - "http://www.antlr.org/error.jsp?msg=Problems+extracting+content%2Ftitle+from+file+%2Fbuybook.html%3A+null" "Mozilla/4.0 (compatible; MSIE 6.0; Windows NT 5.1; .NET CLR 1.0.3705)"
213.197.234.125 - - [02/Sep/2003:04:35:55 -0700] "GET /download/antlr-2.7.2.zip HTTP/1.1" 200 1943296 "http://www.antlr.org/download.html" "Mozilla/4.0 (compatible; MSIE 6.0; Windows NT 5.0)"
193.249.246.247 - - [02/Sep/2003:04:35:57 -0700] "GET /error.jsp?msg=Problems+extracting+content%2Ftitle+from+file+%2Fbuybook.html%3A+null HTTP/1.1" 200 6464 "http://www.antlr.org/pccts133.html" "Mozilla/4.0 (compatible; MSIE 6.0; Windows NT 5.1; .NET CLR 1.0.3705)"
164.15.250.30 - - [02/Sep/2003:04:36:01 -0700] "GET / HTTP/1.1" 200 11690 "http://www.google.be/search?q=antlr&ie=UTF-8&oe=UTF-8&hl=fr&btnG=Recherche+Google&meta=" "Mozilla/4.0 (compatible; MSIE 6.0; Windows NT 5.0; TUCOWS)"
164.15.250.30 - - [02/Sep/2003:04:36:01 -0700] "GET /images/shim.gif HTTP/1.1" 200 43 "http://www.antlr.org/" "Mozilla/4.0 (compatible; MSIE 6.0; Windows NT 5.0; TUCOWS)"
164.15.250.30 - - [02/Sep/2003:04:36:01 -0700] "GET /images/logo-head.gif HTTP/1.1" 200 4098 "http://www.antlr.org/" "Mozilla/4.0 (compatible; MSIE 6.0; Windows NT 5.0; TUCOWS)"
164.15.250.30 - - [02/Sep/2003:04:36:01 -0700] "GET /images/head-shim.gif HTTP/1.1" 200 158 "http://www.antlr.org/" "Mozilla/4.0 (compatible; MSIE 6.0; Windows NT 5.0; TUCOWS)"
164.15.250.30 - - [02/Sep/2003:04:36:01 -0700] "GET /images/button-download.gif HTTP/1.1" 200 733 "http://www.antlr.org/" "Mozilla/4.0 (compatible; MSIE 6.0; Windows NT 5.0; TUCOWS)"
164.15.250.30 - - [02/Sep/2003:04:36:01 -0700] "GET /images/parr-head.jpg HTTP/1.1" 200 3582 "http://www.antlr.org/" "Mozilla/4.0 (compatible; MSIE 6.0; Windows NT 5.0; TUCOWS)"
164.15.250.30 - - [02/Sep/2003:04:36:01 -0700] "GET /images/search.gif HTTP/1.1" 200 299 "http://www.antlr.org/" "Mozilla/4.0 (compatible; MSIE 6.0; Windows NT 5.0; TUCOWS)"
164.15.250.30 - - [02/Sep/2003:04:36:02 -0700] "GET /images/search-go.gif HTTP/1.1" 200 266 "http://www.antlr.org/" "Mozilla/4.0 (compatible; MSIE 6.0; Windows NT 5.0; TUCOWS)"
212.157.192.194 - - [02/Sep/2003:04:36:15 -0700] "GET / HTTP/1.0" 200 11690 "-" "Mozilla/5.0 (Windows; U; Windows NT 5.1; en-US; rv:1.4) Gecko/20030612"
164.15.250.30 - - [02/Sep/2003:04:36:19 -0700] "GET /images/shim.gif HTTP/1.1" 304 - "http://www.antlr.org/doc/index.html" "Mozilla/4.0 (compatible; MSIE 6.0; Windows NT 5.0; TUCOWS)"
164.15.250.30 - - [02/Sep/2003:04:36:19 -0700] "GET /images/logo-head.gif HTTP/1.1" 304 - "http://www.antlr.org/doc/index.html" "Mozilla/4.0 (compatible; MSIE 6.0; Windows NT 5.0; TUCOWS)"
164.15.250.30 - - [02/Sep/2003:04:36:19 -0700] "GET /images/head-shim.gif HTTP/1.1" 304 - "http://www.antlr.org/doc/index.html" "Mozilla/4.0 (compatible; MSIE 6.0; Windows NT 5.0; TUCOWS)"
164.15.250.30 - - [02/Sep/2003:04:36:20 -0700] "GET /doc/index.html HTTP/1.1" 200 26469 "http://www.antlr.org/" "Mozilla/4.0 (compatible; MSIE 6.0; Windows NT 5.0; TUCOWS)"
164.15.250.30 - - [02/Sep/2003:04:36:20 -0700] "GET /images/button-download.gif HTTP/1.1" 304 - "http://www.antlr.org/doc/index.html" "Mozilla/4.0 (compatible; MSIE 6.0; Windows NT 5.0; TUCOWS)"
164.15.250.30 - - [02/Sep/2003:04:36:20 -0700] "GET /images/search.gif HTTP/1.1" 304 - "http://www.antlr.org/doc/index.html" "Mozilla/4.0 (compatible; MSIE 6.0; Windows NT 5.0; TUCOWS)"
164.15.250.30 - - [02/Sep/2003:04:36:20 -0700] "GET /images/search-go.gif HTTP/1.1" 304 - "http://www.antlr.org/doc/index.html" "Mozilla/4.0 (compatible; MSIE 6.0; Windows NT 5.0; TUCOWS)"
164.15.250.30 - - [02/Sep/2003:04:37:00 -0700] "GET /doc/index.html HTTP/1.1" 200 26469 "http://www.antlr.org/" "Mozilla/4.0 (compatible; MSIE 6.0; Windows NT 5.0; TUCOWS)"
63.162.194.72 - - [02/Sep/2003:04:37:13 -0700] "HEAD / HTTP/1.0" 200 8192 "-" "Mozilla/4.04 [en] (Win95; I)"
213.78.98.69 - - [02/Sep/2003:04:37:25 -0700] "GET /doc/lexer.html HTTP/1.1" 200 83864 "http://www.antlr.org/doc/index.html" "Mozilla/5.0 (X11; U; Linux i686; en-US; rv:1.2.1) Gecko/20030502 Debian/1.2.1-9woody3"
213.78.98.69 - - [02/Sep/2003:04:37:33 -0700] "GET /doc/lexer.html HTTP/1.1" 200 16384 "http://www.antlr.org/doc/index.html" "Mozilla/5.0 (X11; U; Linux i686; en-US; rv:1.2.1) Gecko/20030502 Debian/1.2.1-9woody3"
212.157.192.194 - - [02/Sep/2003:04:37:48 -0700] "GET /doc/index.html HTTP/1.0" 200 26469 "http://www.antlr.org/" "Mozilla/5.0 (Windows; U; Windows NT 5.1; en-US; rv:1.4) Gecko/20030612"
212.157.192.194 - - [02/Sep/2003:04:38:14 -0700] "GET /doc/runtime.html HTTP/1.0" 200 49604 "http://www.antlr.org/doc/index.html" "Mozilla/5.0 (Windows; U; Windows NT 5.1; en-US; rv:1.4) Gecko/20030612"
194.224.15.242 - - [02/Sep/2003:04:38:50 -0700] "GET /download.html HTTP/1.1" 200 9276 "http://www.google.com/search?hl=en&ie=UTF-8&oe=UTF-8&q=download+antlr" "Mozilla/4.0 (compatible; MSIE 6.0; Windows NT 5.0)"
194.224.15.242 - - [02/Sep/2003:04:38:50 -0700] "GET /images/shim.gif HTTP/1.1" 200 43 "http://www.antlr.org/download.html" "Mozilla/4.0 (compatible; MSIE 6.0; Windows NT 5.0)"
194.224.15.242 - - [02/Sep/2003:04:38:50 -0700] "GET /images/logo-head.gif HTTP/1.1" 200 4098 "http://www.antlr.org/download.html" "Mozilla/4.0 (compatible; MSIE 6.0; Windows NT 5.0)"
194.224.15.242 - - [02/Sep/2003:04:38:51 -0700] "GET /images/head-shim.gif HTTP/1.1" 200 158 "http://www.antlr.org/download.html" "Mozilla/4.0 (compatible; MSIE 6.0; Windows NT 5.0)"
194.224.15.242 - - [02/Sep/2003:04:38:51 -0700] "GET /images/button-download.gif HTTP/1.1" 200 733 "http://www.antlr.org/download.html" "Mozilla/4.0 (compatible; MSIE 6.0; Windows NT 5.0)"
194.224.15.242 - - [02/Sep/2003:04:38:51 -0700] "GET /images/search.gif HTTP/1.1" 200 299 "http://www.antlr.org/download.html" "Mozilla/4.0 (compatible; MSIE 6.0; Windows NT 5.0)"
194.224.15.242 - - [02/Sep/2003:04:38:51 -0700] "GET /images/search-go.gif HTTP/1.1" 200 266 "http://www.antlr.org/download.html" "Mozilla/4.0 (compatible; MSIE 6.0; Windows NT 5.0)"
212.106.181.34 - - [02/Sep/2003:04:38:54 -0700] "GET / HTTP/1.1" 200 11690 "-" "Mozilla/5.0 (X11; U; Linux i686; en-US; rv:1.2.1) Gecko/20030225"
212.106.181.34 - - [02/Sep/2003:04:38:55 -0700] "GET /images/logo-head.gif HTTP/1.1" 200 4098 "http://www.antlr.org/" "Mozilla/5.0 (X11; U; Linux i686; en-US; rv:1.2.1) Gecko/20030225"
212.106.181.34 - - [02/Sep/2003:04:38:56 -0700] "GET /images/button-download.gif HTTP/1.1" 200 733 "http://www.antlr.org/" "Mozilla/5.0 (X11; U; Linux i686; en-US; rv:1.2.1) Gecko/20030225"
212.106.181.34 - - [02/Sep/2003:04:38:57 -0700] "GET /images/head-shim.gif HTTP/1.1" 200 158 "http://www.antlr.org/" "Mozilla/5.0 (X11; U; Linux i686; en-US; rv:1.2.1) Gecko/20030225"
212.106.181.34 - - [02/Sep/2003:04:38:58 -0700] "GET /images/parr-head.jpg HTTP/1.1" 200 3582 "http://www.antlr.org/" "Mozilla/5.0 (X11; U; Linux i686; en-US; rv:1.2.1) Gecko/20030225"
212.106.181.34 - - [02/Sep/2003:04:38:59 -0700] "GET /images/search.gif HTTP/1.1" 200 299 "http://www.antlr.org/" "Mozilla/5.0 (X11; U; Linux i686; en-US; rv:1.2.1) Gecko/20030225"
212.106.181.34 - - [02/Sep/2003:04:39:00 -0700] "GET /images/search-go.gif HTTP/1.1" 200 266 "http://www.antlr.org/" "Mozilla/5.0 (X11; U; Linux i686; en-US; rv:1.2.1) Gecko/20030225"
212.106.181.34 - - [02/Sep/2003:04:39:05 -0700] "GET /images/shim.gif HTTP/1.1" 200 43 "http://www.antlr.org/" "Mozilla/5.0 (X11; U; Linux i686; en-US; rv:1.2.1) Gecko/20030225"
194.224.15.242 - - [02/Sep/2003:04:39:05 -0700] "GET /about.html HTTP/1.1" 200 8707 "http://www.antlr.org/download.html" "Mozilla/4.0 (compatible; MSIE 6.0; Windows NT 5.0)"
194.224.15.242 - - [02/Sep/2003:04:39:06 -0700] "GET /images/shim.gif HTTP/1.1" 304 - "http://www.antlr.org/about.html" "Mozilla/4.0 (compatible; MSIE 6.0; Windows NT 5.0)"
194.224.15.242 - - [02/Sep/2003:04:39:06 -0700] "GET /images/head-shim.gif HTTP/1.1" 304 - "http://www.antlr.org/about.html" "Mozilla/4.0 (compatible; MSIE 6.0; Windows NT 5.0)"
194.224.15.242 - - [02/Sep/2003:04:39:07 -0700] "GET /images/logo-head.gif HTTP/1.1" 304 - "http://www.antlr.org/about.html" "Mozilla/4.0 (compatible; MSIE 6.0; Windows NT 5.0)"
194.224.15.242 - - [02/Sep/2003:04:39:07 -0700] "GET /images/button-download.gif HTTP/1.1" 304 - "http://www.antlr.org/about.html" "Mozilla/4.0 (compatible; MSIE 6.0; Windows NT 5.0)"
194.224.15.242 - - [02/Sep/2003:04:39:07 -0700] "GET /images/search.gif HTTP/1.1" 304 - "http://www.antlr.org/about.html" "Mozilla/4.0 (compatible; MSIE 6.0; Windows NT 5.0)"
194.224.15.242 - - [02/Sep/2003:04:39:08 -0700] "GET /images/search-go.gif HTTP/1.1" 304 - "http://www.antlr.org/about.html" "Mozilla/4.0 (compatible; MSIE 6.0; Windows NT 5.0)"
194.224.15.242 - - [02/Sep/2003:04:39:11 -0700] "GET /download.html HTTP/1.1" 200 9276 "http://www.google.com/search?hl=en&ie=UTF-8&oe=UTF-8&q=download+antlr" "Mozilla/4.0 (compatible; MSIE 6.0; Windows NT 5.0)"
194.224.15.242 - - [02/Sep/2003:04:39:16 -0700] "GET /download/antlr-2.7.2.zip HTTP/1.1" 200 1943296 "http://www.antlr.org/download.html" "Mozilla/4.0 (compatible; MSIE 6.0; Windows NT 5.0)"
144.32.108.59 - - [02/Sep/2003:04:39:18 -0700] "GET / HTTP/1.1" 200 11690 "-" "Mozilla/4.0 (compatible; MSIE 6.0; Windows NT 5.0; (R1 1.1); .NET CLR 1.0.3705; .NET CLR 1.1.4322)"
144.32.108.59 - - [02/Sep/2003:04:39:19 -0700] "GET /images/shim.gif HTTP/1.1" 200 43 "http://www.antlr.org" "Mozilla/4.0 (compatible; MSIE 6.0; Windows NT 5.0; (R1 1.1); .NET CLR 1.0.3705; .NET CLR 1.1.4322)"
144.32.108.59 - - [02/Sep/2003:04:39:20 -0700] "GET /images/head-shim.gif HTTP/1.1" 200 158 "http://www.antlr.org" "Mozilla/4.0 (compatible; MSIE 6.0; Windows NT 5.0; (R1 1.1); .NET CLR 1.0.3705; .NET CLR 1.1.4322)"
144.32.108.59 - - [02/Sep/2003:04:39:20 -0700] "GET /images/logo-head.gif HTTP/1.1" 200 4098 "http://www.antlr.org" "Mozilla/4.0 (compatible; MSIE 6.0; Windows NT 5.0; (R1 1.1); .NET CLR 1.0.3705; .NET CLR 1.1.4322)"
144.32.108.59 - - [02/Sep/2003:04:39:20 -0700] "GET /images/button-download.gif HTTP/1.1" 200 733 "http://www.antlr.org" "Mozilla/4.0 (compatible; MSIE 6.0; Windows NT 5.0; (R1 1.1); .NET CLR 1.0.3705; .NET CLR 1.1.4322)"
212.106.181.34 - - [02/Sep/2003:04:39:20 -0700] "GET /download.html HTTP/1.1" 200 9276 "http://www.antlr.org/" "Mozilla/5.0 (X11; U; Linux i686; en-US; rv:1.2.1) Gecko/20030225"
144.32.108.59 - - [02/Sep/2003:04:39:21 -0700] "GET /images/parr-head.jpg HTTP/1.1" 200 3582 "http://www.antlr.org" "Mozilla/4.0 (compatible; MSIE 6.0; Windows NT 5.0; (R1 1.1); .NET CLR 1.0.3705; .NET CLR 1.1.4322)"
144.32.108.59 - - [02/Sep/2003:04:39:23 -0700] "GET /images/search.gif HTTP/1.1" 200 299 "http://www.antlr.org" "Mozilla/4.0 (compatible; MSIE 6.0; Windows NT 5.0; (R1 1.1); .NET CLR 1.0.3705; .NET CLR 1.1.4322)"
144.32.108.59 - - [02/Sep/2003:04:39:23 -0700] "GET /images/search-go.gif HTTP/1.1" 200 266 "http://www.antlr.org" "Mozilla/4.0 (compatible; MSIE 6.0; Windows NT 5.0; (R1 1.1); .NET CLR 1.0.3705; .NET CLR 1.1.4322)"
194.224.15.242 - - [02/Sep/2003:04:39:34 -0700] "GET /download/antlr-2.7.2.zip HTTP/1.1" 200 1943296 "http://www.antlr.org/download.html" "Mozilla/4.0 (compatible; MSIE 6.0; Windows NT 5.0)"
194.224.15.242 - - [02/Sep/2003:04:39:59 -0700] "GET /download/antlr-2.7.2.zip HTTP/1.1" 200 245760 "http://www.antlr.org/download.html" "Mozilla/4.0 (compatible; MSIE 6.0; Windows NT 5.0)"
212.106.181.34 - - [02/Sep/2003:04:40:11 -0700] "GET /download/antlr-2.7.2.tar.gz HTTP/1.1" 200 1557051 "http://www.antlr.org/download.html" "Mozilla/5.0 (X11; U; Linux i686; en-US; rv:1.2.1) Gecko/20030225"
144.32.108.59 - - [02/Sep/2003:04:40:16 -0700] "GET /download.html HTTP/1.1" 200 9276 "http://www.antlr.org" "Mozilla/4.0 (compatible; MSIE 6.0; Windows NT 5.0; (R1 1.1); .NET CLR 1.0.3705; .NET CLR 1.1.4322)"
194.224.15.242 - - [02/Sep/2003:04:40:22 -0700] "GET /download/antlr-2.7.2.zip HTTP/1.1" 200 1943296 "http://www.antlr.org/download.html" "Mozilla/4.0 (compatible; MSIE 6.0; Windows NT 5.0)"
144.32.108.59 - - [02/Sep/2003:04:40:25 -0700] "GET /grammar/list HTTP/1.1" 200 15685 "http://www.antlr.org/download.html" "Mozilla/4.0 (compatible; MSIE 6.0; Windows NT 5.0; (R1 1.1); .NET CLR 1.0.3705; .NET CLR 1.1.4322)"
144.32.108.59 - - [02/Sep/2003:04:40:26 -0700] "GET /images/button-add-grammar.gif HTTP/1.1" 200 664 "http://www.antlr.org/grammar/list" "Mozilla/4.0 (compatible; MSIE 6.0; Windows NT 5.0; (R1 1.1); .NET CLR 1.0.3705; .NET CLR 1.1.4322)"
212.157.192.194 - - [02/Sep/2003:04:40:35 -0700] "GET /doc/index.html HTTP/1.0" 200 26469 "http://www.antlr.org/" "Mozilla/5.0 (Windows; U; Windows NT 5.1; en-US; rv:1.4) Gecko/20030612"
144.32.108.59 - - [02/Sep/2003:04:41:24 -0700] "GET /download.html HTTP/1.1" 200 9276 "http://www.antlr.org/grammar/list" "Mozilla/4.0 (compatible; MSIE 6.0; Windows NT 5.0; (R1 1.1); .NET CLR 1.0.3705; .NET CLR 1.1.4322)"
128.214.199.174 - - [02/Sep/2003:04:41:39 -0700] "GET /grammar/1060760563082/MS_SQL_SELECT.html HTTP/1.1" 302 174 "http://www.google.fi/search?hl=fi&ie=UTF-8&oe=UTF-8&q=sql+syntax+antlr&lr=" "Mozilla/4.0 (compatible; MSIE 6.0; Windows NT 5.0; .NET CLR 1.1.4322)"
128.214.199.174 - - [02/Sep/2003:04:41:39 -0700] "GET /error.jsp?msg=Problems+extracting+content%2Ftitle+from+file+%2Fgrammar%2F1060760563082%2FMS_SQL_SELECT.html%3A+null HTTP/1.1" 200 6492 "http://www.google.fi/search?hl=fi&ie=UTF-8&oe=UTF-8&q=sql+syntax+antlr&lr=" "Mozilla/4.0 (compatible; MSIE 6.0; Windows NT 5.0; .NET CLR 1.1.4322)"
128.214.199.174 - - [02/Sep/2003:04:41:40 -0700] "GET /images/logo-head.gif HTTP/1.1" 304 - "http://www.antlr.org/error.jsp?msg=Problems+extracting+content%2Ftitle+from+file+%2Fgrammar%2F1060760563082%2FMS_SQL_SELECT.html%3A+null" "Mozilla/4.0 (compatible; MSIE 6.0; Windows NT 5.0; .NET CLR 1.1.4322)"
128.214.199.174 - - [02/Sep/2003:04:41:40 -0700] "GET /images/shim.gif HTTP/1.1" 304 - "http://www.antlr.org/error.jsp?msg=Problems+extracting+content%2Ftitle+from+file+%2Fgrammar%2F1060760563082%2FMS_SQL_SELECT.html%3A+null" "Mozilla/4.0 (compatible; MSIE 6.0; Windows NT 5.0; .NET CLR 1.1.4322)"
128.214.199.174 - - [02/Sep/2003:04:41:40 -0700] "GET /images/button-download.gif HTTP/1.1" 304 - "http://www.antlr.org/error.jsp?msg=Problems+extracting+content%2Ftitle+from+file+%2Fgrammar%2F1060760563082%2FMS_SQL_SELECT.html%3A+null" "Mozilla/4.0 (compatible; MSIE 6.0; Windows NT 5.0; .NET CLR 1.1.4322)"
128.214.199.174 - - [02/Sep/2003:04:41:40 -0700] "GET /images/head-shim.gif HTTP/1.1" 304 - "http://www.antlr.org/error.jsp?msg=Problems+extracting+content%2Ftitle+from+file+%2Fgrammar%2F1060760563082%2FMS_SQL_SELECT.html%3A+null" "Mozilla/4.0 (compatible; MSIE 6.0; Windows NT 5.0; .NET CLR 1.1.4322)"
192.118.48.248 - - [02/Sep/2003:04:41:43 -0700] "GET /buybook.html HTTP/1.1" 302 142 "http://blacksun.box.sk/books/programing.htm" "Mozilla/4.0 (compatible; MSIE 5.0; Windows 98)"
192.118.48.248 - - [02/Sep/2003:04:41:43 -0700] "GET /error.jsp?msg=Problems+extracting+content%2Ftitle+from+file+%2Fbuybook.html%3A+null HTTP/1.1" 200 6464 "http://blacksun.box.sk/books/programing.htm" "Mozilla/4.0 (compatible; MSIE 5.0; Windows 98)"
212.157.192.194 - - [02/Sep/2003:04:41:48 -0700] "GET /doc/trees.html HTTP/1.0" 200 48468 "http://www.antlr.org/doc/index.html" "Mozilla/5.0 (Windows; U; Windows NT 5.1; en-US; rv:1.4) Gecko/20030612"
144.32.108.59 - - [02/Sep/2003:04:41:48 -0700] "GET /doc/getting-started.html HTTP/1.1" 200 11326 "http://www.antlr.org/download.html" "Mozilla/4.0 (compatible; MSIE 6.0; Windows NT 5.0; (R1 1.1); .NET CLR 1.0.3705; .NET CLR 1.1.4322)"
144.32.108.59 - - [02/Sep/2003:04:41:49 -0700] "GET /images/shim.gif HTTP/1.1" 304 - "http://www.antlr.org/doc/getting-started.html" "Mozilla/4.0 (compatible; MSIE 6.0; Windows NT 5.0; (R1 1.1); .NET CLR 1.0.3705; .NET CLR 1.1.4322)"
144.32.108.59 - - [02/Sep/2003:04:41:49 -0700] "GET /images/logo-head.gif HTTP/1.1" 304 - "http://www.antlr.org/doc/getting-started.html" "Mozilla/4.0 (compatible; MSIE 6.0; Windows NT 5.0; (R1 1.1); .NET CLR 1.0.3705; .NET CLR 1.1.4322)"
144.32.108.59 - - [02/Sep/2003:04:41:50 -0700] "GET /images/head-shim.gif HTTP/1.1" 304 - "http://www.antlr.org/doc/getting-started.html" "Mozilla/4.0 (compatible; MSIE 6.0; Windows NT 5.0; (R1 1.1); .NET CLR 1.0.3705; .NET CLR 1.1.4322)"
144.32.108.59 - - [02/Sep/2003:04:41:50 -0700] "GET /images/button-download.gif HTTP/1.1" 304 - "http://www.antlr.org/doc/getting-started.html" "Mozilla/4.0 (compatible; MSIE 6.0; Windows NT 5.0; (R1 1.1); .NET CLR 1.0.3705; .NET CLR 1.1.4322)"
144.32.108.59 - - [02/Sep/2003:04:41:50 -0700] "GET /images/search.gif HTTP/1.1" 304 - "http://www.antlr.org/doc/getting-started.html" "Mozilla/4.0 (compatible; MSIE 6.0; Windows NT 5.0; (R1 1.1); .NET CLR 1.0.3705; .NET CLR 1.1.4322)"
144.32.108.59 - - [02/Sep/2003:04:41:50 -0700] "GET /images/search-go.gif HTTP/1.1" 304 - "http://www.antlr.org/doc/getting-started.html" "Mozilla/4.0 (compatible; MSIE 6.0; Windows NT 5.0; (R1 1.1); .NET CLR 1.0.3705; .NET CLR 1.1.4322)"
164.15.250.30 - - [02/Sep/2003:04:41:55 -0700] "GET /about.html HTTP/1.1" 200 8707 "http://www.antlr.org/doc/index.html" "Mozilla/4.0 (compatible; MSIE 6.0; Windows NT 5.0; TUCOWS)"
164.15.250.30 - - [02/Sep/2003:04:41:55 -0700] "GET /images/shim.gif HTTP/1.1" 304 - "http://www.antlr.org/about.html" "Mozilla/4.0 (compatible; MSIE 6.0; Windows NT 5.0; TUCOWS)"
164.15.250.30 - - [02/Sep/2003:04:41:56 -0700] "GET /images/logo-head.gif HTTP/1.1" 304 - "http://www.antlr.org/about.html" "Mozilla/4.0 (compatible; MSIE 6.0; Windows NT 5.0; TUCOWS)"
164.15.250.30 - - [02/Sep/2003:04:41:56 -0700] "GET /images/head-shim.gif HTTP/1.1" 304 - "http://www.antlr.org/about.html" "Mozilla/4.0 (compatible; MSIE 6.0; Windows NT 5.0; TUCOWS)"
164.15.250.30 - - [02/Sep/2003:04:41:56 -0700] "GET /images/button-download.gif HTTP/1.1" 304 - "http://www.antlr.org/about.html" "Mozilla/4.0 (compatible; MSIE 6.0; Windows NT 5.0; TUCOWS)"
164.15.250.30 - - [02/Sep/2003:04:41:56 -0700] "GET /images/search.gif HTTP/1.1" 304 - "http://www.antlr.org/about.html" "Mozilla/4.0 (compatible; MSIE 6.0; Windows NT 5.0; TUCOWS)"
164.15.250.30 - - [02/Sep/2003:04:41:56 -0700] "GET /images/search-go.gif HTTP/1.1" 304 - "http://www.antlr.org/about.html" "Mozilla/4.0 (compatible; MSIE 6.0; Windows NT 5.0; TUCOWS)"
164.15.250.30 - - [02/Sep/2003:04:42:12 -0700] "GET /why.html HTTP/1.1" 200 10713 "http://www.antlr.org/about.html" "Mozilla/4.0 (compatible; MSIE 6.0; Windows NT 5.0; TUCOWS)"
164.15.250.30 - - [02/Sep/2003:04:42:13 -0700] "GET /images/shim.gif HTTP/1.1" 304 - "http://www.antlr.org/why.html" "Mozilla/4.0 (compatible; MSIE 6.0; Windows NT 5.0; TUCOWS)"
164.15.250.30 - - [02/Sep/2003:04:42:13 -0700] "GET /images/logo-head.gif HTTP/1.1" 304 - "http://www.antlr.org/why.html" "Mozilla/4.0 (compatible; MSIE 6.0; Windows NT 5.0; TUCOWS)"
164.15.250.30 - - [02/Sep/2003:04:42:13 -0700] "GET /images/head-shim.gif HTTP/1.1" 304 - "http://www.antlr.org/why.html" "Mozilla/4.0 (compatible; MSIE 6.0; Windows NT 5.0; TUCOWS)"
164.15.250.30 - - [02/Sep/2003:04:42:13 -0700] "GET /images/button-download.gif HTTP/1.1" 304 - "http://www.antlr.org/why.html" "Mozilla/4.0 (compatible; MSIE 6.0; Windows NT 5.0; TUCOWS)"
164.15.250.30 - - [02/Sep/2003:04:42:13 -0700] "GET /images/search.gif HTTP/1.1" 304 - "http://www.antlr.org/why.html" "Mozilla/4.0 (compatible; MSIE 6.0; Windows NT 5.0; TUCOWS)"
164.15.250.30 - - [02/Sep/2003:04:42:13 -0700] "GET /images/search-go.gif HTTP/1.1" 304 - "http://www.antlr.org/why.html" "Mozilla/4.0 (compatible; MSIE 6.0; Windows NT 5.0; TUCOWS)"
144.32.108.59 - - [02/Sep/2003:04:42:21 -0700] "GET /download/antlr-2.7.2.zip HTTP/1.1" 200 1943296 "http://www.antlr.org/download.html" "Mozilla/4.0 (compatible; MSIE 6.0; Windows NT 5.0; (R1 1.1); .NET CLR 1.0.3705; .NET CLR 1.1.4322)"
164.15.250.30 - - [02/Sep/2003:04:42:39 -0700] "GET /images/shim.gif HTTP/1.1" 304 - "http://www.antlr.org/showcase/list" "Mozilla/4.0 (compatible; MSIE 6.0; Windows NT 5.0; TUCOWS)"
164.15.250.30 - - [02/Sep/2003:04:42:39 -0700] "GET /showcase/list HTTP/1.1" 200 13108 "http://www.antlr.org/why.html" "Mozilla/4.0 (compatible; MSIE 6.0; Windows NT 5.0; TUCOWS)"
164.15.250.30 - - [02/Sep/2003:04:42:39 -0700] "GET /images/logo-head.gif HTTP/1.1" 304 - "http://www.antlr.org/showcase/list" "Mozilla/4.0 (compatible; MSIE 6.0; Windows NT 5.0; TUCOWS)"
164.15.250.30 - - [02/Sep/2003:04:42:39 -0700] "GET /images/head-shim.gif HTTP/1.1" 304 - "http://www.antlr.org/showcase/list" "Mozilla/4.0 (compatible; MSIE 6.0; Windows NT 5.0; TUCOWS)"
164.15.250.30 - - [02/Sep/2003:04:42:39 -0700] "GET /images/button-download.gif HTTP/1.1" 304 - "http://www.antlr.org/showcase/list" "Mozilla/4.0 (compatible; MSIE 6.0; Windows NT 5.0; TUCOWS)"
164.15.250.30 - - [02/Sep/2003:04:42:39 -0700] "GET /images/search.gif HTTP/1.1" 304 - "http://www.antlr.org/showcase/list" "Mozilla/4.0 (compatible; MSIE 6.0; Windows NT 5.0; TUCOWS)"
164.15.250.30 - - [02/Sep/2003:04:42:39 -0700] "GET /images/search-go.gif HTTP/1.1" 304 - "http://www.antlr.org/showcase/list" "Mozilla/4.0 (compatible; MSIE 6.0; Windows NT 5.0; TUCOWS)"
164.15.250.30 - - [02/Sep/2003:04:42:39 -0700] "GET /images/button-add-showcase.gif HTTP/1.1" 200 682 "http://www.antlr.org/showcase/list" "Mozilla/4.0 (compatible; MSIE 6.0; Windows NT 5.0; TUCOWS)"
144.32.108.59 - - [02/Sep/2003:04:42:40 -0700] "GET /doc/getting-started.html HTTP/1.1" 200 11326 "http://www.antlr.org/download.html" "Mozilla/4.0 (compatible; MSIE 6.0; Windows NT 5.0; (R1 1.1); .NET CLR 1.0.3705; .NET CLR 1.1.4322)"
164.15.250.30 - - [02/Sep/2003:04:43:19 -0700] "GET /showcase/list HTTP/1.1" 200 13108 "http://www.antlr.org/why.html" "Mozilla/4.0 (compatible; MSIE 6.0; Windows NT 5.0; TUCOWS)"
4.36.124.132 - - [02/Sep/2003:04:44:53 -0700] "GET / HTTP/1.1" 200 11690 "-" "Mozilla/4.0 (compatible; MSIE 6.0; Windows NT 5.0; .NET CLR 1.0.3705)"
4.36.124.132 - - [02/Sep/2003:04:44:53 -0700] "GET /images/shim.gif HTTP/1.1" 200 43 "http://www.antlr.org" "Mozilla/4.0 (compatible; MSIE 6.0; Windows NT 5.0; .NET CLR 1.0.3705)"
4.36.124.132 - - [02/Sep/2003:04:44:53 -0700] "GET /images/logo-head.gif HTTP/1.1" 200 4098 "http://www.antlr.org" "Mozilla/4.0 (compatible; MSIE 6.0; Windows NT 5.0; .NET CLR 1.0.3705)"
4.36.124.132 - - [02/Sep/2003:04:44:53 -0700] "GET /images/head-shim.gif HTTP/1.1" 200 158 "http://www.antlr.org" "Mozilla/4.0 (compatible; MSIE 6.0; Windows NT 5.0; .NET CLR 1.0.3705)"
4.36.124.132 - - [02/Sep/2003:04:44:53 -0700] "GET /images/button-download.gif HTTP/1.1" 200 733 "http://www.antlr.org" "Mozilla/4.0 (compatible; MSIE 6.0; Windows NT 5.0; .NET CLR 1.0.3705)"
4.36.124.132 - - [02/Sep/2003:04:44:53 -0700] "GET /images/parr-head.jpg HTTP/1.1" 200 3582 "http://www.antlr.org" "Mozilla/4.0 (compatible; MSIE 6.0; Windows NT 5.0; .NET CLR 1.0.3705)"
4.36.124.132 - - [02/Sep/2003:04:44:53 -0700] "GET /images/search.gif HTTP/1.1" 200 299 "http://www.antlr.org" "Mozilla/4.0 (compatible; MSIE 6.0; Windows NT 5.0; .NET CLR 1.0.3705)"
4.36.124.132 - - [02/Sep/2003:04:44:53 -0700] "GET /images/search-go.gif HTTP/1.1" 200 266 "http://www.antlr.org" "Mozilla/4.0 (compatible; MSIE 6.0; Windows NT 5.0; .NET CLR 1.0.3705)"
216.88.158.142 - - [02/Sep/2003:04:47:28 -0700] "GET /doc/err.html HTTP/1.1" 200 16384 "-" "Mozilla/4.0 compatible ZyBorg/1.0 DLC (wn.zyborg@looksmart.net; http://www.WISEnutbot.com)"
212.157.192.194 - - [02/Sep/2003:04:48:14 -0700] "GET /doc/index.html HTTP/1.0" 200 26469 "http://www.antlr.org/" "Mozilla/5.0 (Windows; U; Windows NT 5.1; en-US; rv:1.4) Gecko/20030612"
212.157.192.194 - - [02/Sep/2003:04:48:27 -0700] "GET /doc/metalang.html HTTP/1.0" 200 52606 "http://www.antlr.org/doc/index.html" "Mozilla/5.0 (Windows; U; Windows NT 5.1; en-US; rv:1.4) Gecko/20030612"
212.157.192.194 - - [02/Sep/2003:04:48:28 -0700] "GET /doc/optional.gif HTTP/1.0" 200 2018 "http://www.antlr.org/doc/metalang.html" "Mozilla/5.0 (Windows; U; Windows NT 5.1; en-US; rv:1.4) Gecko/20030612"
212.157.192.194 - - [02/Sep/2003:04:48:28 -0700] "GET /doc/posclosure.gif HTTP/1.0" 200 2031 "http://www.antlr.org/doc/metalang.html" "Mozilla/5.0 (Windows; U; Windows NT 5.1; en-US; rv:1.4) Gecko/20030612"
212.157.192.194 - - [02/Sep/2003:04:48:28 -0700] "GET /doc/subrule.gif HTTP/1.0" 200 1887 "http://www.antlr.org/doc/metalang.html" "Mozilla/5.0 (Windows; U; Windows NT 5.1; en-US; rv:1.4) Gecko/20030612"
212.157.192.194 - - [02/Sep/2003:04:48:28 -0700] "GET /doc/closure.gif HTTP/1.0" 200 2166 "http://www.antlr.org/doc/metalang.html" "Mozilla/5.0 (Windows; U; Windows NT 5.1; en-US; rv:1.4) Gecko/20030612"
212.204.69.76 - - [02/Sep/2003:04:48:44 -0700] "GET /doc/getting-started.html HTTP/1.0" 200 11326 "http://www.antlr.org/download.html" "Mozilla/5.0 (Windows; U; Windows NT 5.1; en-US; rv:1.5a) Gecko/20030728 Mozilla Firebird/0.6.1"
218.145.25.13 - - [02/Sep/2003:04:48:46 -0700] "GET / HTTP/1.0" 200 11690 "-" "Mozilla/4.0 (compatible; MSIE 6.0; Windows NT 5.0; .NET CLR 1.1.4322)"
218.145.25.13 - - [02/Sep/2003:04:48:46 -0700] "GET /images/search-go.gif HTTP/1.0" 200 266 "http://www.antlr.org/" "Mozilla/4.0 (compatible; MSIE 6.0; Windows NT 5.0; .NET CLR 1.1.4322)"
218.145.25.13 - - [02/Sep/2003:04:49:00 -0700] "GET /download.html HTTP/1.0" 200 9276 "http://www.antlr.org/" "Mozilla/4.0 (compatible; MSIE 6.0; Windows NT 5.0; .NET CLR 1.1.4322)"
159.149.157.151 - - [02/Sep/2003:04:49:02 -0700] "GET / HTTP/1.1" 200 11690 "-" "Mozilla/4.0 (compatible; MSIE 6.0; Windows NT 5.0; .NET CLR 1.0.3705)"
159.149.157.151 - - [02/Sep/2003:04:49:02 -0700] "GET /images/shim.gif HTTP/1.1" 304 - "http://www.antlr.org" "Mozilla/4.0 (compatible; MSIE 6.0; Windows NT 5.0; .NET CLR 1.0.3705)"
159.149.157.151 - - [02/Sep/2003:04:49:03 -0700] "GET /images/logo-head.gif HTTP/1.1" 304 - "http://www.antlr.org" "Mozilla/4.0 (compatible; MSIE 6.0; Windows NT 5.0; .NET CLR 1.0.3705)"
159.149.157.151 - - [02/Sep/2003:04:49:03 -0700] "GET /images/head-shim.gif HTTP/1.1" 304 - "http://www.antlr.org" "Mozilla/4.0 (compatible; MSIE 6.0; Windows NT 5.0; .NET CLR 1.0.3705)"
159.149.157.151 - - [02/Sep/2003:04:49:04 -0700] "GET /images/button-download.gif HTTP/1.1" 304 - "http://www.antlr.org" "Mozilla/4.0 (compatible; MSIE 6.0; Windows NT 5.0; .NET CLR 1.0.3705)"
159.149.157.151 - - [02/Sep/2003:04:49:04 -0700] "GET /images/parr-head.jpg HTTP/1.1" 304 - "http://www.antlr.org" "Mozilla/4.0 (compatible; MSIE 6.0; Windows NT 5.0; .NET CLR 1.0.3705)"
159.149.157.151 - - [02/Sep/2003:04:49:05 -0700] "GET /images/search.gif HTTP/1.1" 304 - "http://www.antlr.org" "Mozilla/4.0 (compatible; MSIE 6.0; Windows NT 5.0; .NET CLR 1.0.3705)"
159.149.157.151 - - [02/Sep/2003:04:49:05 -0700] "GET /images/search-go.gif HTTP/1.1" 304 - "http://www.antlr.org" "Mozilla/4.0 (compatible; MSIE 6.0; Windows NT 5.0; .NET CLR 1.0.3705)"
192.118.48.248 - - [02/Sep/2003:04:49:13 -0700] "GET /buybook.html HTTP/1.1" 302 142 "http://blacksun.box.sk/books/programing.htm" "Mozilla/4.0 (compatible; MSIE 5.0; Windows 98)"
192.118.48.248 - - [02/Sep/2003:04:49:13 -0700] "GET /error.jsp?msg=Problems+extracting+content%2Ftitle+from+file+%2Fbuybook.html%3A+null HTTP/1.1" 200 6464 "http://blacksun.box.sk/books/programing.htm" "Mozilla/4.0 (compatible; MSIE 5.0; Windows 98)"
218.145.25.13 - - [02/Sep/2003:04:49:23 -0700] "GET /download HTTP/1.0" 200 8226 "-" "Mozilla/4.0 (compatible; MSIE 6.0; Windows NT 5.0; .NET CLR 1.1.4322)"
159.149.157.151 - - [02/Sep/2003:04:49:27 -0700] "GET /about.html HTTP/1.1" 200 8707 "http://www.antlr.org" "Mozilla/4.0 (compatible; MSIE 6.0; Windows NT 5.0; .NET CLR 1.0.3705)"
159.149.157.151 - - [02/Sep/2003:04:49:38 -0700] "GET /pccts133.html HTTP/1.1" 200 18035 "http://www.antlr.org/about.html" "Mozilla/4.0 (compatible; MSIE 6.0; Windows NT 5.0; .NET CLR 1.0.3705)"
218.145.25.13 - - [02/Sep/2003:04:49:39 -0700] "GET /download/antlr-2.7.1.zip HTTP/1.0" 200 6471 "-" "Mozilla/4.0 (compatible; MSIE 6.0; Windows NT 5.0; .NET CLR 1.1.4322)"
159.149.157.151 - - [02/Sep/2003:04:49:43 -0700] "GET /about.html HTTP/1.1" 200 8707 "http://www.antlr.org" "Mozilla/4.0 (compatible; MSIE 6.0; Windows NT 5.0; .NET CLR 1.0.3705)"
212.157.192.194 - - [02/Sep/2003:04:49:49 -0700] "GET /doc/index.html HTTP/1.0" 200 26469 "http://www.antlr.org/" "Mozilla/5.0 (Windows; U; Windows NT 5.1; en-US; rv:1.4) Gecko/20030612"
159.149.157.151 - - [02/Sep/2003:04:49:56 -0700] "GET /doc/index.html HTTP/1.1" 200 26469 "http://www.antlr.org/about.html" "Mozilla/4.0 (compatible; MSIE 6.0; Windows NT 5.0; .NET CLR 1.0.3705)"
218.145.25.13 - - [02/Sep/2003:04:49:57 -0700] "GET /download.html HTTP/1.0" 200 9276 "http://www.antlr.org/download" "Mozilla/4.0 (compatible; MSIE 6.0; Windows NT 5.0; .NET CLR 1.1.4322)"
212.204.69.76 - - [02/Sep/2003:04:50:03 -0700] "GET /support.html HTTP/1.0" 200 10899 "http://www.antlr.org/doc/getting-started.html" "Mozilla/5.0 (Windows; U; Windows NT 5.1; en-US; rv:1.5a) Gecko/20030728 Mozilla Firebird/0.6.1"
212.204.69.76 - - [02/Sep/2003:04:50:15 -0700] "GET /doc/index.html HTTP/1.0" 200 26469 "http://www.antlr.org/support.html" "Mozilla/5.0 (Windows; U; Windows NT 5.1; en-US; rv:1.5a) Gecko/20030728 Mozilla Firebird/0.6.1"
4.36.124.132 - - [02/Sep/2003:04:50:27 -0700] "GET / HTTP/1.1" 200 11690 "-" "Mozilla/4.0 (compatible; MSIE 6.0; Windows NT 5.0; .NET CLR 1.0.3705)"
4.36.124.132 - - [02/Sep/2003:04:50:27 -0700] "GET /images/shim.gif HTTP/1.1" 304 - "http://www.antlr.org" "Mozilla/4.0 (compatible; MSIE 6.0; Windows NT 5.0; .NET CLR 1.0.3705)"
4.36.124.132 - - [02/Sep/2003:04:50:27 -0700] "GET /images/logo-head.gif HTTP/1.1" 304 - "http://www.antlr.org" "Mozilla/4.0 (compatible; MSIE 6.0; Windows NT 5.0; .NET CLR 1.0.3705)"
4.36.124.132 - - [02/Sep/2003:04:50:28 -0700] "GET /images/head-shim.gif HTTP/1.1" 304 - "http://www.antlr.org" "Mozilla/4.0 (compatible; MSIE 6.0; Windows NT 5.0; .NET CLR 1.0.3705)"
4.36.124.132 - - [02/Sep/2003:04:50:29 -0700] "GET /images/button-download.gif HTTP/1.1" 304 - "http://www.antlr.org" "Mozilla/4.0 (compatible; MSIE 6.0; Windows NT 5.0; .NET CLR 1.0.3705)"
4.36.124.132 - - [02/Sep/2003:04:50:29 -0700] "GET /images/parr-head.jpg HTTP/1.1" 304 - "http://www.antlr.org" "Mozilla/4.0 (compatible; MSIE 6.0; Windows NT 5.0; .NET CLR 1.0.3705)"
4.36.124.132 - - [02/Sep/2003:04:50:29 -0700] "GET /images/search.gif HTTP/1.1" 304 - "http://www.antlr.org" "Mozilla/4.0 (compatible; MSIE 6.0; Windows NT 5.0; .NET CLR 1.0.3705)"
4.36.124.132 - - [02/Sep/2003:04:50:29 -0700] "GET /images/search-go.gif HTTP/1.1" 304 - "http://www.antlr.org" "Mozilla/4.0 (compatible; MSIE 6.0; Windows NT 5.0; .NET CLR 1.0.3705)"
212.157.192.194 - - [02/Sep/2003:04:50:35 -0700] "GET /doc/runtime.html HTTP/1.0" 200 49604 "http://www.antlr.org/doc/index.html" "Mozilla/5.0 (Windows; U; Windows NT 5.1; en-US; rv:1.4) Gecko/20030612"
4.36.124.132 - - [02/Sep/2003:04:50:53 -0700] "GET /download.html HTTP/1.1" 200 9276 "http://www.antlr.org" "Mozilla/4.0 (compatible; MSIE 6.0; Windows NT 5.0; .NET CLR 1.0.3705)"
4.36.124.132 - - [02/Sep/2003:04:50:54 -0700] "GET /images/shim.gif HTTP/1.1" 304 - "http://www.antlr.org/download.html" "Mozilla/4.0 (compatible; MSIE 6.0; Windows NT 5.0; .NET CLR 1.0.3705)"
4.36.124.132 - - [02/Sep/2003:04:50:54 -0700] "GET /images/head-shim.gif HTTP/1.1" 304 - "http://www.antlr.org/download.html" "Mozilla/4.0 (compatible; MSIE 6.0; Windows NT 5.0; .NET CLR 1.0.3705)"
4.36.124.132 - - [02/Sep/2003:04:50:54 -0700] "GET /images/logo-head.gif HTTP/1.1" 304 - "http://www.antlr.org/download.html" "Mozilla/4.0 (compatible; MSIE 6.0; Windows NT 5.0; .NET CLR 1.0.3705)"
4.36.124.132 - - [02/Sep/2003:04:50:54 -0700] "GET /images/button-download.gif HTTP/1.1" 304 - "http://www.antlr.org/download.html" "Mozilla/4.0 (compatible; MSIE 6.0; Windows NT 5.0; .NET CLR 1.0.3705)"
4.36.124.132 - - [02/Sep/2003:04:50:54 -0700] "GET /images/search.gif HTTP/1.1" 304 - "http://www.antlr.org/download.html" "Mozilla/4.0 (compatible; MSIE 6.0; Windows NT 5.0; .NET CLR 1.0.3705)"
4.36.124.132 - - [02/Sep/2003:04:50:54 -0700] "GET /images/search-go.gif HTTP/1.1" 304 - "http://www.antlr.org/download.html" "Mozilla/4.0 (compatible; MSIE 6.0; Windows NT 5.0; .NET CLR 1.0.3705)"
212.204.69.76 - - [02/Sep/2003:04:50:56 -0700] "GET /doc/options.html HTTP/1.0" 200 37045 "http://www.antlr.org/doc/index.html" "Mozilla/5.0 (Windows; U; Windows NT 5.1; en-US; rv:1.5a) Gecko/20030728 Mozilla Firebird/0.6.1"
159.149.157.151 - - [02/Sep/2003:04:51:12 -0700] "GET /doc/streams.html HTTP/1.1" 200 37824 "http://www.antlr.org/doc/index.html" "Mozilla/4.0 (compatible; MSIE 6.0; Windows NT 5.0; .NET CLR 1.0.3705)"
159.149.157.151 - - [02/Sep/2003:04:51:12 -0700] "GET /doc/stream.splitter.gif HTTP/1.1" 200 5527 "http://www.antlr.org/doc/streams.html" "Mozilla/4.0 (compatible; MSIE 6.0; Windows NT 5.0; .NET CLR 1.0.3705)"
159.149.157.151 - - [02/Sep/2003:04:51:13 -0700] "GET /doc/hidden.stream.gif HTTP/1.1" 200 3667 "http://www.antlr.org/doc/streams.html" "Mozilla/4.0 (compatible; MSIE 6.0; Windows NT 5.0; .NET CLR 1.0.3705)"
80.137.76.211 - - [02/Sep/2003:04:51:13 -0700] "GET /doc/getting-started.html HTTP/1.0" 200 11326 "-" "Mozilla/4.0 (compatible; MSIE 6.0; Windows NT 5.0)"
159.149.157.151 - - [02/Sep/2003:04:51:14 -0700] "GET /doc/stream.selector.gif HTTP/1.1" 200 5976 "http://www.antlr.org/doc/streams.html" "Mozilla/4.0 (compatible; MSIE 6.0; Windows NT 5.0; .NET CLR 1.0.3705)"
159.149.157.151 - - [02/Sep/2003:04:51:15 -0700] "GET /doc/stream.perspectives.gif HTTP/1.1" 200 2679 "http://www.antlr.org/doc/streams.html" "Mozilla/4.0 (compatible; MSIE 6.0; Windows NT 5.0; .NET CLR 1.0.3705)"
159.149.157.151 - - [02/Sep/2003:04:51:20 -0700] "GET /doc/lexer.to.parser.tokens.gif HTTP/1.1" 200 3585 "http://www.antlr.org/doc/streams.html" "Mozilla/4.0 (compatible; MSIE 6.0; Windows NT 5.0; .NET CLR 1.0.3705)"
80.137.76.211 - - [02/Sep/2003:04:51:34 -0700] "GET /download.html HTTP/1.0" 200 9276 "http://www.antlr.org/doc/getting-started.html" "Mozilla/4.0 (compatible; MSIE 6.0; Windows NT 5.0)"
192.118.48.248 - - [02/Sep/2003:04:51:35 -0700] "GET /buybook.html HTTP/1.1" 302 142 "http://blacksun.box.sk/books/programing.htm" "Mozilla/4.0 (compatible; MSIE 5.0; Windows 98)"
192.118.48.248 - - [02/Sep/2003:04:51:35 -0700] "GET /error.jsp?msg=Problems+extracting+content%2Ftitle+from+file+%2Fbuybook.html%3A+null HTTP/1.1" 200 6464 "http://blacksun.box.sk/books/programing.htm" "Mozilla/4.0 (compatible; MSIE 5.0; Windows 98)"
159.149.157.151 - - [02/Sep/2003:04:51:37 -0700] "GET /doc/index.html HTTP/1.1" 200 26469 "http://www.antlr.org/about.html" "Mozilla/4.0 (compatible; MSIE 6.0; Windows NT 5.0; .NET CLR 1.0.3705)"
80.137.76.211 - - [02/Sep/2003:04:51:38 -0700] "GET /doc/index.html HTTP/1.0" 200 26469 "http://www.antlr.org/download.html" "Mozilla/4.0 (compatible; MSIE 6.0; Windows NT 5.0)"
80.137.76.211 - - [02/Sep/2003:04:51:43 -0700] "GET /javadoc/overview-summary.html HTTP/1.0" 200 9784 "http://www.antlr.org/doc/index.html" "Mozilla/4.0 (compatible; MSIE 6.0; Windows NT 5.0)"
80.137.76.211 - - [02/Sep/2003:04:51:49 -0700] "GET /showcase/list HTTP/1.0" 200 13108 "http://www.antlr.org/javadoc/overview-summary.html" "Mozilla/4.0 (compatible; MSIE 6.0; Windows NT 5.0)"
159.149.157.151 - - [02/Sep/2003:04:52:03 -0700] "GET /doc/trees.html HTTP/1.1" 200 48468 "http://www.antlr.org/doc/index.html" "Mozilla/4.0 (compatible; MSIE 6.0; Windows NT 5.0; .NET CLR 1.0.3705)"
4.36.124.132 - - [02/Sep/2003:04:52:05 -0700] "GET /download/antlr-2.7.2.zip HTTP/1.1" 200 1943296 "http://www.antlr.org/download.html" "Mozilla/4.0 (compatible; MSIE 6.0; Windows NT 5.0; .NET CLR 1.0.3705)"
80.137.76.211 - - [02/Sep/2003:04:52:29 -0700] "GET /grammar/list HTTP/1.0" 200 15685 "http://www.antlr.org/showcase/list" "Mozilla/4.0 (compatible; MSIE 6.0; Windows NT 5.0)"
80.137.76.211 - - [02/Sep/2003:04:52:38 -0700] "GET /grammar/cgram HTTP/1.0" 200 8086 "http://www.antlr.org/grammar/list" "Mozilla/4.0 (compatible; MSIE 6.0; Windows NT 5.0)"
80.137.76.211 - - [02/Sep/2003:04:52:45 -0700] "GET /grammar/cgram/cgram.tgz HTTP/1.0" 200 43412 "http://www.antlr.org/grammar/cgram" "Mozilla/4.0 (compatible; MSIE 6.0; Windows NT 5.0)"
192.118.48.248 - - [02/Sep/2003:04:53:02 -0700] "GET /images/button-download.gif HTTP/1.1" 200 733 "http://www.antlr.org/error.jsp?msg=Problems+extracting+content%2Ftitle+from+file+%2Fbuybook.html%3A+null" "Mozilla/4.0 (compatible; MSIE 5.0; Windows 98)"
192.118.48.248 - - [02/Sep/2003:04:53:02 -0700] "GET /images/head-shim.gif HTTP/1.1" 200 158 "http://www.antlr.org/error.jsp?msg=Problems+extracting+content%2Ftitle+from+file+%2Fbuybook.html%3A+null" "Mozilla/4.0 (compatible; MSIE 5.0; Windows 98)"
192.118.48.248 - - [02/Sep/2003:04:53:02 -0700] "GET /images/logo-head.gif HTTP/1.1" 200 4098 "http://www.antlr.org/error.jsp?msg=Problems+extracting+content%2Ftitle+from+file+%2Fbuybook.html%3A+null" "Mozilla/4.0 (compatible; MSIE 5.0; Windows 98)"
192.118.48.248 - - [02/Sep/2003:04:53:03 -0700] "GET /images/shim.gif HTTP/1.1" 200 43 "http://www.antlr.org/error.jsp?msg=Problems+extracting+content%2Ftitle+from+file+%2Fbuybook.html%3A+null" "Mozilla/4.0 (compatible; MSIE 5.0; Windows 98)"
159.149.157.151 - - [02/Sep/2003:04:53:54 -0700] "GET /doc/index.html HTTP/1.1" 200 26469 "http://www.antlr.org/about.html" "Mozilla/4.0 (compatible; MSIE 6.0; Windows NT 5.0; .NET CLR 1.0.3705)"
159.149.157.151 - - [02/Sep/2003:04:54:21 -0700] "GET /doc/sor.html HTTP/1.1" 200 22139 "http://www.antlr.org/doc/index.html" "Mozilla/4.0 (compatible; MSIE 6.0; Windows NT 5.0; .NET CLR 1.0.3705)"
159.149.157.151 - - [02/Sep/2003:04:54:43 -0700] "GET /doc/index.html HTTP/1.1" 200 16384 "http://www.antlr.org/about.html" "Mozilla/4.0 (compatible; MSIE 6.0; Windows NT 5.0; .NET CLR 1.0.3705)"
159.149.157.151 - - [02/Sep/2003:04:54:44 -0700] "GET /about.html HTTP/1.1" 200 8707 "http://www.antlr.org" "Mozilla/4.0 (compatible; MSIE 6.0; Windows NT 5.0; .NET CLR 1.0.3705)"
159.149.157.151 - - [02/Sep/2003:04:54:56 -0700] "GET /article/list HTTP/1.1" 200 15911 "http://www.antlr.org/about.html" "Mozilla/4.0 (compatible; MSIE 6.0; Windows NT 5.0; .NET CLR 1.0.3705)"
159.149.157.151 - - [02/Sep/2003:04:54:57 -0700] "GET /images/button-add-article.gif HTTP/1.1" 200 579 "http://www.antlr.org/article/list" "Mozilla/4.0 (compatible; MSIE 6.0; Windows NT 5.0; .NET CLR 1.0.3705)"
195.13.11.226 - - [02/Sep/2003:04:55:01 -0700] "GET / HTTP/1.0" 200 11690 "http://www.google.be/search?q=antlr&ie=UTF-8&oe=UTF-8&hl=fr&meta=" "Mozilla/4.0 (compatible; MSIE 5.5; Windows NT 5.0)"
195.13.11.226 - - [02/Sep/2003:04:55:01 -0700] "GET /images/shim.gif HTTP/1.0" 304 - "http://www.antlr.org/" "Mozilla/4.0 (compatible; MSIE 5.5; Windows NT 5.0)"
195.13.11.226 - - [02/Sep/2003:04:55:02 -0700] "GET /images/button-download.gif HTTP/1.0" 304 - "http://www.antlr.org/" "Mozilla/4.0 (compatible; MSIE 5.5; Windows NT 5.0)"
195.13.11.226 - - [02/Sep/2003:04:55:02 -0700] "GET /images/logo-head.gif HTTP/1.0" 304 - "http://www.antlr.org/" "Mozilla/4.0 (compatible; MSIE 5.5; Windows NT 5.0)"
195.13.11.226 - - [02/Sep/2003:04:55:02 -0700] "GET /images/head-shim.gif HTTP/1.0" 304 - "http://www.antlr.org/" "Mozilla/4.0 (compatible; MSIE 5.5; Windows NT 5.0)"
195.13.11.226 - - [02/Sep/2003:04:55:02 -0700] "GET /images/parr-head.jpg HTTP/1.0" 304 - "http://www.antlr.org/" "Mozilla/4.0 (compatible; MSIE 5.5; Windows NT 5.0)"
195.13.11.226 - - [02/Sep/2003:04:55:02 -0700] "GET /images/search-go.gif HTTP/1.0" 304 - "http://www.antlr.org/" "Mozilla/4.0 (compatible; MSIE 5.5; Windows NT 5.0)"
195.13.11.226 - - [02/Sep/2003:04:55:02 -0700] "GET /images/search.gif HTTP/1.0" 304 - "http://www.antlr.org/" "Mozilla/4.0 (compatible; MSIE 5.5; Windows NT 5.0)"
159.149.157.151 - - [02/Sep/2003:04:55:05 -0700] "GET /book/index.html HTTP/1.1" 200 9357 "http://www.antlr.org/article/list" "Mozilla/4.0 (compatible; MSIE 6.0; Windows NT 5.0; .NET CLR 1.0.3705)"
159.149.157.151 - - [02/Sep/2003:04:55:12 -0700] "GET /article/list HTTP/1.1" 200 15911 "http://www.antlr.org/about.html" "Mozilla/4.0 (compatible; MSIE 6.0; Windows NT 5.0; .NET CLR 1.0.3705)"
159.149.157.151 - - [02/Sep/2003:04:55:40 -0700] "GET /doc/getting-started.html HTTP/1.1" 200 11326 "http://www.antlr.org/article/list" "Mozilla/4.0 (compatible; MSIE 6.0; Windows NT 5.0; .NET CLR 1.0.3705)"
194.108.51.154 - - [02/Sep/2003:04:55:47 -0700] "GET / HTTP/1.1" 200 11690 "http://www.codeproject.com/aspnet/HTML_Fragments.asp" "Mozilla/4.0 (compatible; MSIE 6.0; Windows NT 5.1; .NET CLR 1.0.3705; .NET CLR 1.1.4322)"
194.108.51.154 - - [02/Sep/2003:04:55:48 -0700] "GET /images/shim.gif HTTP/1.1" 200 43 "http://www.antlr.org/" "Mozilla/4.0 (compatible; MSIE 6.0; Windows NT 5.1; .NET CLR 1.0.3705; .NET CLR 1.1.4322)"
194.108.51.154 - - [02/Sep/2003:04:55:48 -0700] "GET /images/logo-head.gif HTTP/1.1" 200 4098 "http://www.antlr.org/" "Mozilla/4.0 (compatible; MSIE 6.0; Windows NT 5.1; .NET CLR 1.0.3705; .NET CLR 1.1.4322)"
194.108.51.154 - - [02/Sep/2003:04:55:48 -0700] "GET /images/button-download.gif HTTP/1.1" 200 733 "http://www.antlr.org/" "Mozilla/4.0 (compatible; MSIE 6.0; Windows NT 5.1; .NET CLR 1.0.3705; .NET CLR 1.1.4322)"
194.108.51.154 - - [02/Sep/2003:04:55:48 -0700] "GET /images/parr-head.jpg HTTP/1.1" 200 3582 "http://www.antlr.org/" "Mozilla/4.0 (compatible; MSIE 6.0; Windows NT 5.1; .NET CLR 1.0.3705; .NET CLR 1.1.4322)"
194.108.51.154 - - [02/Sep/2003:04:55:48 -0700] "GET /images/head-shim.gif HTTP/1.1" 200 158 "http://www.antlr.org/" "Mozilla/4.0 (compatible; MSIE 6.0; Windows NT 5.1; .NET CLR 1.0.3705; .NET CLR 1.1.4322)"
194.108.51.154 - - [02/Sep/2003:04:55:48 -0700] "GET /images/search.gif HTTP/1.1" 200 299 "http://www.antlr.org/" "Mozilla/4.0 (compatible; MSIE 6.0; Windows NT 5.1; .NET CLR 1.0.3705; .NET CLR 1.1.4322)"
194.108.51.154 - - [02/Sep/2003:04:55:48 -0700] "GET /images/search-go.gif HTTP/1.1" 200 266 "http://www.antlr.org/" "Mozilla/4.0 (compatible; MSIE 6.0; Windows NT 5.1; .NET CLR 1.0.3705; .NET CLR 1.1.4322)"
159.149.157.151 - - [02/Sep/2003:04:56:24 -0700] "GET /doc/getting-started.html HTTP/1.1" 200 11326 "http://www.antlr.org/article/list" "Mozilla/4.0 (compatible; MSIE 6.0; Windows NT 5.0; .NET CLR 1.0.3705)"
159.149.157.151 - - [02/Sep/2003:04:56:27 -0700] "GET /article/list HTTP/1.1" 200 15911 "http://www.antlr.org/about.html" "Mozilla/4.0 (compatible; MSIE 6.0; Windows NT 5.0; .NET CLR 1.0.3705)"
159.149.157.151 - - [02/Sep/2003:04:56:30 -0700] "GET /about.html HTTP/1.1" 200 8707 "http://www.antlr.org" "Mozilla/4.0 (compatible; MSIE 6.0; Windows NT 5.0; .NET CLR 1.0.3705)"
159.149.157.151 - - [02/Sep/2003:04:56:37 -0700] "GET /doc/index.html HTTP/1.1" 200 26469 "http://www.antlr.org/about.html" "Mozilla/4.0 (compatible; MSIE 6.0; Windows NT 5.0; .NET CLR 1.0.3705)"
194.108.51.154 - - [02/Sep/2003:04:56:48 -0700] "GET /grammar/1062280680642/MS_SQL_SELECT.html HTTP/1.1" 200 48601 "http://www.antlr.org/" "Mozilla/4.0 (compatible; MSIE 6.0; Windows NT 5.1; .NET CLR 1.0.3705; .NET CLR 1.1.4322)"
195.13.11.226 - - [02/Sep/2003:04:56:52 -0700] "GET /grammar/list HTTP/1.0" 200 15685 "http://www.antlr.org/" "Mozilla/4.0 (compatible; MSIE 5.5; Windows NT 5.0)"
195.13.11.226 - - [02/Sep/2003:04:56:52 -0700] "GET /images/shim.gif HTTP/1.0" 304 - "http://www.antlr.org/grammar/list" "Mozilla/4.0 (compatible; MSIE 5.5; Windows NT 5.0)"
195.13.11.226 - - [02/Sep/2003:04:56:52 -0700] "GET /images/logo-head.gif HTTP/1.0" 304 - "http://www.antlr.org/grammar/list" "Mozilla/4.0 (compatible; MSIE 5.5; Windows NT 5.0)"
195.13.11.226 - - [02/Sep/2003:04:56:53 -0700] "GET /images/button-download.gif HTTP/1.0" 304 - "http://www.antlr.org/grammar/list" "Mozilla/4.0 (compatible; MSIE 5.5; Windows NT 5.0)"
195.13.11.226 - - [02/Sep/2003:04:56:53 -0700] "GET /images/head-shim.gif HTTP/1.0" 304 - "http://www.antlr.org/grammar/list" "Mozilla/4.0 (compatible; MSIE 5.5; Windows NT 5.0)"
195.13.11.226 - - [02/Sep/2003:04:56:53 -0700] "GET /images/search.gif HTTP/1.0" 304 - "http://www.antlr.org/grammar/list" "Mozilla/4.0 (compatible; MSIE 5.5; Windows NT 5.0)"
195.13.11.226 - - [02/Sep/2003:04:56:53 -0700] "GET /images/button-add-grammar.gif HTTP/1.0" 304 - "http://www.antlr.org/grammar/list" "Mozilla/4.0 (compatible; MSIE 5.5; Windows NT 5.0)"
195.13.11.226 - - [02/Sep/2003:04:56:53 -0700] "GET /images/search-go.gif HTTP/1.0" 304 - "http://www.antlr.org/grammar/list" "Mozilla/4.0 (compatible; MSIE 5.5; Windows NT 5.0)"
159.149.157.151 - - [02/Sep/2003:04:57:05 -0700] "GET /doc/csharp-runtime.html HTTP/1.1" 200 14148 "http://www.antlr.org/doc/index.html" "Mozilla/4.0 (compatible; MSIE 6.0; Windows NT 5.0; .NET CLR 1.0.3705)"
217.238.30.222 - - [02/Sep/2003:04:57:11 -0700] "GET / HTTP/1.1" 200 11690 "http://www.google.com/search?q=antlr&sourceid=opera&num=0&ie=utf-8&oe=utf-8" "Mozilla/4.0 (compatible; MSIE 6.0; Windows NT 5.0) Opera 7.11 [en]"
217.238.30.222 - - [02/Sep/2003:04:57:11 -0700] "GET /images/button-download.gif HTTP/1.1" 200 733 "http://www.antlr.org/" "Mozilla/4.0 (compatible; MSIE 6.0; Windows NT 5.0) Opera 7.11 [en]"
217.238.30.222 - - [02/Sep/2003:04:57:11 -0700] "GET /images/shim.gif HTTP/1.1" 200 43 "http://www.antlr.org/" "Mozilla/4.0 (compatible; MSIE 6.0; Windows NT 5.0) Opera 7.11 [en]"
217.238.30.222 - - [02/Sep/2003:04:57:11 -0700] "GET /images/logo-head.gif HTTP/1.1" 200 4098 "http://www.antlr.org/" "Mozilla/4.0 (compatible; MSIE 6.0; Windows NT 5.0) Opera 7.11 [en]"
217.238.30.222 - - [02/Sep/2003:04:57:11 -0700] "GET /images/head-shim.gif HTTP/1.1" 200 158 "http://www.antlr.org/" "Mozilla/4.0 (compatible; MSIE 6.0; Windows NT 5.0) Opera 7.11 [en]"
217.238.30.222 - - [02/Sep/2003:04:57:12 -0700] "GET /images/parr-head.jpg HTTP/1.1" 200 3582 "http://www.antlr.org/" "Mozilla/4.0 (compatible; MSIE 6.0; Windows NT 5.0) Opera 7.11 [en]"
217.238.30.222 - - [02/Sep/2003:04:57:12 -0700] "GET /images/parr-head.jpg HTTP/1.1" 200 3582 "http://www.antlr.org/" "Mozilla/4.0 (compatible; MSIE 6.0; Windows NT 5.0) Opera 7.11 [en]"
217.238.30.222 - - [02/Sep/2003:04:57:12 -0700] "GET /images/search.gif HTTP/1.1" 200 299 "http://www.antlr.org/" "Mozilla/4.0 (compatible; MSIE 6.0; Windows NT 5.0) Opera 7.11 [en]"
217.238.30.222 - - [02/Sep/2003:04:57:12 -0700] "GET /images/search-go.gif HTTP/1.1" 200 266 "http://www.antlr.org/" "Mozilla/4.0 (compatible; MSIE 6.0; Windows NT 5.0) Opera 7.11 [en]"
217.238.30.222 - - [02/Sep/2003:04:57:17 -0700] "GET /download.html HTTP/1.1" 200 9276 "http://www.antlr.org/" "Mozilla/4.0 (compatible; MSIE 6.0; Windows NT 5.0) Opera 7.11 [en]"
130.239.30.142 - - [02/Sep/2003:04:57:51 -0700] "GET /doc/index.html HTTP/1.1" 200 26469 "http://www.antlr.org/grammar/java" "Mozilla/4.0 (compatible; MSIE 6.0; Windows NT 5.0; .NET CLR 1.1.4322)"
130.239.30.142 - - [02/Sep/2003:04:58:01 -0700] "GET /doc/lexer.to.parser.tokens.gif HTTP/1.1" 200 3585 "http://www.antlr.org/doc/streams.html" "Mozilla/4.0 (compatible; MSIE 6.0; Windows NT 5.0; .NET CLR 1.1.4322)"
