80.58.4.237 - - [02/Sep/2003:06:17:36 -0700] "GET /download/antlr-2.7.2.zip HTTP/1.0" 200 24576 "-" "Mozilla/4.0 (compatible; MSIE 6.0; Win32)"
80.58.4.237 - - [02/Sep/2003:06:17:36 -0700] "GET /download/antlr-2.7.2.zip HTTP/1.0" 200 24576 "-" "Mozilla/4.0 (compatible; MSIE 6.0; Win32)"
80.58.4.237 - - [02/Sep/2003:06:17:36 -0700] "GET /download/antlr-2.7.2.zip HTTP/1.0" 200 24576 "-" "Mozilla/4.0 (compatible; MSIE 6.0; Win32)"
80.58.4.237 - - [02/Sep/2003:06:17:37 -0700] "GET /download/antlr-2.7.2.zip HTTP/1.0" 200 24576 "-" "Mozilla/4.0 (compatible; MSIE 6.0; Win32)"
80.58.4.237 - - [02/Sep/2003:06:17:37 -0700] "GET /download/antlr-2.7.2.zip HTTP/1.0" 200 24576 "-" "Mozilla/4.0 (compatible; MSIE 6.0; Win32)"
80.58.4.237 - - [02/Sep/2003:06:17:37 -0700] "GET /download/antlr-2.7.2.zip HTTP/1.0" 200 24576 "-" "Mozilla/4.0 (compatible; MSIE 6.0; Win32)"
80.58.4.237 - - [02/Sep/2003:06:17:37 -0700] "GET /download/antlr-2.7.2.zip HTTP/1.0" 200 24576 "-" "Mozilla/4.0 (compatible; MSIE 6.0; Win32)"
80.58.4.237 - - [02/Sep/2003:06:17:37 -0700] "GET /download/antlr-2.7.2.zip HTTP/1.0" 200 24576 "-" "Mozilla/4.0 (compatible; MSIE 6.0; Win32)"
80.58.4.237 - - [02/Sep/2003:06:17:37 -0700] "GET /download/antlr-2.7.2.zip HTTP/1.0" 200 24576 "-" "Mozilla/4.0 (compatible; MSIE 6.0; Win32)"
80.58.4.237 - - [02/Sep/2003:06:17:37 -0700] "GET /download/antlr-2.7.2.zip HTTP/1.0" 200 24576 "-" "Mozilla/4.0 (compatible; MSIE 6.0; Win32)"
80.58.4.237 - - [02/Sep/2003:06:17:37 -0700] "GET /download/antlr-2.7.2.zip HTTP/1.0" 200 24576 "-" "Mozilla/4.0 (compatible; MSIE 6.0; Win32)"
80.58.4.237 - - [02/Sep/2003:06:17:37 -0700] "GET /download/antlr-2.7.2.zip HTTP/1.0" 200 24576 "-" "Mozilla/4.0 (compatible; MSIE 6.0; Win32)"
80.58.4.237 - - [02/Sep/2003:06:17:37 -0700] "GET /download/antlr-2.7.2.zip HTTP/1.0" 200 24576 "-" "Mozilla/4.0 (compatible; MSIE 6.0; Win32)"
80.58.4.237 - - [02/Sep/2003:06:17:37 -0700] "GET /download/antlr-2.7.2.zip HTTP/1.0" 200 24576 "-" "Mozilla/4.0 (compatible; MSIE 6.0; Win32)"
80.58.4.237 - - [02/Sep/2003:06:17:37 -0700] "GET /download/antlr-2.7.2.zip HTTP/1.0" 200 24576 "-" "Mozilla/4.0 (compatible; MSIE 6.0; Win32)"
80.58.4.237 - - [02/Sep/2003:06:17:37 -0700] "GET / HTTP/1.0" 200 11690 "-" "Jakarta Commons-HttpClient/2.0M1"
80.58.4.237 - - [02/Sep/2003:06:17:37 -0700] "GET /download/antlr-2.7.2.zip HTTP/1.0" 200 24576 "-" "Mozilla/4.0 (compatible; MSIE 6.0; Win32)"
80.58.4.237 - - [02/Sep/2003:06:17:37 -0700] "GET / HTTP/1.0" 200 11690 "-" "Jakarta Commons-HttpClient/2.0M1"
80.58.4.237 - - [02/Sep/2003:06:17:37 -0700] "GET /download/antlr-2.7.2.zip HTTP/1.0" 200 24576 "-" "Mozilla/4.0 (compatible; MSIE 6.0; Win32)"
80.58.4.237 - - [02/Sep/2003:06:17:37 -0700] "GET / HTTP/1.0" 200 11690 "-" "Jakarta Commons-HttpClient/2.0M1"
80.58.4.237 - - [02/Sep/2003:06:17:37 -0700] "GET /download/antlr-2.7.2.zip HTTP/1.0" 200 24576 "-" "Mozilla/4.0 (compatible; MSIE 6.0; Win32)"
80.58.4.237 - - [02/Sep/2003:06:17:37 -0700] "GET / HTTP/1.0" 200 11690 "-" "Jakarta Commons-HttpClient/2.0M1"
80.58.4.237 - - [02/Sep/2003:06:17:37 -0700] "GET /download/antlr-2.7.2.zip HTTP/1.0" 200 24576 "-" "Mozilla/4.0 (compatible; MSIE 6.0; Win32)"
80.58.4.237 - - [02/Sep/2003:06:17:37 -0700] "GET / HTTP/1.0" 200 11690 "-" "Jakarta Commons-HttpClient/2.0M1"
80.58.4.237 - - [02/Sep/2003:06:17:37 -0700] "GET /download/antlr-2.7.2.zip HTTP/1.0" 200 24576 "-" "Mozilla/4.0 (compatible; MSIE 6.0; Win32)"
80.58.4.237 - - [02/Sep/2003:06:17:37 -0700] "GET /download/antlr-2.7.2.zip HTTP/1.0" 200 24576 "-" "Mozilla/4.0 (compatible; MSIE 6.0; Win32)"
80.58.4.237 - - [02/Sep/2003:06:17:38 -0700] "GET /download/antlr-2.7.2.zip HTTP/1.0" 200 24576 "-" "Mozilla/4.0 (compatible; MSIE 6.0; Win32)"
80.58.4.237 - - [02/Sep/2003:06:17:38 -0700] "GET /download/antlr-2.7.2.zip HTTP/1.0" 200 24576 "-" "Mozilla/4.0 (compatible; MSIE 6.0; Win32)"
80.58.4.237 - - [02/Sep/2003:06:17:38 -0700] "GET /download/antlr-2.7.2.zip HTTP/1.0" 200 24576 "-" "Mozilla/4.0 (compatible; MSIE 6.0; Win32)"
80.58.4.237 - - [02/Sep/2003:06:17:38 -0700] "GET /download/antlr-2.7.2.zip HTTP/1.0" 200 24576 "-" "Mozilla/4.0 (compatible; MSIE 6.0; Win32)"
80.58.4.237 - - [02/Sep/2003:06:17:38 -0700] "GET /download/antlr-2.7.2.zip HTTP/1.0" 200 24576 "-" "Mozilla/4.0 (compatible; MSIE 6.0; Win32)"
80.58.4.237 - - [02/Sep/2003:06:17:38 -0700] "GET /download/antlr-2.7.2.zip HTTP/1.0" 200 24576 "-" "Mozilla/4.0 (compatible; MSIE 6.0; Win32)"
80.58.4.237 - - [02/Sep/2003:06:17:38 -0700] "GET /download/antlr-2.7.2.zip HTTP/1.0" 200 24576 "-" "Mozilla/4.0 (compatible; MSIE 6.0; Win32)"
80.58.4.237 - - [02/Sep/2003:06:17:38 -0700] "GET /download/antlr-2.7.2.zip HTTP/1.0" 200 24576 "-" "Mozilla/4.0 (compatible; MSIE 6.0; Win32)"
80.58.4.237 - - [02/Sep/2003:06:17:38 -0700] "GET /download/antlr-2.7.2.zip HTTP/1.0" 200 24576 "-" "Mozilla/4.0 (compatible; MSIE 6.0; Win32)"
80.58.4.237 - - [02/Sep/2003:06:17:38 -0700] "GET /download/antlr-2.7.2.zip HTTP/1.0" 200 24576 "-" "Mozilla/4.0 (compatible; MSIE 6.0; Win32)"
80.58.4.237 - - [02/Sep/2003:06:17:38 -0700] "GET /download/antlr-2.7.2.zip HTTP/1.0" 200 24576 "-" "Mozilla/4.0 (compatible; MSIE 6.0; Win32)"
80.58.4.237 - - [02/Sep/2003:06:17:38 -0700] "GET / HTTP/1.0" 200 11690 "-" "Jakarta Commons-HttpClient/2.0M1"
80.58.4.237 - - [02/Sep/2003:06:17:38 -0700] "GET /download/antlr-2.7.2.zip HTTP/1.0" 200 24576 "-" "Mozilla/4.0 (compatible; MSIE 6.0; Win32)"
80.58.4.237 - - [02/Sep/2003:06:17:38 -0700] "GET / HTTP/1.0" 200 11690 "-" "Jakarta Commons-HttpClient/2.0M1"
80.58.4.237 - - [02/Sep/2003:06:17:38 -0700] "GET / HTTP/1.0" 200 11690 "-" "Jakarta Commons-HttpClient/2.0M1"
80.58.4.237 - - [02/Sep/2003:06:17:38 -0700] "GET / HTTP/1.0" 200 11690 "-" "Jakarta Commons-HttpClient/2.0M1"
80.58.4.237 - - [02/Sep/2003:06:17:38 -0700] "GET / HTTP/1.0" 200 11690 "-" "Jakarta Commons-HttpClient/2.0M1"
80.58.4.237 - - [02/Sep/2003:06:17:39 -0700] "GET / HTTP/1.0" 200 11690 "-" "Jakarta Commons-HttpClient/2.0M1"
80.58.4.237 - - [02/Sep/2003:06:17:39 -0700] "GET / HTTP/1.0" 200 11690 "-" "Jakarta Commons-HttpClient/2.0M1"
80.58.4.237 - - [02/Sep/2003:06:17:40 -0700] "GET /download/antlr-2.7.2.zip HTTP/1.0" 200 24576 "-" "Mozilla/4.0 (compatible; MSIE 6.0; Win32)"
80.58.4.237 - - [02/Sep/2003:06:17:40 -0700] "GET / HTTP/1.0" 200 11690 "-" "Jakarta Commons-HttpClient/2.0M1"
80.58.4.237 - - [02/Sep/2003:06:17:40 -0700] "GET / HTTP/1.0" 200 11690 "-" "Jakarta Commons-HttpClient/2.0M1"
80.58.4.237 - - [02/Sep/2003:06:17:43 -0700] "GET / HTTP/1.0" 200 11690 "-" "Jakarta Commons-HttpClient/2.0M1"
80.58.4.237 - - [02/Sep/2003:06:17:45 -0700] "GET / HTTP/1.0" 200 11690 "-" "Jakarta Commons-HttpClient/2.0M1"
80.58.4.237 - - [02/Sep/2003:06:17:45 -0700] "GET / HTTP/1.0" 200 11690 "-" "Jakarta Commons-HttpClient/2.0M1"
80.58.4.237 - - [02/Sep/2003:06:17:48 -0700] "GET / HTTP/1.0" 200 11690 "-" "Jakarta Commons-HttpClient/2.0M1"
80.58.4.237 - - [02/Sep/2003:06:17:48 -0700] "GET / HTTP/1.0" 200 11690 "-" "Jakarta Commons-HttpClient/2.0M1"
80.58.4.237 - - [02/Sep/2003:06:17:48 -0700] "GET / HTTP/1.0" 200 11690 "-" "Jakarta Commons-HttpClient/2.0M1"
80.58.4.237 - - [02/Sep/2003:06:17:51 -0700] "GET / HTTP/1.0" 200 11690 "-" "Jakarta Commons-HttpClient/2.0M1"
80.58.4.237 - - [02/Sep/2003:06:17:55 -0700] "GET / HTTP/1.0" 200 11690 "-" "Jakarta Commons-HttpClient/2.0M1"
80.58.4.237 - - [02/Sep/2003:06:17:55 -0700] "GET / HTTP/1.0" 200 11575 "-" "Jakarta Commons-HttpClient/2.0M1"
80.58.4.237 - - [02/Sep/2003:06:17:55 -0700] "GET / HTTP/1.0" 200 11690 "-" "Jakarta Commons-HttpClient/2.0M1"
80.58.4.237 - - [02/Sep/2003:06:17:56 -0700] "GET / HTTP/1.0" 200 11690 "-" "Jakarta Commons-HttpClient/2.0M1"
80.58.4.237 - - [02/Sep/2003:06:17:56 -0700] "GET / HTTP/1.0" 200 11690 "-" "Jakarta Commons-HttpClient/2.0M1"
80.58.4.237 - - [02/Sep/2003:06:17:57 -0700] "GET / HTTP/1.0" 200 11690 "-" "Jakarta Commons-HttpClient/2.0M1"
80.58.4.237 - - [02/Sep/2003:06:18:44 -0700] "GET /download/antlr-2.7.2.zip HTTP/1.0" 200 24576 "-" "Mozilla/4.0 (compatible; MSIE 6.0; Win32)"
80.58.4.237 - - [02/Sep/2003:06:18:44 -0700] "GET /download/antlr-2.7.2.zip HTTP/1.0" 200 24576 "-" "Mozilla/4.0 (compatible; MSIE 6.0; Win32)"
80.58.4.237 - - [02/Sep/2003:06:18:44 -0700] "GET /download/antlr-2.7.2.zip HTTP/1.0" 200 24576 "-" "Mozilla/4.0 (compatible; MSIE 6.0; Win32)"
80.58.4.237 - - [02/Sep/2003:06:18:44 -0700] "GET /download/antlr-2.7.2.zip HTTP/1.0" 200 24576 "-" "Mozilla/4.0 (compatible; MSIE 6.0; Win32)"
80.58.4.237 - - [02/Sep/2003:06:18:44 -0700] "GET /download/antlr-2.7.2.zip HTTP/1.0" 200 24576 "-" "Mozilla/4.0 (compatible; MSIE 6.0; Win32)"
80.58.4.237 - - [02/Sep/2003:06:18:44 -0700] "GET /download/antlr-2.7.2.zip HTTP/1.0" 200 24576 "-" "Mozilla/4.0 (compatible; MSIE 6.0; Win32)"
80.58.4.237 - - [02/Sep/2003:06:18:44 -0700] "GET /download/antlr-2.7.2.zip HTTP/1.0" 200 16384 "-" "Mozilla/4.0 (compatible; MSIE 6.0; Win32)"
80.58.4.237 - - [02/Sep/2003:06:18:44 -0700] "GET /download/antlr-2.7.2.zip HTTP/1.0" 200 24576 "-" "Mozilla/4.0 (compatible; MSIE 6.0; Win32)"
80.58.4.237 - - [02/Sep/2003:06:18:45 -0700] "GET /download/antlr-2.7.2.zip HTTP/1.0" 200 24576 "-" "Mozilla/4.0 (compatible; MSIE 6.0; Win32)"
80.58.4.237 - - [02/Sep/2003:06:18:45 -0700] "GET /download/antlr-2.7.2.zip HTTP/1.0" 200 24576 "-" "Mozilla/4.0 (compatible; MSIE 6.0; Win32)"
80.58.4.237 - - [02/Sep/2003:06:18:47 -0700] "GET /download/antlr-2.7.2.zip HTTP/1.0" 200 24576 "-" "Mozilla/4.0 (compatible; MSIE 6.0; Win32)"
80.58.4.237 - - [02/Sep/2003:06:18:47 -0700] "GET /download/antlr-2.7.2.zip HTTP/1.0" 200 24576 "-" "Mozilla/4.0 (compatible; MSIE 6.0; Win32)"
80.58.4.237 - - [02/Sep/2003:06:18:48 -0700] "GET /download/antlr-2.7.2.zip HTTP/1.0" 200 24576 "-" "Mozilla/4.0 (compatible; MSIE 6.0; Win32)"
80.58.4.237 - - [02/Sep/2003:06:18:48 -0700] "GET /download/antlr-2.7.2.zip HTTP/1.0" 200 24576 "-" "Mozilla/4.0 (compatible; MSIE 6.0; Win32)"
80.58.4.237 - - [02/Sep/2003:06:18:48 -0700] "GET /download/antlr-2.7.2.zip HTTP/1.0" 200 16384 "-" "Mozilla/4.0 (compatible; MSIE 6.0; Win32)"
80.58.4.237 - - [02/Sep/2003:06:18:49 -0700] "GET /download/antlr-2.7.2.zip HTTP/1.0" 200 24576 "-" "Mozilla/4.0 (compatible; MSIE 6.0; Win32)"
80.58.4.237 - - [02/Sep/2003:06:18:49 -0700] "GET /download/antlr-2.7.2.zip HTTP/1.0" 200 24576 "-" "Mozilla/4.0 (compatible; MSIE 6.0; Win32)"
80.58.4.237 - - [02/Sep/2003:06:18:49 -0700] "GET /download/antlr-2.7.2.zip HTTP/1.0" 200 16384 "-" "Mozilla/4.0 (compatible; MSIE 6.0; Win32)"
80.58.4.237 - - [02/Sep/2003:06:18:50 -0700] "GET /download/antlr-2.7.2.zip HTTP/1.0" 200 24576 "-" "Mozilla/4.0 (compatible; MSIE 6.0; Win32)"
80.58.4.237 - - [02/Sep/2003:06:18:50 -0700] "GET /download/antlr-2.7.2.zip HTTP/1.0" 200 24576 "-" "Mozilla/4.0 (compatible; MSIE 6.0; Win32)"
80.58.4.237 - - [02/Sep/2003:06:18:50 -0700] "GET /download/antlr-2.7.2.zip HTTP/1.0" 200 24576 "-" "Mozilla/4.0 (compatible; MSIE 6.0; Win32)"
80.58.4.237 - - [02/Sep/2003:06:18:51 -0700] "GET /download/antlr-2.7.2.zip HTTP/1.0" 200 24576 "-" "Mozilla/4.0 (compatible; MSIE 6.0; Win32)"
80.58.4.237 - - [02/Sep/2003:06:18:51 -0700] "GET /download/antlr-2.7.2.zip HTTP/1.0" 200 24576 "-" "Mozilla/4.0 (compatible; MSIE 6.0; Win32)"
80.58.4.237 - - [02/Sep/2003:06:18:52 -0700] "GET /download/antlr-2.7.2.zip HTTP/1.0" 200 24576 "-" "Mozilla/4.0 (compatible; MSIE 6.0; Win32)"
80.58.4.237 - - [02/Sep/2003:06:18:52 -0700] "GET /download/antlr-2.7.2.zip HTTP/1.0" 200 24576 "-" "Mozilla/4.0 (compatible; MSIE 6.0; Win32)"
80.58.4.237 - - [02/Sep/2003:06:18:52 -0700] "GET /download/antlr-2.7.2.zip HTTP/1.0" 200 24576 "-" "Mozilla/4.0 (compatible; MSIE 6.0; Win32)"
80.58.4.237 - - [02/Sep/2003:06:18:56 -0700] "GET /download/antlr-2.7.2.zip HTTP/1.0" 200 24576 "-" "Mozilla/4.0 (compatible; MSIE 6.0; Win32)"
80.58.4.237 - - [02/Sep/2003:06:18:57 -0700] "GET /download/antlr-2.7.2.zip HTTP/1.0" 200 24576 "-" "Mozilla/4.0 (compatible; MSIE 6.0; Win32)"
80.58.4.237 - - [02/Sep/2003:06:18:57 -0700] "GET /download/antlr-2.7.2.zip HTTP/1.0" 200 24576 "-" "Mozilla/4.0 (compatible; MSIE 6.0; Win32)"
80.58.4.237 - - [02/Sep/2003:06:18:59 -0700] "GET /download/antlr-2.7.2.zip HTTP/1.0" 200 24576 "-" "Mozilla/4.0 (compatible; MSIE 6.0; Win32)"
80.58.4.237 - - [02/Sep/2003:06:19:00 -0700] "GET /download/antlr-2.7.2.zip HTTP/1.0" 200 24576 "-" "Mozilla/4.0 (compatible; MSIE 6.0; Win32)"
80.58.4.237 - - [02/Sep/2003:06:19:00 -0700] "GET /download/antlr-2.7.2.zip HTTP/1.0" 200 24576 "-" "Mozilla/4.0 (compatible; MSIE 6.0; Win32)"
80.58.4.237 - - [02/Sep/2003:06:19:03 -0700] "GET /download/antlr-2.7.2.zip HTTP/1.0" 200 24576 "-" "Mozilla/4.0 (compatible; MSIE 6.0; Win32)"
80.58.4.237 - - [02/Sep/2003:06:19:07 -0700] "GET /download/antlr-2.7.2.zip HTTP/1.0" 200 24576 "-" "Mozilla/4.0 (compatible; MSIE 6.0; Win32)"
80.58.4.237 - - [02/Sep/2003:06:19:07 -0700] "GET /download/antlr-2.7.2.zip HTTP/1.0" 200 24576 "-" "Mozilla/4.0 (compatible; MSIE 6.0; Win32)"
80.58.4.237 - - [02/Sep/2003:06:19:07 -0700] "GET /download/antlr-2.7.2.zip HTTP/1.0" 200 24576 "-" "Mozilla/4.0 (compatible; MSIE 6.0; Win32)"
80.58.4.237 - - [02/Sep/2003:06:19:07 -0700] "GET /download/antlr-2.7.2.zip HTTP/1.0" 200 24576 "-" "Mozilla/4.0 (compatible; MSIE 6.0; Win32)"
80.58.4.237 - - [02/Sep/2003:06:19:08 -0700] "GET /download/antlr-2.7.2.zip HTTP/1.0" 200 24576 "-" "Mozilla/4.0 (compatible; MSIE 6.0; Win32)"
80.58.4.237 - - [02/Sep/2003:06:19:08 -0700] "GET /download/antlr-2.7.2.zip HTTP/1.0" 200 24576 "-" "Mozilla/4.0 (compatible; MSIE 6.0; Win32)"
216.88.158.142 - - [02/Sep/2003:06:22:44 -0700] "GET /grammars/pascal/pascal.g HTTP/1.1" 200 6471 "-" "Mozilla/4.0 compatible ZyBorg/1.0 DLC (wn.zyborg@looksmart.net; http://www.WISEnutbot.com)"
213.122.216.178 - - [02/Sep/2003:06:23:28 -0700] "GET /images/shim.gif HTTP/1.1" 200 43 "http://www.antlr.org/" "Mozilla/4.0 (compatible; MSIE 5.5; Windows 98; BTOW V9.0; (R1 1.3))"
213.122.216.178 - - [02/Sep/2003:06:23:28 -0700] "GET / HTTP/1.1" 200 11690 "-" "Mozilla/4.0 (compatible; MSIE 5.5; Windows 98; BTOW V9.0; (R1 1.3))"
213.122.216.178 - - [02/Sep/2003:06:23:29 -0700] "GET /images/logo-head.gif HTTP/1.1" 200 4098 "http://www.antlr.org/" "Mozilla/4.0 (compatible; MSIE 5.5; Windows 98; BTOW V9.0; (R1 1.3))"
213.122.216.178 - - [02/Sep/2003:06:23:31 -0700] "GET /images/head-shim.gif HTTP/1.1" 200 158 "http://www.antlr.org/" "Mozilla/4.0 (compatible; MSIE 5.5; Windows 98; BTOW V9.0; (R1 1.3))"
213.122.216.178 - - [02/Sep/2003:06:23:31 -0700] "GET /images/button-download.gif HTTP/1.1" 200 733 "http://www.antlr.org/" "Mozilla/4.0 (compatible; MSIE 5.5; Windows 98; BTOW V9.0; (R1 1.3))"
213.122.216.178 - - [02/Sep/2003:06:23:32 -0700] "GET /images/search.gif HTTP/1.1" 200 299 "http://www.antlr.org/" "Mozilla/4.0 (compatible; MSIE 5.5; Windows 98; BTOW V9.0; (R1 1.3))"
213.122.216.178 - - [02/Sep/2003:06:23:32 -0700] "GET /images/parr-head.jpg HTTP/1.1" 200 3582 "http://www.antlr.org/" "Mozilla/4.0 (compatible; MSIE 5.5; Windows 98; BTOW V9.0; (R1 1.3))"
213.122.216.178 - - [02/Sep/2003:06:23:32 -0700] "GET /images/search-go.gif HTTP/1.1" 200 266 "http://www.antlr.org/" "Mozilla/4.0 (compatible; MSIE 5.5; Windows 98; BTOW V9.0; (R1 1.3))"
141.35.12.247 - - [02/Sep/2003:06:24:12 -0700] "GET / HTTP/1.1" 200 11690 "http://www.antlr.org/grammar/HTML" "Mozilla/5.0 (X11; U; Linux i686; en-US; rv:1.0.2) Gecko/20030716"
61.11.48.139 - - [02/Sep/2003:06:24:13 -0700] "GET /doc/getting-started.html HTTP/1.1" 200 11326 "-" "Mozilla/4.0 (compatible; MSIE 6.0; Windows NT 5.0; .NET CLR 1.1.4322)"
61.11.48.139 - - [02/Sep/2003:06:24:15 -0700] "GET /images/shim.gif HTTP/1.1" 304 - "http://www.antlr.org/doc/getting-started.html" "Mozilla/4.0 (compatible; MSIE 6.0; Windows NT 5.0; .NET CLR 1.1.4322)"
61.11.48.139 - - [02/Sep/2003:06:24:16 -0700] "GET /images/logo-head.gif HTTP/1.1" 304 - "http://www.antlr.org/doc/getting-started.html" "Mozilla/4.0 (compatible; MSIE 6.0; Windows NT 5.0; .NET CLR 1.1.4322)"
61.11.48.139 - - [02/Sep/2003:06:24:17 -0700] "GET /images/head-shim.gif HTTP/1.1" 304 - "http://www.antlr.org/doc/getting-started.html" "Mozilla/4.0 (compatible; MSIE 6.0; Windows NT 5.0; .NET CLR 1.1.4322)"
203.199.176.98 - - [02/Sep/2003:06:24:19 -0700] "GET /doc/index.html HTTP/1.0" 200 26469 "http://www.antlr.org/doc/getting-started.html" "Mozilla/5.0 (Windows; U; Windows NT 5.0; en-US; rv:1.4a) Gecko/20030409 Phoenix/0.5+"
203.199.176.98 - - [02/Sep/2003:06:24:19 -0700] "GET /article/list HTTP/1.0" 200 15911 "http://www.antlr.org/doc/getting-started.html" "Mozilla/5.0 (Windows; U; Windows NT 5.0; en-US; rv:1.4a) Gecko/20030409 Phoenix/0.5+"
203.199.176.98 - - [02/Sep/2003:06:24:23 -0700] "GET /images/button-add-article.gif HTTP/1.0" 200 579 "http://www.antlr.org/article/list" "Mozilla/5.0 (Windows; U; Windows NT 5.0; en-US; rv:1.4a) Gecko/20030409 Phoenix/0.5+"
61.11.48.139 - - [02/Sep/2003:06:24:31 -0700] "GET /images/button-download.gif HTTP/1.1" 304 - "http://www.antlr.org/doc/getting-started.html" "Mozilla/4.0 (compatible; MSIE 6.0; Windows NT 5.0; .NET CLR 1.1.4322)"
61.11.48.139 - - [02/Sep/2003:06:24:31 -0700] "GET /images/search.gif HTTP/1.1" 304 - "http://www.antlr.org/doc/getting-started.html" "Mozilla/4.0 (compatible; MSIE 6.0; Windows NT 5.0; .NET CLR 1.1.4322)"
61.11.48.139 - - [02/Sep/2003:06:24:32 -0700] "GET /images/search-go.gif HTTP/1.1" 304 - "http://www.antlr.org/doc/getting-started.html" "Mozilla/4.0 (compatible; MSIE 6.0; Windows NT 5.0; .NET CLR 1.1.4322)"
211.28.236.250 - - [02/Sep/2003:06:25:01 -0700] "GET / HTTP/1.1" 200 11690 "-" "Mozilla/5.0 (Windows; U; Windows NT 5.1; en-US; rv:1.5a) Gecko/20030728 Mozilla Firebird/0.6.1"
211.28.236.250 - - [02/Sep/2003:06:25:01 -0700] "GET /images/shim.gif HTTP/1.1" 200 43 "http://www.antlr.org/" "Mozilla/5.0 (Windows; U; Windows NT 5.1; en-US; rv:1.5a) Gecko/20030728 Mozilla Firebird/0.6.1"
211.28.236.250 - - [02/Sep/2003:06:25:01 -0700] "GET /images/logo-head.gif HTTP/1.1" 200 4098 "http://www.antlr.org/" "Mozilla/5.0 (Windows; U; Windows NT 5.1; en-US; rv:1.5a) Gecko/20030728 Mozilla Firebird/0.6.1"
211.28.236.250 - - [02/Sep/2003:06:25:02 -0700] "GET /favicon.ico HTTP/1.1" 404 173 "-" "Mozilla/5.0 (Windows; U; Windows NT 5.1; en-US; rv:1.5a) Gecko/20030728 Mozilla Firebird/0.6.1"
211.28.236.250 - - [02/Sep/2003:06:25:02 -0700] "GET /images/button-download.gif HTTP/1.1" 200 733 "http://www.antlr.org/" "Mozilla/5.0 (Windows; U; Windows NT 5.1; en-US; rv:1.5a) Gecko/20030728 Mozilla Firebird/0.6.1"
211.28.236.250 - - [02/Sep/2003:06:25:02 -0700] "GET /images/parr-head.jpg HTTP/1.1" 200 3582 "http://www.antlr.org/" "Mozilla/5.0 (Windows; U; Windows NT 5.1; en-US; rv:1.5a) Gecko/20030728 Mozilla Firebird/0.6.1"
211.28.236.250 - - [02/Sep/2003:06:25:02 -0700] "GET /images/search.gif HTTP/1.1" 200 299 "http://www.antlr.org/" "Mozilla/5.0 (Windows; U; Windows NT 5.1; en-US; rv:1.5a) Gecko/20030728 Mozilla Firebird/0.6.1"
211.28.236.250 - - [02/Sep/2003:06:25:02 -0700] "GET /images/search-go.gif HTTP/1.1" 200 266 "http://www.antlr.org/" "Mozilla/5.0 (Windows; U; Windows NT 5.1; en-US; rv:1.5a) Gecko/20030728 Mozilla Firebird/0.6.1"
203.199.176.98 - - [02/Sep/2003:06:25:04 -0700] "GET /book/index.html HTTP/1.0" 200 9357 "http://www.antlr.org/article/list" "Mozilla/5.0 (Windows; U; Windows NT 5.0; en-US; rv:1.4a) Gecko/20030409 Phoenix/0.5+"
203.199.176.98 - - [02/Sep/2003:06:25:09 -0700] "GET /article/langparse.html HTTP/1.0" 200 22670 "http://www.antlr.org/article/list" "Mozilla/5.0 (Windows; U; Windows NT 5.0; en-US; rv:1.4a) Gecko/20030409 Phoenix/0.5+"
203.199.176.98 - - [02/Sep/2003:06:25:10 -0700] "GET /logo.gif HTTP/1.0" 200 6455 "http://www.antlr.org/article/langparse.html" "Mozilla/5.0 (Windows; U; Windows NT 5.0; en-US; rv:1.4a) Gecko/20030409 Phoenix/0.5+"
203.199.176.98 - - [02/Sep/2003:06:25:13 -0700] "GET /article/needlook.html HTTP/1.0" 200 41059 "http://www.antlr.org/article/list" "Mozilla/5.0 (Windows; U; Windows NT 5.0; en-US; rv:1.4a) Gecko/20030409 Phoenix/0.5+"
203.199.176.98 - - [02/Sep/2003:06:25:13 -0700] "GET /logo.gif HTTP/1.0" 200 6455 "http://www.antlr.org/article/needlook.html" "Mozilla/5.0 (Windows; U; Windows NT 5.0; en-US; rv:1.4a) Gecko/20030409 Phoenix/0.5+"
203.199.176.98 - - [02/Sep/2003:06:25:15 -0700] "GET /article/1055550346383/antlr.ps HTTP/1.0" 200 125057 "http://www.antlr.org/article/list" "Mozilla/5.0 (Windows; U; Windows NT 5.0; en-US; rv:1.4a) Gecko/20030409 Phoenix/0.5+"
211.28.236.250 - - [02/Sep/2003:06:25:45 -0700] "GET /images/head-shim.gif HTTP/1.1" 200 158 "http://www.antlr.org/" "Mozilla/5.0 (Windows; U; Windows NT 5.1; en-US; rv:1.5a) Gecko/20030728 Mozilla Firebird/0.6.1"
211.167.0.132 - - [02/Sep/2003:06:25:52 -0700] "GET /pccts133.html HTTP/1.0" 200 18035 "-" "Mozilla/4.0 (compatible; MSIE 6.0; Windows NT 5.0; .NET CLR 1.1.4322)"
211.167.0.132 - - [02/Sep/2003:06:25:53 -0700] "GET /images/shim.gif HTTP/1.0" 304 - "-" "Mozilla/4.0 (compatible; MSIE 6.0; Windows NT 5.0; .NET CLR 1.1.4322)"
211.167.0.132 - - [02/Sep/2003:06:25:54 -0700] "GET /images/logo-head.gif HTTP/1.0" 304 - "-" "Mozilla/4.0 (compatible; MSIE 6.0; Windows NT 5.0; .NET CLR 1.1.4322)"
211.167.0.132 - - [02/Sep/2003:06:25:54 -0700] "GET /images/button-download.gif HTTP/1.0" 200 733 "-" "Mozilla/4.0 (compatible; MSIE 6.0; Windows NT 5.0; .NET CLR 1.1.4322)"
211.167.0.132 - - [02/Sep/2003:06:25:56 -0700] "GET /images/head-shim.gif HTTP/1.0" 200 158 "-" "Mozilla/4.0 (compatible; MSIE 6.0; Windows NT 5.0; .NET CLR 1.1.4322)"
211.28.236.250 - - [02/Sep/2003:06:26:01 -0700] "GET /doc/index.html HTTP/1.1" 200 26469 "http://www.antlr.org/" "Mozilla/5.0 (Windows; U; Windows NT 5.1; en-US; rv:1.5a) Gecko/20030728 Mozilla Firebird/0.6.1"
211.28.236.250 - - [02/Sep/2003:06:26:01 -0700] "GET /doc/getting-started.html HTTP/1.1" 200 11326 "http://www.antlr.org/" "Mozilla/5.0 (Windows; U; Windows NT 5.1; en-US; rv:1.5a) Gecko/20030728 Mozilla Firebird/0.6.1"
211.28.236.250 - - [02/Sep/2003:06:26:09 -0700] "GET /article/cutpaste/index.html HTTP/1.1" 200 10494 "http://www.antlr.org/doc/getting-started.html" "Mozilla/5.0 (Windows; U; Windows NT 5.1; en-US; rv:1.5a) Gecko/20030728 Mozilla Firebird/0.6.1"
203.199.176.98 - - [02/Sep/2003:06:26:14 -0700] "GET /logo.gif HTTP/1.0" 200 6455 "-" "Mozilla/5.0 (Windows; U; Windows NT 5.0; en-US; rv:1.4a) Gecko/20030409 Phoenix/0.5+"
203.199.176.98 - - [02/Sep/2003:06:26:15 -0700] "GET /article/junk_files/shim.gif HTTP/1.0" 200 6474 "http://www.antlr.org/article/langparse.html" "Mozilla/5.0 (Windows; U; Windows NT 5.0; en-US; rv:1.4a) Gecko/20030409 Phoenix/0.5+"
203.199.176.98 - - [02/Sep/2003:06:26:15 -0700] "GET /article/junk_files/logo-head.gif HTTP/1.0" 200 6479 "http://www.antlr.org/article/langparse.html" "Mozilla/5.0 (Windows; U; Windows NT 5.0; en-US; rv:1.4a) Gecko/20030409 Phoenix/0.5+"
203.199.176.98 - - [02/Sep/2003:06:26:15 -0700] "GET /article/junk_files/button-download.gif HTTP/1.0" 200 6485 "http://www.antlr.org/article/langparse.html" "Mozilla/5.0 (Windows; U; Windows NT 5.0; en-US; rv:1.4a) Gecko/20030409 Phoenix/0.5+"
203.199.176.98 - - [02/Sep/2003:06:26:15 -0700] "GET /article/junk_files/search.gif HTTP/1.0" 200 6476 "http://www.antlr.org/article/langparse.html" "Mozilla/5.0 (Windows; U; Windows NT 5.0; en-US; rv:1.4a) Gecko/20030409 Phoenix/0.5+"
217.206.208.226 - - [02/Sep/2003:06:26:22 -0700] "GET / HTTP/1.1" 200 11690 "http://uk.search.yahoo.com/search/ukie?p=antlr&y=y" "Mozilla/4.0 (compatible; MSIE 6.0; Windows NT 5.1; .NET CLR 1.0.3705; .NET CLR 1.1.4322)"
217.206.208.226 - - [02/Sep/2003:06:26:22 -0700] "GET /images/shim.gif HTTP/1.1" 200 43 "http://www.antlr.org/" "Mozilla/4.0 (compatible; MSIE 6.0; Windows NT 5.1; .NET CLR 1.0.3705; .NET CLR 1.1.4322)"
217.206.208.226 - - [02/Sep/2003:06:26:23 -0700] "GET /images/logo-head.gif HTTP/1.1" 200 4098 "http://www.antlr.org/" "Mozilla/4.0 (compatible; MSIE 6.0; Windows NT 5.1; .NET CLR 1.0.3705; .NET CLR 1.1.4322)"
217.206.208.226 - - [02/Sep/2003:06:26:23 -0700] "GET /images/head-shim.gif HTTP/1.1" 200 158 "http://www.antlr.org/" "Mozilla/4.0 (compatible; MSIE 6.0; Windows NT 5.1; .NET CLR 1.0.3705; .NET CLR 1.1.4322)"
217.206.208.226 - - [02/Sep/2003:06:26:23 -0700] "GET /images/button-download.gif HTTP/1.1" 200 733 "http://www.antlr.org/" "Mozilla/4.0 (compatible; MSIE 6.0; Windows NT 5.1; .NET CLR 1.0.3705; .NET CLR 1.1.4322)"
217.206.208.226 - - [02/Sep/2003:06:26:23 -0700] "GET /images/parr-head.jpg HTTP/1.1" 200 3582 "http://www.antlr.org/" "Mozilla/4.0 (compatible; MSIE 6.0; Windows NT 5.1; .NET CLR 1.0.3705; .NET CLR 1.1.4322)"
217.206.208.226 - - [02/Sep/2003:06:26:23 -0700] "GET /images/search.gif HTTP/1.1" 200 299 "http://www.antlr.org/" "Mozilla/4.0 (compatible; MSIE 6.0; Windows NT 5.1; .NET CLR 1.0.3705; .NET CLR 1.1.4322)"
217.206.208.226 - - [02/Sep/2003:06:26:23 -0700] "GET /images/search-go.gif HTTP/1.1" 200 266 "http://www.antlr.org/" "Mozilla/4.0 (compatible; MSIE 6.0; Windows NT 5.1; .NET CLR 1.0.3705; .NET CLR 1.1.4322)"
211.167.0.132 - - [02/Sep/2003:06:26:35 -0700] "GET /download.html HTTP/1.0" 200 9276 "http://www.antlr.org/pccts133.html" "Mozilla/4.0 (compatible; MSIE 6.0; Windows NT 5.0; .NET CLR 1.1.4322)"
203.199.176.98 - - [02/Sep/2003:06:26:36 -0700] "GET /logo.gif HTTP/1.0" 200 6455 "http://www.antlr.org/article/langparse.html" "Mozilla/5.0 (Windows; U; Windows NT 5.0; en-US; rv:1.4a) Gecko/20030409 Phoenix/0.5+"
211.159.67.78 - - [02/Sep/2003:06:26:36 -0700] "GET /images/shim.gif HTTP/1.0" 304 - "http://www.antlr.org/download.html" "Mozilla/4.0 (compatible; MSIE 6.0; Windows NT 5.0; .NET CLR 1.1.4322)"
211.159.67.78 - - [02/Sep/2003:06:26:36 -0700] "GET /images/logo-head.gif HTTP/1.0" 304 - "http://www.antlr.org/download.html" "Mozilla/4.0 (compatible; MSIE 6.0; Windows NT 5.0; .NET CLR 1.1.4322)"
211.159.67.78 - - [02/Sep/2003:06:26:36 -0700] "GET /images/head-shim.gif HTTP/1.0" 200 158 "http://www.antlr.org/download.html" "Mozilla/4.0 (compatible; MSIE 6.0; Windows NT 5.0; .NET CLR 1.1.4322)"
211.167.0.132 - - [02/Sep/2003:06:26:47 -0700] "GET /download.html HTTP/1.0" 200 9276 "http://www.antlr.org/pccts133.html" "Mozilla/4.0 (compatible; MSIE 6.0; Windows NT 5.0; .NET CLR 1.1.4322)"
81.196.150.94 - - [02/Sep/2003:06:27:14 -0700] "GET /grammar/java/JavaLexer.java HTTP/1.0" 200 51538 "http://www.antlr.org/grammar/java" "Mozilla/4.0 (compatible; MSIE 5.01; Windows NT 5.0; .NET CLR 1.1.4322)"
12.32.197.131 - - [02/Sep/2003:06:27:20 -0700] "GET / HTTP/1.1" 200 11690 "http://www.google.com/search?hl=en&ie=UTF-8&oe=UTF-8&q=antlr&btnG=Google+Search" "Mozilla/5.0 (Windows; U; Windows NT 5.0; en-US; rv:1.4b) Gecko/20030516 Mozilla Firebird/0.6"
12.32.197.131 - - [02/Sep/2003:06:27:21 -0700] "GET /images/shim.gif HTTP/1.1" 200 43 "http://www.antlr.org/" "Mozilla/5.0 (Windows; U; Windows NT 5.0; en-US; rv:1.4b) Gecko/20030516 Mozilla Firebird/0.6"
12.32.197.131 - - [02/Sep/2003:06:27:21 -0700] "GET /images/logo-head.gif HTTP/1.1" 200 4098 "http://www.antlr.org/" "Mozilla/5.0 (Windows; U; Windows NT 5.0; en-US; rv:1.4b) Gecko/20030516 Mozilla Firebird/0.6"
12.32.197.131 - - [02/Sep/2003:06:27:21 -0700] "GET /images/button-download.gif HTTP/1.1" 200 733 "http://www.antlr.org/" "Mozilla/5.0 (Windows; U; Windows NT 5.0; en-US; rv:1.4b) Gecko/20030516 Mozilla Firebird/0.6"
12.32.197.131 - - [02/Sep/2003:06:27:21 -0700] "GET /images/parr-head.jpg HTTP/1.1" 200 3582 "http://www.antlr.org/" "Mozilla/5.0 (Windows; U; Windows NT 5.0; en-US; rv:1.4b) Gecko/20030516 Mozilla Firebird/0.6"
12.32.197.131 - - [02/Sep/2003:06:27:21 -0700] "GET /images/search.gif HTTP/1.1" 200 299 "http://www.antlr.org/" "Mozilla/5.0 (Windows; U; Windows NT 5.0; en-US; rv:1.4b) Gecko/20030516 Mozilla Firebird/0.6"
12.32.197.131 - - [02/Sep/2003:06:27:21 -0700] "GET /images/search-go.gif HTTP/1.1" 200 266 "http://www.antlr.org/" "Mozilla/5.0 (Windows; U; Windows NT 5.0; en-US; rv:1.4b) Gecko/20030516 Mozilla Firebird/0.6"
12.32.197.131 - - [02/Sep/2003:06:27:21 -0700] "GET /favicon.ico HTTP/1.1" 404 173 "-" "Mozilla/5.0 (Windows; U; Windows NT 5.0; en-US; rv:1.4b) Gecko/20030516 Mozilla Firebird/0.6"
81.196.150.94 - - [02/Sep/2003:06:27:22 -0700] "GET /grammar/java/JavaLexer.java HTTP/1.0" 200 51538 "-" "Mozilla/4.0 (compatible; MSIE 5.01; Windows NT 5.0; .NET CLR 1.1.4322)"
12.32.197.131 - - [02/Sep/2003:06:27:26 -0700] "GET /images/head-shim.gif HTTP/1.1" 200 158 "http://www.antlr.org/" "Mozilla/5.0 (Windows; U; Windows NT 5.0; en-US; rv:1.4b) Gecko/20030516 Mozilla Firebird/0.6"
217.206.208.226 - - [02/Sep/2003:06:27:39 -0700] "GET /grammar/cpp HTTP/1.1" 200 8441 "http://www.antlr.org/" "Mozilla/4.0 (compatible; MSIE 6.0; Windows NT 5.1; .NET CLR 1.0.3705; .NET CLR 1.1.4322)"
210.5.30.232 - - [02/Sep/2003:06:27:42 -0700] "GET / HTTP/1.0" 200 11690 "http://www.antlr.org/download.html" "Mozilla/4.0 (compatible; MSIE 6.0; Windows NT 5.0; .NET CLR 1.1.4322)"
81.255.42.139 - - [02/Sep/2003:06:27:43 -0700] "GET / HTTP/1.1" 200 11690 "-" "Mozilla/4.78 [fr] (WinNT; U)"
211.159.67.78 - - [02/Sep/2003:06:27:43 -0700] "GET /images/logo-head.gif HTTP/1.0" 304 - "http://www.antlr.org/" "Mozilla/4.0 (compatible; MSIE 6.0; Windows NT 5.0; .NET CLR 1.1.4322)"
211.159.67.78 - - [02/Sep/2003:06:27:43 -0700] "GET /images/shim.gif HTTP/1.0" 304 - "http://www.antlr.org/" "Mozilla/4.0 (compatible; MSIE 6.0; Windows NT 5.0; .NET CLR 1.1.4322)"
211.159.67.78 - - [02/Sep/2003:06:27:43 -0700] "GET /images/head-shim.gif HTTP/1.0" 200 158 "http://www.antlr.org/" "Mozilla/4.0 (compatible; MSIE 6.0; Windows NT 5.0; .NET CLR 1.1.4322)"
81.255.42.139 - - [02/Sep/2003:06:27:43 -0700] "GET /images/shim.gif HTTP/1.1" 200 43 "http://www.anTLR.org/" "Mozilla/4.78 [fr] (WinNT; U)"
81.255.42.139 - - [02/Sep/2003:06:27:43 -0700] "GET /images/shim.gif HTTP/1.1" 200 43 "http://www.anTLR.org/" "Mozilla/4.78 [fr] (WinNT; U)"
81.255.42.139 - - [02/Sep/2003:06:27:43 -0700] "GET /images/logo-head.gif HTTP/1.1" 200 4098 "http://www.anTLR.org/" "Mozilla/4.78 [fr] (WinNT; U)"
81.255.42.139 - - [02/Sep/2003:06:27:43 -0700] "GET /images/button-download.gif HTTP/1.1" 200 733 "http://www.anTLR.org/" "Mozilla/4.78 [fr] (WinNT; U)"
81.255.42.139 - - [02/Sep/2003:06:27:43 -0700] "GET /images/parr-head.jpg HTTP/1.1" 200 3582 "http://www.anTLR.org/" "Mozilla/4.78 [fr] (WinNT; U)"
81.255.42.139 - - [02/Sep/2003:06:27:43 -0700] "GET /images/head-shim.gif HTTP/1.1" 200 158 "http://www.anTLR.org/" "Mozilla/4.78 [fr] (WinNT; U)"
81.255.42.139 - - [02/Sep/2003:06:27:43 -0700] "GET /images/search-go.gif HTTP/1.1" 200 266 "http://www.anTLR.org/" "Mozilla/4.78 [fr] (WinNT; U)"
81.255.42.139 - - [02/Sep/2003:06:27:43 -0700] "GET /images/search.gif HTTP/1.1" 200 299 "http://www.anTLR.org/" "Mozilla/4.78 [fr] (WinNT; U)"
61.152.210.131 - - [02/Sep/2003:06:27:44 -0700] "GET /images/button-download.gif HTTP/1.0" 200 733 "http://www.antlr.org/" "Mozilla/4.0 (compatible; MSIE 6.0; Windows NT 5.0; .NET CLR 1.1.4322)"
61.55.134.196 - - [02/Sep/2003:06:27:44 -0700] "GET /images/search-go.gif HTTP/1.0" 200 266 "http://www.antlr.org/" "Mozilla/4.0 (compatible; MSIE 6.0; Windows NT 5.0; .NET CLR 1.1.4322)"
81.255.42.139 - - [02/Sep/2003:06:27:48 -0700] "GET /doc/index.html HTTP/1.1" 200 26469 "http://www.anTLR.org/" "Mozilla/4.78 [fr] (WinNT; U)"
217.206.208.226 - - [02/Sep/2003:06:27:49 -0700] "GET /grammar/cpp/CPPDictionary.h HTTP/1.1" 200 2914 "http://www.antlr.org/grammar/cpp" "Mozilla/4.0 (compatible; MSIE 6.0; Windows NT 5.1; .NET CLR 1.0.3705; .NET CLR 1.1.4322)"
217.206.208.226 - - [02/Sep/2003:06:27:55 -0700] "GET /grammar/cpp HTTP/1.1" 200 8441 "http://www.antlr.org/" "Mozilla/4.0 (compatible; MSIE 6.0; Windows NT 5.1; .NET CLR 1.0.3705; .NET CLR 1.1.4322)"
217.206.208.226 - - [02/Sep/2003:06:27:58 -0700] "GET /grammar/cpp/CPPSymbol.h HTTP/1.1" 200 2796 "http://www.antlr.org/grammar/cpp" "Mozilla/4.0 (compatible; MSIE 6.0; Windows NT 5.1; .NET CLR 1.0.3705; .NET CLR 1.1.4322)"
217.206.208.226 - - [02/Sep/2003:06:28:01 -0700] "GET /grammar/cpp HTTP/1.1" 200 8441 "http://www.antlr.org/" "Mozilla/4.0 (compatible; MSIE 6.0; Windows NT 5.1; .NET CLR 1.0.3705; .NET CLR 1.1.4322)"
217.206.208.226 - - [02/Sep/2003:06:28:04 -0700] "GET /grammar/cpp/Dictionary.cpp HTTP/1.1" 200 11767 "http://www.antlr.org/grammar/cpp" "Mozilla/4.0 (compatible; MSIE 6.0; Windows NT 5.1; .NET CLR 1.0.3705; .NET CLR 1.1.4322)"
217.206.208.226 - - [02/Sep/2003:06:28:16 -0700] "GET /grammar/cpp HTTP/1.1" 200 8441 "http://www.antlr.org/" "Mozilla/4.0 (compatible; MSIE 6.0; Windows NT 5.1; .NET CLR 1.0.3705; .NET CLR 1.1.4322)"
12.32.197.131 - - [02/Sep/2003:06:28:20 -0700] "GET /about.html HTTP/1.1" 200 8707 "http://www.antlr.org/" "Mozilla/5.0 (Windows; U; Windows NT 5.0; en-US; rv:1.4b) Gecko/20030516 Mozilla Firebird/0.6"
217.206.208.226 - - [02/Sep/2003:06:28:20 -0700] "GET /grammar/list HTTP/1.1" 200 15685 "http://www.antlr.org/grammar/cpp" "Mozilla/4.0 (compatible; MSIE 6.0; Windows NT 5.1; .NET CLR 1.0.3705; .NET CLR 1.1.4322)"
217.206.208.226 - - [02/Sep/2003:06:28:21 -0700] "GET /images/button-add-grammar.gif HTTP/1.1" 200 664 "http://www.antlr.org/grammar/list" "Mozilla/4.0 (compatible; MSIE 6.0; Windows NT 5.1; .NET CLR 1.0.3705; .NET CLR 1.1.4322)"
12.32.197.131 - - [02/Sep/2003:06:28:30 -0700] "GET /download.html HTTP/1.1" 200 9276 "http://www.antlr.org/" "Mozilla/5.0 (Windows; U; Windows NT 5.0; en-US; rv:1.4b) Gecko/20030516 Mozilla Firebird/0.6"
80.48.246.196 - - [02/Sep/2003:06:28:42 -0700] "GET / HTTP/1.0" 200 11690 "http://www.google.pl/search?q=ANTLR&ie=ISO-8859-2&hl=pl&btnG=Szukaj+z+Google" "Opera/7.0 (Windows 2000; U) [en]"
80.48.246.196 - - [02/Sep/2003:06:28:43 -0700] "GET /images/head-shim.gif HTTP/1.0" 200 158 "http://www.antlr.org/" "Opera/7.0 (Windows 2000; U) [en]"
80.48.246.196 - - [02/Sep/2003:06:28:43 -0700] "GET /images/button-download.gif HTTP/1.0" 200 733 "http://www.antlr.org/" "Opera/7.0 (Windows 2000; U) [en]"
80.48.246.196 - - [02/Sep/2003:06:28:43 -0700] "GET /images/parr-head.jpg HTTP/1.0" 200 3582 "http://www.antlr.org/" "Opera/7.0 (Windows 2000; U) [en]"
80.48.246.196 - - [02/Sep/2003:06:28:43 -0700] "GET /images/logo-head.gif HTTP/1.0" 200 4098 "http://www.antlr.org/" "Opera/7.0 (Windows 2000; U) [en]"
80.48.246.196 - - [02/Sep/2003:06:28:43 -0700] "GET /images/search-go.gif HTTP/1.0" 200 266 "http://www.antlr.org/" "Opera/7.0 (Windows 2000; U) [en]"
80.48.246.196 - - [02/Sep/2003:06:28:43 -0700] "GET /images/search.gif HTTP/1.0" 200 299 "http://www.antlr.org/" "Opera/7.0 (Windows 2000; U) [en]"
211.167.0.132 - - [02/Sep/2003:06:28:48 -0700] "GET /download/antlr-2.7.2.zip HTTP/1.0" 200 1943296 "-" "Mozilla/4.0 (compatible; MSIE 6.0; Windows NT 5.0; .NET CLR 1.1.4322)"
211.167.0.132 - - [02/Sep/2003:06:28:52 -0700] "GET /images/shim.gif HTTP/1.0" 304 - "http://www.antlr.org/doc/index.html" "Mozilla/4.0 (compatible; MSIE 6.0; Windows NT 5.0; .NET CLR 1.1.4322)"
61.175.193.194 - - [02/Sep/2003:06:28:52 -0700] "GET /doc/index.html HTTP/1.0" 200 26469 "http://www.antlr.org/" "Mozilla/4.0 (compatible; MSIE 6.0; Windows NT 5.0; .NET CLR 1.1.4322)"
61.152.210.131 - - [02/Sep/2003:06:28:52 -0700] "GET /images/logo-head.gif HTTP/1.0" 304 - "http://www.antlr.org/doc/index.html" "Mozilla/4.0 (compatible; MSIE 6.0; Windows NT 5.0; .NET CLR 1.1.4322)"
61.55.134.196 - - [02/Sep/2003:06:28:54 -0700] "GET /images/search.gif HTTP/1.0" 200 299 "http://www.antlr.org/doc/index.html" "Mozilla/4.0 (compatible; MSIE 6.0; Windows NT 5.0; .NET CLR 1.1.4322)"
81.255.42.139 - - [02/Sep/2003:06:29:01 -0700] "GET /download.html HTTP/1.1" 200 9276 "http://www.anTLR.org/doc/index.html" "Mozilla/4.78 [fr] (WinNT; U)"
80.48.246.196 - - [02/Sep/2003:06:29:06 -0700] "GET /download.html HTTP/1.0" 200 9276 "http://www.antlr.org/" "Opera/7.0 (Windows 2000; U) [en]"
211.159.67.78 - - [02/Sep/2003:06:29:06 -0700] "GET /download/antlr-2.5.0.zip HTTP/1.0" 200 842969 "-" "Mozilla/4.0 (compatible; MSIE 6.0; Windows NT 5.0; .NET CLR 1.1.4322)"
81.196.150.94 - - [02/Sep/2003:06:29:06 -0700] "GET /grammar/java/JavaTokenTypes.txt HTTP/1.0" 200 2583 "http://www.antlr.org/grammar/java" "Mozilla/4.0 (compatible; MSIE 5.01; Windows NT 5.0; .NET CLR 1.1.4322)"
80.48.246.196 - - [02/Sep/2003:06:29:07 -0700] "GET /images/shim.gif HTTP/1.0" 200 43 "http://www.antlr.org/download.html" "Opera/7.0 (Windows 2000; U) [en]"
211.159.67.78 - - [02/Sep/2003:06:29:14 -0700] "GET /download/antlr-2.6.0.zip HTTP/1.0" 200 975289 "-" "Mozilla/4.0 (compatible; MSIE 6.0; Windows NT 5.0; .NET CLR 1.1.4322)"
211.159.67.78 - - [02/Sep/2003:06:29:26 -0700] "GET /download/antlr-2.7.0.zip HTTP/1.0" 200 1291672 "-" "Mozilla/4.0 (compatible; MSIE 6.0; Windows NT 5.0; .NET CLR 1.1.4322)"
80.48.246.196 - - [02/Sep/2003:06:29:35 -0700] "GET /doc/index.html HTTP/1.0" 200 26469 "http://www.antlr.org/download.html" "Opera/7.0 (Windows 2000; U) [en]"
81.255.42.139 - - [02/Sep/2003:06:29:40 -0700] "GET /doc/getting-started.html HTTP/1.1" 200 11326 "http://www.anTLR.org/download.html" "Mozilla/4.78 [fr] (WinNT; U)"
80.48.246.196 - - [02/Sep/2003:06:30:16 -0700] "GET /images/shim.gif HTTP/1.0" 200 43 "http://www.antlr.org/" "Opera/7.0 (Windows 2000; U) [en]"
159.149.157.151 - - [02/Sep/2003:06:30:34 -0700] "GET /grammar/list HTTP/1.1" 200 15685 "http://www.antlr.org/" "Mozilla/4.0 (compatible; MSIE 6.0; Windows NT 5.0; .NET CLR 1.0.3705)"
159.149.157.151 - - [02/Sep/2003:06:30:35 -0700] "GET /images/button-add-grammar.gif HTTP/1.1" 304 - "http://www.antlr.org/grammar/list" "Mozilla/4.0 (compatible; MSIE 6.0; Windows NT 5.0; .NET CLR 1.0.3705)"
81.255.42.139 - - [02/Sep/2003:06:30:36 -0700] "GET /download/antlr-2.7.2.tar.gz HTTP/1.1" 200 1557051 "http://www.anTLR.org/download.html" "Mozilla/4.78 [fr] (WinNT; U)"
159.149.157.151 - - [02/Sep/2003:06:30:41 -0700] "GET /grammar/ada HTTP/1.1" 200 8383 "http://www.antlr.org/grammar/list" "Mozilla/4.0 (compatible; MSIE 6.0; Windows NT 5.0; .NET CLR 1.0.3705)"
159.149.157.151 - - [02/Sep/2003:06:30:44 -0700] "GET /grammar/ada/TREMULA HTTP/1.1" 200 6687 "http://www.antlr.org/grammar/ada" "Mozilla/4.0 (compatible; MSIE 6.0; Windows NT 5.0; .NET CLR 1.0.3705)"
159.149.157.151 - - [02/Sep/2003:06:30:46 -0700] "GET /grammar/ada HTTP/1.1" 200 8383 "http://www.antlr.org/grammar/list" "Mozilla/4.0 (compatible; MSIE 6.0; Windows NT 5.0; .NET CLR 1.0.3705)"
159.149.157.151 - - [02/Sep/2003:06:30:49 -0700] "GET /grammar/ada/choptree HTTP/1.1" 200 636 "http://www.antlr.org/grammar/ada" "Mozilla/4.0 (compatible; MSIE 6.0; Windows NT 5.0; .NET CLR 1.0.3705)"
159.149.157.151 - - [02/Sep/2003:06:30:51 -0700] "GET /grammar/ada HTTP/1.1" 200 8383 "http://www.antlr.org/grammar/list" "Mozilla/4.0 (compatible; MSIE 6.0; Windows NT 5.0; .NET CLR 1.0.3705)"
159.149.157.151 - - [02/Sep/2003:06:31:20 -0700] "GET /grammar/ada/ada_utils.hpp HTTP/1.1" 200 357 "http://www.antlr.org/grammar/ada" "Mozilla/4.0 (compatible; MSIE 6.0; Windows NT 5.0; .NET CLR 1.0.3705)"
159.149.157.151 - - [02/Sep/2003:06:31:24 -0700] "GET /grammar/list HTTP/1.1" 200 15685 "http://www.antlr.org/" "Mozilla/4.0 (compatible; MSIE 6.0; Windows NT 5.0; .NET CLR 1.0.3705)"
159.149.157.151 - - [02/Sep/2003:06:31:28 -0700] "GET /about.html HTTP/1.1" 200 8707 "http://www.antlr.org/grammar/list" "Mozilla/4.0 (compatible; MSIE 6.0; Windows NT 5.0; .NET CLR 1.0.3705)"
128.240.229.7 - - [02/Sep/2003:06:32:08 -0700] "GET /support.html HTTP/1.0" 200 10899 "-" "Mozilla/4.0 (compatible; MSIE 6.0; Windows NT 5.0)"
195.148.64.182 - - [02/Sep/2003:06:32:33 -0700] "GET /papers/when.to.avoid.xml.html HTTP/1.1" 302 161 "-" "Mozilla/4.0 (compatible; grub-client-0.3.0; Crawl your own stuff with http://grub.org)"
203.199.176.98 - - [02/Sep/2003:06:32:33 -0700] "GET /doc/getting-started.html HTTP/1.0" 200 11326 "-" "Mozilla/5.0 (Windows; U; Windows NT 5.0; en-US; rv:1.4a) Gecko/20030409 Phoenix/0.5+"
203.199.176.98 - - [02/Sep/2003:06:32:33 -0700] "GET /article/cutpaste/index.html HTTP/1.0" 200 10494 "-" "Mozilla/5.0 (Windows; U; Windows NT 5.0; en-US; rv:1.4a) Gecko/20030409 Phoenix/0.5+"
203.199.176.98 - - [02/Sep/2003:06:32:34 -0700] "GET /article/firstgr/index.html HTTP/1.0" 200 14192 "-" "Mozilla/5.0 (Windows; U; Windows NT 5.0; en-US; rv:1.4a) Gecko/20030409 Phoenix/0.5+"
80.48.246.196 - - [02/Sep/2003:06:33:01 -0700] "GET /doc/runtime.html HTTP/1.0" 200 49604 "http://www.antlr.org/doc/index.html" "Opera/7.0 (Windows 2000; U) [en]"
80.48.246.196 - - [02/Sep/2003:06:33:08 -0700] "GET /download/antlr-2.7.2.zip HTTP/1.0" 200 1943296 "http://www.antlr.org/download.html" "Opera/7.0 (Windows 2000; U) [en]"
217.206.208.226 - - [02/Sep/2003:06:35:08 -0700] "GET /grammar/IDL HTTP/1.1" 200 7820 "http://www.antlr.org/grammar/list" "Mozilla/4.0 (compatible; MSIE 6.0; Windows NT 5.1; .NET CLR 1.0.3705; .NET CLR 1.1.4322)"
217.206.208.226 - - [02/Sep/2003:06:35:13 -0700] "GET /grammar/IDL/idl.g HTTP/1.1" 200 11611 "http://www.antlr.org/grammar/IDL" "Mozilla/4.0 (compatible; MSIE 6.0; Windows NT 5.1; .NET CLR 1.0.3705; .NET CLR 1.1.4322)"
217.206.208.226 - - [02/Sep/2003:06:35:22 -0700] "GET /grammar/IDL HTTP/1.1" 200 7820 "http://www.antlr.org/grammar/list" "Mozilla/4.0 (compatible; MSIE 6.0; Windows NT 5.1; .NET CLR 1.0.3705; .NET CLR 1.1.4322)"
217.206.208.226 - - [02/Sep/2003:06:35:23 -0700] "GET /grammar/list HTTP/1.1" 200 15685 "http://www.antlr.org/grammar/cpp" "Mozilla/4.0 (compatible; MSIE 6.0; Windows NT 5.1; .NET CLR 1.0.3705; .NET CLR 1.1.4322)"
217.206.208.226 - - [02/Sep/2003:06:35:25 -0700] "GET /grammar/cpp HTTP/1.1" 200 8441 "http://www.antlr.org/" "Mozilla/4.0 (compatible; MSIE 6.0; Windows NT 5.1; .NET CLR 1.0.3705; .NET CLR 1.1.4322)"
217.206.208.226 - - [02/Sep/2003:06:35:28 -0700] "GET /download.html HTTP/1.1" 200 9276 "http://www.antlr.org/grammar/cpp" "Mozilla/4.0 (compatible; MSIE 6.0; Windows NT 5.1; .NET CLR 1.0.3705; .NET CLR 1.1.4322)"
217.206.208.226 - - [02/Sep/2003:06:35:44 -0700] "GET /doc/index.html HTTP/1.1" 200 26469 "http://www.antlr.org/download.html" "Mozilla/4.0 (compatible; MSIE 6.0; Windows NT 5.1; .NET CLR 1.0.3705; .NET CLR 1.1.4322)"
217.206.208.226 - - [02/Sep/2003:06:35:45 -0700] "GET /images/shim.gif HTTP/1.1" 304 - "http://www.antlr.org/doc/index.html" "Mozilla/4.0 (compatible; MSIE 6.0; Windows NT 5.1; .NET CLR 1.0.3705; .NET CLR 1.1.4322)"
217.206.208.226 - - [02/Sep/2003:06:35:45 -0700] "GET /images/logo-head.gif HTTP/1.1" 304 - "http://www.antlr.org/doc/index.html" "Mozilla/4.0 (compatible; MSIE 6.0; Windows NT 5.1; .NET CLR 1.0.3705; .NET CLR 1.1.4322)"
217.206.208.226 - - [02/Sep/2003:06:35:46 -0700] "GET /images/head-shim.gif HTTP/1.1" 304 - "http://www.antlr.org/doc/index.html" "Mozilla/4.0 (compatible; MSIE 6.0; Windows NT 5.1; .NET CLR 1.0.3705; .NET CLR 1.1.4322)"
217.206.208.226 - - [02/Sep/2003:06:35:47 -0700] "GET /images/button-download.gif HTTP/1.1" 304 - "http://www.antlr.org/doc/index.html" "Mozilla/4.0 (compatible; MSIE 6.0; Windows NT 5.1; .NET CLR 1.0.3705; .NET CLR 1.1.4322)"
217.206.208.226 - - [02/Sep/2003:06:35:47 -0700] "GET /images/search.gif HTTP/1.1" 304 - "http://www.antlr.org/doc/index.html" "Mozilla/4.0 (compatible; MSIE 6.0; Windows NT 5.1; .NET CLR 1.0.3705; .NET CLR 1.1.4322)"
217.206.208.226 - - [02/Sep/2003:06:35:47 -0700] "GET /images/search-go.gif HTTP/1.1" 304 - "http://www.antlr.org/doc/index.html" "Mozilla/4.0 (compatible; MSIE 6.0; Windows NT 5.1; .NET CLR 1.0.3705; .NET CLR 1.1.4322)"
217.206.208.226 - - [02/Sep/2003:06:35:49 -0700] "GET /download/antlr-2.7.2.zip HTTP/1.1" 200 1943296 "http://www.antlr.org/download.html" "Mozilla/4.0 (compatible; MSIE 6.0; Windows NT 5.1; .NET CLR 1.0.3705; .NET CLR 1.1.4322)"
63.117.239.50 - - [02/Sep/2003:06:35:51 -0700] "GET / HTTP/1.1" 200 11690 "-" "Mozilla/4.0 (compatible; MSIE 6.0; Windows NT 5.0)"
63.117.239.50 - - [02/Sep/2003:06:35:51 -0700] "GET /images/shim.gif HTTP/1.1" 200 43 "http://www.antlr.org" "Mozilla/4.0 (compatible; MSIE 6.0; Windows NT 5.0)"
63.117.239.50 - - [02/Sep/2003:06:35:51 -0700] "GET /images/logo-head.gif HTTP/1.1" 200 4098 "http://www.antlr.org" "Mozilla/4.0 (compatible; MSIE 6.0; Windows NT 5.0)"
63.117.239.50 - - [02/Sep/2003:06:35:51 -0700] "GET /images/button-download.gif HTTP/1.1" 200 733 "http://www.antlr.org" "Mozilla/4.0 (compatible; MSIE 6.0; Windows NT 5.0)"
63.117.239.50 - - [02/Sep/2003:06:35:51 -0700] "GET /images/parr-head.jpg HTTP/1.1" 200 3582 "http://www.antlr.org" "Mozilla/4.0 (compatible; MSIE 6.0; Windows NT 5.0)"
63.117.239.50 - - [02/Sep/2003:06:35:51 -0700] "GET /images/head-shim.gif HTTP/1.1" 200 158 "http://www.antlr.org" "Mozilla/4.0 (compatible; MSIE 6.0; Windows NT 5.0)"
63.117.239.50 - - [02/Sep/2003:06:35:51 -0700] "GET /images/search.gif HTTP/1.1" 200 299 "http://www.antlr.org" "Mozilla/4.0 (compatible; MSIE 6.0; Windows NT 5.0)"
63.117.239.50 - - [02/Sep/2003:06:35:51 -0700] "GET /images/search-go.gif HTTP/1.1" 200 266 "http://www.antlr.org" "Mozilla/4.0 (compatible; MSIE 6.0; Windows NT 5.0)"
217.206.208.226 - - [02/Sep/2003:06:35:57 -0700] "GET /doc/metalang.html HTTP/1.1" 200 52606 "http://www.antlr.org/doc/index.html" "Mozilla/4.0 (compatible; MSIE 6.0; Windows NT 5.1; .NET CLR 1.0.3705; .NET CLR 1.1.4322)"
217.206.208.226 - - [02/Sep/2003:06:35:58 -0700] "GET /doc/subrule.gif HTTP/1.1" 200 1887 "http://www.antlr.org/doc/metalang.html" "Mozilla/4.0 (compatible; MSIE 6.0; Windows NT 5.1; .NET CLR 1.0.3705; .NET CLR 1.1.4322)"
217.206.208.226 - - [02/Sep/2003:06:35:58 -0700] "GET /doc/optional.gif HTTP/1.1" 200 2018 "http://www.antlr.org/doc/metalang.html" "Mozilla/4.0 (compatible; MSIE 6.0; Windows NT 5.1; .NET CLR 1.0.3705; .NET CLR 1.1.4322)"
217.206.208.226 - - [02/Sep/2003:06:35:58 -0700] "GET /doc/closure.gif HTTP/1.1" 200 2166 "http://www.antlr.org/doc/metalang.html" "Mozilla/4.0 (compatible; MSIE 6.0; Windows NT 5.1; .NET CLR 1.0.3705; .NET CLR 1.1.4322)"
217.206.208.226 - - [02/Sep/2003:06:35:58 -0700] "GET /doc/posclosure.gif HTTP/1.1" 200 2031 "http://www.antlr.org/doc/metalang.html" "Mozilla/4.0 (compatible; MSIE 6.0; Windows NT 5.1; .NET CLR 1.0.3705; .NET CLR 1.1.4322)"
195.166.237.40 - - [02/Sep/2003:06:36:00 -0700] "GET / HTTP/1.1" 200 11690 "-" "Mozilla/4.0 (compatible; MSIE 6.0; Windows 98)"
24.156.118.178 - - [02/Sep/2003:06:37:19 -0700] "GET /doc/glossary.html HTTP/1.1" 200 31009 "http://www.google.ca/search?q=difference+follow+lookahead&ie=UTF-8&oe=UTF-8&hl=en&meta=" "Mozilla/4.0 (compatible; MSIE 6.0; Windows NT 5.0)"
24.156.118.178 - - [02/Sep/2003:06:37:23 -0700] "GET / HTTP/1.1" 200 11690 "http://www.antlr.org/doc/glossary.html" "Mozilla/4.0 (compatible; MSIE 6.0; Windows NT 5.0)"
24.156.118.178 - - [02/Sep/2003:06:37:23 -0700] "GET /images/parr-head.jpg HTTP/1.1" 200 3582 "http://www.antlr.org/" "Mozilla/4.0 (compatible; MSIE 6.0; Windows NT 5.0)"
24.156.118.178 - - [02/Sep/2003:06:38:01 -0700] "GET /testimonial/list HTTP/1.1" 200 12509 "http://www.antlr.org/" "Mozilla/4.0 (compatible; MSIE 6.0; Windows NT 5.0)"
24.156.118.178 - - [02/Sep/2003:06:38:02 -0700] "GET /images/button-testimonial.gif HTTP/1.1" 200 701 "http://www.antlr.org/testimonial/list" "Mozilla/4.0 (compatible; MSIE 6.0; Windows NT 5.0)"
200.152.193.108 - - [02/Sep/2003:06:38:04 -0700] "GET / HTTP/1.0" 200 11690 "-" "Mozilla/4.0 (compatible; MSIE 5.5; Windows NT 5.0)"
200.152.193.108 - - [02/Sep/2003:06:38:04 -0700] "GET /images/shim.gif HTTP/1.0" 200 43 "http://www.antlr.org/" "Mozilla/4.0 (compatible; MSIE 5.5; Windows NT 5.0)"
200.152.193.108 - - [02/Sep/2003:06:38:04 -0700] "GET /images/head-shim.gif HTTP/1.0" 200 158 "http://www.antlr.org/" "Mozilla/4.0 (compatible; MSIE 5.5; Windows NT 5.0)"
200.152.193.108 - - [02/Sep/2003:06:38:04 -0700] "GET /images/button-download.gif HTTP/1.0" 200 733 "http://www.antlr.org/" "Mozilla/4.0 (compatible; MSIE 5.5; Windows NT 5.0)"
200.152.193.108 - - [02/Sep/2003:06:38:04 -0700] "GET /images/parr-head.jpg HTTP/1.0" 200 3582 "http://www.antlr.org/" "Mozilla/4.0 (compatible; MSIE 5.5; Windows NT 5.0)"
200.152.193.108 - - [02/Sep/2003:06:38:04 -0700] "GET /images/search-go.gif HTTP/1.0" 200 266 "http://www.antlr.org/" "Mozilla/4.0 (compatible; MSIE 5.5; Windows NT 5.0)"
200.152.193.108 - - [02/Sep/2003:06:38:04 -0700] "GET /images/search.gif HTTP/1.0" 200 299 "http://www.antlr.org/" "Mozilla/4.0 (compatible; MSIE 5.5; Windows NT 5.0)"
200.152.193.108 - - [02/Sep/2003:06:38:07 -0700] "GET /images/logo-head.gif HTTP/1.0" 200 4098 "http://www.antlr.org/" "Mozilla/4.0 (compatible; MSIE 5.5; Windows NT 5.0)"
217.206.208.226 - - [02/Sep/2003:06:38:09 -0700] "GET /doc/index.html HTTP/1.1" 200 26469 "http://www.antlr.org/download.html" "Mozilla/4.0 (compatible; MSIE 6.0; Windows NT 5.1; .NET CLR 1.0.3705; .NET CLR 1.1.4322)"
217.206.208.226 - - [02/Sep/2003:06:38:21 -0700] "GET /doc/sor.html HTTP/1.1" 200 22139 "http://www.antlr.org/doc/index.html" "Mozilla/4.0 (compatible; MSIE 6.0; Windows NT 5.1; .NET CLR 1.0.3705; .NET CLR 1.1.4322)"
211.28.236.250 - - [02/Sep/2003:06:38:26 -0700] "GET /book/byhand.pdf HTTP/1.1" 200 93253 "http://www.antlr.org/doc/getting-started.html" "Mozilla/5.0 (Windows; U; Windows NT 5.1; en-US; rv:1.5a) Gecko/20030728 Mozilla Firebird/0.6.1"
217.206.208.226 - - [02/Sep/2003:06:38:40 -0700] "GET /showcase/list HTTP/1.1" 200 13108 "http://www.antlr.org/doc/sor.html" "Mozilla/4.0 (compatible; MSIE 6.0; Windows NT 5.1; .NET CLR 1.0.3705; .NET CLR 1.1.4322)"
217.206.208.226 - - [02/Sep/2003:06:38:40 -0700] "GET /images/button-add-showcase.gif HTTP/1.1" 200 682 "http://www.antlr.org/showcase/list" "Mozilla/4.0 (compatible; MSIE 6.0; Windows NT 5.1; .NET CLR 1.0.3705; .NET CLR 1.1.4322)"
200.152.193.108 - - [02/Sep/2003:06:38:43 -0700] "GET /download.html HTTP/1.0" 200 9276 "http://www.antlr.org/" "Mozilla/4.0 (compatible; MSIE 5.5; Windows NT 5.0)"
217.206.208.226 - - [02/Sep/2003:06:38:45 -0700] "GET /testimonial/list HTTP/1.1" 200 12509 "http://www.antlr.org/showcase/list" "Mozilla/4.0 (compatible; MSIE 6.0; Windows NT 5.1; .NET CLR 1.0.3705; .NET CLR 1.1.4322)"
217.206.208.226 - - [02/Sep/2003:06:38:46 -0700] "GET /images/button-testimonial.gif HTTP/1.1" 200 701 "http://www.antlr.org/testimonial/list" "Mozilla/4.0 (compatible; MSIE 6.0; Windows NT 5.1; .NET CLR 1.0.3705; .NET CLR 1.1.4322)"
