192.118.48.248 - - [02/Sep/2003:05:52:31 -0700] "GET /news/list HTTP/1.1" 200 8648 "http://www.antlr.org/error.jsp?msg=Problems+extracting+content%2Ftitle+from+file+%2Fbuybook.html%3A+null" "Mozilla/4.0 (compatible; MSIE 5.0; Windows 98)"
192.118.48.248 - - [02/Sep/2003:05:52:32 -0700] "GET /tool/list HTTP/1.1" 302 102 "http://www.antlr.org/error.jsp?msg=Problems+extracting+content%2Ftitle+from+file+%2Fbuybook.html%3A+null" "Mozilla/4.0 (compatible; MSIE 5.0; Windows 98)"
192.118.48.248 - - [02/Sep/2003:05:52:32 -0700] "GET /grammar/list HTTP/1.1" 200 15685 "http://www.antlr.org/error.jsp?msg=Problems+extracting+content%2Ftitle+from+file+%2Fbuybook.html%3A+null" "Mozilla/4.0 (compatible; MSIE 5.0; Windows 98)"
192.118.48.248 - - [02/Sep/2003:05:52:32 -0700] "GET /error.jsp?msg=No+such+resource+type%3A+download HTTP/1.1" 200 6432 "http://www.antlr.org/error.jsp?msg=Problems+extracting+content%2Ftitle+from+file+%2Fbuybook.html%3A+null" "Mozilla/4.0 (compatible; MSIE 5.0; Windows 98)"
192.118.48.248 - - [02/Sep/2003:05:52:32 -0700] "GET /error.jsp?msg=No+such+resource+type%3A+tool HTTP/1.1" 200 6428 "http://www.antlr.org/error.jsp?msg=Problems+extracting+content%2Ftitle+from+file+%2Fbuybook.html%3A+null" "Mozilla/4.0 (compatible; MSIE 5.0; Windows 98)"
192.118.48.248 - - [02/Sep/2003:05:52:32 -0700] "GET /showcase/list HTTP/1.1" 200 13108 "http://www.antlr.org/error.jsp?msg=Problems+extracting+content%2Ftitle+from+file+%2Fbuybook.html%3A+null" "Mozilla/4.0 (compatible; MSIE 5.0; Windows 98)"
192.118.48.248 - - [02/Sep/2003:05:52:32 -0700] "GET /testimonial/list HTTP/1.1" 200 12509 "http://www.antlr.org/error.jsp?msg=Problems+extracting+content%2Ftitle+from+file+%2Fbuybook.html%3A+null" "Mozilla/4.0 (compatible; MSIE 5.0; Windows 98)"
192.118.48.248 - - [02/Sep/2003:05:52:34 -0700] "GET /doc/index.html HTTP/1.1" 200 26469 "http://www.antlr.org/error.jsp?msg=Problems+extracting+content%2Ftitle+from+file+%2Fbuybook.html%3A+null" "Mozilla/4.0 (compatible; MSIE 5.0; Windows 98)"
208.234.207.67 - - [02/Sep/2003:05:54:46 -0700] "GET /resources.html HTTP/1.1" 302 144 "http://dmoz.org/Computers/Programming/Compilers/Compiler_Construction_Kits/ANTLR/" "Mozilla/5.0 (Windows; U; Windows NT 5.1; en-US; rv:1.4b) Gecko/20030507"
208.234.207.67 - - [02/Sep/2003:05:54:46 -0700] "GET /error.jsp?msg=Problems+extracting+content%2Ftitle+from+file+%2Fresources.html%3A+null HTTP/1.1" 200 6466 "http://dmoz.org/Computers/Programming/Compilers/Compiler_Construction_Kits/ANTLR/" "Mozilla/5.0 (Windows; U; Windows NT 5.1; en-US; rv:1.4b) Gecko/20030507"
208.234.207.67 - - [02/Sep/2003:05:54:46 -0700] "GET /images/logo-head.gif HTTP/1.1" 200 4098 "http://www.antlr.org/error.jsp?msg=Problems+extracting+content%2Ftitle+from+file+%2Fresources.html%3A+null" "Mozilla/5.0 (Windows; U; Windows NT 5.1; en-US; rv:1.4b) Gecko/20030507"
208.234.207.67 - - [02/Sep/2003:05:54:46 -0700] "GET /images/shim.gif HTTP/1.1" 200 43 "http://www.antlr.org/error.jsp?msg=Problems+extracting+content%2Ftitle+from+file+%2Fresources.html%3A+null" "Mozilla/5.0 (Windows; U; Windows NT 5.1; en-US; rv:1.4b) Gecko/20030507"
208.234.207.67 - - [02/Sep/2003:05:54:46 -0700] "GET /images/button-download.gif HTTP/1.1" 200 733 "http://www.antlr.org/error.jsp?msg=Problems+extracting+content%2Ftitle+from+file+%2Fresources.html%3A+null" "Mozilla/5.0 (Windows; U; Windows NT 5.1; en-US; rv:1.4b) Gecko/20030507"
208.234.207.67 - - [02/Sep/2003:05:54:46 -0700] "GET /images/head-shim.gif HTTP/1.1" 200 158 "http://www.antlr.org/error.jsp?msg=Problems+extracting+content%2Ftitle+from+file+%2Fresources.html%3A+null" "Mozilla/5.0 (Windows; U; Windows NT 5.1; en-US; rv:1.4b) Gecko/20030507"
208.234.207.67 - - [02/Sep/2003:05:54:53 -0700] "GET /error.jsp?msg=Problems+extracting+content%2Ftitle+from+file+%2Fresources.html%3A+null HTTP/1.1" 200 6466 "http://dmoz.org/Computers/Programming/Compilers/Compiler_Construction_Kits/ANTLR/" "Mozilla/5.0 (Windows; U; Windows NT 5.1; en-US; rv:1.4b) Gecko/20030507"
208.234.207.67 - - [02/Sep/2003:05:54:53 -0700] "GET /images/shim.gif HTTP/1.1" 304 - "http://www.antlr.org/error.jsp?msg=Problems+extracting+content%2Ftitle+from+file+%2Fresources.html%3A+null" "Mozilla/5.0 (Windows; U; Windows NT 5.1; en-US; rv:1.4b) Gecko/20030507"
208.234.207.67 - - [02/Sep/2003:05:54:53 -0700] "GET /images/logo-head.gif HTTP/1.1" 304 - "http://www.antlr.org/error.jsp?msg=Problems+extracting+content%2Ftitle+from+file+%2Fresources.html%3A+null" "Mozilla/5.0 (Windows; U; Windows NT 5.1; en-US; rv:1.4b) Gecko/20030507"
208.234.207.67 - - [02/Sep/2003:05:54:53 -0700] "GET /images/button-download.gif HTTP/1.1" 304 - "http://www.antlr.org/error.jsp?msg=Problems+extracting+content%2Ftitle+from+file+%2Fresources.html%3A+null" "Mozilla/5.0 (Windows; U; Windows NT 5.1; en-US; rv:1.4b) Gecko/20030507"
208.234.207.67 - - [02/Sep/2003:05:54:54 -0700] "GET /images/head-shim.gif HTTP/1.1" 304 - "http://www.antlr.org/error.jsp?msg=Problems+extracting+content%2Ftitle+from+file+%2Fresources.html%3A+null" "Mozilla/5.0 (Windows; U; Windows NT 5.1; en-US; rv:1.4b) Gecko/20030507"
208.234.207.67 - - [02/Sep/2003:05:54:56 -0700] "GET /grammar/list HTTP/1.1" 200 15685 "http://www.antlr.org/error.jsp?msg=Problems+extracting+content%2Ftitle+from+file+%2Fresources.html%3A+null" "Mozilla/5.0 (Windows; U; Windows NT 5.1; en-US; rv:1.4b) Gecko/20030507"
208.234.207.67 - - [02/Sep/2003:05:54:56 -0700] "GET /images/search.gif HTTP/1.1" 200 299 "http://www.antlr.org/grammar/list" "Mozilla/5.0 (Windows; U; Windows NT 5.1; en-US; rv:1.4b) Gecko/20030507"
208.234.207.67 - - [02/Sep/2003:05:54:57 -0700] "GET /images/button-add-grammar.gif HTTP/1.1" 200 664 "http://www.antlr.org/grammar/list" "Mozilla/5.0 (Windows; U; Windows NT 5.1; en-US; rv:1.4b) Gecko/20030507"
208.234.207.67 - - [02/Sep/2003:05:54:57 -0700] "GET /images/search-go.gif HTTP/1.1" 200 266 "http://www.antlr.org/grammar/list" "Mozilla/5.0 (Windows; U; Windows NT 5.1; en-US; rv:1.4b) Gecko/20030507"
62.96.232.196 - - [02/Sep/2003:05:55:35 -0700] "GET / HTTP/1.0" 200 11690 "-" "Mozilla/5.0 (Windows; U; Windows NT 5.0; en-US; rv:1.4) Gecko/20030624"
62.96.232.196 - - [02/Sep/2003:05:55:35 -0700] "GET /images/shim.gif HTTP/1.0" 200 43 "http://www.antlr.org/" "Mozilla/5.0 (Windows; U; Windows NT 5.0; en-US; rv:1.4) Gecko/20030624"
62.96.232.196 - - [02/Sep/2003:05:55:35 -0700] "GET /images/logo-head.gif HTTP/1.0" 200 4098 "http://www.antlr.org/" "Mozilla/5.0 (Windows; U; Windows NT 5.0; en-US; rv:1.4) Gecko/20030624"
62.96.232.196 - - [02/Sep/2003:05:55:35 -0700] "GET /images/button-download.gif HTTP/1.0" 200 733 "http://www.antlr.org/" "Mozilla/5.0 (Windows; U; Windows NT 5.0; en-US; rv:1.4) Gecko/20030624"
62.96.232.196 - - [02/Sep/2003:05:55:35 -0700] "GET /images/parr-head.jpg HTTP/1.0" 200 3582 "http://www.antlr.org/" "Mozilla/5.0 (Windows; U; Windows NT 5.0; en-US; rv:1.4) Gecko/20030624"
62.96.232.196 - - [02/Sep/2003:05:55:35 -0700] "GET /images/search.gif HTTP/1.0" 200 299 "http://www.antlr.org/" "Mozilla/5.0 (Windows; U; Windows NT 5.0; en-US; rv:1.4) Gecko/20030624"
62.96.232.196 - - [02/Sep/2003:05:55:36 -0700] "GET /images/search-go.gif HTTP/1.0" 200 266 "http://www.antlr.org/" "Mozilla/5.0 (Windows; U; Windows NT 5.0; en-US; rv:1.4) Gecko/20030624"
62.96.232.196 - - [02/Sep/2003:05:55:36 -0700] "GET /images/head-shim.gif HTTP/1.0" 200 158 "http://www.antlr.org/" "Mozilla/5.0 (Windows; U; Windows NT 5.0; en-US; rv:1.4) Gecko/20030624"
130.239.30.142 - - [02/Sep/2003:05:55:43 -0700] "GET /grammar/list HTTP/1.1" 200 15685 "http://www.antlr.org/doc/metalang.html" "Mozilla/4.0 (compatible; MSIE 6.0; Windows NT 5.0; .NET CLR 1.1.4322)"
130.239.30.142 - - [02/Sep/2003:05:55:43 -0700] "GET /grammar/list HTTP/1.1" 200 15685 "http://www.antlr.org/article/cutpaste/index.html" "Mozilla/4.0 (compatible; MSIE 6.0; Windows NT 5.0; .NET CLR 1.1.4322)"
130.239.30.142 - - [02/Sep/2003:05:55:43 -0700] "GET /images/shim.gif HTTP/1.1" 304 - "http://www.antlr.org/grammar/list" "Mozilla/4.0 (compatible; MSIE 6.0; Windows NT 5.0; .NET CLR 1.1.4322)"
130.239.30.142 - - [02/Sep/2003:05:55:43 -0700] "GET /images/logo-head.gif HTTP/1.1" 304 - "http://www.antlr.org/grammar/list" "Mozilla/4.0 (compatible; MSIE 6.0; Windows NT 5.0; .NET CLR 1.1.4322)"
130.239.30.142 - - [02/Sep/2003:05:55:44 -0700] "GET /images/head-shim.gif HTTP/1.1" 304 - "http://www.antlr.org/grammar/list" "Mozilla/4.0 (compatible; MSIE 6.0; Windows NT 5.0; .NET CLR 1.1.4322)"
130.239.30.142 - - [02/Sep/2003:05:55:44 -0700] "GET /images/shim.gif HTTP/1.1" 304 - "http://www.antlr.org/grammar/list" "Mozilla/4.0 (compatible; MSIE 6.0; Windows NT 5.0; .NET CLR 1.1.4322)"
130.239.30.142 - - [02/Sep/2003:05:55:44 -0700] "GET /images/logo-head.gif HTTP/1.1" 304 - "http://www.antlr.org/grammar/list" "Mozilla/4.0 (compatible; MSIE 6.0; Windows NT 5.0; .NET CLR 1.1.4322)"
130.239.30.142 - - [02/Sep/2003:05:55:44 -0700] "GET /images/head-shim.gif HTTP/1.1" 304 - "http://www.antlr.org/grammar/list" "Mozilla/4.0 (compatible; MSIE 6.0; Windows NT 5.0; .NET CLR 1.1.4322)"
130.239.30.142 - - [02/Sep/2003:05:55:44 -0700] "GET /images/button-download.gif HTTP/1.1" 304 - "http://www.antlr.org/grammar/list" "Mozilla/4.0 (compatible; MSIE 6.0; Windows NT 5.0; .NET CLR 1.1.4322)"
130.239.30.142 - - [02/Sep/2003:05:55:44 -0700] "GET /images/button-download.gif HTTP/1.1" 304 - "http://www.antlr.org/grammar/list" "Mozilla/4.0 (compatible; MSIE 6.0; Windows NT 5.0; .NET CLR 1.1.4322)"
130.239.30.142 - - [02/Sep/2003:05:55:44 -0700] "GET /images/search.gif HTTP/1.1" 304 - "http://www.antlr.org/grammar/list" "Mozilla/4.0 (compatible; MSIE 6.0; Windows NT 5.0; .NET CLR 1.1.4322)"
130.239.30.142 - - [02/Sep/2003:05:55:44 -0700] "GET /images/search-go.gif HTTP/1.1" 304 - "http://www.antlr.org/grammar/list" "Mozilla/4.0 (compatible; MSIE 6.0; Windows NT 5.0; .NET CLR 1.1.4322)"
130.239.30.142 - - [02/Sep/2003:05:55:44 -0700] "GET /images/button-add-grammar.gif HTTP/1.1" 304 - "http://www.antlr.org/grammar/list" "Mozilla/4.0 (compatible; MSIE 6.0; Windows NT 5.0; .NET CLR 1.1.4322)"
130.239.30.142 - - [02/Sep/2003:05:55:44 -0700] "GET /images/search.gif HTTP/1.1" 304 - "http://www.antlr.org/grammar/list" "Mozilla/4.0 (compatible; MSIE 6.0; Windows NT 5.0; .NET CLR 1.1.4322)"
130.239.30.142 - - [02/Sep/2003:05:55:45 -0700] "GET /images/search-go.gif HTTP/1.1" 304 - "http://www.antlr.org/grammar/list" "Mozilla/4.0 (compatible; MSIE 6.0; Windows NT 5.0; .NET CLR 1.1.4322)"
130.239.30.142 - - [02/Sep/2003:05:55:45 -0700] "GET /images/button-add-grammar.gif HTTP/1.1" 304 - "http://www.antlr.org/grammar/list" "Mozilla/4.0 (compatible; MSIE 6.0; Windows NT 5.0; .NET CLR 1.1.4322)"
62.96.232.196 - - [02/Sep/2003:05:55:49 -0700] "GET /doc/index.html HTTP/1.0" 200 26469 "http://www.antlr.org/" "Mozilla/5.0 (Windows; U; Windows NT 5.0; en-US; rv:1.4) Gecko/20030624"
130.239.30.142 - - [02/Sep/2003:05:55:50 -0700] "GET /grammar/HTML HTTP/1.1" 200 7830 "http://www.antlr.org/grammar/list" "Mozilla/4.0 (compatible; MSIE 6.0; Windows NT 5.0; .NET CLR 1.1.4322)"
130.239.30.142 - - [02/Sep/2003:05:55:56 -0700] "GET /grammar/HTML/html.g HTTP/1.1" 200 14739 "http://www.antlr.org/grammar/HTML" "Mozilla/4.0 (compatible; MSIE 6.0; Windows NT 5.0; .NET CLR 1.1.4322)"
130.239.30.142 - - [02/Sep/2003:05:56:05 -0700] "GET /grammar/HTML HTTP/1.1" 200 7830 "http://www.antlr.org/grammar/list" "Mozilla/4.0 (compatible; MSIE 6.0; Windows NT 5.0; .NET CLR 1.1.4322)"
130.239.30.142 - - [02/Sep/2003:05:56:11 -0700] "GET /javadoc/overview-summary.html HTTP/1.1" 200 9784 "http://www.antlr.org/grammar/HTML" "Mozilla/4.0 (compatible; MSIE 6.0; Windows NT 5.0; .NET CLR 1.1.4322)"
130.239.30.142 - - [02/Sep/2003:05:56:14 -0700] "GET /grammar/HTML HTTP/1.1" 200 7830 "http://www.antlr.org/grammar/list" "Mozilla/4.0 (compatible; MSIE 6.0; Windows NT 5.0; .NET CLR 1.1.4322)"
130.239.30.142 - - [02/Sep/2003:05:56:18 -0700] "GET /showcase/list HTTP/1.1" 200 13108 "http://www.antlr.org/grammar/HTML" "Mozilla/4.0 (compatible; MSIE 6.0; Windows NT 5.0; .NET CLR 1.1.4322)"
130.239.30.142 - - [02/Sep/2003:05:56:18 -0700] "GET /images/button-add-showcase.gif HTTP/1.1" 200 682 "http://www.antlr.org/showcase/list" "Mozilla/4.0 (compatible; MSIE 6.0; Windows NT 5.0; .NET CLR 1.1.4322)"
130.239.30.142 - - [02/Sep/2003:05:56:27 -0700] "GET /license.html HTTP/1.1" 200 9083 "http://www.antlr.org/showcase/list" "Mozilla/4.0 (compatible; MSIE 6.0; Windows NT 5.0; .NET CLR 1.1.4322)"
130.239.30.142 - - [02/Sep/2003:05:56:27 -0700] "GET /images/antlr-link.gif HTTP/1.1" 200 1372 "http://www.antlr.org/license.html" "Mozilla/4.0 (compatible; MSIE 6.0; Windows NT 5.0; .NET CLR 1.1.4322)"
62.96.232.196 - - [02/Sep/2003:05:56:53 -0700] "GET /doc/metalang.html HTTP/1.0" 200 52606 "http://www.antlr.org/doc/index.html" "Mozilla/5.0 (Windows; U; Windows NT 5.0; en-US; rv:1.4) Gecko/20030624"
62.96.232.196 - - [02/Sep/2003:05:56:53 -0700] "GET /doc/closure.gif HTTP/1.0" 200 2166 "http://www.antlr.org/doc/metalang.html" "Mozilla/5.0 (Windows; U; Windows NT 5.0; en-US; rv:1.4) Gecko/20030624"
62.96.232.196 - - [02/Sep/2003:05:56:53 -0700] "GET /doc/subrule.gif HTTP/1.0" 200 1887 "http://www.antlr.org/doc/metalang.html" "Mozilla/5.0 (Windows; U; Windows NT 5.0; en-US; rv:1.4) Gecko/20030624"
62.96.232.196 - - [02/Sep/2003:05:56:53 -0700] "GET /doc/optional.gif HTTP/1.0" 200 2018 "http://www.antlr.org/doc/metalang.html" "Mozilla/5.0 (Windows; U; Windows NT 5.0; en-US; rv:1.4) Gecko/20030624"
62.96.232.196 - - [02/Sep/2003:05:56:53 -0700] "GET /doc/posclosure.gif HTTP/1.0" 200 2031 "http://www.antlr.org/doc/metalang.html" "Mozilla/5.0 (Windows; U; Windows NT 5.0; en-US; rv:1.4) Gecko/20030624"
130.239.30.142 - - [02/Sep/2003:05:57:08 -0700] "GET /showcase/list HTTP/1.1" 200 13108 "http://www.antlr.org/license.html" "Mozilla/4.0 (compatible; MSIE 6.0; Windows NT 5.0; .NET CLR 1.1.4322)"
131.246.120.14 - - [02/Sep/2003:05:57:09 -0700] "GET /doc/index.html HTTP/1.0" 200 26469 "-" "Mozilla/5.0 (compatible; Konqueror/3.1; Linux)"
130.239.30.142 - - [02/Sep/2003:05:57:25 -0700] "GET /article/list HTTP/1.1" 200 15911 "http://www.antlr.org/showcase/list" "Mozilla/4.0 (compatible; MSIE 6.0; Windows NT 5.0; .NET CLR 1.1.4322)"
130.239.30.142 - - [02/Sep/2003:05:57:25 -0700] "GET /images/button-add-article.gif HTTP/1.1" 200 579 "http://www.antlr.org/article/list" "Mozilla/4.0 (compatible; MSIE 6.0; Windows NT 5.0; .NET CLR 1.1.4322)"
130.239.30.142 - - [02/Sep/2003:05:57:30 -0700] "GET /book/index.html HTTP/1.1" 200 9357 "http://www.antlr.org/article/list" "Mozilla/4.0 (compatible; MSIE 6.0; Windows NT 5.0; .NET CLR 1.1.4322)"
131.246.120.9 - - [02/Sep/2003:05:57:37 -0700] "GET /doc/lexer.html HTTP/1.0" 200 83864 "http://www.antlr.org/doc/index.html" "Mozilla/5.0 (compatible; Konqueror/3.1; Linux)"
130.239.30.142 - - [02/Sep/2003:05:57:38 -0700] "GET /book/byhand.pdf HTTP/1.1" 200 93253 "http://www.antlr.org/book/index.html" "Mozilla/4.0 (compatible; MSIE 6.0; Windows NT 5.0; .NET CLR 1.1.4322)"
130.239.30.142 - - [02/Sep/2003:05:58:31 -0700] "GET /book/index.html HTTP/1.1" 200 9357 "http://www.antlr.org/article/list" "Mozilla/4.0 (compatible; MSIE 6.0; Windows NT 5.0; .NET CLR 1.1.4322)"
130.239.30.142 - - [02/Sep/2003:05:58:35 -0700] "GET /book/language.pdf HTTP/1.1" 200 103260 "http://www.antlr.org/book/index.html" "Mozilla/4.0 (compatible; MSIE 6.0; Windows NT 5.0; .NET CLR 1.1.4322)"
198.152.150.69 - - [02/Sep/2003:05:58:53 -0700] "GET / HTTP/1.1" 200 11690 "http://www.google.com/search?num=100&hl=en&lr=&ie=UTF-8&oe=UTF-8&q=antlr" "Mozilla/4.0 (compatible; MSIE 6.0; Windows NT 5.0; .NET CLR 1.1.4322)"
198.152.150.69 - - [02/Sep/2003:05:58:54 -0700] "GET /images/shim.gif HTTP/1.1" 200 43 "http://www.antlr.org/" "Mozilla/4.0 (compatible; MSIE 6.0; Windows NT 5.0; .NET CLR 1.1.4322)"
198.152.150.69 - - [02/Sep/2003:05:58:54 -0700] "GET /images/logo-head.gif HTTP/1.1" 200 4098 "http://www.antlr.org/" "Mozilla/4.0 (compatible; MSIE 6.0; Windows NT 5.0; .NET CLR 1.1.4322)"
198.152.150.69 - - [02/Sep/2003:05:58:54 -0700] "GET /images/head-shim.gif HTTP/1.1" 200 158 "http://www.antlr.org/" "Mozilla/4.0 (compatible; MSIE 6.0; Windows NT 5.0; .NET CLR 1.1.4322)"
198.152.150.69 - - [02/Sep/2003:05:58:54 -0700] "GET /images/button-download.gif HTTP/1.1" 200 733 "http://www.antlr.org/" "Mozilla/4.0 (compatible; MSIE 6.0; Windows NT 5.0; .NET CLR 1.1.4322)"
198.152.150.69 - - [02/Sep/2003:05:58:54 -0700] "GET /images/parr-head.jpg HTTP/1.1" 200 3582 "http://www.antlr.org/" "Mozilla/4.0 (compatible; MSIE 6.0; Windows NT 5.0; .NET CLR 1.1.4322)"
198.152.150.69 - - [02/Sep/2003:05:58:54 -0700] "GET /images/search.gif HTTP/1.1" 200 299 "http://www.antlr.org/" "Mozilla/4.0 (compatible; MSIE 6.0; Windows NT 5.0; .NET CLR 1.1.4322)"
198.152.150.69 - - [02/Sep/2003:05:58:55 -0700] "GET /images/search-go.gif HTTP/1.1" 200 266 "http://www.antlr.org/" "Mozilla/4.0 (compatible; MSIE 6.0; Windows NT 5.0; .NET CLR 1.1.4322)"
203.199.176.98 - - [02/Sep/2003:05:59:11 -0700] "GET /doc/getting-started.html HTTP/1.0" 200 11326 "-" "Mozilla/5.0 (Windows; U; Windows NT 5.0; en-US; rv:1.4a) Gecko/20030409 Phoenix/0.5+"
203.199.176.98 - - [02/Sep/2003:05:59:11 -0700] "GET /article/cutpaste/index.html HTTP/1.0" 200 10494 "-" "Mozilla/5.0 (Windows; U; Windows NT 5.0; en-US; rv:1.4a) Gecko/20030409 Phoenix/0.5+"
203.199.176.98 - - [02/Sep/2003:05:59:12 -0700] "GET /article/firstgr/index.html HTTP/1.0" 200 14192 "-" "Mozilla/5.0 (Windows; U; Windows NT 5.0; en-US; rv:1.4a) Gecko/20030409 Phoenix/0.5+"
198.152.150.69 - - [02/Sep/2003:06:00:14 -0700] "GET /testimonial/list HTTP/1.1" 200 12509 "http://www.antlr.org/" "Mozilla/4.0 (compatible; MSIE 6.0; Windows NT 5.0; .NET CLR 1.1.4322)"
198.152.150.69 - - [02/Sep/2003:06:00:15 -0700] "GET /images/button-testimonial.gif HTTP/1.1" 200 701 "http://www.antlr.org/testimonial/list" "Mozilla/4.0 (compatible; MSIE 6.0; Windows NT 5.0; .NET CLR 1.1.4322)"
198.152.150.69 - - [02/Sep/2003:06:00:38 -0700] "GET /download.html HTTP/1.1" 200 9276 "http://www.antlr.org/testimonial/list" "Mozilla/4.0 (compatible; MSIE 6.0; Windows NT 5.0; .NET CLR 1.1.4322)"
198.152.150.69 - - [02/Sep/2003:06:00:45 -0700] "GET /testimonial/list HTTP/1.1" 200 12509 "http://www.antlr.org/" "Mozilla/4.0 (compatible; MSIE 6.0; Windows NT 5.0; .NET CLR 1.1.4322)"
198.152.150.69 - - [02/Sep/2003:06:00:49 -0700] "GET / HTTP/1.1" 200 11690 "http://www.google.com/search?num=100&hl=en&lr=&ie=UTF-8&oe=UTF-8&q=antlr" "Mozilla/4.0 (compatible; MSIE 6.0; Windows NT 5.0; .NET CLR 1.1.4322)"
212.177.177.66 - - [02/Sep/2003:06:00:49 -0700] "GET / HTTP/1.1" 200 11690 "-" "Mozilla/4.0 (compatible; MSIE 6.0; Windows NT 5.0)"
212.177.177.66 - - [02/Sep/2003:06:00:49 -0700] "GET /images/shim.gif HTTP/1.1" 200 43 "http://www.antlr.org/" "Mozilla/4.0 (compatible; MSIE 6.0; Windows NT 5.0)"
212.177.177.66 - - [02/Sep/2003:06:00:50 -0700] "GET /images/logo-head.gif HTTP/1.1" 200 4098 "http://www.antlr.org/" "Mozilla/4.0 (compatible; MSIE 6.0; Windows NT 5.0)"
212.177.177.66 - - [02/Sep/2003:06:00:50 -0700] "GET /images/head-shim.gif HTTP/1.1" 200 158 "http://www.antlr.org/" "Mozilla/4.0 (compatible; MSIE 6.0; Windows NT 5.0)"
212.177.177.66 - - [02/Sep/2003:06:00:50 -0700] "GET /images/button-download.gif HTTP/1.1" 200 733 "http://www.antlr.org/" "Mozilla/4.0 (compatible; MSIE 6.0; Windows NT 5.0)"
212.177.177.66 - - [02/Sep/2003:06:00:50 -0700] "GET /images/parr-head.jpg HTTP/1.1" 200 3582 "http://www.antlr.org/" "Mozilla/4.0 (compatible; MSIE 6.0; Windows NT 5.0)"
212.177.177.66 - - [02/Sep/2003:06:00:50 -0700] "GET /images/search.gif HTTP/1.1" 200 299 "http://www.antlr.org/" "Mozilla/4.0 (compatible; MSIE 6.0; Windows NT 5.0)"
212.177.177.66 - - [02/Sep/2003:06:00:50 -0700] "GET /images/search-go.gif HTTP/1.1" 200 266 "http://www.antlr.org/" "Mozilla/4.0 (compatible; MSIE 6.0; Windows NT 5.0)"
198.152.150.69 - - [02/Sep/2003:06:01:10 -0700] "GET /grammar/list HTTP/1.1" 200 15685 "http://www.antlr.org/" "Mozilla/4.0 (compatible; MSIE 6.0; Windows NT 5.0; .NET CLR 1.1.4322)"
198.152.150.69 - - [02/Sep/2003:06:01:10 -0700] "GET /images/button-add-grammar.gif HTTP/1.1" 200 664 "http://www.antlr.org/grammar/list" "Mozilla/4.0 (compatible; MSIE 6.0; Windows NT 5.0; .NET CLR 1.1.4322)"
129.16.225.16 - - [02/Sep/2003:06:01:12 -0700] "GET / HTTP/1.1" 200 11690 "-" "Mozilla/5.0 (X11; U; Linux i686; en-US; rv:1.2.1) Gecko/20030225"
129.16.225.16 - - [02/Sep/2003:06:01:20 -0700] "GET /grammar/list HTTP/1.1" 200 15685 "http://www.antlr.org/" "Mozilla/5.0 (X11; U; Linux i686; en-US; rv:1.2.1) Gecko/20030225"
129.16.225.16 - - [02/Sep/2003:06:01:20 -0700] "GET /images/button-add-grammar.gif HTTP/1.1" 200 664 "http://www.antlr.org/grammar/list" "Mozilla/5.0 (X11; U; Linux i686; en-US; rv:1.2.1) Gecko/20030225"
129.16.225.16 - - [02/Sep/2003:06:01:23 -0700] "GET /grammar/java HTTP/1.1" 200 8472 "http://www.antlr.org/grammar/list" "Mozilla/5.0 (X11; U; Linux i686; en-US; rv:1.2.1) Gecko/20030225"
129.16.225.16 - - [02/Sep/2003:06:01:26 -0700] "GET /grammar/java/java.g HTTP/1.1" 200 33216 "http://www.antlr.org/grammar/java" "Mozilla/5.0 (X11; U; Linux i686; en-US; rv:1.2.1) Gecko/20030225"
198.152.150.69 - - [02/Sep/2003:06:01:36 -0700] "GET /grammar/pascal HTTP/1.1" 200 9906 "http://www.antlr.org/grammar/list" "Mozilla/4.0 (compatible; MSIE 6.0; Windows NT 5.0; .NET CLR 1.1.4322)"
212.177.177.66 - - [02/Sep/2003:06:01:38 -0700] "GET /doc/getting-started.html HTTP/1.1" 200 11326 "http://www.antlr.org/" "Mozilla/4.0 (compatible; MSIE 6.0; Windows NT 5.0)"
212.177.177.66 - - [02/Sep/2003:06:01:39 -0700] "GET /images/shim.gif HTTP/1.1" 304 - "http://www.antlr.org/doc/getting-started.html" "Mozilla/4.0 (compatible; MSIE 6.0; Windows NT 5.0)"
212.177.177.66 - - [02/Sep/2003:06:01:39 -0700] "GET /images/head-shim.gif HTTP/1.1" 304 - "http://www.antlr.org/doc/getting-started.html" "Mozilla/4.0 (compatible; MSIE 6.0; Windows NT 5.0)"
212.177.177.66 - - [02/Sep/2003:06:01:39 -0700] "GET /images/logo-head.gif HTTP/1.1" 304 - "http://www.antlr.org/doc/getting-started.html" "Mozilla/4.0 (compatible; MSIE 6.0; Windows NT 5.0)"
212.177.177.66 - - [02/Sep/2003:06:01:39 -0700] "GET /images/button-download.gif HTTP/1.1" 304 - "http://www.antlr.org/doc/getting-started.html" "Mozilla/4.0 (compatible; MSIE 6.0; Windows NT 5.0)"
212.177.177.66 - - [02/Sep/2003:06:01:39 -0700] "GET /images/search.gif HTTP/1.1" 304 - "http://www.antlr.org/doc/getting-started.html" "Mozilla/4.0 (compatible; MSIE 6.0; Windows NT 5.0)"
212.177.177.66 - - [02/Sep/2003:06:01:39 -0700] "GET /images/search-go.gif HTTP/1.1" 304 - "http://www.antlr.org/doc/getting-started.html" "Mozilla/4.0 (compatible; MSIE 6.0; Windows NT 5.0)"
198.152.150.69 - - [02/Sep/2003:06:01:54 -0700] "GET /article/list HTTP/1.1" 200 15911 "http://www.antlr.org/grammar/pascal" "Mozilla/4.0 (compatible; MSIE 6.0; Windows NT 5.0; .NET CLR 1.1.4322)"
198.152.150.69 - - [02/Sep/2003:06:01:55 -0700] "GET /images/button-add-article.gif HTTP/1.1" 200 579 "http://www.antlr.org/article/list" "Mozilla/4.0 (compatible; MSIE 6.0; Windows NT 5.0; .NET CLR 1.1.4322)"
81.196.150.94 - - [02/Sep/2003:06:02:58 -0700] "GET / HTTP/1.0" 200 11690 "http://compilers.iecc.com/comparch/article/01-04-099" "Mozilla/4.0 (compatible; MSIE 5.01; Windows NT 5.0; .NET CLR 1.1.4322)"
81.196.150.94 - - [02/Sep/2003:06:02:58 -0700] "GET /images/shim.gif HTTP/1.0" 200 43 "http://www.antlr.org/" "Mozilla/4.0 (compatible; MSIE 5.01; Windows NT 5.0; .NET CLR 1.1.4322)"
81.196.150.94 - - [02/Sep/2003:06:02:58 -0700] "GET /images/logo-head.gif HTTP/1.0" 200 4098 "http://www.antlr.org/" "Mozilla/4.0 (compatible; MSIE 5.01; Windows NT 5.0; .NET CLR 1.1.4322)"
81.196.150.94 - - [02/Sep/2003:06:02:59 -0700] "GET /images/button-download.gif HTTP/1.0" 200 733 "http://www.antlr.org/" "Mozilla/4.0 (compatible; MSIE 5.01; Windows NT 5.0; .NET CLR 1.1.4322)"
81.196.150.94 - - [02/Sep/2003:06:02:59 -0700] "GET /images/parr-head.jpg HTTP/1.0" 200 3582 "http://www.antlr.org/" "Mozilla/4.0 (compatible; MSIE 5.01; Windows NT 5.0; .NET CLR 1.1.4322)"
81.196.150.94 - - [02/Sep/2003:06:02:59 -0700] "GET /images/search.gif HTTP/1.0" 200 299 "http://www.antlr.org/" "Mozilla/4.0 (compatible; MSIE 5.01; Windows NT 5.0; .NET CLR 1.1.4322)"
81.196.150.94 - - [02/Sep/2003:06:02:59 -0700] "GET /images/search-go.gif HTTP/1.0" 200 266 "http://www.antlr.org/" "Mozilla/4.0 (compatible; MSIE 5.01; Windows NT 5.0; .NET CLR 1.1.4322)"
130.239.30.142 - - [02/Sep/2003:06:03:04 -0700] "GET /book/index.html HTTP/1.1" 200 9357 "http://www.antlr.org/article/list" "Mozilla/4.0 (compatible; MSIE 6.0; Windows NT 5.0; .NET CLR 1.1.4322)"
130.239.30.142 - - [02/Sep/2003:06:03:07 -0700] "GET /article/list HTTP/1.1" 200 15911 "http://www.antlr.org/showcase/list" "Mozilla/4.0 (compatible; MSIE 6.0; Windows NT 5.0; .NET CLR 1.1.4322)"
130.239.30.142 - - [02/Sep/2003:06:03:15 -0700] "GET /book/index.html HTTP/1.1" 200 9357 "http://www.antlr.org/article/list" "Mozilla/4.0 (compatible; MSIE 6.0; Windows NT 5.0; .NET CLR 1.1.4322)"
130.239.30.142 - - [02/Sep/2003:06:03:21 -0700] "GET /article/list HTTP/1.1" 200 15911 "http://www.antlr.org/showcase/list" "Mozilla/4.0 (compatible; MSIE 6.0; Windows NT 5.0; .NET CLR 1.1.4322)"
130.239.30.142 - - [02/Sep/2003:06:03:29 -0700] "GET /logo.gif HTTP/1.1" 200 6455 "http://www.antlr.org/article/needlook.html" "Mozilla/4.0 (compatible; MSIE 6.0; Windows NT 5.0; .NET CLR 1.1.4322)"
130.239.30.142 - - [02/Sep/2003:06:03:29 -0700] "GET /article/needlook.html HTTP/1.1" 200 41059 "http://www.antlr.org/article/list" "Mozilla/4.0 (compatible; MSIE 6.0; Windows NT 5.0; .NET CLR 1.1.4322)"
81.196.150.94 - - [02/Sep/2003:06:04:14 -0700] "GET /grammar/list HTTP/1.0" 200 15685 "http://www.antlr.org/" "Mozilla/4.0 (compatible; MSIE 5.01; Windows NT 5.0; .NET CLR 1.1.4322)"
81.196.150.94 - - [02/Sep/2003:06:04:14 -0700] "GET /images/head-shim.gif HTTP/1.0" 200 158 "http://www.antlr.org/grammar/list" "Mozilla/4.0 (compatible; MSIE 5.01; Windows NT 5.0; .NET CLR 1.1.4322)"
81.196.150.94 - - [02/Sep/2003:06:04:15 -0700] "GET /images/button-add-grammar.gif HTTP/1.0" 200 664 "http://www.antlr.org/grammar/list" "Mozilla/4.0 (compatible; MSIE 5.01; Windows NT 5.0; .NET CLR 1.1.4322)"
81.196.150.94 - - [02/Sep/2003:06:04:25 -0700] "GET /grammar/java HTTP/1.0" 200 8472 "http://www.antlr.org/grammar/list" "Mozilla/4.0 (compatible; MSIE 5.01; Windows NT 5.0; .NET CLR 1.1.4322)"
62.96.232.196 - - [02/Sep/2003:06:04:49 -0700] "GET /grammar/list HTTP/1.0" 200 15685 "http://www.antlr.org/doc/metalang.html" "Mozilla/5.0 (Windows; U; Windows NT 5.0; en-US; rv:1.4) Gecko/20030624"
62.96.232.196 - - [02/Sep/2003:06:04:49 -0700] "GET /images/button-add-grammar.gif HTTP/1.0" 200 664 "http://www.antlr.org/grammar/list" "Mozilla/5.0 (Windows; U; Windows NT 5.0; en-US; rv:1.4) Gecko/20030624"
81.196.150.94 - - [02/Sep/2003:06:04:52 -0700] "GET /grammar/cpp HTTP/1.0" 200 8441 "http://www.antlr.org/grammar/list" "Mozilla/4.0 (compatible; MSIE 5.01; Windows NT 5.0; .NET CLR 1.1.4322)"
62.96.232.196 - - [02/Sep/2003:06:04:56 -0700] "GET /grammar/1062280680642/MS_SQL_SELECT.html HTTP/1.0" 200 48601 "http://www.antlr.org/grammar/list" "Mozilla/5.0 (Windows; U; Windows NT 5.0; en-US; rv:1.4) Gecko/20030624"
81.196.150.94 - - [02/Sep/2003:06:05:15 -0700] "GET /grammar/OCL HTTP/1.0" 200 7822 "http://www.antlr.org/grammar/list" "Mozilla/4.0 (compatible; MSIE 5.01; Windows NT 5.0; .NET CLR 1.1.4322)"
81.196.150.94 - - [02/Sep/2003:06:05:25 -0700] "GET /grammar/pascal HTTP/1.0" 200 9906 "http://www.antlr.org/grammar/list" "Mozilla/4.0 (compatible; MSIE 5.01; Windows NT 5.0; .NET CLR 1.1.4322)"
130.239.30.142 - - [02/Sep/2003:06:05:31 -0700] "GET /article/list HTTP/1.1" 200 15911 "http://www.antlr.org/showcase/list" "Mozilla/4.0 (compatible; MSIE 6.0; Windows NT 5.0; .NET CLR 1.1.4322)"
130.239.30.142 - - [02/Sep/2003:06:05:38 -0700] "GET /article/1055550346383/antlr.ps HTTP/1.1" 200 125057 "http://www.antlr.org/article/list" "Mozilla/4.0 (compatible; MSIE 6.0; Windows NT 5.0; .NET CLR 1.1.4322)"
131.254.100.3 - - [02/Sep/2003:06:05:46 -0700] "GET / HTTP/1.1" 200 11690 "http://www.google.fr/search?q=antlr&ie=UTF-8&oe=UTF-8&hl=fr&meta=" "Mozilla/4.0 (compatible; MSIE 6.0; Windows 98; Win 9x 4.90)"
131.254.100.3 - - [02/Sep/2003:06:05:46 -0700] "GET /images/shim.gif HTTP/1.1" 200 43 "http://www.antlr.org/" "Mozilla/4.0 (compatible; MSIE 6.0; Windows 98; Win 9x 4.90)"
131.254.100.3 - - [02/Sep/2003:06:05:47 -0700] "GET /images/logo-head.gif HTTP/1.1" 200 4098 "http://www.antlr.org/" "Mozilla/4.0 (compatible; MSIE 6.0; Windows 98; Win 9x 4.90)"
131.254.100.3 - - [02/Sep/2003:06:05:47 -0700] "GET /images/button-download.gif HTTP/1.1" 200 733 "http://www.antlr.org/" "Mozilla/4.0 (compatible; MSIE 6.0; Windows 98; Win 9x 4.90)"
131.254.100.3 - - [02/Sep/2003:06:05:47 -0700] "GET /images/parr-head.jpg HTTP/1.1" 200 3582 "http://www.antlr.org/" "Mozilla/4.0 (compatible; MSIE 6.0; Windows 98; Win 9x 4.90)"
131.254.100.3 - - [02/Sep/2003:06:05:47 -0700] "GET /images/head-shim.gif HTTP/1.1" 200 158 "http://www.antlr.org/" "Mozilla/4.0 (compatible; MSIE 6.0; Windows 98; Win 9x 4.90)"
131.254.100.3 - - [02/Sep/2003:06:05:47 -0700] "GET /images/search.gif HTTP/1.1" 200 299 "http://www.antlr.org/" "Mozilla/4.0 (compatible; MSIE 6.0; Windows 98; Win 9x 4.90)"
131.254.100.3 - - [02/Sep/2003:06:05:47 -0700] "GET /images/search-go.gif HTTP/1.1" 200 266 "http://www.antlr.org/" "Mozilla/4.0 (compatible; MSIE 6.0; Windows 98; Win 9x 4.90)"
81.196.150.94 - - [02/Sep/2003:06:05:50 -0700] "GET /grammar/pascal/pascal.g HTTP/1.0" 200 20490 "http://www.antlr.org/grammar/pascal" "Mozilla/4.0 (compatible; MSIE 5.01; Windows NT 5.0; .NET CLR 1.1.4322)"
131.254.100.3 - - [02/Sep/2003:06:06:05 -0700] "GET /download.html HTTP/1.1" 200 9276 "http://www.antlr.org/" "Mozilla/4.0 (compatible; MSIE 6.0; Windows 98; Win 9x 4.90)"
130.239.30.142 - - [02/Sep/2003:06:06:09 -0700] "GET /article/1055550346383/antlr.ps HTTP/1.1" 200 122880 "http://www.antlr.org/article/list" "Mozilla/4.0 (compatible; MSIE 6.0; Windows NT 5.0; .NET CLR 1.1.4322)"
130.239.30.142 - - [02/Sep/2003:06:06:21 -0700] "GET /article/1055550346383/antlr.ps HTTP/1.1" 200 73728 "http://www.antlr.org/article/list" "Mozilla/4.0 (compatible; MSIE 6.0; Windows NT 5.0; .NET CLR 1.1.4322)"
131.254.100.3 - - [02/Sep/2003:06:06:22 -0700] "GET /download/antlr-2.7.2.tar.gz HTTP/1.1" 200 696320 "http://www.antlr.org/download.html" "Mozilla/4.0 (compatible; MSIE 6.0; Windows 98; Win 9x 4.90)"
81.196.150.94 - - [02/Sep/2003:06:06:28 -0700] "GET /grammar/cpp/grammar.txt HTTP/1.0" 200 30803 "http://www.antlr.org/grammar/cpp" "Mozilla/4.0 (compatible; MSIE 5.01; Windows NT 5.0; .NET CLR 1.1.4322)"
130.239.30.142 - - [02/Sep/2003:06:06:34 -0700] "GET /workshop/97/summary.html HTTP/1.1" 200 12647 "http://www.antlr.org/article/list" "Mozilla/4.0 (compatible; MSIE 6.0; Windows NT 5.0; .NET CLR 1.1.4322)"
130.239.30.142 - - [02/Sep/2003:06:06:34 -0700] "GET /images/shim.gif HTTP/1.1" 304 - "http://www.antlr.org/workshop/97/summary.html" "Mozilla/4.0 (compatible; MSIE 6.0; Windows NT 5.0; .NET CLR 1.1.4322)"
130.239.30.142 - - [02/Sep/2003:06:06:34 -0700] "GET /images/logo-head.gif HTTP/1.1" 304 - "http://www.antlr.org/workshop/97/summary.html" "Mozilla/4.0 (compatible; MSIE 6.0; Windows NT 5.0; .NET CLR 1.1.4322)"
130.239.30.142 - - [02/Sep/2003:06:06:35 -0700] "GET /images/head-shim.gif HTTP/1.1" 304 - "http://www.antlr.org/workshop/97/summary.html" "Mozilla/4.0 (compatible; MSIE 6.0; Windows NT 5.0; .NET CLR 1.1.4322)"
130.239.30.142 - - [02/Sep/2003:06:06:35 -0700] "GET /images/button-download.gif HTTP/1.1" 304 - "http://www.antlr.org/workshop/97/summary.html" "Mozilla/4.0 (compatible; MSIE 6.0; Windows NT 5.0; .NET CLR 1.1.4322)"
130.239.30.142 - - [02/Sep/2003:06:06:35 -0700] "GET /images/search.gif HTTP/1.1" 304 - "http://www.antlr.org/workshop/97/summary.html" "Mozilla/4.0 (compatible; MSIE 6.0; Windows NT 5.0; .NET CLR 1.1.4322)"
130.239.30.142 - - [02/Sep/2003:06:06:35 -0700] "GET /images/search-go.gif HTTP/1.1" 304 - "http://www.antlr.org/workshop/97/summary.html" "Mozilla/4.0 (compatible; MSIE 6.0; Windows NT 5.0; .NET CLR 1.1.4322)"
130.239.30.142 - - [02/Sep/2003:06:06:35 -0700] "GET /workshop/97/group.jpg HTTP/1.1" 200 26616 "http://www.antlr.org/workshop/97/summary.html" "Mozilla/4.0 (compatible; MSIE 6.0; Windows NT 5.0; .NET CLR 1.1.4322)"
130.239.30.142 - - [02/Sep/2003:06:06:35 -0700] "GET /workshop/97/ter1.jpg HTTP/1.1" 200 15242 "http://www.antlr.org/workshop/97/summary.html" "Mozilla/4.0 (compatible; MSIE 6.0; Windows NT 5.0; .NET CLR 1.1.4322)"
130.239.30.142 - - [02/Sep/2003:06:06:36 -0700] "GET /workshop/97/loring.jpg HTTP/1.1" 200 5652 "http://www.antlr.org/workshop/97/summary.html" "Mozilla/4.0 (compatible; MSIE 6.0; Windows NT 5.0; .NET CLR 1.1.4322)"
130.239.30.142 - - [02/Sep/2003:06:06:36 -0700] "GET /workshop/97/john.jpg HTTP/1.1" 200 5377 "http://www.antlr.org/workshop/97/summary.html" "Mozilla/4.0 (compatible; MSIE 6.0; Windows NT 5.0; .NET CLR 1.1.4322)"
130.239.30.142 - - [02/Sep/2003:06:06:36 -0700] "GET /workshop/97/tony.jpg HTTP/1.1" 200 5589 "http://www.antlr.org/workshop/97/summary.html" "Mozilla/4.0 (compatible; MSIE 6.0; Windows NT 5.0; .NET CLR 1.1.4322)"
130.239.30.142 - - [02/Sep/2003:06:06:36 -0700] "GET /workshop/97/sriram.jpg HTTP/1.1" 200 5423 "http://www.antlr.org/workshop/97/summary.html" "Mozilla/4.0 (compatible; MSIE 6.0; Windows NT 5.0; .NET CLR 1.1.4322)"
130.239.30.142 - - [02/Sep/2003:06:06:36 -0700] "GET /workshop/97/colm.jpg HTTP/1.1" 200 3560 "http://www.antlr.org/workshop/97/summary.html" "Mozilla/4.0 (compatible; MSIE 6.0; Windows NT 5.0; .NET CLR 1.1.4322)"
130.239.30.142 - - [02/Sep/2003:06:06:37 -0700] "GET /workshop/97/monty.jpg HTTP/1.1" 200 6985 "http://www.antlr.org/workshop/97/summary.html" "Mozilla/4.0 (compatible; MSIE 6.0; Windows NT 5.0; .NET CLR 1.1.4322)"
130.239.30.142 - - [02/Sep/2003:06:06:37 -0700] "GET /workshop/97/ian.jpg HTTP/1.1" 200 5843 "http://www.antlr.org/workshop/97/summary.html" "Mozilla/4.0 (compatible; MSIE 6.0; Windows NT 5.0; .NET CLR 1.1.4322)"
130.239.30.142 - - [02/Sep/2003:06:06:38 -0700] "GET /workshop/97/scott.jpg HTTP/1.1" 200 6094 "http://www.antlr.org/workshop/97/summary.html" "Mozilla/4.0 (compatible; MSIE 6.0; Windows NT 5.0; .NET CLR 1.1.4322)"
130.239.30.142 - - [02/Sep/2003:06:06:38 -0700] "GET /workshop/97/johan.jpg HTTP/1.1" 200 7867 "http://www.antlr.org/workshop/97/summary.html" "Mozilla/4.0 (compatible; MSIE 6.0; Windows NT 5.0; .NET CLR 1.1.4322)"
130.239.30.142 - - [02/Sep/2003:06:06:50 -0700] "GET /article/list HTTP/1.1" 200 15911 "http://www.antlr.org/showcase/list" "Mozilla/4.0 (compatible; MSIE 6.0; Windows NT 5.0; .NET CLR 1.1.4322)"
130.239.30.142 - - [02/Sep/2003:06:06:51 -0700] "GET /images/button-add-article.gif HTTP/1.1" 304 - "http://www.antlr.org/article/list" "Mozilla/4.0 (compatible; MSIE 6.0; Windows NT 5.0; .NET CLR 1.1.4322)"
131.254.100.3 - - [02/Sep/2003:06:07:00 -0700] "GET /download/antlr-2.7.2.tar.gz HTTP/1.1" 200 1557051 "-" "Mozilla/4.0 (compatible; MSIE 6.0; Windows 98; Win 9x 4.90)"
131.254.100.3 - - [02/Sep/2003:06:07:14 -0700] "GET /download.html HTTP/1.1" 200 9276 "http://www.antlr.org/" "Mozilla/4.0 (compatible; MSIE 6.0; Windows 98; Win 9x 4.90)"
131.254.100.3 - - [02/Sep/2003:06:07:14 -0700] "GET /images/logo-head.gif HTTP/1.1" 304 - "http://www.antlr.org/download.html" "Mozilla/4.0 (compatible; MSIE 6.0; Windows 98; Win 9x 4.90)"
131.254.100.3 - - [02/Sep/2003:06:07:14 -0700] "GET /images/shim.gif HTTP/1.1" 304 - "http://www.antlr.org/download.html" "Mozilla/4.0 (compatible; MSIE 6.0; Windows 98; Win 9x 4.90)"
131.254.100.3 - - [02/Sep/2003:06:07:15 -0700] "GET /images/button-download.gif HTTP/1.1" 304 - "http://www.antlr.org/download.html" "Mozilla/4.0 (compatible; MSIE 6.0; Windows 98; Win 9x 4.90)"
131.254.100.3 - - [02/Sep/2003:06:07:15 -0700] "GET /images/head-shim.gif HTTP/1.1" 304 - "http://www.antlr.org/download.html" "Mozilla/4.0 (compatible; MSIE 6.0; Windows 98; Win 9x 4.90)"
131.254.100.3 - - [02/Sep/2003:06:07:15 -0700] "GET /images/search.gif HTTP/1.1" 304 - "http://www.antlr.org/download.html" "Mozilla/4.0 (compatible; MSIE 6.0; Windows 98; Win 9x 4.90)"
131.254.100.3 - - [02/Sep/2003:06:07:15 -0700] "GET /images/search-go.gif HTTP/1.1" 304 - "http://www.antlr.org/download.html" "Mozilla/4.0 (compatible; MSIE 6.0; Windows 98; Win 9x 4.90)"
131.254.100.3 - - [02/Sep/2003:06:07:16 -0700] "GET / HTTP/1.1" 200 11690 "http://www.google.fr/search?q=antlr&ie=UTF-8&oe=UTF-8&hl=fr&meta=" "Mozilla/4.0 (compatible; MSIE 6.0; Windows 98; Win 9x 4.90)"
131.254.100.3 - - [02/Sep/2003:06:07:16 -0700] "GET /images/parr-head.jpg HTTP/1.1" 304 - "http://www.antlr.org/" "Mozilla/4.0 (compatible; MSIE 6.0; Windows 98; Win 9x 4.90)"
81.196.150.94 - - [02/Sep/2003:06:07:45 -0700] "GET /grammar/OCL/OCL.g HTTP/1.0" 200 12200 "http://www.antlr.org/grammar/OCL" "Mozilla/4.0 (compatible; MSIE 5.01; Windows NT 5.0; .NET CLR 1.1.4322)"
81.196.150.94 - - [02/Sep/2003:06:07:53 -0700] "GET /grammar/pascal/pascal.g HTTP/1.0" 200 20490 "http://www.antlr.org/grammar/pascal" "Mozilla/4.0 (compatible; MSIE 5.01; Windows NT 5.0; .NET CLR 1.1.4322)"
81.196.150.94 - - [02/Sep/2003:06:08:02 -0700] "GET /grammar/pascal/pascal.g HTTP/1.0" 200 20490 "-" "Mozilla/4.0 (compatible; MSIE 5.01; Windows NT 5.0; .NET CLR 1.1.4322)"
135.90.24.17 - - [02/Sep/2003:06:08:22 -0700] "GET / HTTP/1.0" 200 11690 "http://www.ejbsolutions.com/carryover-projects.html" "Mozilla/5.0 (Windows; U; Windows NT 5.0; en-US; rv:1.4) Gecko/20030624 Netscape/7.1 (ax)"
135.90.24.17 - - [02/Sep/2003:06:08:22 -0700] "GET /favicon.ico HTTP/1.0" 404 173 "-" "Mozilla/5.0 (Windows; U; Windows NT 5.0; en-US; rv:1.4) Gecko/20030624 Netscape/7.1 (ax)"
135.90.24.17 - - [02/Sep/2003:06:08:22 -0700] "GET /images/shim.gif HTTP/1.0" 200 43 "http://www.antlr.org/" "Mozilla/5.0 (Windows; U; Windows NT 5.0; en-US; rv:1.4) Gecko/20030624 Netscape/7.1 (ax)"
135.90.24.17 - - [02/Sep/2003:06:08:22 -0700] "GET /images/logo-head.gif HTTP/1.0" 200 4098 "http://www.antlr.org/" "Mozilla/5.0 (Windows; U; Windows NT 5.0; en-US; rv:1.4) Gecko/20030624 Netscape/7.1 (ax)"
135.90.24.17 - - [02/Sep/2003:06:08:22 -0700] "GET /images/button-download.gif HTTP/1.0" 200 733 "http://www.antlr.org/" "Mozilla/5.0 (Windows; U; Windows NT 5.0; en-US; rv:1.4) Gecko/20030624 Netscape/7.1 (ax)"
135.90.24.17 - - [02/Sep/2003:06:08:23 -0700] "GET /images/parr-head.jpg HTTP/1.0" 200 3582 "http://www.antlr.org/" "Mozilla/5.0 (Windows; U; Windows NT 5.0; en-US; rv:1.4) Gecko/20030624 Netscape/7.1 (ax)"
135.90.24.17 - - [02/Sep/2003:06:08:23 -0700] "GET /images/search.gif HTTP/1.0" 200 299 "http://www.antlr.org/" "Mozilla/5.0 (Windows; U; Windows NT 5.0; en-US; rv:1.4) Gecko/20030624 Netscape/7.1 (ax)"
135.90.24.17 - - [02/Sep/2003:06:08:23 -0700] "GET /images/search-go.gif HTTP/1.0" 200 266 "http://www.antlr.org/" "Mozilla/5.0 (Windows; U; Windows NT 5.0; en-US; rv:1.4) Gecko/20030624 Netscape/7.1 (ax)"
135.90.24.17 - - [02/Sep/2003:06:08:23 -0700] "GET /images/head-shim.gif HTTP/1.0" 200 158 "http://www.antlr.org/" "Mozilla/5.0 (Windows; U; Windows NT 5.0; en-US; rv:1.4) Gecko/20030624 Netscape/7.1 (ax)"
194.206.39.107 - - [02/Sep/2003:06:08:29 -0700] "GET / HTTP/1.0" 200 11690 "-" "Mozilla/4.0 (compatible; MSIE 5.5; Windows NT 5.0)"
194.206.39.107 - - [02/Sep/2003:06:08:29 -0700] "GET /images/shim.gif HTTP/1.0" 200 43 "http://www.antlr.org/" "Mozilla/4.0 (compatible; MSIE 5.5; Windows NT 5.0)"
194.206.39.107 - - [02/Sep/2003:06:08:29 -0700] "GET /images/logo-head.gif HTTP/1.0" 200 4098 "http://www.antlr.org/" "Mozilla/4.0 (compatible; MSIE 5.5; Windows NT 5.0)"
194.206.39.107 - - [02/Sep/2003:06:08:29 -0700] "GET /images/head-shim.gif HTTP/1.0" 200 158 "http://www.antlr.org/" "Mozilla/4.0 (compatible; MSIE 5.5; Windows NT 5.0)"
194.206.39.107 - - [02/Sep/2003:06:08:29 -0700] "GET /images/button-download.gif HTTP/1.0" 200 733 "http://www.antlr.org/" "Mozilla/4.0 (compatible; MSIE 5.5; Windows NT 5.0)"
194.206.39.107 - - [02/Sep/2003:06:08:29 -0700] "GET /images/parr-head.jpg HTTP/1.0" 200 3582 "http://www.antlr.org/" "Mozilla/4.0 (compatible; MSIE 5.5; Windows NT 5.0)"
194.206.39.107 - - [02/Sep/2003:06:08:29 -0700] "GET /images/search.gif HTTP/1.0" 200 299 "http://www.antlr.org/" "Mozilla/4.0 (compatible; MSIE 5.5; Windows NT 5.0)"
194.206.39.107 - - [02/Sep/2003:06:08:29 -0700] "GET /images/search-go.gif HTTP/1.0" 200 266 "http://www.antlr.org/" "Mozilla/4.0 (compatible; MSIE 5.5; Windows NT 5.0)"
216.88.158.142 - - [02/Sep/2003:06:08:52 -0700] "GET /doc/streams.html HTTP/1.1" 200 16384 "-" "Mozilla/4.0 compatible ZyBorg/1.0 DLC (wn.zyborg@looksmart.net; http://www.WISEnutbot.com)"
81.196.150.94 - - [02/Sep/2003:06:09:52 -0700] "GET /grammar/OCL/OCL.g HTTP/1.0" 200 12200 "-" "Mozilla/4.0 (compatible; MSIE 5.01; Windows NT 5.0; .NET CLR 1.1.4322)"
207.245.217.212 - - [02/Sep/2003:06:09:53 -0700] "GET / HTTP/1.1" 200 11690 "-" "Mozilla/4.0 (compatible; MSIE 6.0; Windows NT 5.1; .NET CLR 1.0.3705)"
207.245.217.212 - - [02/Sep/2003:06:09:53 -0700] "GET /images/shim.gif HTTP/1.1" 304 - "http://www.antlr.org" "Mozilla/4.0 (compatible; MSIE 6.0; Windows NT 5.1; .NET CLR 1.0.3705)"
207.245.217.212 - - [02/Sep/2003:06:09:53 -0700] "GET /images/logo-head.gif HTTP/1.1" 304 - "http://www.antlr.org" "Mozilla/4.0 (compatible; MSIE 6.0; Windows NT 5.1; .NET CLR 1.0.3705)"
207.245.217.212 - - [02/Sep/2003:06:09:53 -0700] "GET /images/head-shim.gif HTTP/1.1" 304 - "http://www.antlr.org" "Mozilla/4.0 (compatible; MSIE 6.0; Windows NT 5.1; .NET CLR 1.0.3705)"
207.245.217.212 - - [02/Sep/2003:06:09:53 -0700] "GET /images/button-download.gif HTTP/1.1" 304 - "http://www.antlr.org" "Mozilla/4.0 (compatible; MSIE 6.0; Windows NT 5.1; .NET CLR 1.0.3705)"
207.245.217.212 - - [02/Sep/2003:06:09:53 -0700] "GET /images/parr-head.jpg HTTP/1.1" 304 - "http://www.antlr.org" "Mozilla/4.0 (compatible; MSIE 6.0; Windows NT 5.1; .NET CLR 1.0.3705)"
207.245.217.212 - - [02/Sep/2003:06:09:53 -0700] "GET /images/search.gif HTTP/1.1" 304 - "http://www.antlr.org" "Mozilla/4.0 (compatible; MSIE 6.0; Windows NT 5.1; .NET CLR 1.0.3705)"
207.245.217.212 - - [02/Sep/2003:06:09:53 -0700] "GET /images/search-go.gif HTTP/1.1" 304 - "http://www.antlr.org" "Mozilla/4.0 (compatible; MSIE 6.0; Windows NT 5.1; .NET CLR 1.0.3705)"
198.152.150.69 - - [02/Sep/2003:06:09:54 -0700] "GET /article/langparse.html HTTP/1.1" 200 22670 "http://www.antlr.org/article/list" "Mozilla/4.0 (compatible; MSIE 6.0; Windows NT 5.0; .NET CLR 1.1.4322)"
207.245.217.212 - - [02/Sep/2003:06:09:55 -0700] "GET /download.html HTTP/1.1" 200 9276 "http://www.antlr.org" "Mozilla/4.0 (compatible; MSIE 6.0; Windows NT 5.1; .NET CLR 1.0.3705)"
198.152.150.69 - - [02/Sep/2003:06:09:55 -0700] "GET /logo.gif HTTP/1.1" 200 6455 "http://www.antlr.org/article/langparse.html" "Mozilla/4.0 (compatible; MSIE 6.0; Windows NT 5.0; .NET CLR 1.1.4322)"
213.41.109.244 - - [02/Sep/2003:06:09:58 -0700] "GET / HTTP/1.1" 200 11690 "-" "Mozilla/4.0 (compatible; MSIE 6.0; Windows NT 5.1; 1C; .NET CLR 1.1.4322)"
213.41.109.244 - - [02/Sep/2003:06:09:58 -0700] "GET /images/shim.gif HTTP/1.1" 200 43 "http://www.antlr.org/" "Mozilla/4.0 (compatible; MSIE 6.0; Windows NT 5.1; 1C; .NET CLR 1.1.4322)"
213.41.109.244 - - [02/Sep/2003:06:09:59 -0700] "GET /images/logo-head.gif HTTP/1.1" 200 4098 "http://www.antlr.org/" "Mozilla/4.0 (compatible; MSIE 6.0; Windows NT 5.1; 1C; .NET CLR 1.1.4322)"
213.41.109.244 - - [02/Sep/2003:06:09:59 -0700] "GET /images/head-shim.gif HTTP/1.1" 200 158 "http://www.antlr.org/" "Mozilla/4.0 (compatible; MSIE 6.0; Windows NT 5.1; 1C; .NET CLR 1.1.4322)"
213.41.109.244 - - [02/Sep/2003:06:09:59 -0700] "GET /images/button-download.gif HTTP/1.1" 200 733 "http://www.antlr.org/" "Mozilla/4.0 (compatible; MSIE 6.0; Windows NT 5.1; 1C; .NET CLR 1.1.4322)"
213.41.109.244 - - [02/Sep/2003:06:09:59 -0700] "GET /images/parr-head.jpg HTTP/1.1" 200 3582 "http://www.antlr.org/" "Mozilla/4.0 (compatible; MSIE 6.0; Windows NT 5.1; 1C; .NET CLR 1.1.4322)"
213.41.109.244 - - [02/Sep/2003:06:09:59 -0700] "GET /images/search.gif HTTP/1.1" 200 299 "http://www.antlr.org/" "Mozilla/4.0 (compatible; MSIE 6.0; Windows NT 5.1; 1C; .NET CLR 1.1.4322)"
213.41.109.244 - - [02/Sep/2003:06:10:00 -0700] "GET /images/search-go.gif HTTP/1.1" 200 266 "http://www.antlr.org/" "Mozilla/4.0 (compatible; MSIE 6.0; Windows NT 5.1; 1C; .NET CLR 1.1.4322)"
207.245.217.212 - - [02/Sep/2003:06:10:02 -0700] "GET / HTTP/1.1" 200 11690 "-" "Mozilla/4.0 (compatible; MSIE 6.0; Windows NT 5.1; .NET CLR 1.0.3705)"
207.245.217.212 - - [02/Sep/2003:06:10:06 -0700] "GET /download.html HTTP/1.1" 200 9276 "http://www.antlr.org" "Mozilla/4.0 (compatible; MSIE 6.0; Windows NT 5.1; .NET CLR 1.0.3705)"
207.245.217.212 - - [02/Sep/2003:06:10:08 -0700] "GET / HTTP/1.1" 200 11690 "-" "Mozilla/4.0 (compatible; MSIE 6.0; Windows NT 5.1; .NET CLR 1.0.3705)"
198.152.150.69 - - [02/Sep/2003:06:10:10 -0700] "GET /article/list HTTP/1.1" 200 15911 "http://www.antlr.org/grammar/pascal" "Mozilla/4.0 (compatible; MSIE 6.0; Windows NT 5.0; .NET CLR 1.1.4322)"
198.152.150.69 - - [02/Sep/2003:06:10:15 -0700] "GET /book/index.html HTTP/1.1" 200 9357 "http://www.antlr.org/article/list" "Mozilla/4.0 (compatible; MSIE 6.0; Windows NT 5.0; .NET CLR 1.1.4322)"
207.245.217.212 - - [02/Sep/2003:06:10:23 -0700] "GET /images/antlr-link.gif HTTP/1.1" 200 1372 "http://antlraux.sourceforge.net/" "Mozilla/4.0 (compatible; MSIE 6.0; Windows NT 5.1; .NET CLR 1.0.3705)"
198.152.150.69 - - [02/Sep/2003:06:10:23 -0700] "GET /book/byhand.pdf HTTP/1.1" 200 93253 "http://www.antlr.org/book/index.html" "Mozilla/4.0 (compatible; MSIE 6.0; Windows NT 5.0; .NET CLR 1.1.4322)"
81.196.150.94 - - [02/Sep/2003:06:10:51 -0700] "GET /grammar/java/java.g HTTP/1.0" 200 33216 "-" "Mozilla/4.0 (compatible; MSIE 5.01; Windows NT 5.0; .NET CLR 1.1.4322)"
207.245.217.212 - - [02/Sep/2003:06:11:10 -0700] "GET / HTTP/1.1" 200 11690 "-" "Mozilla/4.0 (compatible; MSIE 6.0; Windows NT 5.1; .NET CLR 1.0.3705)"
211.167.0.132 - - [02/Sep/2003:06:11:53 -0700] "GET / HTTP/1.0" 200 11690 "-" "Mozilla/4.0 (compatible; MSIE 6.0; Windows NT 5.0; .NET CLR 1.1.4322)"
61.152.210.131 - - [02/Sep/2003:06:11:54 -0700] "GET /images/head-shim.gif HTTP/1.0" 200 158 "http://www.antlr.org/" "Mozilla/4.0 (compatible; MSIE 6.0; Windows NT 5.0; .NET CLR 1.1.4322)"
211.159.67.78 - - [02/Sep/2003:06:11:55 -0700] "GET /images/shim.gif HTTP/1.0" 200 43 "http://www.antlr.org/" "Mozilla/4.0 (compatible; MSIE 6.0; Windows NT 5.0; .NET CLR 1.1.4322)"
61.175.193.194 - - [02/Sep/2003:06:11:55 -0700] "GET /images/search-go.gif HTTP/1.0" 200 266 "http://www.antlr.org/" "Mozilla/4.0 (compatible; MSIE 6.0; Windows NT 5.0; .NET CLR 1.1.4322)"
61.175.193.194 - - [02/Sep/2003:06:11:55 -0700] "GET /images/search.gif HTTP/1.0" 200 299 "http://www.antlr.org/" "Mozilla/4.0 (compatible; MSIE 6.0; Windows NT 5.0; .NET CLR 1.1.4322)"
61.55.134.161 - - [02/Sep/2003:06:11:56 -0700] "GET /images/button-download.gif HTTP/1.0" 200 733 "http://www.antlr.org/" "Mozilla/4.0 (compatible; MSIE 6.0; Windows NT 5.0; .NET CLR 1.1.4322)"
210.5.30.232 - - [02/Sep/2003:06:11:58 -0700] "GET /images/logo-head.gif HTTP/1.0" 200 4098 "http://www.antlr.org/" "Mozilla/4.0 (compatible; MSIE 6.0; Windows NT 5.0; .NET CLR 1.1.4322)"
212.130.4.207 - - [02/Sep/2003:06:12:23 -0700] "GET / HTTP/1.0" 200 11690 "-" "Mozilla/4.0 (compatible; MSIE 6.0; Windows NT 5.1; .NET CLR 1.0.3705; .NET CLR 1.1.4322)"
212.130.4.207 - - [02/Sep/2003:06:12:24 -0700] "GET /images/shim.gif HTTP/1.0" 200 43 "http://www.antlr.org/" "Mozilla/4.0 (compatible; MSIE 6.0; Windows NT 5.1; .NET CLR 1.0.3705; .NET CLR 1.1.4322)"
212.130.4.207 - - [02/Sep/2003:06:12:24 -0700] "GET /images/logo-head.gif HTTP/1.0" 200 4098 "http://www.antlr.org/" "Mozilla/4.0 (compatible; MSIE 6.0; Windows NT 5.1; .NET CLR 1.0.3705; .NET CLR 1.1.4322)"
212.130.4.207 - - [02/Sep/2003:06:12:24 -0700] "GET /images/button-download.gif HTTP/1.0" 200 733 "http://www.antlr.org/" "Mozilla/4.0 (compatible; MSIE 6.0; Windows NT 5.1; .NET CLR 1.0.3705; .NET CLR 1.1.4322)"
212.130.4.207 - - [02/Sep/2003:06:12:24 -0700] "GET /images/parr-head.jpg HTTP/1.0" 200 3582 "http://www.antlr.org/" "Mozilla/4.0 (compatible; MSIE 6.0; Windows NT 5.1; .NET CLR 1.0.3705; .NET CLR 1.1.4322)"
212.130.4.207 - - [02/Sep/2003:06:12:24 -0700] "GET /images/search.gif HTTP/1.0" 200 299 "http://www.antlr.org/" "Mozilla/4.0 (compatible; MSIE 6.0; Windows NT 5.1; .NET CLR 1.0.3705; .NET CLR 1.1.4322)"
212.130.4.207 - - [02/Sep/2003:06:12:25 -0700] "GET /images/search-go.gif HTTP/1.0" 200 266 "http://www.antlr.org/" "Mozilla/4.0 (compatible; MSIE 6.0; Windows NT 5.1; .NET CLR 1.0.3705; .NET CLR 1.1.4322)"
212.130.4.207 - - [02/Sep/2003:06:12:25 -0700] "GET /images/head-shim.gif HTTP/1.0" 200 158 "http://www.antlr.org/" "Mozilla/4.0 (compatible; MSIE 6.0; Windows NT 5.1; .NET CLR 1.0.3705; .NET CLR 1.1.4322)"
212.130.4.207 - - [02/Sep/2003:06:12:29 -0700] "GET /download.html HTTP/1.0" 200 9276 "http://www.antlr.org/" "Mozilla/4.0 (compatible; MSIE 6.0; Windows NT 5.1; .NET CLR 1.0.3705; .NET CLR 1.1.4322)"
61.152.210.131 - - [02/Sep/2003:06:12:40 -0700] "GET /grammar/cpp HTTP/1.0" 200 8441 "http://www.antlr.org/" "Mozilla/4.0 (compatible; MSIE 6.0; Windows NT 5.0; .NET CLR 1.1.4322)"
217.167.119.251 - - [02/Sep/2003:06:12:53 -0700] "GET /download/antlr-2.7.2.tar.gz HTTP/1.1" 200 49152 "-" "Mozilla/4.0 (compatible; MSIE 6.0; Windows 98)"
212.130.4.207 - - [02/Sep/2003:06:12:56 -0700] "GET / HTTP/1.0" 200 11690 "-" "Mozilla/4.0 (compatible; MSIE 6.0; Windows NT 5.0; .NET CLR 1.0.3705; .NET CLR 1.1.4322)"
212.130.4.207 - - [02/Sep/2003:06:12:57 -0700] "GET /images/shim.gif HTTP/1.0" 200 43 "http://www.antlr.org/" "Mozilla/4.0 (compatible; MSIE 6.0; Windows NT 5.0; .NET CLR 1.0.3705; .NET CLR 1.1.4322)"
