12.210.67.206 - - [02/Sep/2003:08:28:12 -0700] "GET /images/search.gif HTTP/1.1" 200 299 "http://www.antlr.org/" "Mozilla/4.0 (compatible; MSIE 6.0; Windows NT 5.1; Q312461; .NET CLR 1.0.3705; .NET CLR 1.1.4322)"
12.210.67.206 - - [02/Sep/2003:08:28:12 -0700] "GET /images/search-go.gif HTTP/1.1" 200 266 "http://www.antlr.org/" "Mozilla/4.0 (compatible; MSIE 6.0; Windows NT 5.1; Q312461; .NET CLR 1.0.3705; .NET CLR 1.1.4322)"
217.184.246.2 - - [02/Sep/2003:08:28:43 -0700] "GET /1.33/pccts_faq.html HTTP/1.1" 200 29779 "http://www.antlr.org/pccts133.html" "Mozilla/4.0 (compatible; MSIE 5.0; Windows XP) Opera 6.05 [de]"
217.184.246.2 - - [02/Sep/2003:08:29:30 -0700] "GET /buybook.html HTTP/1.1" 302 142 "http://www.antlr.org/pccts133.html" "Mozilla/4.0 (compatible; MSIE 5.0; Windows XP) Opera 6.05 [de]"
217.184.246.2 - - [02/Sep/2003:08:29:30 -0700] "GET /error.jsp?msg=Problems+extracting+content%2Ftitle+from+file+%2Fbuybook.html%3A+null HTTP/1.1" 200 6464 "http://www.antlr.org/pccts133.html" "Mozilla/4.0 (compatible; MSIE 5.0; Windows XP) Opera 6.05 [de]"
138.11.254.204 - - [02/Sep/2003:08:29:33 -0700] "GET /share/1057505418267/antlr_net-2.7.2_bin.zip HTTP/1.0" 200 229376 "http://www.antlr.org/share/list" "Mozilla/5.0 (Windows; U; Windows NT 5.1; en-US; rv:1.5a) Gecko/20030718"
24.69.108.54 - - [02/Sep/2003:08:29:34 -0700] "GET /doc/trees.html HTTP/1.1" 200 48468 "http://www.google.ca/search?q=antlr+tree+visitor&ie=UTF-8&oe=UTF-8&hl=en&meta=" "Mozilla/4.0 (compatible; MSIE 6.0; Windows NT 5.1; Q312461)"
24.69.108.54 - - [02/Sep/2003:08:29:44 -0700] "GET /support.html HTTP/1.1" 200 10899 "http://www.antlr.org/doc/trees.html" "Mozilla/4.0 (compatible; MSIE 6.0; Windows NT 5.1; Q312461)"
24.69.108.54 - - [02/Sep/2003:08:29:53 -0700] "GET /javadoc/overview-summary.html HTTP/1.1" 200 9784 "http://www.antlr.org/support.html" "Mozilla/4.0 (compatible; MSIE 6.0; Windows NT 5.1; Q312461)"
24.69.108.54 - - [02/Sep/2003:08:30:02 -0700] "GET /javadoc/antlr/package-summary.html HTTP/1.1" 200 22368 "http://www.antlr.org/javadoc/overview-summary.html" "Mozilla/4.0 (compatible; MSIE 6.0; Windows NT 5.1; Q312461)"
194.203.13.66 - - [02/Sep/2003:08:30:02 -0700] "GET /doc/index.html HTTP/1.0" 200 26469 "http://www.antlr.org/" "Mozilla/4.0 (compatible; MSIE 4.01; Windows NT)"
138.11.254.204 - - [02/Sep/2003:08:30:03 -0700] "GET /share/1057505418267/antlr_net-2.7.2_bin.zip HTTP/1.0" 200 711876 "http://www.antlr.org/share/list" "Mozilla/5.0 (Windows; U; Windows NT 5.1; en-US; rv:1.5a) Gecko/20030718"
24.69.108.54 - - [02/Sep/2003:08:30:07 -0700] "GET /javadoc/antlr/ASTFactory.html HTTP/1.1" 200 28295 "http://www.antlr.org/javadoc/antlr/package-summary.html" "Mozilla/4.0 (compatible; MSIE 6.0; Windows NT 5.1; Q312461)"
24.69.108.54 - - [02/Sep/2003:08:30:36 -0700] "GET /javadoc/antlr/collections/AST.html HTTP/1.1" 200 23647 "http://www.antlr.org/javadoc/antlr/ASTFactory.html" "Mozilla/4.0 (compatible; MSIE 6.0; Windows NT 5.1; Q312461)"
24.69.108.54 - - [02/Sep/2003:08:30:46 -0700] "GET /javadoc/antlr/BaseAST.html HTTP/1.1" 200 37521 "http://www.antlr.org/javadoc/antlr/collections/AST.html" "Mozilla/4.0 (compatible; MSIE 6.0; Windows NT 5.1; Q312461)"
12.210.67.206 - - [02/Sep/2003:08:31:07 -0700] "GET /download.html HTTP/1.1" 200 9276 "http://www.antlr.org/" "Mozilla/4.0 (compatible; MSIE 6.0; Windows NT 5.1; Q312461; .NET CLR 1.0.3705; .NET CLR 1.1.4322)"
12.210.67.206 - - [02/Sep/2003:08:31:07 -0700] "GET /images/button-download.gif HTTP/1.1" 200 733 "http://www.antlr.org/download.html" "Mozilla/4.0 (compatible; MSIE 6.0; Windows NT 5.1; Q312461; .NET CLR 1.0.3705; .NET CLR 1.1.4322)"
12.210.67.206 - - [02/Sep/2003:08:31:07 -0700] "GET /images/head-shim.gif HTTP/1.1" 200 158 "http://www.antlr.org/download.html" "Mozilla/4.0 (compatible; MSIE 6.0; Windows NT 5.1; Q312461; .NET CLR 1.0.3705; .NET CLR 1.1.4322)"
12.210.67.206 - - [02/Sep/2003:08:31:07 -0700] "GET /images/search.gif HTTP/1.1" 200 299 "http://www.antlr.org/download.html" "Mozilla/4.0 (compatible; MSIE 6.0; Windows NT 5.1; Q312461; .NET CLR 1.0.3705; .NET CLR 1.1.4322)"
12.210.67.206 - - [02/Sep/2003:08:31:07 -0700] "GET /images/search-go.gif HTTP/1.1" 200 266 "http://www.antlr.org/download.html" "Mozilla/4.0 (compatible; MSIE 6.0; Windows NT 5.1; Q312461; .NET CLR 1.0.3705; .NET CLR 1.1.4322)"
217.184.246.2 - - [02/Sep/2003:08:31:17 -0700] "GET /1.33/tutorial.zip HTTP/1.1" 200 130883 "http://www.antlr.org/pccts133.html" "Mozilla/4.0 (compatible; MSIE 5.0; Windows XP) Opera 6.05 [de]"
12.210.67.206 - - [02/Sep/2003:08:31:20 -0700] "GET /news/list HTTP/1.1" 200 8648 "http://www.antlr.org/download.html" "Mozilla/4.0 (compatible; MSIE 6.0; Windows NT 5.1; Q312461; .NET CLR 1.0.3705; .NET CLR 1.1.4322)"
12.210.67.206 - - [02/Sep/2003:08:31:21 -0700] "GET /images/button-download.gif HTTP/1.1" 200 733 "http://www.antlr.org/news/list" "Mozilla/4.0 (compatible; MSIE 6.0; Windows NT 5.1; Q312461; .NET CLR 1.0.3705; .NET CLR 1.1.4322)"
12.210.67.206 - - [02/Sep/2003:08:31:21 -0700] "GET /images/head-shim.gif HTTP/1.1" 200 158 "http://www.antlr.org/news/list" "Mozilla/4.0 (compatible; MSIE 6.0; Windows NT 5.1; Q312461; .NET CLR 1.0.3705; .NET CLR 1.1.4322)"
12.210.67.206 - - [02/Sep/2003:08:31:21 -0700] "GET /images/search.gif HTTP/1.1" 200 299 "http://www.antlr.org/news/list" "Mozilla/4.0 (compatible; MSIE 6.0; Windows NT 5.1; Q312461; .NET CLR 1.0.3705; .NET CLR 1.1.4322)"
12.210.67.206 - - [02/Sep/2003:08:31:21 -0700] "GET /images/search-go.gif HTTP/1.1" 200 266 "http://www.antlr.org/news/list" "Mozilla/4.0 (compatible; MSIE 6.0; Windows NT 5.1; Q312461; .NET CLR 1.0.3705; .NET CLR 1.1.4322)"
12.210.67.206 - - [02/Sep/2003:08:31:26 -0700] "GET /download.html HTTP/1.1" 200 9276 "http://www.antlr.org/" "Mozilla/4.0 (compatible; MSIE 6.0; Windows NT 5.1; Q312461; .NET CLR 1.0.3705; .NET CLR 1.1.4322)"
12.210.67.206 - - [02/Sep/2003:08:31:27 -0700] "GET /images/button-download.gif HTTP/1.1" 200 733 "http://www.antlr.org/download.html" "Mozilla/4.0 (compatible; MSIE 6.0; Windows NT 5.1; Q312461; .NET CLR 1.0.3705; .NET CLR 1.1.4322)"
12.210.67.206 - - [02/Sep/2003:08:31:27 -0700] "GET /images/head-shim.gif HTTP/1.1" 200 158 "http://www.antlr.org/download.html" "Mozilla/4.0 (compatible; MSIE 6.0; Windows NT 5.1; Q312461; .NET CLR 1.0.3705; .NET CLR 1.1.4322)"
12.210.67.206 - - [02/Sep/2003:08:31:27 -0700] "GET /images/search.gif HTTP/1.1" 200 299 "http://www.antlr.org/download.html" "Mozilla/4.0 (compatible; MSIE 6.0; Windows NT 5.1; Q312461; .NET CLR 1.0.3705; .NET CLR 1.1.4322)"
12.210.67.206 - - [02/Sep/2003:08:31:27 -0700] "GET /images/search-go.gif HTTP/1.1" 200 266 "http://www.antlr.org/download.html" "Mozilla/4.0 (compatible; MSIE 6.0; Windows NT 5.1; Q312461; .NET CLR 1.0.3705; .NET CLR 1.1.4322)"
12.210.67.206 - - [02/Sep/2003:08:32:12 -0700] "GET /images/button-download.gif HTTP/1.1" 200 733 "http://www.antlr.org/doc/index.html" "Mozilla/4.0 (compatible; MSIE 6.0; Windows NT 5.1; Q312461; .NET CLR 1.0.3705; .NET CLR 1.1.4322)"
12.210.67.206 - - [02/Sep/2003:08:32:12 -0700] "GET /doc/index.html HTTP/1.1" 200 26469 "http://www.antlr.org/download.html" "Mozilla/4.0 (compatible; MSIE 6.0; Windows NT 5.1; Q312461; .NET CLR 1.0.3705; .NET CLR 1.1.4322)"
12.210.67.206 - - [02/Sep/2003:08:32:12 -0700] "GET /images/head-shim.gif HTTP/1.1" 200 158 "http://www.antlr.org/doc/index.html" "Mozilla/4.0 (compatible; MSIE 6.0; Windows NT 5.1; Q312461; .NET CLR 1.0.3705; .NET CLR 1.1.4322)"
12.210.67.206 - - [02/Sep/2003:08:32:13 -0700] "GET /images/search.gif HTTP/1.1" 200 299 "http://www.antlr.org/doc/index.html" "Mozilla/4.0 (compatible; MSIE 6.0; Windows NT 5.1; Q312461; .NET CLR 1.0.3705; .NET CLR 1.1.4322)"
12.210.67.206 - - [02/Sep/2003:08:32:13 -0700] "GET /images/search-go.gif HTTP/1.1" 200 266 "http://www.antlr.org/doc/index.html" "Mozilla/4.0 (compatible; MSIE 6.0; Windows NT 5.1; Q312461; .NET CLR 1.0.3705; .NET CLR 1.1.4322)"
12.210.67.206 - - [02/Sep/2003:08:32:38 -0700] "GET /images/button-download.gif HTTP/1.1" 200 733 "http://www.antlr.org/doc/antlr272release.html" "Mozilla/4.0 (compatible; MSIE 6.0; Windows NT 5.1; Q312461; .NET CLR 1.0.3705; .NET CLR 1.1.4322)"
12.210.67.206 - - [02/Sep/2003:08:32:38 -0700] "GET /images/head-shim.gif HTTP/1.1" 200 158 "http://www.antlr.org/doc/antlr272release.html" "Mozilla/4.0 (compatible; MSIE 6.0; Windows NT 5.1; Q312461; .NET CLR 1.0.3705; .NET CLR 1.1.4322)"
12.210.67.206 - - [02/Sep/2003:08:32:38 -0700] "GET /doc/antlr272release.html HTTP/1.1" 200 29232 "http://www.antlr.org/doc/index.html" "Mozilla/4.0 (compatible; MSIE 6.0; Windows NT 5.1; Q312461; .NET CLR 1.0.3705; .NET CLR 1.1.4322)"
12.210.67.206 - - [02/Sep/2003:08:32:38 -0700] "GET /images/search.gif HTTP/1.1" 200 299 "http://www.antlr.org/doc/antlr272release.html" "Mozilla/4.0 (compatible; MSIE 6.0; Windows NT 5.1; Q312461; .NET CLR 1.0.3705; .NET CLR 1.1.4322)"
12.210.67.206 - - [02/Sep/2003:08:32:38 -0700] "GET /images/search-go.gif HTTP/1.1" 200 266 "http://www.antlr.org/doc/antlr272release.html" "Mozilla/4.0 (compatible; MSIE 6.0; Windows NT 5.1; Q312461; .NET CLR 1.0.3705; .NET CLR 1.1.4322)"
206.129.116.200 - - [02/Sep/2003:08:32:39 -0700] "GET / HTTP/1.1" 200 11690 "http://www.google.com/search?hl=en&ie=UTF-8&oe=UTF-8&q=antlr&btnG=Google+Search" "Mozilla/5.0 (Windows; U; Windows NT 5.0; en-US; rv:1.3) Gecko/20030312"
206.129.116.200 - - [02/Sep/2003:08:32:39 -0700] "GET /images/shim.gif HTTP/1.1" 200 43 "http://www.antlr.org/" "Mozilla/5.0 (Windows; U; Windows NT 5.0; en-US; rv:1.3) Gecko/20030312"
206.129.116.200 - - [02/Sep/2003:08:32:39 -0700] "GET /images/logo-head.gif HTTP/1.1" 200 4098 "http://www.antlr.org/" "Mozilla/5.0 (Windows; U; Windows NT 5.0; en-US; rv:1.3) Gecko/20030312"
206.129.116.200 - - [02/Sep/2003:08:32:39 -0700] "GET /images/button-download.gif HTTP/1.1" 200 733 "http://www.antlr.org/" "Mozilla/5.0 (Windows; U; Windows NT 5.0; en-US; rv:1.3) Gecko/20030312"
206.129.116.200 - - [02/Sep/2003:08:32:39 -0700] "GET /images/parr-head.jpg HTTP/1.1" 200 3582 "http://www.antlr.org/" "Mozilla/5.0 (Windows; U; Windows NT 5.0; en-US; rv:1.3) Gecko/20030312"
206.129.116.200 - - [02/Sep/2003:08:32:39 -0700] "GET /images/head-shim.gif HTTP/1.1" 200 158 "http://www.antlr.org/" "Mozilla/5.0 (Windows; U; Windows NT 5.0; en-US; rv:1.3) Gecko/20030312"
206.129.116.200 - - [02/Sep/2003:08:32:39 -0700] "GET /images/search.gif HTTP/1.1" 200 299 "http://www.antlr.org/" "Mozilla/5.0 (Windows; U; Windows NT 5.0; en-US; rv:1.3) Gecko/20030312"
206.129.116.200 - - [02/Sep/2003:08:32:39 -0700] "GET /images/search-go.gif HTTP/1.1" 200 266 "http://www.antlr.org/" "Mozilla/5.0 (Windows; U; Windows NT 5.0; en-US; rv:1.3) Gecko/20030312"
138.11.254.204 - - [02/Sep/2003:08:32:41 -0700] "GET /share/1057506070742/antlr_jsharp-2.7.2.zip HTTP/1.0" 200 4056 "http://www.antlr.org/share/list" "Mozilla/5.0 (Windows; U; Windows NT 5.1; en-US; rv:1.5a) Gecko/20030718"
217.184.246.2 - - [02/Sep/2003:08:33:19 -0700] "GET /papers/antlr.ps HTTP/1.1" 200 6462 "http://www.antlr.org/pccts133.html" "Mozilla/4.0 (compatible; MSIE 5.0; Windows XP) Opera 6.05 [de]"
65.115.255.2 - - [02/Sep/2003:08:34:11 -0700] "GET / HTTP/1.1" 200 11690 "http://black-sun.sourceforge.net/release-notes-0.3.html" "Mozilla/4.0 (compatible; MSIE 6.0; Windows NT 5.0; .NET CLR 1.0.3705)"
65.115.255.2 - - [02/Sep/2003:08:34:11 -0700] "GET /images/shim.gif HTTP/1.1" 200 43 "http://www.antlr.org/" "Mozilla/4.0 (compatible; MSIE 6.0; Windows NT 5.0; .NET CLR 1.0.3705)"
65.115.255.2 - - [02/Sep/2003:08:34:12 -0700] "GET /images/logo-head.gif HTTP/1.1" 200 4098 "http://www.antlr.org/" "Mozilla/4.0 (compatible; MSIE 6.0; Windows NT 5.0; .NET CLR 1.0.3705)"
65.115.255.2 - - [02/Sep/2003:08:34:12 -0700] "GET /images/head-shim.gif HTTP/1.1" 200 158 "http://www.antlr.org/" "Mozilla/4.0 (compatible; MSIE 6.0; Windows NT 5.0; .NET CLR 1.0.3705)"
65.115.255.2 - - [02/Sep/2003:08:34:12 -0700] "GET /images/button-download.gif HTTP/1.1" 200 733 "http://www.antlr.org/" "Mozilla/4.0 (compatible; MSIE 6.0; Windows NT 5.0; .NET CLR 1.0.3705)"
65.115.255.2 - - [02/Sep/2003:08:34:12 -0700] "GET /images/parr-head.jpg HTTP/1.1" 200 3582 "http://www.antlr.org/" "Mozilla/4.0 (compatible; MSIE 6.0; Windows NT 5.0; .NET CLR 1.0.3705)"
65.115.255.2 - - [02/Sep/2003:08:34:12 -0700] "GET /images/search.gif HTTP/1.1" 200 299 "http://www.antlr.org/" "Mozilla/4.0 (compatible; MSIE 6.0; Windows NT 5.0; .NET CLR 1.0.3705)"
65.115.255.2 - - [02/Sep/2003:08:34:12 -0700] "GET /images/search-go.gif HTTP/1.1" 200 266 "http://www.antlr.org/" "Mozilla/4.0 (compatible; MSIE 6.0; Windows NT 5.0; .NET CLR 1.0.3705)"
208.177.141.226 - - [02/Sep/2003:08:35:38 -0700] "GET / HTTP/1.1" 200 11690 "-" "Mozilla/5.0 (X11; U; FreeBSD i386; en-US; rv:1.0.0) Gecko/20020607"
208.177.141.226 - - [02/Sep/2003:08:35:38 -0700] "GET /images/shim.gif HTTP/1.1" 200 43 "http://www.antlr.org/" "Mozilla/5.0 (X11; U; FreeBSD i386; en-US; rv:1.0.0) Gecko/20020607"
208.177.141.226 - - [02/Sep/2003:08:35:39 -0700] "GET /images/logo-head.gif HTTP/1.1" 200 4098 "http://www.antlr.org/" "Mozilla/5.0 (X11; U; FreeBSD i386; en-US; rv:1.0.0) Gecko/20020607"
208.177.141.226 - - [02/Sep/2003:08:35:39 -0700] "GET /images/button-download.gif HTTP/1.1" 200 733 "http://www.antlr.org/" "Mozilla/5.0 (X11; U; FreeBSD i386; en-US; rv:1.0.0) Gecko/20020607"
208.177.141.226 - - [02/Sep/2003:08:35:39 -0700] "GET /images/parr-head.jpg HTTP/1.1" 200 3582 "http://www.antlr.org/" "Mozilla/5.0 (X11; U; FreeBSD i386; en-US; rv:1.0.0) Gecko/20020607"
208.177.141.226 - - [02/Sep/2003:08:35:39 -0700] "GET /images/search.gif HTTP/1.1" 200 299 "http://www.antlr.org/" "Mozilla/5.0 (X11; U; FreeBSD i386; en-US; rv:1.0.0) Gecko/20020607"
208.177.141.226 - - [02/Sep/2003:08:35:39 -0700] "GET /images/search-go.gif HTTP/1.1" 200 266 "http://www.antlr.org/" "Mozilla/5.0 (X11; U; FreeBSD i386; en-US; rv:1.0.0) Gecko/20020607"
208.177.141.226 - - [02/Sep/2003:08:35:39 -0700] "GET /images/head-shim.gif HTTP/1.1" 200 158 "-" "Mozilla/5.0 (X11; U; FreeBSD i386; en-US; rv:1.0.0) Gecko/20020607"
208.177.141.226 - - [02/Sep/2003:08:35:42 -0700] "GET /doc/getting-started.html HTTP/1.1" 200 11326 "http://www.antlr.org/" "Mozilla/5.0 (X11; U; FreeBSD i386; en-US; rv:1.0.0) Gecko/20020607"
208.177.141.226 - - [02/Sep/2003:08:35:42 -0700] "GET /images/shim.gif HTTP/1.1" 304 - "-" "Mozilla/5.0 (X11; U; FreeBSD i386; en-US; rv:1.0.0) Gecko/20020607"
208.177.141.226 - - [02/Sep/2003:08:35:42 -0700] "GET /images/logo-head.gif HTTP/1.1" 304 - "-" "Mozilla/5.0 (X11; U; FreeBSD i386; en-US; rv:1.0.0) Gecko/20020607"
208.177.141.226 - - [02/Sep/2003:08:35:42 -0700] "GET /images/search.gif HTTP/1.1" 304 - "-" "Mozilla/5.0 (X11; U; FreeBSD i386; en-US; rv:1.0.0) Gecko/20020607"
208.177.141.226 - - [02/Sep/2003:08:35:42 -0700] "GET /images/button-download.gif HTTP/1.1" 304 - "-" "Mozilla/5.0 (X11; U; FreeBSD i386; en-US; rv:1.0.0) Gecko/20020607"
208.177.141.226 - - [02/Sep/2003:08:35:42 -0700] "GET /images/search-go.gif HTTP/1.1" 304 - "-" "Mozilla/5.0 (X11; U; FreeBSD i386; en-US; rv:1.0.0) Gecko/20020607"
138.11.254.204 - - [02/Sep/2003:08:36:09 -0700] "GET /images/antlr-link.gif HTTP/1.0" 200 1372 "http://antlraux.sourceforge.net/" "Mozilla/5.0 (Windows; U; Windows NT 5.1; en-US; rv:1.5a) Gecko/20030718"
12.210.67.206 - - [02/Sep/2003:08:40:00 -0700] "GET /doc/csharp-runtime.html HTTP/1.1" 200 14148 "http://www.google.com/search?num=50&hl=en&lr=lang_en&ie=UTF-8&oe=UTF-8&safe=off&q=antlr+.net+visual" "Mozilla/4.0 (compatible; MSIE 6.0; Windows NT 5.1; Q312461; .NET CLR 1.0.3705; .NET CLR 1.1.4322)"
12.210.67.206 - - [02/Sep/2003:08:40:01 -0700] "GET /images/shim.gif HTTP/1.1" 304 - "http://www.antlr.org/doc/csharp-runtime.html" "Mozilla/4.0 (compatible; MSIE 6.0; Windows NT 5.1; Q312461; .NET CLR 1.0.3705; .NET CLR 1.1.4322)"
12.210.67.206 - - [02/Sep/2003:08:40:01 -0700] "GET /images/logo-head.gif HTTP/1.1" 304 - "http://www.antlr.org/doc/csharp-runtime.html" "Mozilla/4.0 (compatible; MSIE 6.0; Windows NT 5.1; Q312461; .NET CLR 1.0.3705; .NET CLR 1.1.4322)"
12.210.67.206 - - [02/Sep/2003:08:40:01 -0700] "GET /images/button-download.gif HTTP/1.1" 200 733 "http://www.antlr.org/doc/csharp-runtime.html" "Mozilla/4.0 (compatible; MSIE 6.0; Windows NT 5.1; Q312461; .NET CLR 1.0.3705; .NET CLR 1.1.4322)"
12.210.67.206 - - [02/Sep/2003:08:40:01 -0700] "GET /images/head-shim.gif HTTP/1.1" 200 158 "http://www.antlr.org/doc/csharp-runtime.html" "Mozilla/4.0 (compatible; MSIE 6.0; Windows NT 5.1; Q312461; .NET CLR 1.0.3705; .NET CLR 1.1.4322)"
12.210.67.206 - - [02/Sep/2003:08:40:01 -0700] "GET /images/search.gif HTTP/1.1" 200 299 "http://www.antlr.org/doc/csharp-runtime.html" "Mozilla/4.0 (compatible; MSIE 6.0; Windows NT 5.1; Q312461; .NET CLR 1.0.3705; .NET CLR 1.1.4322)"
12.210.67.206 - - [02/Sep/2003:08:40:01 -0700] "GET /images/search-go.gif HTTP/1.1" 200 266 "http://www.antlr.org/doc/csharp-runtime.html" "Mozilla/4.0 (compatible; MSIE 6.0; Windows NT 5.1; Q312461; .NET CLR 1.0.3705; .NET CLR 1.1.4322)"
138.11.254.204 - - [02/Sep/2003:08:40:59 -0700] "GET /share/list HTTP/1.0" 200 10783 "http://www.antlr.org/testimonial/list" "Mozilla/5.0 (Windows; U; Windows NT 5.1; en-US; rv:1.5a) Gecko/20030718"
195.75.14.249 - - [02/Sep/2003:08:43:07 -0700] "GET / HTTP/1.1" 200 11690 "-" "Mozilla/4.0 (compatible; MSIE 5.5; Windows NT 5.0)"
204.97.183.3 - - [02/Sep/2003:08:43:40 -0700] "GET /grammar/1060760563082/MS_SQL_SELECT.html HTTP/1.0" 302 174 "http://www.google.com/search?hl=en&ie=UTF-8&oe=UTF-8&q=ms+sql+select+group+by" "Mozilla/4.0 (compatible; MSIE 6.0; Windows NT 4.0)"
204.97.183.3 - - [02/Sep/2003:08:43:40 -0700] "GET /error.jsp?msg=Problems+extracting+content%2Ftitle+from+file+%2Fgrammar%2F1060760563082%2FMS_SQL_SELECT.html%3A+null HTTP/1.0" 200 6492 "http://www.google.com/search?hl=en&ie=UTF-8&oe=UTF-8&q=ms+sql+select+group+by" "Mozilla/4.0 (compatible; MSIE 6.0; Windows NT 4.0)"
204.97.183.3 - - [02/Sep/2003:08:43:41 -0700] "GET /images/shim.gif HTTP/1.0" 200 43 "http://www.antlr.org/error.jsp?msg=Problems+extracting+content%2Ftitle+from+file+%2Fgrammar%2F1060760563082%2FMS_SQL_SELECT.html%3A+null" "Mozilla/4.0 (compatible; MSIE 6.0; Windows NT 4.0)"
204.97.183.3 - - [02/Sep/2003:08:43:41 -0700] "GET /images/button-download.gif HTTP/1.0" 200 733 "http://www.antlr.org/error.jsp?msg=Problems+extracting+content%2Ftitle+from+file+%2Fgrammar%2F1060760563082%2FMS_SQL_SELECT.html%3A+null" "Mozilla/4.0 (compatible; MSIE 6.0; Windows NT 4.0)"
204.97.183.3 - - [02/Sep/2003:08:43:41 -0700] "GET /images/logo-head.gif HTTP/1.0" 200 4098 "http://www.antlr.org/error.jsp?msg=Problems+extracting+content%2Ftitle+from+file+%2Fgrammar%2F1060760563082%2FMS_SQL_SELECT.html%3A+null" "Mozilla/4.0 (compatible; MSIE 6.0; Windows NT 4.0)"
204.97.183.3 - - [02/Sep/2003:08:43:41 -0700] "GET /images/head-shim.gif HTTP/1.0" 200 158 "http://www.antlr.org/error.jsp?msg=Problems+extracting+content%2Ftitle+from+file+%2Fgrammar%2F1060760563082%2FMS_SQL_SELECT.html%3A+null" "Mozilla/4.0 (compatible; MSIE 6.0; Windows NT 4.0)"
161.231.1.21 - - [02/Sep/2003:08:43:45 -0700] "GET /doc/csharp-runtime.html HTTP/1.0" 200 14148 "http://www.google.com/search?hl=en&lr=&ie=UTF-8&oe=UTF-8&q=c%23+and+code+generator+and+source+code" "Mozilla/4.0 (compatible; MSIE 6.0; Windows NT 4.0; Wheat First; FirstUnionSec; WachoviaSec; .NET CLR 1.1.4322)"
161.231.1.21 - - [02/Sep/2003:08:43:45 -0700] "GET /images/shim.gif HTTP/1.0" 200 43 "-" "Mozilla/3.01 (compatible;)"
161.231.1.21 - - [02/Sep/2003:08:43:45 -0700] "GET /images/logo-head.gif HTTP/1.0" 200 4098 "-" "Mozilla/3.01 (compatible;)"
161.231.1.21 - - [02/Sep/2003:08:43:45 -0700] "GET /images/head-shim.gif HTTP/1.0" 200 158 "-" "Mozilla/3.01 (compatible;)"
161.231.1.21 - - [02/Sep/2003:08:43:45 -0700] "GET /images/button-download.gif HTTP/1.0" 200 733 "-" "Mozilla/3.01 (compatible;)"
161.231.1.22 - - [02/Sep/2003:08:43:45 -0700] "GET /images/logo-head.gif HTTP/1.0" 200 4098 "http://www.antlr.org/doc/csharp-runtime.html" "Mozilla/4.0 (compatible; MSIE 6.0; Windows NT 4.0; Wheat First; FirstUnionSec; WachoviaSec; .NET CLR 1.1.4322)"
161.231.1.22 - - [02/Sep/2003:08:43:45 -0700] "GET /images/shim.gif HTTP/1.0" 200 43 "http://www.antlr.org/doc/csharp-runtime.html" "Mozilla/4.0 (compatible; MSIE 6.0; Windows NT 4.0; Wheat First; FirstUnionSec; WachoviaSec; .NET CLR 1.1.4322)"
161.231.1.21 - - [02/Sep/2003:08:43:46 -0700] "GET /images/search.gif HTTP/1.0" 200 299 "-" "Mozilla/3.01 (compatible;)"
161.231.1.22 - - [02/Sep/2003:08:43:46 -0700] "GET /images/search-go.gif HTTP/1.0" 200 266 "http://www.antlr.org/doc/csharp-runtime.html" "Mozilla/4.0 (compatible; MSIE 6.0; Windows NT 4.0; Wheat First; FirstUnionSec; WachoviaSec; .NET CLR 1.1.4322)"
161.231.1.22 - - [02/Sep/2003:08:43:46 -0700] "GET /images/head-shim.gif HTTP/1.0" 200 158 "http://www.antlr.org/doc/csharp-runtime.html" "Mozilla/4.0 (compatible; MSIE 6.0; Windows NT 4.0; Wheat First; FirstUnionSec; WachoviaSec; .NET CLR 1.1.4322)"
161.231.1.21 - - [02/Sep/2003:08:43:46 -0700] "GET /images/head-shim.gif HTTP/1.0" 200 158 "-" "Mozilla/3.01 (compatible;)"
195.75.14.249 - - [02/Sep/2003:08:45:10 -0700] "GET /doc/glossary.html HTTP/1.1" 200 31009 "http://www.antlr.org/" "Mozilla/4.0 (compatible; MSIE 5.5; Windows NT 5.0)"
12.210.67.206 - - [02/Sep/2003:08:45:17 -0700] "GET /doc/csharp-runtime.html HTTP/1.1" 200 14148 "http://www.google.com/search?num=50&hl=en&lr=lang_en&ie=UTF-8&oe=UTF-8&safe=off&q=antlr+.net+visual" "Mozilla/4.0 (compatible; MSIE 6.0; Windows NT 5.1; Q312461; .NET CLR 1.0.3705; .NET CLR 1.1.4322)"
12.210.67.206 - - [02/Sep/2003:08:45:17 -0700] "GET /images/button-download.gif HTTP/1.1" 200 733 "http://www.antlr.org/doc/csharp-runtime.html" "Mozilla/4.0 (compatible; MSIE 6.0; Windows NT 5.1; Q312461; .NET CLR 1.0.3705; .NET CLR 1.1.4322)"
12.210.67.206 - - [02/Sep/2003:08:45:17 -0700] "GET /images/head-shim.gif HTTP/1.1" 200 158 "http://www.antlr.org/doc/csharp-runtime.html" "Mozilla/4.0 (compatible; MSIE 6.0; Windows NT 5.1; Q312461; .NET CLR 1.0.3705; .NET CLR 1.1.4322)"
12.210.67.206 - - [02/Sep/2003:08:45:17 -0700] "GET /images/search.gif HTTP/1.1" 200 299 "http://www.antlr.org/doc/csharp-runtime.html" "Mozilla/4.0 (compatible; MSIE 6.0; Windows NT 5.1; Q312461; .NET CLR 1.0.3705; .NET CLR 1.1.4322)"
12.210.67.206 - - [02/Sep/2003:08:45:17 -0700] "GET /images/search-go.gif HTTP/1.1" 200 266 "http://www.antlr.org/doc/csharp-runtime.html" "Mozilla/4.0 (compatible; MSIE 6.0; Windows NT 5.1; Q312461; .NET CLR 1.0.3705; .NET CLR 1.1.4322)"
195.75.14.249 - - [02/Sep/2003:08:46:30 -0700] "GET /doc/glossary.html HTTP/1.1" 200 31009 "http://www.antlr.org/" "Mozilla/4.0 (compatible; MSIE 5.5; Windows NT 5.0)"
66.141.54.93 - - [02/Sep/2003:08:48:24 -0700] "GET /images/shim.gif HTTP/1.1" 200 43 "http://www.antlr.org/doc/cpp-runtime.html" "Mozilla/4.0 (compatible; MSIE 6.0; Windows NT 5.0; .NET CLR 1.0.3705; .NET CLR 1.1.4322)"
66.141.54.93 - - [02/Sep/2003:08:48:24 -0700] "GET /doc/cpp-runtime.html HTTP/1.1" 200 18691 "http://www.google.com/search?hl=en&lr=&ie=UTF-8&oe=UTF-8&q=antlr+parser+C%2B%2B+initialize" "Mozilla/4.0 (compatible; MSIE 6.0; Windows NT 5.0; .NET CLR 1.0.3705; .NET CLR 1.1.4322)"
66.141.54.93 - - [02/Sep/2003:08:48:24 -0700] "GET /images/head-shim.gif HTTP/1.1" 200 158 "http://www.antlr.org/doc/cpp-runtime.html" "Mozilla/4.0 (compatible; MSIE 6.0; Windows NT 5.0; .NET CLR 1.0.3705; .NET CLR 1.1.4322)"
66.141.54.93 - - [02/Sep/2003:08:48:24 -0700] "GET /images/logo-head.gif HTTP/1.1" 200 4098 "http://www.antlr.org/doc/cpp-runtime.html" "Mozilla/4.0 (compatible; MSIE 6.0; Windows NT 5.0; .NET CLR 1.0.3705; .NET CLR 1.1.4322)"
66.141.54.93 - - [02/Sep/2003:08:48:25 -0700] "GET /images/button-download.gif HTTP/1.1" 200 733 "http://www.antlr.org/doc/cpp-runtime.html" "Mozilla/4.0 (compatible; MSIE 6.0; Windows NT 5.0; .NET CLR 1.0.3705; .NET CLR 1.1.4322)"
66.141.54.93 - - [02/Sep/2003:08:48:25 -0700] "GET /images/search.gif HTTP/1.1" 200 299 "http://www.antlr.org/doc/cpp-runtime.html" "Mozilla/4.0 (compatible; MSIE 6.0; Windows NT 5.0; .NET CLR 1.0.3705; .NET CLR 1.1.4322)"
66.141.54.93 - - [02/Sep/2003:08:48:25 -0700] "GET /images/search-go.gif HTTP/1.1" 200 266 "http://www.antlr.org/doc/cpp-runtime.html" "Mozilla/4.0 (compatible; MSIE 6.0; Windows NT 5.0; .NET CLR 1.0.3705; .NET CLR 1.1.4322)"
212.235.37.96 - - [02/Sep/2003:08:48:43 -0700] "GET / HTTP/1.1" 200 11690 "-" "Mozilla/4.0 (compatible; MSIE 6.0; Windows NT 5.0) Opera 7.11 [en]"
12.210.67.206 - - [02/Sep/2003:08:48:45 -0700] "GET /images/button-download.gif HTTP/1.1" 200 733 "http://www.antlr.org/doc/cpp-runtime.html" "Mozilla/4.0 (compatible; MSIE 6.0; Windows NT 5.1; Q312461; .NET CLR 1.0.3705; .NET CLR 1.1.4322)"
12.210.67.206 - - [02/Sep/2003:08:48:45 -0700] "GET /doc/cpp-runtime.html HTTP/1.1" 200 18691 "http://www.antlr.org/doc/csharp-runtime.html" "Mozilla/4.0 (compatible; MSIE 6.0; Windows NT 5.1; Q312461; .NET CLR 1.0.3705; .NET CLR 1.1.4322)"
12.210.67.206 - - [02/Sep/2003:08:48:45 -0700] "GET /images/head-shim.gif HTTP/1.1" 200 158 "http://www.antlr.org/doc/cpp-runtime.html" "Mozilla/4.0 (compatible; MSIE 6.0; Windows NT 5.1; Q312461; .NET CLR 1.0.3705; .NET CLR 1.1.4322)"
12.210.67.206 - - [02/Sep/2003:08:48:45 -0700] "GET /images/search.gif HTTP/1.1" 200 299 "http://www.antlr.org/doc/cpp-runtime.html" "Mozilla/4.0 (compatible; MSIE 6.0; Windows NT 5.1; Q312461; .NET CLR 1.0.3705; .NET CLR 1.1.4322)"
12.210.67.206 - - [02/Sep/2003:08:48:45 -0700] "GET /images/search-go.gif HTTP/1.1" 200 266 "http://www.antlr.org/doc/cpp-runtime.html" "Mozilla/4.0 (compatible; MSIE 6.0; Windows NT 5.1; Q312461; .NET CLR 1.0.3705; .NET CLR 1.1.4322)"
212.235.37.96 - - [02/Sep/2003:08:48:47 -0700] "GET /images/shim.gif HTTP/1.1" 200 43 "http://www.antlr.org/" "Mozilla/4.0 (compatible; MSIE 6.0; Windows NT 5.0) Opera 7.11 [en]"
212.235.37.96 - - [02/Sep/2003:08:48:47 -0700] "GET /images/parr-head.jpg HTTP/1.1" 200 3582 "http://www.antlr.org/" "Mozilla/4.0 (compatible; MSIE 6.0; Windows NT 5.0) Opera 7.11 [en]"
210.199.215.14 - - [02/Sep/2003:08:49:47 -0700] "HEAD / HTTP/1.0" 200 8192 "-" "Bookmark Renewal Check Agent [http://www.bookmark.ne.jp/] (Version 2.0beta)"
128.151.231.243 - - [02/Sep/2003:08:50:55 -0700] "GET /grammars/ HTTP/1.1" 200 6456 "-" "Mozilla/5.0 (X11; U; FreeBSD i386; en-US; rv:1.4) Gecko/20030827"
128.151.231.243 - - [02/Sep/2003:08:50:56 -0700] "GET /images/logo-head.gif HTTP/1.1" 200 4098 "http://www.antlr.org/grammars/" "Mozilla/5.0 (X11; U; FreeBSD i386; en-US; rv:1.4) Gecko/20030827"
128.151.231.243 - - [02/Sep/2003:08:50:56 -0700] "GET /images/shim.gif HTTP/1.1" 200 43 "http://www.antlr.org/grammars/" "Mozilla/5.0 (X11; U; FreeBSD i386; en-US; rv:1.4) Gecko/20030827"
128.151.231.243 - - [02/Sep/2003:08:50:56 -0700] "GET /images/button-download.gif HTTP/1.1" 200 733 "http://www.antlr.org/grammars/" "Mozilla/5.0 (X11; U; FreeBSD i386; en-US; rv:1.4) Gecko/20030827"
128.151.231.243 - - [02/Sep/2003:08:50:56 -0700] "GET /images/head-shim.gif HTTP/1.1" 200 158 "http://www.antlr.org/grammars/" "Mozilla/5.0 (X11; U; FreeBSD i386; en-US; rv:1.4) Gecko/20030827"
128.151.231.243 - - [02/Sep/2003:08:50:59 -0700] "GET /grammar/list HTTP/1.1" 200 15685 "http://www.antlr.org/grammars/" "Mozilla/5.0 (X11; U; FreeBSD i386; en-US; rv:1.4) Gecko/20030827"
128.151.231.243 - - [02/Sep/2003:08:50:59 -0700] "GET /images/search.gif HTTP/1.1" 200 299 "http://www.antlr.org/grammar/list" "Mozilla/5.0 (X11; U; FreeBSD i386; en-US; rv:1.4) Gecko/20030827"
128.151.231.243 - - [02/Sep/2003:08:50:59 -0700] "GET /images/search-go.gif HTTP/1.1" 200 266 "http://www.antlr.org/grammar/list" "Mozilla/5.0 (X11; U; FreeBSD i386; en-US; rv:1.4) Gecko/20030827"
128.151.231.243 - - [02/Sep/2003:08:50:59 -0700] "GET /images/button-add-grammar.gif HTTP/1.1" 200 664 "http://www.antlr.org/grammar/list" "Mozilla/5.0 (X11; U; FreeBSD i386; en-US; rv:1.4) Gecko/20030827"
128.151.231.243 - - [02/Sep/2003:08:51:02 -0700] "GET /grammar/ORACLE-7-SQL HTTP/1.1" 200 7808 "http://www.antlr.org/grammar/list" "Mozilla/5.0 (X11; U; FreeBSD i386; en-US; rv:1.4) Gecko/20030827"
128.151.231.243 - - [02/Sep/2003:08:51:16 -0700] "GET /grammar/ORACLE-7-SQL/sql.g HTTP/1.1" 200 17010 "http://www.antlr.org/grammar/ORACLE-7-SQL" "Mozilla/5.0 (X11; U; FreeBSD i386; en-US; rv:1.4) Gecko/20030827"
62.5.140.50 - - [02/Sep/2003:08:51:56 -0700] "GET / HTTP/1.1" 200 11690 "http://www.rsdn.ru/Forum/Message.aspx?mid=370180&only=1" "Mozilla/4.0 (compatible; MSIE 6.0; Windows NT 5.0; .NET CLR 1.0.3705; .NET CLR 1.1.4322)"
62.5.140.50 - - [02/Sep/2003:08:51:56 -0700] "GET /images/shim.gif HTTP/1.1" 200 43 "http://www.antlr.org/" "Mozilla/4.0 (compatible; MSIE 6.0; Windows NT 5.0; .NET CLR 1.0.3705; .NET CLR 1.1.4322)"
62.5.140.50 - - [02/Sep/2003:08:51:56 -0700] "GET /images/logo-head.gif HTTP/1.1" 200 4098 "http://www.antlr.org/" "Mozilla/4.0 (compatible; MSIE 6.0; Windows NT 5.0; .NET CLR 1.0.3705; .NET CLR 1.1.4322)"
62.5.140.50 - - [02/Sep/2003:08:51:57 -0700] "GET /images/button-download.gif HTTP/1.1" 200 733 "http://www.antlr.org/" "Mozilla/4.0 (compatible; MSIE 6.0; Windows NT 5.0; .NET CLR 1.0.3705; .NET CLR 1.1.4322)"
62.5.140.50 - - [02/Sep/2003:08:51:57 -0700] "GET /images/parr-head.jpg HTTP/1.1" 200 3582 "http://www.antlr.org/" "Mozilla/4.0 (compatible; MSIE 6.0; Windows NT 5.0; .NET CLR 1.0.3705; .NET CLR 1.1.4322)"
62.5.140.50 - - [02/Sep/2003:08:51:57 -0700] "GET /images/head-shim.gif HTTP/1.1" 200 158 "http://www.antlr.org/" "Mozilla/4.0 (compatible; MSIE 6.0; Windows NT 5.0; .NET CLR 1.0.3705; .NET CLR 1.1.4322)"
62.5.140.50 - - [02/Sep/2003:08:51:57 -0700] "GET /images/search.gif HTTP/1.1" 200 299 "http://www.antlr.org/" "Mozilla/4.0 (compatible; MSIE 6.0; Windows NT 5.0; .NET CLR 1.0.3705; .NET CLR 1.1.4322)"
62.5.140.50 - - [02/Sep/2003:08:51:57 -0700] "GET /images/search-go.gif HTTP/1.1" 200 266 "http://www.antlr.org/" "Mozilla/4.0 (compatible; MSIE 6.0; Windows NT 5.0; .NET CLR 1.0.3705; .NET CLR 1.1.4322)"
138.11.254.204 - - [02/Sep/2003:08:52:45 -0700] "GET / HTTP/1.0" 200 11690 "-" "Mozilla/5.0 (Windows; U; Windows NT 5.1; en-US; rv:1.5a) Gecko/20030718"
138.11.254.204 - - [02/Sep/2003:08:53:03 -0700] "GET /testimonial/list HTTP/1.0" 200 12509 "http://www.antlr.org/" "Mozilla/5.0 (Windows; U; Windows NT 5.1; en-US; rv:1.5a) Gecko/20030718"
138.11.254.204 - - [02/Sep/2003:08:53:18 -0700] "GET /share/list HTTP/1.0" 200 10783 "http://www.antlr.org/testimonial/list" "Mozilla/5.0 (Windows; U; Windows NT 5.1; en-US; rv:1.5a) Gecko/20030718"
64.241.242.18 - - [02/Sep/2003:08:54:26 -0700] "GET /grammars/cgram/tests/test86.c HTTP/1.1" 200 6476 "-" "Mozilla/4.0 (compatible; grub-client-1.4.3; Crawl your own stuff with http://grub.org)"
218.102.78.207 - - [02/Sep/2003:08:55:28 -0700] "GET /doc/getting-started.html HTTP/1.1" 200 11326 "-" "Mozilla/4.0 (compatible; MSIE 6.0; Windows NT 5.1)"
147.162.2.222 - - [02/Sep/2003:08:55:34 -0700] "GET / HTTP/1.0" 200 11690 "http://developer.java.sun.com/developer/technicalArticles/Parser/SeriesPt1/" "Mozilla/5.0 (X11; U; Linux i686; en-US; rv:1.0.2) Gecko/20030708"
147.162.2.222 - - [02/Sep/2003:08:55:35 -0700] "GET /images/shim.gif HTTP/1.0" 200 43 "http://www.antlr.org/" "Mozilla/5.0 (X11; U; Linux i686; en-US; rv:1.0.2) Gecko/20030708"
147.162.2.222 - - [02/Sep/2003:08:55:35 -0700] "GET /images/logo-head.gif HTTP/1.0" 200 4098 "http://www.antlr.org/" "Mozilla/5.0 (X11; U; Linux i686; en-US; rv:1.0.2) Gecko/20030708"
147.162.2.222 - - [02/Sep/2003:08:55:35 -0700] "GET /images/button-download.gif HTTP/1.0" 200 733 "http://www.antlr.org/" "Mozilla/5.0 (X11; U; Linux i686; en-US; rv:1.0.2) Gecko/20030708"
147.162.2.222 - - [02/Sep/2003:08:55:35 -0700] "GET /images/parr-head.jpg HTTP/1.0" 200 3582 "http://www.antlr.org/" "Mozilla/5.0 (X11; U; Linux i686; en-US; rv:1.0.2) Gecko/20030708"
147.162.2.222 - - [02/Sep/2003:08:55:36 -0700] "GET /images/search.gif HTTP/1.0" 200 299 "http://www.antlr.org/" "Mozilla/5.0 (X11; U; Linux i686; en-US; rv:1.0.2) Gecko/20030708"
147.162.2.222 - - [02/Sep/2003:08:55:36 -0700] "GET /images/search-go.gif HTTP/1.0" 200 266 "http://www.antlr.org/" "Mozilla/5.0 (X11; U; Linux i686; en-US; rv:1.0.2) Gecko/20030708"
147.162.2.222 - - [02/Sep/2003:08:55:36 -0700] "GET /images/head-shim.gif HTTP/1.0" 200 158 "http://www.antlr.org/" "Mozilla/5.0 (X11; U; Linux i686; en-US; rv:1.0.2) Gecko/20030708"
218.102.78.207 - - [02/Sep/2003:08:55:39 -0700] "GET /book/index.html HTTP/1.1" 200 9357 "http://www.antlr.org/doc/getting-started.html" "Mozilla/4.0 (compatible; MSIE 6.0; Windows NT 5.1)"
218.102.78.207 - - [02/Sep/2003:08:55:50 -0700] "GET /doc/getting-started.html HTTP/1.1" 200 11326 "-" "Mozilla/4.0 (compatible; MSIE 6.0; Windows NT 5.1)"
12.210.67.206 - - [02/Sep/2003:08:55:55 -0700] "GET /doc/csharp-runtime.html HTTP/1.1" 200 14148 "http://www.google.com/search?num=50&hl=en&lr=lang_en&ie=UTF-8&oe=UTF-8&safe=off&q=antlr+.net+visual" "Mozilla/4.0 (compatible; MSIE 6.0; Windows NT 5.1; Q312461; .NET CLR 1.0.3705; .NET CLR 1.1.4322)"
12.210.67.206 - - [02/Sep/2003:08:55:55 -0700] "GET /images/button-download.gif HTTP/1.1" 200 733 "http://www.antlr.org/doc/csharp-runtime.html" "Mozilla/4.0 (compatible; MSIE 6.0; Windows NT 5.1; Q312461; .NET CLR 1.0.3705; .NET CLR 1.1.4322)"
12.210.67.206 - - [02/Sep/2003:08:55:55 -0700] "GET /images/head-shim.gif HTTP/1.1" 200 158 "http://www.antlr.org/doc/csharp-runtime.html" "Mozilla/4.0 (compatible; MSIE 6.0; Windows NT 5.1; Q312461; .NET CLR 1.0.3705; .NET CLR 1.1.4322)"
12.210.67.206 - - [02/Sep/2003:08:55:55 -0700] "GET /images/search.gif HTTP/1.1" 200 299 "http://www.antlr.org/doc/csharp-runtime.html" "Mozilla/4.0 (compatible; MSIE 6.0; Windows NT 5.1; Q312461; .NET CLR 1.0.3705; .NET CLR 1.1.4322)"
12.210.67.206 - - [02/Sep/2003:08:55:55 -0700] "GET /images/search-go.gif HTTP/1.1" 200 266 "http://www.antlr.org/doc/csharp-runtime.html" "Mozilla/4.0 (compatible; MSIE 6.0; Windows NT 5.1; Q312461; .NET CLR 1.0.3705; .NET CLR 1.1.4322)"
218.102.78.207 - - [02/Sep/2003:08:56:05 -0700] "GET /testimonial/list HTTP/1.1" 200 12509 "http://www.antlr.org/doc/getting-started.html" "Mozilla/4.0 (compatible; MSIE 6.0; Windows NT 5.1)"
218.102.21.129 - - [02/Sep/2003:08:56:05 -0700] "GET /images/button-testimonial.gif HTTP/1.1" 200 701 "http://www.antlr.org/testimonial/list" "Mozilla/4.0 (compatible; MSIE 6.0; Windows NT 5.1)"
218.102.78.207 - - [02/Sep/2003:08:56:15 -0700] "GET /doc/getting-started.html HTTP/1.1" 200 11326 "-" "Mozilla/4.0 (compatible; MSIE 6.0; Windows NT 5.1)"
147.162.2.222 - - [02/Sep/2003:08:56:15 -0700] "GET /grammar/list HTTP/1.0" 200 15685 "http://www.antlr.org/" "Mozilla/5.0 (X11; U; Linux i686; en-US; rv:1.0.2) Gecko/20030708"
147.162.2.222 - - [02/Sep/2003:08:56:16 -0700] "GET /images/button-add-grammar.gif HTTP/1.0" 200 664 "http://www.antlr.org/grammar/list" "Mozilla/5.0 (X11; U; Linux i686; en-US; rv:1.0.2) Gecko/20030708"
147.162.2.222 - - [02/Sep/2003:08:56:26 -0700] "GET /submit/edit?type=grammar HTTP/1.0" 200 9543 "http://www.antlr.org/grammar/list" "Mozilla/5.0 (X11; U; Linux i686; en-US; rv:1.0.2) Gecko/20030708"
147.162.2.222 - - [02/Sep/2003:08:56:27 -0700] "GET /images/button-submit.gif HTTP/1.0" 200 459 "http://www.antlr.org/submit/edit?type=grammar" "Mozilla/5.0 (X11; U; Linux i686; en-US; rv:1.0.2) Gecko/20030708"
147.162.2.222 - - [02/Sep/2003:08:56:27 -0700] "GET /images/button-cancel.gif HTTP/1.0" 200 466 "http://www.antlr.org/submit/edit?type=grammar" "Mozilla/5.0 (X11; U; Linux i686; en-US; rv:1.0.2) Gecko/20030708"
147.162.2.222 - - [02/Sep/2003:08:56:42 -0700] "POST /search/results HTTP/1.0" 302 73 "http://www.antlr.org/submit/edit?type=grammar" "Mozilla/5.0 (X11; U; Linux i686; en-US; rv:1.0.2) Gecko/20030708"
147.162.2.222 - - [02/Sep/2003:08:56:42 -0700] "GET /search/results HTTP/1.0" 200 7765 "http://www.antlr.org/submit/edit?type=grammar" "Mozilla/5.0 (X11; U; Linux i686; en-US; rv:1.0.2) Gecko/20030708"
147.162.2.222 - - [02/Sep/2003:08:57:00 -0700] "POST /search/results HTTP/1.0" 302 73 "http://www.antlr.org/search/results" "Mozilla/5.0 (X11; U; Linux i686; en-US; rv:1.0.2) Gecko/20030708"
147.162.2.222 - - [02/Sep/2003:08:57:00 -0700] "GET /search/results HTTP/1.0" 200 7765 "http://www.antlr.org/search/results" "Mozilla/5.0 (X11; U; Linux i686; en-US; rv:1.0.2) Gecko/20030708"
147.162.2.222 - - [02/Sep/2003:08:57:10 -0700] "POST /search/results HTTP/1.0" 302 73 "http://www.antlr.org/search/results" "Mozilla/5.0 (X11; U; Linux i686; en-US; rv:1.0.2) Gecko/20030708"
147.162.2.222 - - [02/Sep/2003:08:57:10 -0700] "GET /search/results HTTP/1.0" 200 7765 "http://www.antlr.org/search/results" "Mozilla/5.0 (X11; U; Linux i686; en-US; rv:1.0.2) Gecko/20030708"
147.162.2.222 - - [02/Sep/2003:08:57:16 -0700] "POST /search/results HTTP/1.0" 302 73 "http://www.antlr.org/search/results" "Mozilla/5.0 (X11; U; Linux i686; en-US; rv:1.0.2) Gecko/20030708"
12.210.67.206 - - [02/Sep/2003:08:57:17 -0700] "GET /doc/msdn.microsoft.com/vstudio/ HTTP/1.1" 200 6478 "http://www.google.com/search?num=50&hl=en&lr=lang_en&ie=UTF-8&oe=UTF-8&safe=off&q=antlr+.net+%22visual+studio%22" "Mozilla/4.0 (compatible; MSIE 6.0; Windows NT 5.1; Q312461; .NET CLR 1.0.3705; .NET CLR 1.1.4322)"
147.162.2.222 - - [02/Sep/2003:08:57:17 -0700] "GET /search/results HTTP/1.0" 200 7765 "http://www.antlr.org/search/results" "Mozilla/5.0 (X11; U; Linux i686; en-US; rv:1.0.2) Gecko/20030708"
12.210.67.206 - - [02/Sep/2003:08:57:18 -0700] "GET /images/button-download.gif HTTP/1.1" 200 733 "http://www.antlr.org/doc/msdn.microsoft.com/vstudio/" "Mozilla/4.0 (compatible; MSIE 6.0; Windows NT 5.1; Q312461; .NET CLR 1.0.3705; .NET CLR 1.1.4322)"
12.210.67.206 - - [02/Sep/2003:08:57:19 -0700] "GET /images/head-shim.gif HTTP/1.1" 200 158 "http://www.antlr.org/doc/msdn.microsoft.com/vstudio/" "Mozilla/4.0 (compatible; MSIE 6.0; Windows NT 5.1; Q312461; .NET CLR 1.0.3705; .NET CLR 1.1.4322)"
12.210.67.206 - - [02/Sep/2003:08:57:23 -0700] "GET /images/button-download.gif HTTP/1.1" 200 733 "http://216.239.53.104/search?q=cache:MOLbsreDwjwJ:www.antlr.org/doc/msdn.microsoft.com/vstudio/+antlr+.net+%22visual+studio%22&hl=en&lr=lang_en&ie=UTF-8" "Mozilla/4.0 (compatible; MSIE 6.0; Windows NT 5.1; Q312461; .NET CLR 1.0.3705; .NET CLR 1.1.4322)"
12.210.67.206 - - [02/Sep/2003:08:57:23 -0700] "GET /images/head-shim.gif HTTP/1.1" 200 158 "http://216.239.53.104/search?q=cache:MOLbsreDwjwJ:www.antlr.org/doc/msdn.microsoft.com/vstudio/+antlr+.net+%22visual+studio%22&hl=en&lr=lang_en&ie=UTF-8" "Mozilla/4.0 (compatible; MSIE 6.0; Windows NT 5.1; Q312461; .NET CLR 1.0.3705; .NET CLR 1.1.4322)"
147.162.2.222 - - [02/Sep/2003:08:57:29 -0700] "GET /doc/index.html HTTP/1.0" 200 26469 "http://www.antlr.org/search/results" "Mozilla/5.0 (X11; U; Linux i686; en-US; rv:1.0.2) Gecko/20030708"
81.196.79.68 - - [02/Sep/2003:08:57:57 -0700] "GET / HTTP/1.1" 200 11690 "-" "Mozilla/5.0 (compatible; Konqueror/3; Linux)"
81.196.79.68 - - [02/Sep/2003:08:57:57 -0700] "GET /images/button-download.gif HTTP/1.1" 200 733 "http://www.antlr.org/" "Mozilla/5.0 (compatible; Konqueror/3; Linux)"
81.196.79.68 - - [02/Sep/2003:08:57:58 -0700] "GET /images/parr-head.jpg HTTP/1.1" 200 3582 "http://www.antlr.org/" "Mozilla/5.0 (compatible; Konqueror/3; Linux)"
147.162.2.222 - - [02/Sep/2003:08:57:58 -0700] "GET /doc/sor.html HTTP/1.0" 200 22139 "http://www.antlr.org/doc/index.html" "Mozilla/5.0 (X11; U; Linux i686; en-US; rv:1.0.2) Gecko/20030708"
81.196.79.68 - - [02/Sep/2003:08:57:58 -0700] "GET /images/search.gif HTTP/1.1" 200 299 "http://www.antlr.org/" "Mozilla/5.0 (compatible; Konqueror/3; Linux)"
81.196.79.68 - - [02/Sep/2003:08:57:59 -0700] "GET /images/search-go.gif HTTP/1.1" 200 266 "http://www.antlr.org/" "Mozilla/5.0 (compatible; Konqueror/3; Linux)"
81.196.79.68 - - [02/Sep/2003:08:58:02 -0700] "GET /images/head-shim.gif HTTP/1.1" 200 158 "http://www.antlr.org/" "Mozilla/5.0 (compatible; Konqueror/3; Linux)"
81.196.79.68 - - [02/Sep/2003:08:58:02 -0700] "GET /images/logo-head.gif HTTP/1.1" 200 4098 "http://www.antlr.org/" "Mozilla/5.0 (compatible; Konqueror/3; Linux)"
81.196.79.68 - - [02/Sep/2003:08:58:02 -0700] "GET /images/shim.gif HTTP/1.1" 200 43 "http://www.antlr.org/" "Mozilla/5.0 (compatible; Konqueror/3; Linux)"
81.196.79.68 - - [02/Sep/2003:08:58:09 -0700] "GET /favicon.ico HTTP/1.1" 404 173 "-" "Mozilla/5.0 (compatible; Konqueror/3; Linux)"
81.196.79.68 - - [02/Sep/2003:08:58:40 -0700] "GET /news/list HTTP/1.1" 200 8648 "http://www.antlr.org/" "Mozilla/5.0 (compatible; Konqueror/3; Linux)"
81.196.79.68 - - [02/Sep/2003:08:58:52 -0700] "GET /doc/index.html HTTP/1.1" 200 26469 "http://www.antlr.org/news/list" "Mozilla/5.0 (compatible; Konqueror/3; Linux)"
81.196.79.68 - - [02/Sep/2003:08:59:03 -0700] "GET /article/list HTTP/1.1" 200 15911 "http://www.antlr.org/doc/index.html" "Mozilla/5.0 (compatible; Konqueror/3; Linux)"
81.196.79.68 - - [02/Sep/2003:08:59:08 -0700] "GET /images/button-add-article.gif HTTP/1.1" 200 579 "http://www.antlr.org/article/list" "Mozilla/5.0 (compatible; Konqueror/3; Linux)"
147.162.2.222 - - [02/Sep/2003:08:59:22 -0700] "GET /doc/metalang.html HTTP/1.0" 200 52606 "http://www.antlr.org/doc/index.html" "Mozilla/5.0 (X11; U; Linux i686; en-US; rv:1.0.2) Gecko/20030708"
147.162.2.222 - - [02/Sep/2003:08:59:23 -0700] "GET /doc/subrule.gif HTTP/1.0" 200 1887 "http://www.antlr.org/doc/metalang.html#_bb9" "Mozilla/5.0 (X11; U; Linux i686; en-US; rv:1.0.2) Gecko/20030708"
147.162.2.222 - - [02/Sep/2003:08:59:23 -0700] "GET /doc/optional.gif HTTP/1.0" 200 2018 "http://www.antlr.org/doc/metalang.html#_bb9" "Mozilla/5.0 (X11; U; Linux i686; en-US; rv:1.0.2) Gecko/20030708"
147.162.2.222 - - [02/Sep/2003:08:59:23 -0700] "GET /doc/closure.gif HTTP/1.0" 200 2166 "http://www.antlr.org/doc/metalang.html#_bb9" "Mozilla/5.0 (X11; U; Linux i686; en-US; rv:1.0.2) Gecko/20030708"
147.162.2.222 - - [02/Sep/2003:08:59:23 -0700] "GET /doc/posclosure.gif HTTP/1.0" 200 2031 "http://www.antlr.org/doc/metalang.html#_bb9" "Mozilla/5.0 (X11; U; Linux i686; en-US; rv:1.0.2) Gecko/20030708"
218.102.78.207 - - [02/Sep/2003:08:59:27 -0700] "GET /doc/getting-started.html HTTP/1.1" 200 11326 "-" "Mozilla/4.0 (compatible; MSIE 6.0; Windows NT 5.1)"
217.184.246.2 - - [02/Sep/2003:08:59:39 -0700] "GET /papers/antlr.ps HTTP/1.1" 200 6462 "http://www.antlr.org/pccts133.html" "Mozilla/4.0 (compatible; MSIE 5.0; Windows XP) Opera 6.05 [de]"
81.196.79.68 - - [02/Sep/2003:08:59:44 -0700] "GET /grammar/list HTTP/1.1" 200 15685 "http://www.antlr.org/article/list" "Mozilla/5.0 (compatible; Konqueror/3; Linux)"
217.184.246.2 - - [02/Sep/2003:08:59:47 -0700] "GET /1.33/workshop95 HTTP/1.1" 200 6462 "http://www.antlr.org/pccts133.html" "Mozilla/4.0 (compatible; MSIE 5.0; Windows XP) Opera 6.05 [de]"
81.196.79.68 - - [02/Sep/2003:08:59:50 -0700] "GET /images/button-add-grammar.gif HTTP/1.1" 200 664 "http://www.antlr.org/grammar/list" "Mozilla/5.0 (compatible; Konqueror/3; Linux)"
217.184.246.2 - - [02/Sep/2003:08:59:53 -0700] "GET /workshop97/summary.html HTTP/1.1" 302 155 "http://www.antlr.org/pccts133.html" "Mozilla/4.0 (compatible; MSIE 5.0; Windows XP) Opera 6.05 [de]"
217.184.246.2 - - [02/Sep/2003:08:59:53 -0700] "GET /error.jsp?msg=Problems+extracting+content%2Ftitle+from+file+%2Fworkshop97%2Fsummary.html%3A+null HTTP/1.1" 200 6475 "http://www.antlr.org/pccts133.html" "Mozilla/4.0 (compatible; MSIE 5.0; Windows XP) Opera 6.05 [de]"
147.162.2.222 - - [02/Sep/2003:09:00:03 -0700] "GET /download HTTP/1.0" 200 8226 "http://www.antlr.org/doc/index.html" "Mozilla/5.0 (X11; U; Linux i686; en-US; rv:1.0.2) Gecko/20030708"
218.102.21.137 - - [02/Sep/2003:09:00:05 -0700] "GET /doc/getting-started.html HTTP/1.1" 200 11326 "-" "Mozilla/4.0 (compatible; MSIE 6.0; Windows NT 5.1)"
147.162.2.222 - - [02/Sep/2003:09:01:20 -0700] "GET /download/antlr-2.7.2.zip HTTP/1.0" 200 1943296 "http://www.antlr.org/download" "Mozilla/5.0 (X11; U; Linux i686; en-US; rv:1.0.2) Gecko/20030708"
81.196.79.68 - - [02/Sep/2003:09:01:57 -0700] "GET /share/list HTTP/1.1" 200 10783 "http://www.antlr.org/grammar/list" "Mozilla/5.0 (compatible; Konqueror/3; Linux)"
81.196.79.68 - - [02/Sep/2003:09:02:03 -0700] "GET /images/button-shared-resource.gif HTTP/1.1" 200 853 "http://www.antlr.org/share/list" "Mozilla/5.0 (compatible; Konqueror/3; Linux)"
81.56.164.13 - - [02/Sep/2003:09:03:25 -0700] "GET / HTTP/1.1" 200 11690 "http://www.google.fr/search?q=%2B%22parser%22%2B%22for+java%22&hl=fr&lr=&ie=UTF-8&oe=UTF-8&start=10&sa=N" "Mozilla/4.0 (compatible; MSIE 6.0; Windows NT 5.1)"
81.56.164.13 - - [02/Sep/2003:09:03:25 -0700] "GET /images/shim.gif HTTP/1.1" 200 43 "http://www.antlr.org/" "Mozilla/4.0 (compatible; MSIE 6.0; Windows NT 5.1)"
81.56.164.13 - - [02/Sep/2003:09:03:25 -0700] "GET /images/logo-head.gif HTTP/1.1" 200 4098 "http://www.antlr.org/" "Mozilla/4.0 (compatible; MSIE 6.0; Windows NT 5.1)"
81.56.164.13 - - [02/Sep/2003:09:03:25 -0700] "GET /images/head-shim.gif HTTP/1.1" 200 158 "http://www.antlr.org/" "Mozilla/4.0 (compatible; MSIE 6.0; Windows NT 5.1)"
81.56.164.13 - - [02/Sep/2003:09:03:25 -0700] "GET /images/button-download.gif HTTP/1.1" 200 733 "http://www.antlr.org/" "Mozilla/4.0 (compatible; MSIE 6.0; Windows NT 5.1)"
81.56.164.13 - - [02/Sep/2003:09:03:25 -0700] "GET /images/parr-head.jpg HTTP/1.1" 200 3582 "http://www.antlr.org/" "Mozilla/4.0 (compatible; MSIE 6.0; Windows NT 5.1)"
81.56.164.13 - - [02/Sep/2003:09:03:26 -0700] "GET /images/search.gif HTTP/1.1" 200 299 "http://www.antlr.org/" "Mozilla/4.0 (compatible; MSIE 6.0; Windows NT 5.1)"
81.56.164.13 - - [02/Sep/2003:09:03:26 -0700] "GET /images/search-go.gif HTTP/1.1" 200 266 "http://www.antlr.org/" "Mozilla/4.0 (compatible; MSIE 6.0; Windows NT 5.1)"
218.102.21.153 - - [02/Sep/2003:09:03:58 -0700] "GET /doc/getting-started.html HTTP/1.0" 200 11326 "-" "Mozilla/4.0 (compatible; MSIE 6.0; Windows NT 5.1)"
195.217.128.161 - - [02/Sep/2003:09:04:28 -0700] "GET / HTTP/1.0" 200 11690 "http://www.google.co.uk/search?q=Antlr&ie=UTF-8&oe=UTF-8&hl=en&meta=" "Mozilla/4.0 (compatible; MSIE 6.0; Windows NT 5.0)"
195.217.128.161 - - [02/Sep/2003:09:04:28 -0700] "GET /images/shim.gif HTTP/1.0" 200 43 "http://www.antlr.org/" "Mozilla/4.0 (compatible; MSIE 6.0; Windows NT 5.0)"
195.217.128.161 - - [02/Sep/2003:09:04:28 -0700] "GET /images/logo-head.gif HTTP/1.0" 200 4098 "http://www.antlr.org/" "Mozilla/4.0 (compatible; MSIE 6.0; Windows NT 5.0)"
195.217.128.161 - - [02/Sep/2003:09:04:28 -0700] "GET /images/button-download.gif HTTP/1.0" 200 733 "http://www.antlr.org/" "Mozilla/4.0 (compatible; MSIE 6.0; Windows NT 5.0)"
195.217.128.161 - - [02/Sep/2003:09:04:29 -0700] "GET /images/parr-head.jpg HTTP/1.0" 200 3582 "http://www.antlr.org/" "Mozilla/4.0 (compatible; MSIE 6.0; Windows NT 5.0)"
195.217.128.161 - - [02/Sep/2003:09:04:29 -0700] "GET /images/head-shim.gif HTTP/1.0" 200 158 "http://www.antlr.org/" "Mozilla/4.0 (compatible; MSIE 6.0; Windows NT 5.0)"
195.217.128.161 - - [02/Sep/2003:09:04:29 -0700] "GET /images/search.gif HTTP/1.0" 200 299 "http://www.antlr.org/" "Mozilla/4.0 (compatible; MSIE 6.0; Windows NT 5.0)"
195.217.128.161 - - [02/Sep/2003:09:04:29 -0700] "GET /images/search-go.gif HTTP/1.0" 200 266 "http://www.antlr.org/" "Mozilla/4.0 (compatible; MSIE 6.0; Windows NT 5.0)"
81.196.79.68 - - [02/Sep/2003:09:04:34 -0700] "GET /javadoc/overview-summary.html HTTP/1.1" 200 9784 "http://www.antlr.org/share/list" "Mozilla/5.0 (compatible; Konqueror/3; Linux)"
195.217.128.161 - - [02/Sep/2003:09:04:48 -0700] "GET /download.html HTTP/1.0" 200 9276 "http://www.antlr.org/" "Mozilla/4.0 (compatible; MSIE 6.0; Windows NT 5.0)"
81.196.79.68 - - [02/Sep/2003:09:04:55 -0700] "GET /showcase/list HTTP/1.1" 200 13108 "http://www.antlr.org/javadoc/overview-summary.html" "Mozilla/5.0 (compatible; Konqueror/3; Linux)"
81.196.79.68 - - [02/Sep/2003:09:04:56 -0700] "GET /images/button-add-showcase.gif HTTP/1.1" 200 682 "http://www.antlr.org/showcase/list" "Mozilla/5.0 (compatible; Konqueror/3; Linux)"
65.219.20.146 - - [02/Sep/2003:09:05:19 -0700] "GET / HTTP/1.1" 200 11690 "-" "Mozilla/5.0 (Macintosh; U; PPC Mac OS X; en-us) AppleWebKit/85 (KHTML, like Gecko) Safari/85"
216.181.179.247 - - [02/Sep/2003:09:05:33 -0700] "GET /images/shim.gif HTTP/1.1" 200 43 "http://www.antlr.org/doc/lexer.html" "Mozilla/4.0 (compatible; MSIE 6.0; Windows NT 5.1; .NET CLR 1.0.3705; .NET CLR 1.1.4322)"
216.181.179.247 - - [02/Sep/2003:09:05:33 -0700] "GET /images/logo-head.gif HTTP/1.1" 200 4098 "http://www.antlr.org/doc/lexer.html" "Mozilla/4.0 (compatible; MSIE 6.0; Windows NT 5.1; .NET CLR 1.0.3705; .NET CLR 1.1.4322)"
81.196.79.68 - - [02/Sep/2003:09:05:34 -0700] "GET /news/list HTTP/1.1" 200 8648 "http://www.antlr.org/showcase/list" "Mozilla/5.0 (compatible; Konqueror/3; Linux)"
216.181.179.247 - - [02/Sep/2003:09:05:34 -0700] "GET /images/head-shim.gif HTTP/1.1" 200 158 "http://www.antlr.org/doc/lexer.html" "Mozilla/4.0 (compatible; MSIE 6.0; Windows NT 5.1; .NET CLR 1.0.3705; .NET CLR 1.1.4322)"
216.181.179.247 - - [02/Sep/2003:09:05:35 -0700] "GET /doc/lexer.html HTTP/1.1" 200 83864 "http://www.antlr.org/doc/metalang.html" "Mozilla/4.0 (compatible; MSIE 6.0; Windows NT 5.1; .NET CLR 1.0.3705; .NET CLR 1.1.4322)"
216.181.179.247 - - [02/Sep/2003:09:05:35 -0700] "GET /images/button-download.gif HTTP/1.1" 200 733 "http://www.antlr.org/doc/lexer.html" "Mozilla/4.0 (compatible; MSIE 6.0; Windows NT 5.1; .NET CLR 1.0.3705; .NET CLR 1.1.4322)"
216.181.179.247 - - [02/Sep/2003:09:05:35 -0700] "GET /images/search.gif HTTP/1.1" 200 299 "http://www.antlr.org/doc/lexer.html" "Mozilla/4.0 (compatible; MSIE 6.0; Windows NT 5.1; .NET CLR 1.0.3705; .NET CLR 1.1.4322)"
216.181.179.247 - - [02/Sep/2003:09:05:36 -0700] "GET /images/search-go.gif HTTP/1.1" 200 266 "http://www.antlr.org/doc/lexer.html" "Mozilla/4.0 (compatible; MSIE 6.0; Windows NT 5.1; .NET CLR 1.0.3705; .NET CLR 1.1.4322)"
195.217.128.161 - - [02/Sep/2003:09:05:45 -0700] "GET /download/antlr-2.7.0.tar.gz HTTP/1.0" 200 937404 "http://www.antlr.org/download.html" "Mozilla/4.0 (compatible; MSIE 6.0; Windows NT 5.0)"
