217.5.97.70 - - [02/Sep/2003:01:04:25 -0700] "GET /article/1055549665389/symbdiff.html HTTP/1.1" 200 21288 "-" "Mozilla/4.0 (compatible; MSIE 6.0; Windows 98; Win 9x 4.90)"
212.185.249.56 - - [02/Sep/2003:01:04:26 -0700] "GET /logo.gif HTTP/1.1" 200 6455 "http://www.antlr.org/article/1055549665389/symbdiff.html" "Mozilla/4.0 (compatible; MSIE 6.0; Windows 98; Win 9x 4.90)"
212.185.249.124 - - [02/Sep/2003:01:04:30 -0700] "GET /doc/index.html HTTP/1.1" 200 26469 "http://www.antlr.org/article/1055549665389/symbdiff.html" "Mozilla/4.0 (compatible; MSIE 6.0; Windows 98; Win 9x 4.90)"
62.189.217.225 - - [02/Sep/2003:01:04:38 -0700] "GET / HTTP/1.1" 200 11690 "http://www.antlr.org/article/needlook.html" "Mozilla/4.0 (compatible; MSIE 6.0; Windows NT 4.0)"
212.185.248.186 - - [02/Sep/2003:01:04:46 -0700] "GET /doc/metalang.html HTTP/1.1" 200 52606 "http://www.antlr.org/doc/index.html" "Mozilla/4.0 (compatible; MSIE 6.0; Windows 98; Win 9x 4.90)"
212.185.248.156 - - [02/Sep/2003:01:04:48 -0700] "GET /doc/subrule.gif HTTP/1.1" 200 1887 "http://www.antlr.org/doc/metalang.html" "Mozilla/4.0 (compatible; MSIE 6.0; Windows 98; Win 9x 4.90)"
212.185.249.92 - - [02/Sep/2003:01:04:48 -0700] "GET /doc/optional.gif HTTP/1.1" 200 2018 "http://www.antlr.org/doc/metalang.html" "Mozilla/4.0 (compatible; MSIE 6.0; Windows 98; Win 9x 4.90)"
217.5.97.68 - - [02/Sep/2003:01:04:48 -0700] "GET /doc/closure.gif HTTP/1.1" 200 2166 "http://www.antlr.org/doc/metalang.html" "Mozilla/4.0 (compatible; MSIE 6.0; Windows 98; Win 9x 4.90)"
212.185.248.218 - - [02/Sep/2003:01:04:48 -0700] "GET /doc/posclosure.gif HTTP/1.1" 200 2031 "http://www.antlr.org/doc/metalang.html" "Mozilla/4.0 (compatible; MSIE 6.0; Windows 98; Win 9x 4.90)"
62.189.217.225 - - [02/Sep/2003:01:05:10 -0700] "GET /doc/index.html HTTP/1.1" 200 26469 "http://www.antlr.org/" "Mozilla/4.0 (compatible; MSIE 6.0; Windows NT 4.0)"
62.189.217.225 - - [02/Sep/2003:01:05:14 -0700] "GET /about.html HTTP/1.1" 200 8707 "http://www.antlr.org/doc/index.html" "Mozilla/4.0 (compatible; MSIE 6.0; Windows NT 4.0)"
141.45.5.138 - - [02/Sep/2003:01:05:17 -0700] "GET /doc/index.html HTTP/1.1" 200 26469 "http://www.antlr.org/" "Mozilla/5.0 (X11; U; Linux i686; en-US; rv:1.4b) Gecko/20030630 Mozilla Firebird/0.6"
219.150.172.3 - - [02/Sep/2003:01:05:21 -0700] "GET /article/langparse.html HTTP/1.0" 200 22670 "http://www.antlr.org/article/list" "Mozilla/4.0 (compatible; MSIE 5.01; Windows NT 5.0)"
219.150.172.3 - - [02/Sep/2003:01:05:21 -0700] "GET /logo.gif HTTP/1.0" 200 6455 "http://www.antlr.org/article/langparse.html" "Mozilla/4.0 (compatible; MSIE 5.01; Windows NT 5.0)"
62.189.217.225 - - [02/Sep/2003:01:05:25 -0700] "GET /why.html HTTP/1.1" 200 10713 "http://www.antlr.org/about.html" "Mozilla/4.0 (compatible; MSIE 6.0; Windows NT 4.0)"
81.182.40.191 - - [02/Sep/2003:01:05:27 -0700] "GET / HTTP/1.0" 200 11690 "http://www.google.com.ni/search?sourceid=mozclient&ie=utf-8&oe=utf-8&q=antlr" "Mozilla/5.0 (Windows; U; Windows NT 5.1; en-US; rv:1.4b) Gecko/20030516 Mozilla Firebird/0.6"
141.45.5.138 - - [02/Sep/2003:01:05:42 -0700] "GET /doc/lexer.html HTTP/1.1" 200 83864 "http://www.antlr.org/doc/index.html" "Mozilla/5.0 (X11; U; Linux i686; en-US; rv:1.4b) Gecko/20030630 Mozilla Firebird/0.6"
219.150.172.3 - - [02/Sep/2003:01:05:45 -0700] "GET /pccts133.html HTTP/1.0" 200 18035 "-" "Mozilla/4.0 (compatible; MSIE 5.01; Windows NT 5.0)"
203.126.11.62 - - [02/Sep/2003:01:05:46 -0700] "GET /support.html HTTP/1.1" 200 10899 "http://www.antlr.org/" "Mozilla/4.0 (compatible; MSIE 5.5; Windows NT 5.0)"
203.126.11.62 - - [02/Sep/2003:01:05:56 -0700] "GET /doc/index.html HTTP/1.1" 200 26469 "http://www.antlr.org/support.html" "Mozilla/4.0 (compatible; MSIE 5.5; Windows NT 5.0)"
62.189.217.225 - - [02/Sep/2003:01:06:03 -0700] "GET /showcase/list HTTP/1.1" 200 13108 "http://www.antlr.org/why.html" "Mozilla/4.0 (compatible; MSIE 6.0; Windows NT 4.0)"
62.189.217.225 - - [02/Sep/2003:01:06:04 -0700] "GET /images/button-add-showcase.gif HTTP/1.1" 200 682 "http://www.antlr.org/showcase/list" "Mozilla/4.0 (compatible; MSIE 6.0; Windows NT 4.0)"
141.45.5.138 - - [02/Sep/2003:01:06:50 -0700] "GET /doc/metalang.html HTTP/1.1" 200 52606 "http://www.antlr.org/doc/index.html" "Mozilla/5.0 (X11; U; Linux i686; en-US; rv:1.4b) Gecko/20030630 Mozilla Firebird/0.6"
141.45.5.138 - - [02/Sep/2003:01:06:52 -0700] "GET /doc/optional.gif HTTP/1.1" 200 2018 "http://www.antlr.org/doc/metalang.html" "Mozilla/5.0 (X11; U; Linux i686; en-US; rv:1.4b) Gecko/20030630 Mozilla Firebird/0.6"
141.45.5.138 - - [02/Sep/2003:01:06:52 -0700] "GET /doc/subrule.gif HTTP/1.1" 200 1887 "http://www.antlr.org/doc/metalang.html" "Mozilla/5.0 (X11; U; Linux i686; en-US; rv:1.4b) Gecko/20030630 Mozilla Firebird/0.6"
141.45.5.138 - - [02/Sep/2003:01:06:52 -0700] "GET /doc/closure.gif HTTP/1.1" 200 2166 "http://www.antlr.org/doc/metalang.html" "Mozilla/5.0 (X11; U; Linux i686; en-US; rv:1.4b) Gecko/20030630 Mozilla Firebird/0.6"
141.45.5.138 - - [02/Sep/2003:01:06:53 -0700] "GET /doc/posclosure.gif HTTP/1.1" 200 2031 "http://www.antlr.org/doc/metalang.html" "Mozilla/5.0 (X11; U; Linux i686; en-US; rv:1.4b) Gecko/20030630 Mozilla Firebird/0.6"
141.45.5.138 - - [02/Sep/2003:01:07:05 -0700] "GET /doc/metalang.html HTTP/1.1" 200 52606 "http://www.antlr.org/doc/index.html" "Mozilla/5.0 (X11; U; Linux i686; en-US; rv:1.4b) Gecko/20030630 Mozilla Firebird/0.6"
141.45.5.138 - - [02/Sep/2003:01:07:12 -0700] "GET /doc/subrule.gif HTTP/1.1" 200 1887 "http://www.antlr.org/doc/metalang.html" "Mozilla/5.0 (X11; U; Linux i686; en-US; rv:1.4b) Gecko/20030630 Mozilla Firebird/0.6"
141.45.5.138 - - [02/Sep/2003:01:07:12 -0700] "GET /doc/optional.gif HTTP/1.1" 200 2018 "http://www.antlr.org/doc/metalang.html" "Mozilla/5.0 (X11; U; Linux i686; en-US; rv:1.4b) Gecko/20030630 Mozilla Firebird/0.6"
141.45.5.138 - - [02/Sep/2003:01:07:12 -0700] "GET /doc/closure.gif HTTP/1.1" 200 2166 "http://www.antlr.org/doc/metalang.html" "Mozilla/5.0 (X11; U; Linux i686; en-US; rv:1.4b) Gecko/20030630 Mozilla Firebird/0.6"
141.45.5.138 - - [02/Sep/2003:01:07:12 -0700] "GET /doc/posclosure.gif HTTP/1.1" 200 2031 "http://www.antlr.org/doc/metalang.html" "Mozilla/5.0 (X11; U; Linux i686; en-US; rv:1.4b) Gecko/20030630 Mozilla Firebird/0.6"
195.208.32.174 - - [02/Sep/2003:01:07:18 -0700] "GET /images/shim.gif HTTP/1.1" 304 - "http://www.antlr.org/pccts133.html" "Mozilla/4.0 (compatible; MSIE 6.0; Windows NT 5.0)"
195.208.32.174 - - [02/Sep/2003:01:07:18 -0700] "GET /images/logo-head.gif HTTP/1.1" 304 - "http://www.antlr.org/pccts133.html" "Mozilla/4.0 (compatible; MSIE 6.0; Windows NT 5.0)"
195.208.32.174 - - [02/Sep/2003:01:07:18 -0700] "GET /pccts133.html HTTP/1.1" 200 18035 "http://www.antlr.org/download.html" "Mozilla/4.0 (compatible; MSIE 6.0; Windows NT 5.0)"
195.208.32.174 - - [02/Sep/2003:01:07:18 -0700] "GET /images/head-shim.gif HTTP/1.1" 304 - "http://www.antlr.org/pccts133.html" "Mozilla/4.0 (compatible; MSIE 6.0; Windows NT 5.0)"
195.208.32.174 - - [02/Sep/2003:01:07:18 -0700] "GET /images/button-download.gif HTTP/1.1" 304 - "http://www.antlr.org/pccts133.html" "Mozilla/4.0 (compatible; MSIE 6.0; Windows NT 5.0)"
195.208.32.174 - - [02/Sep/2003:01:07:18 -0700] "GET /images/search.gif HTTP/1.1" 304 - "http://www.antlr.org/pccts133.html" "Mozilla/4.0 (compatible; MSIE 6.0; Windows NT 5.0)"
195.208.32.174 - - [02/Sep/2003:01:07:18 -0700] "GET /images/search-go.gif HTTP/1.1" 304 - "http://www.antlr.org/pccts133.html" "Mozilla/4.0 (compatible; MSIE 6.0; Windows NT 5.0)"
195.208.32.174 - - [02/Sep/2003:01:07:44 -0700] "GET /1.33/ HTTP/1.1" 200 8297 "http://www.antlr.org/pccts133.html" "Mozilla/4.0 (compatible; MSIE 6.0; Windows NT 5.0)"
195.208.32.174 - - [02/Sep/2003:01:07:52 -0700] "GET /1.33//binaries HTTP/1.1" 200 7982 "http://www.antlr.org/1.33/" "Mozilla/4.0 (compatible; MSIE 6.0; Windows NT 5.0)"
195.208.32.174 - - [02/Sep/2003:01:07:57 -0700] "GET /1.33//binaries/PC HTTP/1.1" 200 8343 "http://www.antlr.org/1.33//binaries" "Mozilla/4.0 (compatible; MSIE 6.0; Windows NT 5.0)"
195.208.32.174 - - [02/Sep/2003:01:08:17 -0700] "GET /1.33//binaries/PC/pcctsbcc.zip HTTP/1.1" 200 124193 "http://www.antlr.org/1.33//binaries/PC" "Mozilla/4.0 (compatible; MSIE 6.0; Windows NT 5.0)"
195.208.32.174 - - [02/Sep/2003:01:09:07 -0700] "GET /1.33//binaries HTTP/1.1" 200 7982 "http://www.antlr.org/1.33/" "Mozilla/4.0 (compatible; MSIE 6.0; Windows NT 5.0)"
195.208.32.174 - - [02/Sep/2003:01:09:08 -0700] "GET /images/shim.gif HTTP/1.1" 304 - "http://www.antlr.org/1.33//binaries" "Mozilla/4.0 (compatible; MSIE 6.0; Windows NT 5.0)"
195.208.32.174 - - [02/Sep/2003:01:09:08 -0700] "GET /images/logo-head.gif HTTP/1.1" 304 - "http://www.antlr.org/1.33//binaries" "Mozilla/4.0 (compatible; MSIE 6.0; Windows NT 5.0)"
195.208.32.174 - - [02/Sep/2003:01:09:08 -0700] "GET /images/head-shim.gif HTTP/1.1" 304 - "http://www.antlr.org/1.33//binaries" "Mozilla/4.0 (compatible; MSIE 6.0; Windows NT 5.0)"
195.208.32.174 - - [02/Sep/2003:01:09:08 -0700] "GET /images/button-download.gif HTTP/1.1" 304 - "http://www.antlr.org/1.33//binaries" "Mozilla/4.0 (compatible; MSIE 6.0; Windows NT 5.0)"
195.208.32.174 - - [02/Sep/2003:01:09:08 -0700] "GET /images/search.gif HTTP/1.1" 304 - "http://www.antlr.org/1.33//binaries" "Mozilla/4.0 (compatible; MSIE 6.0; Windows NT 5.0)"
195.208.32.174 - - [02/Sep/2003:01:09:08 -0700] "GET /images/search-go.gif HTTP/1.1" 304 - "http://www.antlr.org/1.33//binaries" "Mozilla/4.0 (compatible; MSIE 6.0; Windows NT 5.0)"
195.208.32.174 - - [02/Sep/2003:01:09:09 -0700] "GET /1.33/ HTTP/1.1" 200 8297 "http://www.antlr.org/pccts133.html" "Mozilla/4.0 (compatible; MSIE 6.0; Windows NT 5.0)"
195.208.32.174 - - [02/Sep/2003:01:09:21 -0700] "GET /1.33//contrib HTTP/1.1" 200 8730 "http://www.antlr.org/1.33/" "Mozilla/4.0 (compatible; MSIE 6.0; Windows NT 5.0)"
195.208.32.174 - - [02/Sep/2003:01:09:27 -0700] "GET /1.33/ HTTP/1.1" 200 8297 "http://www.antlr.org/pccts133.html" "Mozilla/4.0 (compatible; MSIE 6.0; Windows NT 5.0)"
212.202.255.83 - - [02/Sep/2003:01:09:29 -0700] "GET / HTTP/1.0" 200 11690 "http://www.google.com/search?q=antlr&sourceid=mozilla-search&start=0&start=0" "Mozilla/5.0 (Windows; U; Windows NT 5.0; en-US; rv:1.2.1) Gecko/20021130"
212.202.255.83 - - [02/Sep/2003:01:09:30 -0700] "GET /images/button-download.gif HTTP/1.0" 200 733 "http://www.antlr.org/" "Mozilla/5.0 (Windows; U; Windows NT 5.0; en-US; rv:1.2.1) Gecko/20021130"
212.202.255.83 - - [02/Sep/2003:01:09:30 -0700] "GET /images/shim.gif HTTP/1.0" 200 43 "http://www.antlr.org/" "Mozilla/5.0 (Windows; U; Windows NT 5.0; en-US; rv:1.2.1) Gecko/20021130"
212.202.255.83 - - [02/Sep/2003:01:09:30 -0700] "GET /images/logo-head.gif HTTP/1.0" 200 4098 "http://www.antlr.org/" "Mozilla/5.0 (Windows; U; Windows NT 5.0; en-US; rv:1.2.1) Gecko/20021130"
212.202.255.83 - - [02/Sep/2003:01:09:30 -0700] "GET /images/parr-head.jpg HTTP/1.0" 200 3582 "http://www.antlr.org/" "Mozilla/5.0 (Windows; U; Windows NT 5.0; en-US; rv:1.2.1) Gecko/20021130"
212.202.255.83 - - [02/Sep/2003:01:09:30 -0700] "GET /images/search.gif HTTP/1.0" 200 299 "http://www.antlr.org/" "Mozilla/5.0 (Windows; U; Windows NT 5.0; en-US; rv:1.2.1) Gecko/20021130"
212.202.255.83 - - [02/Sep/2003:01:09:30 -0700] "GET /images/search-go.gif HTTP/1.0" 200 266 "http://www.antlr.org/" "Mozilla/5.0 (Windows; U; Windows NT 5.0; en-US; rv:1.2.1) Gecko/20021130"
212.202.255.83 - - [02/Sep/2003:01:09:30 -0700] "GET /images/head-shim.gif HTTP/1.0" 200 158 "http://www.antlr.org/" "Mozilla/5.0 (Windows; U; Windows NT 5.0; en-US; rv:1.2.1) Gecko/20021130"
195.208.32.174 - - [02/Sep/2003:01:09:30 -0700] "GET /pccts133.html HTTP/1.1" 200 18035 "http://www.antlr.org/download.html" "Mozilla/4.0 (compatible; MSIE 6.0; Windows NT 5.0)"
64.68.82.14 - - [02/Sep/2003:01:09:36 -0700] "GET /download/list HTTP/1.0" 302 106 "-" "Googlebot/2.1 (+http://www.googlebot.com/bot.html)"
64.68.82.14 - - [02/Sep/2003:01:09:37 -0700] "GET /error.jsp?msg=No+such+resource+type%3A+download HTTP/1.0" 200 6432 "-" "Googlebot/2.1 (+http://www.googlebot.com/bot.html)"
130.239.30.142 - - [02/Sep/2003:01:10:06 -0700] "GET /doc/getting-started.html HTTP/1.1" 200 11326 "http://www.antlr.org/" "Mozilla/4.0 (compatible; MSIE 6.0; Windows NT 5.0; .NET CLR 1.1.4322)"
216.88.158.142 - - [02/Sep/2003:01:10:25 -0700] "GET /grammars/linkChecker/links.g HTTP/1.1" 200 6475 "-" "Mozilla/4.0 compatible ZyBorg/1.0 DLC (wn.zyborg@looksmart.net; http://www.WISEnutbot.com)"
66.196.65.35 - - [02/Sep/2003:01:11:10 -0700] "GET /robots.txt HTTP/1.0" 200 6457 "-" "Mozilla/5.0 (Slurp/si; slurp@inktomi.com; http://www.inktomi.com/slurp.html)"
212.202.255.83 - - [02/Sep/2003:01:11:17 -0700] "GET /grammar/cpp HTTP/1.0" 200 8441 "http://www.antlr.org/" "Mozilla/5.0 (Windows; U; Windows NT 5.0; en-US; rv:1.2.1) Gecko/20021130"
66.196.72.100 - - [02/Sep/2003:01:11:18 -0700] "GET /dpt.kupin.de HTTP/1.0" 200 6459 "-" "Mozilla/5.0 (Slurp/cat; slurp@inktomi.com; http://www.inktomi.com/slurp.html)"
212.202.255.83 - - [02/Sep/2003:01:11:24 -0700] "GET /grammar/cpp/grammar.txt HTTP/1.0" 200 30803 "http://www.antlr.org/grammar/cpp" "Mozilla/5.0 (Windows; U; Windows NT 5.0; en-US; rv:1.2.1) Gecko/20021130"
130.239.30.142 - - [02/Sep/2003:01:11:31 -0700] "GET /doc/getting-started.html HTTP/1.1" 200 11326 "http://www.antlr.org/" "Mozilla/4.0 (compatible; MSIE 6.0; Windows NT 5.0; .NET CLR 1.1.4322)"
130.239.30.142 - - [02/Sep/2003:01:11:35 -0700] "GET /doc/index.html HTTP/1.1" 200 26469 "http://www.antlr.org/doc/getting-started.html" "Mozilla/4.0 (compatible; MSIE 6.0; Windows NT 5.0; .NET CLR 1.1.4322)"
130.239.30.142 - - [02/Sep/2003:01:12:31 -0700] "GET /doc/index.html HTTP/1.1" 200 26469 "http://www.antlr.org/doc/getting-started.html" "Mozilla/4.0 (compatible; MSIE 6.0; Windows NT 5.0; .NET CLR 1.1.4322)"
130.239.30.142 - - [02/Sep/2003:01:12:32 -0700] "GET /doc/getting-started.html HTTP/1.1" 200 11326 "http://www.antlr.org/" "Mozilla/4.0 (compatible; MSIE 6.0; Windows NT 5.0; .NET CLR 1.1.4322)"
130.239.30.142 - - [02/Sep/2003:01:12:37 -0700] "GET /article/cutpaste/index.html HTTP/1.1" 200 10494 "http://www.antlr.org/doc/getting-started.html" "Mozilla/4.0 (compatible; MSIE 6.0; Windows NT 5.0; .NET CLR 1.1.4322)"
130.239.30.142 - - [02/Sep/2003:01:12:57 -0700] "GET /doc/getting-started.html HTTP/1.1" 200 11326 "http://www.antlr.org/" "Mozilla/4.0 (compatible; MSIE 6.0; Windows NT 5.0; .NET CLR 1.1.4322)"
212.202.255.83 - - [02/Sep/2003:01:13:00 -0700] "GET /doc/index.html HTTP/1.0" 200 26469 "http://www.antlr.org/" "Mozilla/5.0 (Windows; U; Windows NT 5.0; en-US; rv:1.2.1) Gecko/20021130"
203.57.241.95 - - [02/Sep/2003:01:15:46 -0700] "GET / HTTP/1.0" 200 11690 "-" "Mozilla/4.0 (compatible; MSIE 5.01; Windows NT)"
203.57.241.95 - - [02/Sep/2003:01:15:46 -0700] "GET /images/shim.gif HTTP/1.0" 200 43 "http://www.antlr.org/" "Mozilla/4.0 (compatible; MSIE 5.01; Windows NT)"
203.57.241.95 - - [02/Sep/2003:01:15:46 -0700] "GET /images/logo-head.gif HTTP/1.0" 200 4098 "http://www.antlr.org/" "Mozilla/4.0 (compatible; MSIE 5.01; Windows NT)"
203.57.241.95 - - [02/Sep/2003:01:15:46 -0700] "GET /images/button-download.gif HTTP/1.0" 200 733 "http://www.antlr.org/" "Mozilla/4.0 (compatible; MSIE 5.01; Windows NT)"
203.57.241.95 - - [02/Sep/2003:01:15:47 -0700] "GET /images/parr-head.jpg HTTP/1.0" 200 3582 "http://www.antlr.org/" "Mozilla/4.0 (compatible; MSIE 5.01; Windows NT)"
203.57.241.95 - - [02/Sep/2003:01:15:47 -0700] "GET /images/search.gif HTTP/1.0" 200 299 "http://www.antlr.org/" "Mozilla/4.0 (compatible; MSIE 5.01; Windows NT)"
203.57.241.95 - - [02/Sep/2003:01:15:47 -0700] "GET /images/head-shim.gif HTTP/1.0" 200 158 "http://www.antlr.org/" "Mozilla/4.0 (compatible; MSIE 5.01; Windows NT)"
203.57.241.95 - - [02/Sep/2003:01:15:47 -0700] "GET /images/search-go.gif HTTP/1.0" 200 266 "http://www.antlr.org/" "Mozilla/4.0 (compatible; MSIE 5.01; Windows NT)"
64.68.82.28 - - [02/Sep/2003:01:16:00 -0700] "GET /grammar/grammars/cim/cim22Grammar.pdf HTTP/1.0" 200 6484 "-" "Googlebot/2.1 (+http://www.googlebot.com/bot.html)"
61.222.155.82 - - [02/Sep/2003:01:16:09 -0700] "HEAD / HTTP/1.1" 200 8192 "http://www.antlr.org/" "Mozilla/4.0 (compatible; Powermarks/3.5; Windows 95/98/2000/NT)"
61.222.155.82 - - [02/Sep/2003:01:16:09 -0700] "GET / HTTP/1.1" 200 11690 "http://www.antlr.org/" "Mozilla/4.0 (compatible; Powermarks/3.5; Windows 95/98/2000/NT)"
203.57.241.95 - - [02/Sep/2003:01:16:21 -0700] "GET /grammar/list HTTP/1.0" 200 15685 "http://www.antlr.org/" "Mozilla/4.0 (compatible; MSIE 5.01; Windows NT)"
203.57.241.95 - - [02/Sep/2003:01:16:22 -0700] "GET /images/button-add-grammar.gif HTTP/1.0" 200 664 "http://www.antlr.org/grammar/list" "Mozilla/4.0 (compatible; MSIE 5.01; Windows NT)"
131.246.192.11 - - [02/Sep/2003:01:16:23 -0700] "GET / HTTP/1.1" 200 11690 "-" "Mozilla/5.0 (compatible; Konqueror/3.1; Linux)"
131.246.192.11 - - [02/Sep/2003:01:16:24 -0700] "GET / HTTP/1.1" 200 11690 "-" "Mozilla/5.0 (compatible; Konqueror/3.1; Linux)"
131.246.192.11 - - [02/Sep/2003:01:16:24 -0700] "GET /images/shim.gif HTTP/1.1" 200 43 "http://antlr.org/" "Mozilla/5.0 (compatible; Konqueror/3.1; Linux)"
131.246.192.11 - - [02/Sep/2003:01:16:24 -0700] "GET /images/logo-head.gif HTTP/1.1" 200 4098 "http://antlr.org/" "Mozilla/5.0 (compatible; Konqueror/3.1; Linux)"
131.246.192.11 - - [02/Sep/2003:01:16:24 -0700] "GET /images/head-shim.gif HTTP/1.1" 200 158 "http://antlr.org/" "Mozilla/5.0 (compatible; Konqueror/3.1; Linux)"
131.246.192.11 - - [02/Sep/2003:01:16:25 -0700] "GET /images/button-download.gif HTTP/1.1" 200 733 "http://antlr.org/" "Mozilla/5.0 (compatible; Konqueror/3.1; Linux)"
131.246.192.11 - - [02/Sep/2003:01:16:25 -0700] "GET /images/parr-head.jpg HTTP/1.1" 200 3582 "http://antlr.org/" "Mozilla/5.0 (compatible; Konqueror/3.1; Linux)"
131.246.192.11 - - [02/Sep/2003:01:16:25 -0700] "GET /images/search.gif HTTP/1.1" 200 299 "http://antlr.org/" "Mozilla/5.0 (compatible; Konqueror/3.1; Linux)"
131.246.192.11 - - [02/Sep/2003:01:16:26 -0700] "GET /images/search-go.gif HTTP/1.1" 200 266 "http://antlr.org/" "Mozilla/5.0 (compatible; Konqueror/3.1; Linux)"
64.68.82.170 - - [02/Sep/2003:01:16:29 -0700] "GET /grammar/cgram HTTP/1.0" 200 8086 "-" "Googlebot/2.1 (+http://www.googlebot.com/bot.html)"
131.246.192.11 - - [02/Sep/2003:01:16:30 -0700] "GET /favicon.ico HTTP/1.1" 404 173 "-" "Mozilla/5.0 (compatible; Konqueror/3.1; Linux)"
131.246.192.11 - - [02/Sep/2003:01:16:44 -0700] "GET /workshop/cabal-2003/index.html HTTP/1.1" 200 9784 "http://antlr.org/" "Mozilla/5.0 (compatible; Konqueror/3.1; Linux)"
217.237.159.7 - - [02/Sep/2003:01:16:49 -0700] "GET /logo.gif HTTP/1.1" 200 6455 "http://www.antlr.org/article/1055549665389/symbdiff.html" "Mozilla/4.0 (compatible; MSIE 6.0; Windows 98; Win 9x 4.90)"
131.246.192.11 - - [02/Sep/2003:01:16:50 -0700] "GET /workshop/cabal-2003/photos/3-nerds-hard-at-work.JPG HTTP/1.1" 200 77922 "http://antlr.org/workshop/cabal-2003/index.html" "Mozilla/5.0 (compatible; Konqueror/3.1; Linux)"
217.89.23.130 - - [02/Sep/2003:01:16:53 -0700] "GET /grammar/list HTTP/1.1" 200 15685 "http://www.antlr.org/article/1055549665389/symbdiff.html" "Mozilla/4.0 (compatible; MSIE 6.0; Windows 98; Win 9x 4.90)"
217.5.97.70 - - [02/Sep/2003:01:16:54 -0700] "GET /images/button-add-grammar.gif HTTP/1.1" 200 664 "http://www.antlr.org/grammar/list" "Mozilla/4.0 (compatible; MSIE 6.0; Windows 98; Win 9x 4.90)"
217.89.23.130 - - [02/Sep/2003:01:17:00 -0700] "GET /javadoc/overview-summary.html HTTP/1.1" 200 9784 "http://www.antlr.org/grammar/list" "Mozilla/4.0 (compatible; MSIE 6.0; Windows 98; Win 9x 4.90)"
217.5.97.69 - - [02/Sep/2003:01:17:06 -0700] "GET /javadoc/antlr/package-summary.html HTTP/1.1" 200 22368 "http://www.antlr.org/javadoc/overview-summary.html" "Mozilla/4.0 (compatible; MSIE 6.0; Windows 98; Win 9x 4.90)"
131.246.192.11 - - [02/Sep/2003:01:17:15 -0700] "GET /workshop/cabal-2003/uses.of.antlr.tml HTTP/1.1" 200 8001 "http://antlr.org/workshop/cabal-2003/index.html" "Mozilla/5.0 (compatible; Konqueror/3.1; Linux)"
212.185.249.121 - - [02/Sep/2003:01:17:16 -0700] "GET /javadoc/antlr/Parser.html HTTP/1.1" 200 41608 "http://www.antlr.org/javadoc/antlr/package-summary.html" "Mozilla/4.0 (compatible; MSIE 6.0; Windows 98; Win 9x 4.90)"
131.246.192.11 - - [02/Sep/2003:01:17:32 -0700] "GET /workshop/cabal-2003/antlr-3-whitepaper.tml HTTP/1.1" 200 8827 "http://antlr.org/workshop/cabal-2003/index.html" "Mozilla/5.0 (compatible; Konqueror/3.1; Linux)"
212.185.249.121 - - [02/Sep/2003:01:18:05 -0700] "GET /javadoc/antlr/package-summary.html HTTP/1.1" 200 22368 "-" "Mozilla/4.0 (compatible; MSIE 6.0; Windows 98; Win 9x 4.90)"
212.185.248.124 - - [02/Sep/2003:01:18:10 -0700] "GET /support.html HTTP/1.1" 200 10899 "http://www.antlr.org/javadoc/antlr/package-summary.html" "Mozilla/4.0 (compatible; MSIE 6.0; Windows 98; Win 9x 4.90)"
212.185.248.123 - - [02/Sep/2003:01:18:12 -0700] "GET /about.html HTTP/1.1" 200 8707 "http://www.antlr.org/support.html" "Mozilla/4.0 (compatible; MSIE 6.0; Windows 98; Win 9x 4.90)"
131.246.192.11 - - [02/Sep/2003:01:18:13 -0700] "GET /news/list HTTP/1.1" 200 8648 "http://antlr.org/" "Mozilla/5.0 (compatible; Konqueror/3.1; Linux)"
212.185.248.117 - - [02/Sep/2003:01:18:17 -0700] "GET /why.html HTTP/1.1" 200 10713 "http://www.antlr.org/about.html" "Mozilla/4.0 (compatible; MSIE 6.0; Windows 98; Win 9x 4.90)"
203.57.241.95 - - [02/Sep/2003:01:18:45 -0700] "GET /article/list HTTP/1.0" 200 15911 "http://www.antlr.org/grammar/list" "Mozilla/4.0 (compatible; MSIE 5.01; Windows NT)"
203.57.241.95 - - [02/Sep/2003:01:18:46 -0700] "GET /images/button-add-article.gif HTTP/1.0" 200 579 "http://www.antlr.org/article/list" "Mozilla/4.0 (compatible; MSIE 5.01; Windows NT)"
212.185.248.218 - - [02/Sep/2003:01:18:55 -0700] "GET /article/1055549665389/symbdiff.html HTTP/1.1" 200 21288 "http://www.google.de/search?q=differentiation+parser+java&ie=UTF-8&oe=UTF-8&hl=de&meta=" "Mozilla/4.0 (compatible; MSIE 6.0; Windows 98; Win 9x 4.90)"
217.89.23.133 - - [02/Sep/2003:01:18:56 -0700] "GET /logo.gif HTTP/1.1" 200 6455 "http://www.antlr.org/article/1055549665389/symbdiff.html" "Mozilla/4.0 (compatible; MSIE 6.0; Windows 98; Win 9x 4.90)"
203.57.241.95 - - [02/Sep/2003:01:18:59 -0700] "GET /article/whitespace/index.html HTTP/1.0" 200 21208 "http://www.antlr.org/article/list" "Mozilla/4.0 (compatible; MSIE 5.01; Windows NT)"
203.57.241.95 - - [02/Sep/2003:01:19:00 -0700] "GET /article/whitespace/instr.ast.gif HTTP/1.0" 200 7673 "http://www.antlr.org/article/whitespace/index.html" "Mozilla/4.0 (compatible; MSIE 5.01; Windows NT)"
128.131.208.33 - - [02/Sep/2003:01:19:08 -0700] "GET / HTTP/1.1" 200 11690 "-" "Mozilla/4.0 (compatible; MSIE 6.0; Windows NT 5.1; .NET CLR 1.0.3705)"
128.131.208.33 - - [02/Sep/2003:01:19:08 -0700] "GET /images/shim.gif HTTP/1.1" 304 - "http://www.antlr.org/" "Mozilla/4.0 (compatible; MSIE 6.0; Windows NT 5.1; .NET CLR 1.0.3705)"
128.131.208.33 - - [02/Sep/2003:01:19:08 -0700] "GET /images/logo-head.gif HTTP/1.1" 304 - "http://www.antlr.org/" "Mozilla/4.0 (compatible; MSIE 6.0; Windows NT 5.1; .NET CLR 1.0.3705)"
128.131.208.33 - - [02/Sep/2003:01:19:08 -0700] "GET /images/button-download.gif HTTP/1.1" 304 - "http://www.antlr.org/" "Mozilla/4.0 (compatible; MSIE 6.0; Windows NT 5.1; .NET CLR 1.0.3705)"
128.131.208.33 - - [02/Sep/2003:01:19:08 -0700] "GET /images/parr-head.jpg HTTP/1.1" 304 - "http://www.antlr.org/" "Mozilla/4.0 (compatible; MSIE 6.0; Windows NT 5.1; .NET CLR 1.0.3705)"
128.131.208.33 - - [02/Sep/2003:01:19:09 -0700] "GET /images/head-shim.gif HTTP/1.1" 304 - "http://www.antlr.org/" "Mozilla/4.0 (compatible; MSIE 6.0; Windows NT 5.1; .NET CLR 1.0.3705)"
128.131.208.33 - - [02/Sep/2003:01:19:09 -0700] "GET /images/search.gif HTTP/1.1" 304 - "http://www.antlr.org/" "Mozilla/4.0 (compatible; MSIE 6.0; Windows NT 5.1; .NET CLR 1.0.3705)"
128.131.208.33 - - [02/Sep/2003:01:19:09 -0700] "GET /images/search-go.gif HTTP/1.1" 304 - "http://www.antlr.org/" "Mozilla/4.0 (compatible; MSIE 6.0; Windows NT 5.1; .NET CLR 1.0.3705)"
128.131.208.33 - - [02/Sep/2003:01:19:12 -0700] "GET /doc/index.html HTTP/1.1" 200 26469 "http://www.antlr.org/" "Mozilla/4.0 (compatible; MSIE 6.0; Windows NT 5.1; .NET CLR 1.0.3705)"
128.131.208.33 - - [02/Sep/2003:01:19:18 -0700] "GET /doc/metalang.html HTTP/1.1" 200 52606 "http://www.antlr.org/doc/index.html" "Mozilla/4.0 (compatible; MSIE 6.0; Windows NT 5.1; .NET CLR 1.0.3705)"
128.131.208.33 - - [02/Sep/2003:01:19:18 -0700] "GET /doc/subrule.gif HTTP/1.1" 200 1887 "http://www.antlr.org/doc/metalang.html" "Mozilla/4.0 (compatible; MSIE 6.0; Windows NT 5.1; .NET CLR 1.0.3705)"
128.131.208.33 - - [02/Sep/2003:01:19:18 -0700] "GET /doc/optional.gif HTTP/1.1" 200 2018 "http://www.antlr.org/doc/metalang.html" "Mozilla/4.0 (compatible; MSIE 6.0; Windows NT 5.1; .NET CLR 1.0.3705)"
128.131.208.33 - - [02/Sep/2003:01:19:18 -0700] "GET /doc/closure.gif HTTP/1.1" 200 2166 "http://www.antlr.org/doc/metalang.html" "Mozilla/4.0 (compatible; MSIE 6.0; Windows NT 5.1; .NET CLR 1.0.3705)"
128.131.208.33 - - [02/Sep/2003:01:19:18 -0700] "GET /doc/posclosure.gif HTTP/1.1" 200 2031 "http://www.antlr.org/doc/metalang.html" "Mozilla/4.0 (compatible; MSIE 6.0; Windows NT 5.1; .NET CLR 1.0.3705)"
203.57.241.95 - - [02/Sep/2003:01:19:47 -0700] "GET /doc/index.html HTTP/1.0" 200 26469 "http://www.antlr.org/article/list" "Mozilla/4.0 (compatible; MSIE 5.01; Windows NT)"
203.57.241.95 - - [02/Sep/2003:01:20:00 -0700] "GET /article/list HTTP/1.0" 200 15911 "http://www.antlr.org/doc/index.html" "Mozilla/4.0 (compatible; MSIE 5.01; Windows NT)"
203.57.241.95 - - [02/Sep/2003:01:20:15 -0700] "GET /doc/index.html HTTP/1.0" 200 26469 "http://www.antlr.org/article/list" "Mozilla/4.0 (compatible; MSIE 5.01; Windows NT)"
203.57.241.95 - - [02/Sep/2003:01:20:21 -0700] "GET /doc/getting-started.html HTTP/1.0" 200 11326 "http://www.antlr.org/doc/index.html" "Mozilla/4.0 (compatible; MSIE 5.01; Windows NT)"
130.239.30.142 - - [02/Sep/2003:01:23:29 -0700] "GET /grammar/list HTTP/1.1" 200 15685 "http://www.antlr.org/article/cutpaste/index.html" "Mozilla/4.0 (compatible; MSIE 6.0; Windows NT 5.0; .NET CLR 1.1.4322)"
130.239.30.142 - - [02/Sep/2003:01:23:30 -0700] "GET /images/button-add-grammar.gif HTTP/1.1" 200 664 "http://www.antlr.org/grammar/list" "Mozilla/4.0 (compatible; MSIE 6.0; Windows NT 5.0; .NET CLR 1.1.4322)"
130.239.30.142 - - [02/Sep/2003:01:23:35 -0700] "GET /grammar/java HTTP/1.1" 200 8472 "http://www.antlr.org/grammar/list" "Mozilla/4.0 (compatible; MSIE 6.0; Windows NT 5.0; .NET CLR 1.1.4322)"
130.239.30.142 - - [02/Sep/2003:01:23:41 -0700] "GET /grammar/java/java.g HTTP/1.1" 200 33216 "http://www.antlr.org/grammar/java" "Mozilla/4.0 (compatible; MSIE 6.0; Windows NT 5.0; .NET CLR 1.1.4322)"
130.239.30.142 - - [02/Sep/2003:01:23:44 -0700] "GET /grammar/java HTTP/1.1" 200 8472 "http://www.antlr.org/grammar/list" "Mozilla/4.0 (compatible; MSIE 6.0; Windows NT 5.0; .NET CLR 1.1.4322)"
130.239.30.142 - - [02/Sep/2003:01:23:50 -0700] "GET /doc/index.html HTTP/1.1" 200 26469 "http://www.antlr.org/grammar/java" "Mozilla/4.0 (compatible; MSIE 6.0; Windows NT 5.0; .NET CLR 1.1.4322)"
128.131.208.33 - - [02/Sep/2003:01:23:56 -0700] "GET /doc/index.html HTTP/1.1" 200 26469 "http://www.antlr.org/" "Mozilla/4.0 (compatible; MSIE 6.0; Windows NT 5.1; .NET CLR 1.0.3705)"
128.131.208.33 - - [02/Sep/2003:01:23:58 -0700] "GET / HTTP/1.1" 200 11690 "-" "Mozilla/4.0 (compatible; MSIE 6.0; Windows NT 5.1; .NET CLR 1.0.3705)"
128.131.208.33 - - [02/Sep/2003:01:24:00 -0700] "GET /doc/getting-started.html HTTP/1.1" 200 11326 "http://www.antlr.org/" "Mozilla/4.0 (compatible; MSIE 6.0; Windows NT 5.1; .NET CLR 1.0.3705)"
128.131.208.33 - - [02/Sep/2003:01:24:13 -0700] "GET /doc/index.html HTTP/1.1" 200 26469 "http://www.antlr.org/doc/getting-started.html" "Mozilla/4.0 (compatible; MSIE 6.0; Windows NT 5.1; .NET CLR 1.0.3705)"
128.131.208.33 - - [02/Sep/2003:01:24:13 -0700] "GET /images/shim.gif HTTP/1.1" 304 - "http://www.antlr.org/doc/index.html" "Mozilla/4.0 (compatible; MSIE 6.0; Windows NT 5.1; .NET CLR 1.0.3705)"
128.131.208.33 - - [02/Sep/2003:01:24:13 -0700] "GET /images/logo-head.gif HTTP/1.1" 304 - "http://www.antlr.org/doc/index.html" "Mozilla/4.0 (compatible; MSIE 6.0; Windows NT 5.1; .NET CLR 1.0.3705)"
128.131.208.33 - - [02/Sep/2003:01:24:13 -0700] "GET /images/button-download.gif HTTP/1.1" 304 - "http://www.antlr.org/doc/index.html" "Mozilla/4.0 (compatible; MSIE 6.0; Windows NT 5.1; .NET CLR 1.0.3705)"
128.131.208.33 - - [02/Sep/2003:01:24:13 -0700] "GET /images/head-shim.gif HTTP/1.1" 304 - "http://www.antlr.org/doc/index.html" "Mozilla/4.0 (compatible; MSIE 6.0; Windows NT 5.1; .NET CLR 1.0.3705)"
128.131.208.33 - - [02/Sep/2003:01:24:13 -0700] "GET /images/search.gif HTTP/1.1" 304 - "http://www.antlr.org/doc/index.html" "Mozilla/4.0 (compatible; MSIE 6.0; Windows NT 5.1; .NET CLR 1.0.3705)"
128.131.208.33 - - [02/Sep/2003:01:24:14 -0700] "GET /images/search-go.gif HTTP/1.1" 304 - "http://www.antlr.org/doc/index.html" "Mozilla/4.0 (compatible; MSIE 6.0; Windows NT 5.1; .NET CLR 1.0.3705)"
130.239.30.142 - - [02/Sep/2003:01:24:34 -0700] "GET /doc/metalang.html HTTP/1.1" 200 52606 "http://www.antlr.org/doc/index.html" "Mozilla/4.0 (compatible; MSIE 6.0; Windows NT 5.0; .NET CLR 1.1.4322)"
130.239.30.142 - - [02/Sep/2003:01:24:35 -0700] "GET /doc/optional.gif HTTP/1.1" 200 2018 "http://www.antlr.org/doc/metalang.html" "Mozilla/4.0 (compatible; MSIE 6.0; Windows NT 5.0; .NET CLR 1.1.4322)"
130.239.30.142 - - [02/Sep/2003:01:24:35 -0700] "GET /doc/subrule.gif HTTP/1.1" 200 1887 "http://www.antlr.org/doc/metalang.html" "Mozilla/4.0 (compatible; MSIE 6.0; Windows NT 5.0; .NET CLR 1.1.4322)"
130.239.30.142 - - [02/Sep/2003:01:24:35 -0700] "GET /doc/closure.gif HTTP/1.1" 200 2166 "http://www.antlr.org/doc/metalang.html" "Mozilla/4.0 (compatible; MSIE 6.0; Windows NT 5.0; .NET CLR 1.1.4322)"
130.239.30.142 - - [02/Sep/2003:01:24:35 -0700] "GET /doc/posclosure.gif HTTP/1.1" 200 2031 "http://www.antlr.org/doc/metalang.html" "Mozilla/4.0 (compatible; MSIE 6.0; Windows NT 5.0; .NET CLR 1.1.4322)"
216.88.158.142 - - [02/Sep/2003:01:25:46 -0700] "GET /fieldguide/tags/ HTTP/1.1" 200 6463 "-" "Mozilla/4.0 compatible ZyBorg/1.0 DLC (wn.zyborg@looksmart.net; http://www.WISEnutbot.com)"
128.131.208.33 - - [02/Sep/2003:01:26:26 -0700] "GET /doc/metalang.html HTTP/1.1" 200 52606 "http://www.antlr.org/doc/index.html" "Mozilla/4.0 (compatible; MSIE 6.0; Windows NT 5.1; .NET CLR 1.0.3705)"
128.131.208.33 - - [02/Sep/2003:01:26:27 -0700] "GET /doc/optional.gif HTTP/1.1" 200 2018 "http://www.antlr.org/doc/metalang.html" "Mozilla/4.0 (compatible; MSIE 6.0; Windows NT 5.1; .NET CLR 1.0.3705)"
128.131.208.33 - - [02/Sep/2003:01:26:27 -0700] "GET /doc/subrule.gif HTTP/1.1" 200 1887 "http://www.antlr.org/doc/metalang.html" "Mozilla/4.0 (compatible; MSIE 6.0; Windows NT 5.1; .NET CLR 1.0.3705)"
128.131.208.33 - - [02/Sep/2003:01:26:27 -0700] "GET /doc/closure.gif HTTP/1.1" 200 2166 "http://www.antlr.org/doc/metalang.html" "Mozilla/4.0 (compatible; MSIE 6.0; Windows NT 5.1; .NET CLR 1.0.3705)"
128.131.208.33 - - [02/Sep/2003:01:26:27 -0700] "GET /doc/posclosure.gif HTTP/1.1" 200 2031 "http://www.antlr.org/doc/metalang.html" "Mozilla/4.0 (compatible; MSIE 6.0; Windows NT 5.1; .NET CLR 1.0.3705)"
128.131.208.33 - - [02/Sep/2003:01:28:50 -0700] "GET /doc/index.html HTTP/1.1" 200 26469 "http://www.antlr.org/doc/getting-started.html" "Mozilla/4.0 (compatible; MSIE 6.0; Windows NT 5.1; .NET CLR 1.0.3705)"
128.131.208.33 - - [02/Sep/2003:01:29:00 -0700] "GET /doc/lexer.html HTTP/1.1" 200 83864 "http://www.antlr.org/doc/index.html" "Mozilla/4.0 (compatible; MSIE 6.0; Windows NT 5.1; .NET CLR 1.0.3705)"
213.11.67.50 - - [02/Sep/2003:01:29:29 -0700] "GET /doc/index.html HTTP/1.1" 200 26469 "-" "Mozilla/4.0 (compatible; MSIE 6.0; Windows NT 5.0)"
203.57.241.95 - - [02/Sep/2003:01:32:55 -0700] "GET /book/index.html HTTP/1.0" 200 9357 "http://supportweb.cs.bham.ac.uk/documentation/tutorials/docsystem/build/tutorials/antlr/antlr.html" "Mozilla/4.0 (compatible; MSIE 5.01; Windows NT)"
203.57.241.95 - - [02/Sep/2003:01:33:15 -0700] "GET /book/language.pdf HTTP/1.0" 200 103260 "http://www.antlr.org/book/index.html" "Mozilla/4.0 (compatible; MSIE 5.01; Windows NT)"
141.35.12.247 - - [02/Sep/2003:01:33:32 -0700] "GET /doc/getting-started.html HTTP/1.1" 200 11326 "http://www.jguru.com/faq/view.jsp?EID=78" "Mozilla/5.0 (X11; U; Linux i686; en-US; rv:1.0.2) Gecko/20030716"
141.45.5.138 - - [02/Sep/2003:01:33:37 -0700] "GET /doc/metalang.html HTTP/1.1" 200 52606 "http://www.antlr.org/doc/index.html" "Mozilla/5.0 (X11; U; Linux i686; en-US; rv:1.4b) Gecko/20030630 Mozilla Firebird/0.6"
141.45.5.138 - - [02/Sep/2003:01:33:39 -0700] "GET /doc/optional.gif HTTP/1.1" 200 2018 "http://www.antlr.org/doc/metalang.html" "Mozilla/5.0 (X11; U; Linux i686; en-US; rv:1.4b) Gecko/20030630 Mozilla Firebird/0.6"
141.45.5.138 - - [02/Sep/2003:01:33:39 -0700] "GET /doc/subrule.gif HTTP/1.1" 200 1887 "http://www.antlr.org/doc/metalang.html" "Mozilla/5.0 (X11; U; Linux i686; en-US; rv:1.4b) Gecko/20030630 Mozilla Firebird/0.6"
141.45.5.138 - - [02/Sep/2003:01:33:39 -0700] "GET /doc/closure.gif HTTP/1.1" 200 2166 "http://www.antlr.org/doc/metalang.html" "Mozilla/5.0 (X11; U; Linux i686; en-US; rv:1.4b) Gecko/20030630 Mozilla Firebird/0.6"
141.45.5.138 - - [02/Sep/2003:01:33:40 -0700] "GET /doc/posclosure.gif HTTP/1.1" 200 2031 "http://www.antlr.org/doc/metalang.html" "Mozilla/5.0 (X11; U; Linux i686; en-US; rv:1.4b) Gecko/20030630 Mozilla Firebird/0.6"
141.35.12.247 - - [02/Sep/2003:01:33:43 -0700] "GET /book/byhand.pdf HTTP/1.1" 200 93253 "http://www.antlr.org/doc/getting-started.html" "Mozilla/5.0 (X11; U; Linux i686; en-US; rv:1.0.2) Gecko/20030716"
141.45.5.138 - - [02/Sep/2003:01:33:47 -0700] "GET /doc/lexer.html HTTP/1.1" 200 83864 "http://www.antlr.org/doc/index.html" "Mozilla/5.0 (X11; U; Linux i686; en-US; rv:1.4b) Gecko/20030630 Mozilla Firebird/0.6"
66.196.72.61 - - [02/Sep/2003:01:33:54 -0700] "GET /de/hunsicker/antlr/RecognitionException.html HTTP/1.0" 302 180 "-" "Mozilla/5.0 (Slurp/cat; slurp@inktomi.com; http://www.inktomi.com/slurp.html)"
64.68.82.170 - - [02/Sep/2003:01:34:13 -0700] "GET /1.33/pccts_faq.html HTTP/1.0" 200 29779 "-" "Googlebot/2.1 (+http://www.googlebot.com/bot.html)"
141.45.5.138 - - [02/Sep/2003:01:34:17 -0700] "GET /doc/sor.html HTTP/1.1" 200 22139 "http://www.antlr.org/doc/index.html" "Mozilla/5.0 (X11; U; Linux i686; en-US; rv:1.4b) Gecko/20030630 Mozilla Firebird/0.6"
219.150.172.3 - - [02/Sep/2003:01:34:26 -0700] "GET /favicon.ico HTTP/1.0" 404 1015 "-" "Mozilla/4.0 (compatible; MSIE 5.01; Windows NT 5.0)"
219.150.172.3 - - [02/Sep/2003:01:34:56 -0700] "GET /about.html HTTP/1.0" 200 8707 "-" "Mozilla/4.0 (compatible; MSIE 5.01; Windows NT 5.0)"
193.126.30.221 - - [02/Sep/2003:01:35:28 -0700] "GET /images/shim.gif HTTP/1.0" 200 43 "http://www.antlr.org/javadoc/antlr/Tool.html" "Mozilla/4.0 (compatible; MSIE 6.0; Windows NT 5.0; .NET CLR 1.0.3705)"
193.126.30.221 - - [02/Sep/2003:01:35:28 -0700] "GET /javadoc/antlr/Tool.html HTTP/1.0" 200 36318 "http://www.google.pt/search?q=C%23+%22object+factory%22+example&ie=UTF-8&oe=UTF-8&hl=pt-PT&meta=" "Mozilla/4.0 (compatible; MSIE 6.0; Windows NT 5.0; .NET CLR 1.0.3705)"
193.126.30.221 - - [02/Sep/2003:01:35:28 -0700] "GET /images/logo-head.gif HTTP/1.0" 200 4098 "http://www.antlr.org/javadoc/antlr/Tool.html" "Mozilla/4.0 (compatible; MSIE 6.0; Windows NT 5.0; .NET CLR 1.0.3705)"
193.126.30.221 - - [02/Sep/2003:01:35:29 -0700] "GET /images/search.gif HTTP/1.0" 200 299 "http://www.antlr.org/javadoc/antlr/Tool.html" "Mozilla/4.0 (compatible; MSIE 6.0; Windows NT 5.0; .NET CLR 1.0.3705)"
193.126.30.221 - - [02/Sep/2003:01:35:29 -0700] "GET /images/search-go.gif HTTP/1.0" 200 266 "http://www.antlr.org/javadoc/antlr/Tool.html" "Mozilla/4.0 (compatible; MSIE 6.0; Windows NT 5.0; .NET CLR 1.0.3705)"
193.126.30.221 - - [02/Sep/2003:01:35:29 -0700] "GET /images/button-download.gif HTTP/1.0" 200 733 "http://www.antlr.org/javadoc/antlr/Tool.html" "Mozilla/4.0 (compatible; MSIE 6.0; Windows NT 5.0; .NET CLR 1.0.3705)"
193.126.30.221 - - [02/Sep/2003:01:35:29 -0700] "GET /images/head-shim.gif HTTP/1.0" 200 158 "http://www.antlr.org/javadoc/antlr/Tool.html" "Mozilla/4.0 (compatible; MSIE 6.0; Windows NT 5.0; .NET CLR 1.0.3705)"
66.196.72.61 - - [02/Sep/2003:01:35:45 -0700] "GET /error.jsp?msg=Problems+extracting+content%2Ftitle+from+file+%2Fde%2Fhunsicker%2Fantlr%2FRecognitionException.html:+null HTTP/1.0" 200 6496 "-" "Mozilla/5.0 (Slurp/cat; slurp@inktomi.com; http://www.inktomi.com/slurp.html)"
192.16.196.209 - - [02/Sep/2003:01:37:59 -0700] "GET / HTTP/1.1" 200 11690 "http://aggregate.org/PCCTS/" "Mozilla/4.0 (compatible; MSIE 6.0; Windows NT 5.0; .NET CLR 1.1.4322)"
192.16.196.209 - - [02/Sep/2003:01:38:00 -0700] "GET /images/shim.gif HTTP/1.1" 200 43 "http://www.antlr.org/" "Mozilla/4.0 (compatible; MSIE 6.0; Windows NT 5.0; .NET CLR 1.1.4322)"
192.16.196.209 - - [02/Sep/2003:01:38:00 -0700] "GET /images/logo-head.gif HTTP/1.1" 200 4098 "http://www.antlr.org/" "Mozilla/4.0 (compatible; MSIE 6.0; Windows NT 5.0; .NET CLR 1.1.4322)"
192.16.196.209 - - [02/Sep/2003:01:38:00 -0700] "GET /images/button-download.gif HTTP/1.1" 200 733 "http://www.antlr.org/" "Mozilla/4.0 (compatible; MSIE 6.0; Windows NT 5.0; .NET CLR 1.1.4322)"
192.16.196.209 - - [02/Sep/2003:01:38:00 -0700] "GET /images/parr-head.jpg HTTP/1.1" 200 3582 "http://www.antlr.org/" "Mozilla/4.0 (compatible; MSIE 6.0; Windows NT 5.0; .NET CLR 1.1.4322)"
192.16.196.209 - - [02/Sep/2003:01:38:00 -0700] "GET /images/head-shim.gif HTTP/1.1" 200 158 "http://www.antlr.org/" "Mozilla/4.0 (compatible; MSIE 6.0; Windows NT 5.0; .NET CLR 1.1.4322)"
192.16.196.209 - - [02/Sep/2003:01:38:00 -0700] "GET /images/search.gif HTTP/1.1" 200 299 "http://www.antlr.org/" "Mozilla/4.0 (compatible; MSIE 6.0; Windows NT 5.0; .NET CLR 1.1.4322)"
192.16.196.209 - - [02/Sep/2003:01:38:00 -0700] "GET /images/search-go.gif HTTP/1.1" 200 266 "http://www.antlr.org/" "Mozilla/4.0 (compatible; MSIE 6.0; Windows NT 5.0; .NET CLR 1.1.4322)"
213.160.132.3 - - [02/Sep/2003:01:38:06 -0700] "GET /download/antlr-2.7.0.zip HTTP/1.0" 200 73728 "http://www.antlr.org/" "Mozilla/4.0 (compatible; MSIE 5.0; Windows 98)"
219.150.172.3 - - [02/Sep/2003:01:38:14 -0700] "GET / HTTP/1.0" 200 11690 "-" "Mozilla/4.0 (compatible; MSIE 5.01; Windows NT 5.0)"
192.16.196.209 - - [02/Sep/2003:01:38:25 -0700] "GET /testimonial/list HTTP/1.1" 200 12509 "http://www.antlr.org/" "Mozilla/4.0 (compatible; MSIE 6.0; Windows NT 5.0; .NET CLR 1.1.4322)"
192.16.196.209 - - [02/Sep/2003:01:38:25 -0700] "GET /images/shim.gif HTTP/1.1" 304 - "http://www.antlr.org/testimonial/list" "Mozilla/4.0 (compatible; MSIE 6.0; Windows NT 5.0; .NET CLR 1.1.4322)"
192.16.196.209 - - [02/Sep/2003:01:38:25 -0700] "GET /images/logo-head.gif HTTP/1.1" 304 - "http://www.antlr.org/testimonial/list" "Mozilla/4.0 (compatible; MSIE 6.0; Windows NT 5.0; .NET CLR 1.1.4322)"
192.16.196.209 - - [02/Sep/2003:01:38:25 -0700] "GET /images/button-download.gif HTTP/1.1" 304 - "http://www.antlr.org/testimonial/list" "Mozilla/4.0 (compatible; MSIE 6.0; Windows NT 5.0; .NET CLR 1.1.4322)"
192.16.196.209 - - [02/Sep/2003:01:38:25 -0700] "GET /images/head-shim.gif HTTP/1.1" 304 - "http://www.antlr.org/testimonial/list" "Mozilla/4.0 (compatible; MSIE 6.0; Windows NT 5.0; .NET CLR 1.1.4322)"
192.16.196.209 - - [02/Sep/2003:01:38:25 -0700] "GET /images/search.gif HTTP/1.1" 304 - "http://www.antlr.org/testimonial/list" "Mozilla/4.0 (compatible; MSIE 6.0; Windows NT 5.0; .NET CLR 1.1.4322)"
192.16.196.209 - - [02/Sep/2003:01:38:26 -0700] "GET /images/search-go.gif HTTP/1.1" 304 - "http://www.antlr.org/testimonial/list" "Mozilla/4.0 (compatible; MSIE 6.0; Windows NT 5.0; .NET CLR 1.1.4322)"
192.16.196.209 - - [02/Sep/2003:01:38:26 -0700] "GET /images/button-testimonial.gif HTTP/1.1" 200 701 "http://www.antlr.org/testimonial/list" "Mozilla/4.0 (compatible; MSIE 6.0; Windows NT 5.0; .NET CLR 1.1.4322)"
216.88.158.142 - - [02/Sep/2003:01:39:20 -0700] "GET /grammars/cim/2.6/CIM_Network26.mof HTTP/1.1" 200 6481 "-" "Mozilla/4.0 compatible ZyBorg/1.0 DLC (wn.zyborg@looksmart.net; http://www.WISEnutbot.com)"
130.239.30.142 - - [02/Sep/2003:01:39:25 -0700] "GET /images/shim.gif HTTP/1.1" 304 - "http://www.antlr.org/doc/metalang.html" "Mozilla/4.0 (compatible; MSIE 6.0; Windows NT 5.0; .NET CLR 1.1.4322)"
130.239.30.142 - - [02/Sep/2003:01:39:25 -0700] "GET /images/logo-head.gif HTTP/1.1" 304 - "http://www.antlr.org/doc/metalang.html" "Mozilla/4.0 (compatible; MSIE 6.0; Windows NT 5.0; .NET CLR 1.1.4322)"
130.239.30.142 - - [02/Sep/2003:01:39:25 -0700] "GET /images/head-shim.gif HTTP/1.1" 304 - "http://www.antlr.org/doc/metalang.html" "Mozilla/4.0 (compatible; MSIE 6.0; Windows NT 5.0; .NET CLR 1.1.4322)"
130.239.30.142 - - [02/Sep/2003:01:39:26 -0700] "GET /doc/metalang.html HTTP/1.1" 200 52606 "http://www.antlr.org/doc/index.html" "Mozilla/4.0 (compatible; MSIE 6.0; Windows NT 5.0; .NET CLR 1.1.4322)"
130.239.30.142 - - [02/Sep/2003:01:39:26 -0700] "GET /images/button-download.gif HTTP/1.1" 304 - "http://www.antlr.org/doc/metalang.html" "Mozilla/4.0 (compatible; MSIE 6.0; Windows NT 5.0; .NET CLR 1.1.4322)"
130.239.30.142 - - [02/Sep/2003:01:39:26 -0700] "GET /images/search.gif HTTP/1.1" 304 - "http://www.antlr.org/doc/metalang.html" "Mozilla/4.0 (compatible; MSIE 6.0; Windows NT 5.0; .NET CLR 1.1.4322)"
130.239.30.142 - - [02/Sep/2003:01:39:26 -0700] "GET /images/search-go.gif HTTP/1.1" 304 - "http://www.antlr.org/doc/metalang.html" "Mozilla/4.0 (compatible; MSIE 6.0; Windows NT 5.0; .NET CLR 1.1.4322)"
130.239.30.142 - - [02/Sep/2003:01:39:26 -0700] "GET /doc/subrule.gif HTTP/1.1" 200 1887 "http://www.antlr.org/doc/metalang.html" "Mozilla/4.0 (compatible; MSIE 6.0; Windows NT 5.0; .NET CLR 1.1.4322)"
130.239.30.142 - - [02/Sep/2003:01:39:26 -0700] "GET /doc/optional.gif HTTP/1.1" 200 2018 "http://www.antlr.org/doc/metalang.html" "Mozilla/4.0 (compatible; MSIE 6.0; Windows NT 5.0; .NET CLR 1.1.4322)"
130.239.30.142 - - [02/Sep/2003:01:39:26 -0700] "GET /doc/closure.gif HTTP/1.1" 200 2166 "http://www.antlr.org/doc/metalang.html" "Mozilla/4.0 (compatible; MSIE 6.0; Windows NT 5.0; .NET CLR 1.1.4322)"
130.239.30.142 - - [02/Sep/2003:01:39:26 -0700] "GET /doc/posclosure.gif HTTP/1.1" 200 2031 "http://www.antlr.org/doc/metalang.html" "Mozilla/4.0 (compatible; MSIE 6.0; Windows NT 5.0; .NET CLR 1.1.4322)"
130.239.30.142 - - [02/Sep/2003:01:39:31 -0700] "GET /doc/index.html HTTP/1.1" 200 26469 "http://www.antlr.org/grammar/java" "Mozilla/4.0 (compatible; MSIE 6.0; Windows NT 5.0; .NET CLR 1.1.4322)"
130.239.30.142 - - [02/Sep/2003:01:39:32 -0700] "GET /grammar/java HTTP/1.1" 200 8472 "http://www.antlr.org/grammar/list" "Mozilla/4.0 (compatible; MSIE 6.0; Windows NT 5.0; .NET CLR 1.1.4322)"
130.239.30.142 - - [02/Sep/2003:01:39:34 -0700] "GET /grammar/list HTTP/1.1" 200 15685 "http://www.antlr.org/article/cutpaste/index.html" "Mozilla/4.0 (compatible; MSIE 6.0; Windows NT 5.0; .NET CLR 1.1.4322)"
130.239.30.142 - - [02/Sep/2003:01:39:34 -0700] "GET /images/button-add-grammar.gif HTTP/1.1" 304 - "http://www.antlr.org/grammar/list" "Mozilla/4.0 (compatible; MSIE 6.0; Windows NT 5.0; .NET CLR 1.1.4322)"
130.239.30.142 - - [02/Sep/2003:01:39:35 -0700] "GET /article/cutpaste/index.html HTTP/1.1" 200 10494 "http://www.antlr.org/doc/getting-started.html" "Mozilla/4.0 (compatible; MSIE 6.0; Windows NT 5.0; .NET CLR 1.1.4322)"
207.42.1.148 - - [02/Sep/2003:01:39:36 -0700] "GET /bug/69.html HTTP/1.1" 302 143 "-" "Mozilla/4.0 (compatible; grub-client-1.5.3; Crawl your own stuff with http://grub.org)"
207.42.1.148 - - [02/Sep/2003:01:39:36 -0700] "GET /error.jsp?msg=Problems+extracting+content%2Ftitle+from+file+%2Fbug%2F69.html%3A+null HTTP/1.1" 200 6463 "-" "Mozilla/4.0 (compatible; grub-client-1.5.3; Crawl your own stuff with http://grub.org)"
207.45.248.19 - - [02/Sep/2003:01:39:47 -0700] "GET / HTTP/1.0" 200 11690 "-" "Mozilla/5.0 (Windows; U; WinNT4.0; en-US; rv:1.5a) Gecko/20030728 Mozilla Firebird/0.6.1"
207.45.248.19 - - [02/Sep/2003:01:39:47 -0700] "GET /images/shim.gif HTTP/1.0" 200 43 "-" "Mozilla/3.01 (compatible;)"
207.45.248.19 - - [02/Sep/2003:01:39:47 -0700] "GET /images/logo-head.gif HTTP/1.0" 200 4098 "-" "Mozilla/3.01 (compatible;)"
207.45.248.19 - - [02/Sep/2003:01:39:47 -0700] "GET /favicon.ico HTTP/1.0" 404 173 "-" "Mozilla/5.0 (Windows; U; WinNT4.0; en-US; rv:1.5a) Gecko/20030728 Mozilla Firebird/0.6.1"
207.45.248.19 - - [02/Sep/2003:01:39:48 -0700] "GET /images/button-download.gif HTTP/1.0" 200 733 "-" "Mozilla/3.01 (compatible;)"
207.45.248.19 - - [02/Sep/2003:01:39:48 -0700] "GET /images/parr-head.jpg HTTP/1.0" 200 3582 "-" "Mozilla/3.01 (compatible;)"
207.45.248.19 - - [02/Sep/2003:01:39:49 -0700] "GET /images/head-shim.gif HTTP/1.0" 304 - "http://www.antlr.org/" "Mozilla/5.0 (Windows; U; WinNT4.0; en-US; rv:1.5a) Gecko/20030728 Mozilla Firebird/0.6.1"
207.45.248.19 - - [02/Sep/2003:01:39:49 -0700] "GET /images/search-go.gif HTTP/1.0" 200 266 "http://www.antlr.org/" "Mozilla/5.0 (Windows; U; WinNT4.0; en-US; rv:1.5a) Gecko/20030728 Mozilla Firebird/0.6.1"
207.45.248.19 - - [02/Sep/2003:01:39:51 -0700] "GET /workshop/cabal-2003/index.html HTTP/1.0" 200 9784 "-" "Mozilla/4.0 (compatible; MSIE 5.5; Windows NT 4.0; Feedreader; .NET CLR 1.0.3705)"
207.45.248.19 - - [02/Sep/2003:01:39:53 -0700] "GET /images/shim.gif HTTP/1.0" 304 - "http://www.antlr.org/workshop/cabal-2003/index.html" "Mozilla/4.0 (compatible; MSIE 5.5; Windows NT 4.0; Feedreader; .NET CLR 1.0.3705)"
207.45.248.19 - - [02/Sep/2003:01:39:53 -0700] "GET /images/logo-head.gif HTTP/1.0" 304 - "http://www.antlr.org/workshop/cabal-2003/index.html" "Mozilla/4.0 (compatible; MSIE 5.5; Windows NT 4.0; Feedreader; .NET CLR 1.0.3705)"
207.45.248.19 - - [02/Sep/2003:01:39:53 -0700] "GET /images/head-shim.gif HTTP/1.0" 304 - "http://www.antlr.org/workshop/cabal-2003/index.html" "Mozilla/4.0 (compatible; MSIE 5.5; Windows NT 4.0; Feedreader; .NET CLR 1.0.3705)"
207.45.248.19 - - [02/Sep/2003:01:39:55 -0700] "GET /images/button-download.gif HTTP/1.0" 304 - "http://www.antlr.org/workshop/cabal-2003/index.html" "Mozilla/4.0 (compatible; MSIE 5.5; Windows NT 4.0; Feedreader; .NET CLR 1.0.3705)"
207.45.248.19 - - [02/Sep/2003:01:39:55 -0700] "GET /images/search-go.gif HTTP/1.0" 304 - "http://www.antlr.org/workshop/cabal-2003/index.html" "Mozilla/4.0 (compatible; MSIE 5.5; Windows NT 4.0; Feedreader; .NET CLR 1.0.3705)"
207.45.248.19 - - [02/Sep/2003:01:39:59 -0700] "GET /workshop/cabal-2003/photos/3-nerds-hard-at-work.JPG HTTP/1.0" 200 77922 "-" "Mozilla/3.01 (compatible;)"
207.45.248.19 - - [02/Sep/2003:01:40:02 -0700] "GET /workshop/cabal-2003/photos/3-nerds-hard-at-work.JPG HTTP/1.0" 200 77922 "http://www.antlr.org/workshop/cabal-2003/index.html" "Mozilla/4.0 (compatible; MSIE 5.5; Windows NT 4.0; Feedreader; .NET CLR 1.0.3705)"
207.45.248.19 - - [02/Sep/2003:01:40:44 -0700] "GET /images/search.gif HTTP/1.0" 200 299 "-" "Mozilla/3.01 (compatible;)"
192.16.196.209 - - [02/Sep/2003:01:42:11 -0700] "GET /testimonial/list HTTP/1.1" 200 12509 "http://www.antlr.org/" "Mozilla/4.0 (compatible; MSIE 6.0; Windows NT 5.0; .NET CLR 1.1.4322)"
192.16.196.209 - - [02/Sep/2003:01:42:13 -0700] "GET /article/list HTTP/1.1" 200 15911 "http://www.antlr.org/testimonial/list" "Mozilla/4.0 (compatible; MSIE 6.0; Windows NT 5.0; .NET CLR 1.1.4322)"
192.16.196.209 - - [02/Sep/2003:01:42:14 -0700] "GET /images/shim.gif HTTP/1.1" 304 - "http://www.antlr.org/article/list" "Mozilla/4.0 (compatible; MSIE 6.0; Windows NT 5.0; .NET CLR 1.1.4322)"
192.16.196.209 - - [02/Sep/2003:01:42:14 -0700] "GET /images/logo-head.gif HTTP/1.1" 304 - "http://www.antlr.org/article/list" "Mozilla/4.0 (compatible; MSIE 6.0; Windows NT 5.0; .NET CLR 1.1.4322)"
192.16.196.209 - - [02/Sep/2003:01:42:14 -0700] "GET /images/button-download.gif HTTP/1.1" 304 - "http://www.antlr.org/article/list" "Mozilla/4.0 (compatible; MSIE 6.0; Windows NT 5.0; .NET CLR 1.1.4322)"
192.16.196.209 - - [02/Sep/2003:01:42:14 -0700] "GET /images/head-shim.gif HTTP/1.1" 304 - "http://www.antlr.org/article/list" "Mozilla/4.0 (compatible; MSIE 6.0; Windows NT 5.0; .NET CLR 1.1.4322)"
192.16.196.209 - - [02/Sep/2003:01:42:14 -0700] "GET /images/search.gif HTTP/1.1" 304 - "http://www.antlr.org/article/list" "Mozilla/4.0 (compatible; MSIE 6.0; Windows NT 5.0; .NET CLR 1.1.4322)"
192.16.196.209 - - [02/Sep/2003:01:42:14 -0700] "GET /images/search-go.gif HTTP/1.1" 304 - "http://www.antlr.org/article/list" "Mozilla/4.0 (compatible; MSIE 6.0; Windows NT 5.0; .NET CLR 1.1.4322)"
192.16.196.209 - - [02/Sep/2003:01:42:14 -0700] "GET /images/button-add-article.gif HTTP/1.1" 200 579 "http://www.antlr.org/article/list" "Mozilla/4.0 (compatible; MSIE 6.0; Windows NT 5.0; .NET CLR 1.1.4322)"
192.16.196.209 - - [02/Sep/2003:01:42:33 -0700] "GET /about.html HTTP/1.1" 200 8707 "http://www.antlr.org/article/list" "Mozilla/4.0 (compatible; MSIE 6.0; Windows NT 5.0; .NET CLR 1.1.4322)"
192.16.196.209 - - [02/Sep/2003:01:42:34 -0700] "GET /images/shim.gif HTTP/1.1" 304 - "http://www.antlr.org/about.html" "Mozilla/4.0 (compatible; MSIE 6.0; Windows NT 5.0; .NET CLR 1.1.4322)"
192.16.196.209 - - [02/Sep/2003:01:42:34 -0700] "GET /images/logo-head.gif HTTP/1.1" 304 - "http://www.antlr.org/about.html" "Mozilla/4.0 (compatible; MSIE 6.0; Windows NT 5.0; .NET CLR 1.1.4322)"
192.16.196.209 - - [02/Sep/2003:01:42:34 -0700] "GET /images/button-download.gif HTTP/1.1" 304 - "http://www.antlr.org/about.html" "Mozilla/4.0 (compatible; MSIE 6.0; Windows NT 5.0; .NET CLR 1.1.4322)"
192.16.196.209 - - [02/Sep/2003:01:42:34 -0700] "GET /images/head-shim.gif HTTP/1.1" 304 - "http://www.antlr.org/about.html" "Mozilla/4.0 (compatible; MSIE 6.0; Windows NT 5.0; .NET CLR 1.1.4322)"
