216.181.179.247 - - [02/Sep/2003:07:31:36 -0700] "GET /images/button-download.gif HTTP/1.1" 304 - "http://216.239.51.104/search?q=cache:nRHjqIJSHDIJ:www.antlr.org/doc/lexer.html+site:www.antlr.org+lexer&hl=en&ie=UTF-8" "Mozilla/4.0 (compatible; MSIE 6.0; Windows NT 5.1; .NET CLR 1.0.3705; .NET CLR 1.1.4322)"
216.181.179.247 - - [02/Sep/2003:07:31:36 -0700] "GET /images/search.gif HTTP/1.1" 304 - "http://216.239.51.104/search?q=cache:nRHjqIJSHDIJ:www.antlr.org/doc/lexer.html+site:www.antlr.org+lexer&hl=en&ie=UTF-8" "Mozilla/4.0 (compatible; MSIE 6.0; Windows NT 5.1; .NET CLR 1.0.3705; .NET CLR 1.1.4322)"
216.181.179.247 - - [02/Sep/2003:07:31:36 -0700] "GET /images/search-go.gif HTTP/1.1" 304 - "http://216.239.51.104/search?q=cache:nRHjqIJSHDIJ:www.antlr.org/doc/lexer.html+site:www.antlr.org+lexer&hl=en&ie=UTF-8" "Mozilla/4.0 (compatible; MSIE 6.0; Windows NT 5.1; .NET CLR 1.0.3705; .NET CLR 1.1.4322)"
62.107.64.242 - - [02/Sep/2003:07:32:05 -0700] "GET /doc/getting-started.html HTTP/1.1" 200 11326 "http://wwwhome.cs.utwente.nl/~kruiskam/antlr-2.7.2/doc/" "Mozilla/4.0 (compatible; MSIE 6.0; Windows NT 5.1; .NET CLR 1.1.4322; .NET CLR 1.0.3705)"
62.107.64.242 - - [02/Sep/2003:07:32:08 -0700] "GET /favicon.ico HTTP/1.1" 404 1015 "-" "Mozilla/4.0 (compatible; MSIE 6.0; Windows NT 5.1; .NET CLR 1.1.4322; .NET CLR 1.0.3705)"
219.76.64.4 - - [02/Sep/2003:07:32:10 -0700] "GET / HTTP/1.0" 200 11690 "http://freshmeat.net/releases/55322/" "Mozilla/4.0 (compatible; MSIE 6.0; Windows NT 5.1)"
219.77.175.93 - - [02/Sep/2003:07:32:25 -0700] "GET /download.html HTTP/1.1" 200 9276 "http://freshmeat.net/releases/55322/" "Mozilla/4.0 (compatible; MSIE 6.0; Windows NT 5.1)"
219.77.175.93 - - [02/Sep/2003:07:32:57 -0700] "GET /download/antlr-2.7.2.zip HTTP/1.1" 200 1943296 "http://www.antlr.org/download.html" "Mozilla/4.0 (compatible; MSIE 6.0; Windows NT 5.1)"
12.23.76.3 - - [02/Sep/2003:07:33:18 -0700] "GET /book/ HTTP/1.1" 200 7914 "http://www.google.com/search?q=computer+book+pdf&hl=en&lr=&ie=UTF-8&oe=UTF-8&start=20&sa=N" "Mozilla/4.0 (compatible; MSIE 6.0; Windows NT 5.0; .NET CLR 1.1.4322)"
12.23.76.3 - - [02/Sep/2003:07:33:19 -0700] "GET /images/shim.gif HTTP/1.1" 200 43 "http://www.antlr.org/book/" "Mozilla/4.0 (compatible; MSIE 6.0; Windows NT 5.0; .NET CLR 1.1.4322)"
12.23.76.3 - - [02/Sep/2003:07:33:19 -0700] "GET /images/logo-head.gif HTTP/1.1" 200 4098 "http://www.antlr.org/book/" "Mozilla/4.0 (compatible; MSIE 6.0; Windows NT 5.0; .NET CLR 1.1.4322)"
12.23.76.3 - - [02/Sep/2003:07:33:19 -0700] "GET /images/button-download.gif HTTP/1.1" 200 733 "http://www.antlr.org/book/" "Mozilla/4.0 (compatible; MSIE 6.0; Windows NT 5.0; .NET CLR 1.1.4322)"
12.23.76.3 - - [02/Sep/2003:07:33:19 -0700] "GET /images/head-shim.gif HTTP/1.1" 200 158 "http://www.antlr.org/book/" "Mozilla/4.0 (compatible; MSIE 6.0; Windows NT 5.0; .NET CLR 1.1.4322)"
12.23.76.3 - - [02/Sep/2003:07:33:19 -0700] "GET /images/search.gif HTTP/1.1" 200 299 "http://www.antlr.org/book/" "Mozilla/4.0 (compatible; MSIE 6.0; Windows NT 5.0; .NET CLR 1.1.4322)"
12.23.76.3 - - [02/Sep/2003:07:33:19 -0700] "GET /images/search-go.gif HTTP/1.1" 200 266 "http://www.antlr.org/book/" "Mozilla/4.0 (compatible; MSIE 6.0; Windows NT 5.0; .NET CLR 1.1.4322)"
200.80.31.202 - - [02/Sep/2003:07:33:40 -0700] "GET /download.html HTTP/1.0" 200 9276 "-" "Mozilla/4.0 (compatible; MSIE 6.0; Windows NT 5.1; http://www.winwax.com (V1.5.0.917))"
200.80.31.202 - - [02/Sep/2003:07:33:43 -0700] "GET /images/logo-head.gif HTTP/1.0" 200 4098 "-" "Mozilla/4.0 (compatible; MSIE 6.0; Windows NT 5.1; http://www.winwax.com (V1.5.0.917))"
200.80.31.202 - - [02/Sep/2003:07:33:43 -0700] "GET /images/head-shim.gif HTTP/1.0" 200 158 "-" "Mozilla/4.0 (compatible; MSIE 6.0; Windows NT 5.1; http://www.winwax.com (V1.5.0.917))"
200.80.31.202 - - [02/Sep/2003:07:33:43 -0700] "GET /images/shim.gif HTTP/1.0" 200 43 "-" "Mozilla/4.0 (compatible; MSIE 6.0; Windows NT 5.1; http://www.winwax.com (V1.5.0.917))"
200.80.31.202 - - [02/Sep/2003:07:33:43 -0700] "GET /images/button-download.gif HTTP/1.0" 200 733 "-" "Mozilla/4.0 (compatible; MSIE 6.0; Windows NT 5.1; http://www.winwax.com (V1.5.0.917))"
200.80.31.202 - - [02/Sep/2003:07:33:44 -0700] "GET /images/search.gif HTTP/1.0" 200 299 "-" "Mozilla/4.0 (compatible; MSIE 6.0; Windows NT 5.1; http://www.winwax.com (V1.5.0.917))"
200.80.31.202 - - [02/Sep/2003:07:33:44 -0700] "GET /images/search-go.gif HTTP/1.0" 200 266 "-" "Mozilla/4.0 (compatible; MSIE 6.0; Windows NT 5.1; http://www.winwax.com (V1.5.0.917))"
216.181.179.247 - - [02/Sep/2003:07:34:23 -0700] "GET /grammar/list HTTP/1.1" 200 15685 "http://www.antlr.org/search/results" "Mozilla/4.0 (compatible; MSIE 6.0; Windows NT 5.1; .NET CLR 1.0.3705; .NET CLR 1.1.4322)"
170.35.240.206 - - [02/Sep/2003:07:34:50 -0700] "GET / HTTP/1.0" 200 11690 "http://www.google.com/search?hl=en&ie=UTF-8&oe=UTF-8&q=antlr&btnG=Google+Search" "Mozilla/5.0 (X11; U; Linux i686; en-US; rv:1.5a) Gecko/20030728 Mozilla Firebird/0.6.1"
170.35.240.206 - - [02/Sep/2003:07:34:50 -0700] "GET /images/shim.gif HTTP/1.0" 200 43 "-" "Mozilla/3.01 (compatible;)"
170.35.240.206 - - [02/Sep/2003:07:34:50 -0700] "GET /images/logo-head.gif HTTP/1.0" 200 4098 "-" "Mozilla/3.01 (compatible;)"
170.35.240.206 - - [02/Sep/2003:07:34:50 -0700] "GET /images/head-shim.gif HTTP/1.0" 200 158 "-" "Mozilla/3.01 (compatible;)"
170.35.240.206 - - [02/Sep/2003:07:34:50 -0700] "GET /favicon.ico HTTP/1.0" 404 173 "-" "Mozilla/5.0 (X11; U; Linux i686; en-US; rv:1.5a) Gecko/20030728 Mozilla Firebird/0.6.1"
170.35.240.206 - - [02/Sep/2003:07:34:50 -0700] "GET /images/button-download.gif HTTP/1.0" 200 733 "-" "Mozilla/3.01 (compatible;)"
170.35.240.206 - - [02/Sep/2003:07:34:50 -0700] "GET /images/parr-head.jpg HTTP/1.0" 200 3582 "-" "Mozilla/3.01 (compatible;)"
170.35.240.206 - - [02/Sep/2003:07:34:50 -0700] "GET /images/search.gif HTTP/1.0" 200 299 "-" "Mozilla/3.01 (compatible;)"
170.35.240.206 - - [02/Sep/2003:07:34:50 -0700] "GET /images/search-go.gif HTTP/1.0" 200 266 "http://www.antlr.org/" "Mozilla/5.0 (X11; U; Linux i686; en-US; rv:1.5a) Gecko/20030728 Mozilla Firebird/0.6.1"
82.64.77.73 - - [02/Sep/2003:07:35:29 -0700] "GET / HTTP/1.1" 200 11690 "-" "Mozilla/4.0 (compatible; MSIE 6.0; Windows NT 5.0; FREE)"
82.64.77.73 - - [02/Sep/2003:07:35:45 -0700] "GET /download.html HTTP/1.1" 200 9276 "http://www.antlr.org" "Mozilla/4.0 (compatible; MSIE 6.0; Windows NT 5.0; FREE)"
170.35.240.206 - - [02/Sep/2003:07:35:46 -0700] "GET /support.html HTTP/1.0" 200 10899 "http://www.antlr.org/" "Mozilla/5.0 (X11; U; Linux i686; en-US; rv:1.5a) Gecko/20030728 Mozilla Firebird/0.6.1"
170.35.240.206 - - [02/Sep/2003:07:35:49 -0700] "GET /doc/index.html HTTP/1.0" 200 26469 "http://www.antlr.org/support.html" "Mozilla/5.0 (X11; U; Linux i686; en-US; rv:1.5a) Gecko/20030728 Mozilla Firebird/0.6.1"
170.35.240.206 - - [02/Sep/2003:07:35:52 -0700] "GET /grammar/list HTTP/1.0" 200 15685 "http://www.antlr.org/doc/index.html" "Mozilla/5.0 (X11; U; Linux i686; en-US; rv:1.5a) Gecko/20030728 Mozilla Firebird/0.6.1"
170.35.240.206 - - [02/Sep/2003:07:35:52 -0700] "GET /images/button-add-grammar.gif HTTP/1.0" 200 664 "-" "Mozilla/3.01 (compatible;)"
170.35.240.206 - - [02/Sep/2003:07:35:57 -0700] "GET /grammar/HTML HTTP/1.0" 200 7830 "http://www.antlr.org/grammar/list" "Mozilla/5.0 (X11; U; Linux i686; en-US; rv:1.5a) Gecko/20030728 Mozilla Firebird/0.6.1"
170.35.240.206 - - [02/Sep/2003:07:35:59 -0700] "GET /grammar/HTML/html.g HTTP/1.0" 200 14739 "http://www.antlr.org/grammar/HTML" "Mozilla/5.0 (X11; U; Linux i686; en-US; rv:1.5a) Gecko/20030728 Mozilla Firebird/0.6.1"
128.131.208.33 - - [02/Sep/2003:07:36:46 -0700] "GET / HTTP/1.1" 200 11690 "-" "Mozilla/4.0 (compatible; MSIE 6.0; Windows NT 5.1; .NET CLR 1.0.3705)"
128.131.208.33 - - [02/Sep/2003:07:36:46 -0700] "GET /images/shim.gif HTTP/1.1" 304 - "http://www.antlr.org/" "Mozilla/4.0 (compatible; MSIE 6.0; Windows NT 5.1; .NET CLR 1.0.3705)"
128.131.208.33 - - [02/Sep/2003:07:36:46 -0700] "GET /images/logo-head.gif HTTP/1.1" 304 - "http://www.antlr.org/" "Mozilla/4.0 (compatible; MSIE 6.0; Windows NT 5.1; .NET CLR 1.0.3705)"
128.131.208.33 - - [02/Sep/2003:07:36:46 -0700] "GET /images/button-download.gif HTTP/1.1" 304 - "http://www.antlr.org/" "Mozilla/4.0 (compatible; MSIE 6.0; Windows NT 5.1; .NET CLR 1.0.3705)"
128.131.208.33 - - [02/Sep/2003:07:36:46 -0700] "GET /images/parr-head.jpg HTTP/1.1" 304 - "http://www.antlr.org/" "Mozilla/4.0 (compatible; MSIE 6.0; Windows NT 5.1; .NET CLR 1.0.3705)"
128.131.208.33 - - [02/Sep/2003:07:36:46 -0700] "GET /images/head-shim.gif HTTP/1.1" 304 - "http://www.antlr.org/" "Mozilla/4.0 (compatible; MSIE 6.0; Windows NT 5.1; .NET CLR 1.0.3705)"
128.131.208.33 - - [02/Sep/2003:07:36:46 -0700] "GET /images/search.gif HTTP/1.1" 304 - "http://www.antlr.org/" "Mozilla/4.0 (compatible; MSIE 6.0; Windows NT 5.1; .NET CLR 1.0.3705)"
128.131.208.33 - - [02/Sep/2003:07:36:47 -0700] "GET /images/search-go.gif HTTP/1.1" 304 - "http://www.antlr.org/" "Mozilla/4.0 (compatible; MSIE 6.0; Windows NT 5.1; .NET CLR 1.0.3705)"
128.131.208.33 - - [02/Sep/2003:07:36:50 -0700] "GET /doc/index.html HTTP/1.1" 200 26469 "http://www.antlr.org/" "Mozilla/4.0 (compatible; MSIE 6.0; Windows NT 5.1; .NET CLR 1.0.3705)"
128.131.208.33 - - [02/Sep/2003:07:36:55 -0700] "GET /javadoc/overview-summary.html HTTP/1.1" 200 9784 "http://www.antlr.org/doc/index.html" "Mozilla/4.0 (compatible; MSIE 6.0; Windows NT 5.1; .NET CLR 1.0.3705)"
128.131.208.33 - - [02/Sep/2003:07:37:02 -0700] "GET /doc/index.html HTTP/1.1" 200 26469 "http://www.antlr.org/javadoc/overview-summary.html" "Mozilla/4.0 (compatible; MSIE 6.0; Windows NT 5.1; .NET CLR 1.0.3705)"
195.75.14.249 - - [02/Sep/2003:07:37:09 -0700] "GET / HTTP/1.1" 200 11690 "-" "Mozilla/4.0 (compatible; MSIE 5.5; Windows NT 5.0)"
195.75.14.249 - - [02/Sep/2003:07:37:09 -0700] "GET /images/shim.gif HTTP/1.1" 200 43 "http://www.antlr.org/" "Mozilla/4.0 (compatible; MSIE 5.5; Windows NT 5.0)"
195.75.14.249 - - [02/Sep/2003:07:37:09 -0700] "GET /images/logo-head.gif HTTP/1.1" 200 4098 "http://www.antlr.org/" "Mozilla/4.0 (compatible; MSIE 5.5; Windows NT 5.0)"
195.75.14.249 - - [02/Sep/2003:07:37:09 -0700] "GET /images/button-download.gif HTTP/1.1" 200 733 "http://www.antlr.org/" "Mozilla/4.0 (compatible; MSIE 5.5; Windows NT 5.0)"
195.75.14.249 - - [02/Sep/2003:07:37:09 -0700] "GET /images/parr-head.jpg HTTP/1.1" 200 3582 "http://www.antlr.org/" "Mozilla/4.0 (compatible; MSIE 5.5; Windows NT 5.0)"
195.75.14.249 - - [02/Sep/2003:07:37:09 -0700] "GET /images/search.gif HTTP/1.1" 200 299 "http://www.antlr.org/" "Mozilla/4.0 (compatible; MSIE 5.5; Windows NT 5.0)"
195.75.14.249 - - [02/Sep/2003:07:37:09 -0700] "GET /images/search-go.gif HTTP/1.1" 200 266 "http://www.antlr.org/" "Mozilla/4.0 (compatible; MSIE 5.5; Windows NT 5.0)"
195.75.14.249 - - [02/Sep/2003:07:37:12 -0700] "GET /images/head-shim.gif HTTP/1.1" 200 158 "http://www.antlr.org/" "Mozilla/4.0 (compatible; MSIE 5.5; Windows NT 5.0)"
128.131.208.33 - - [02/Sep/2003:07:37:34 -0700] "GET /doc/metalang.html HTTP/1.1" 200 52606 "http://www.antlr.org/doc/index.html" "Mozilla/4.0 (compatible; MSIE 6.0; Windows NT 5.1; .NET CLR 1.0.3705)"
128.131.208.33 - - [02/Sep/2003:07:37:35 -0700] "GET /doc/optional.gif HTTP/1.1" 200 2018 "http://www.antlr.org/doc/metalang.html" "Mozilla/4.0 (compatible; MSIE 6.0; Windows NT 5.1; .NET CLR 1.0.3705)"
128.131.208.33 - - [02/Sep/2003:07:37:35 -0700] "GET /doc/subrule.gif HTTP/1.1" 200 1887 "http://www.antlr.org/doc/metalang.html" "Mozilla/4.0 (compatible; MSIE 6.0; Windows NT 5.1; .NET CLR 1.0.3705)"
128.131.208.33 - - [02/Sep/2003:07:37:35 -0700] "GET /doc/closure.gif HTTP/1.1" 200 2166 "http://www.antlr.org/doc/metalang.html" "Mozilla/4.0 (compatible; MSIE 6.0; Windows NT 5.1; .NET CLR 1.0.3705)"
128.131.208.33 - - [02/Sep/2003:07:37:35 -0700] "GET /doc/posclosure.gif HTTP/1.1" 200 2031 "http://www.antlr.org/doc/metalang.html" "Mozilla/4.0 (compatible; MSIE 6.0; Windows NT 5.1; .NET CLR 1.0.3705)"
128.131.208.33 - - [02/Sep/2003:07:37:36 -0700] "GET /doc/index.html HTTP/1.1" 200 26469 "http://www.antlr.org/javadoc/overview-summary.html" "Mozilla/4.0 (compatible; MSIE 6.0; Windows NT 5.1; .NET CLR 1.0.3705)"
128.131.208.33 - - [02/Sep/2003:07:37:38 -0700] "GET /doc/glossary.html HTTP/1.1" 200 31009 "http://www.antlr.org/doc/index.html" "Mozilla/4.0 (compatible; MSIE 6.0; Windows NT 5.1; .NET CLR 1.0.3705)"
195.75.14.249 - - [02/Sep/2003:07:38:11 -0700] "GET / HTTP/1.1" 200 11690 "-" "Mozilla/4.0 (compatible; MSIE 5.5; Windows NT 5.0)"
195.75.14.249 - - [02/Sep/2003:07:38:15 -0700] "GET / HTTP/1.1" 200 11690 "-" "Mozilla/4.0 (compatible; MSIE 5.5; Windows NT 5.0)"
170.35.240.206 - - [02/Sep/2003:07:38:39 -0700] "GET /grammar/HTML/Main.java HTTP/1.0" 200 602 "http://www.antlr.org/grammar/HTML" "Mozilla/5.0 (X11; U; Linux i686; en-US; rv:1.5a) Gecko/20030728 Mozilla Firebird/0.6.1"
170.35.240.206 - - [02/Sep/2003:07:39:02 -0700] "GET /grammar/HTML/shiplist HTTP/1.0" 200 27 "http://www.antlr.org/grammar/HTML" "Mozilla/5.0 (X11; U; Linux i686; en-US; rv:1.5a) Gecko/20030728 Mozilla Firebird/0.6.1"
170.35.240.206 - - [02/Sep/2003:07:39:06 -0700] "GET /grammar/HTML/test.html HTTP/1.0" 200 8965 "http://www.antlr.org/grammar/HTML" "Mozilla/5.0 (X11; U; Linux i686; en-US; rv:1.5a) Gecko/20030728 Mozilla Firebird/0.6.1"
165.21.154.16 - - [02/Sep/2003:07:39:53 -0700] "GET / HTTP/1.1" 200 11690 "http://www.thefreecountry.com/programming/compilerconstruction.shtml" "Mozilla/4.0 (compatible; MSIE 6.0; Windows NT 5.1)"
170.35.240.206 - - [02/Sep/2003:07:40:35 -0700] "GET /doc/index.html HTTP/1.0" 200 26469 "http://www.antlr.org/grammar/HTML" "Mozilla/5.0 (X11; U; Linux i686; en-US; rv:1.5a) Gecko/20030728 Mozilla Firebird/0.6.1"
170.35.240.206 - - [02/Sep/2003:07:41:57 -0700] "GET /doc/metalang.html HTTP/1.0" 200 52606 "http://www.antlr.org/doc/index.html" "Mozilla/5.0 (X11; U; Linux i686; en-US; rv:1.5a) Gecko/20030728 Mozilla Firebird/0.6.1"
170.35.240.206 - - [02/Sep/2003:07:41:57 -0700] "GET /doc/subrule.gif HTTP/1.0" 200 1887 "-" "Mozilla/3.01 (compatible;)"
170.35.240.206 - - [02/Sep/2003:07:41:57 -0700] "GET /doc/optional.gif HTTP/1.0" 200 2018 "-" "Mozilla/3.01 (compatible;)"
170.35.240.206 - - [02/Sep/2003:07:41:57 -0700] "GET /doc/closure.gif HTTP/1.0" 200 2166 "-" "Mozilla/3.01 (compatible;)"
170.35.240.206 - - [02/Sep/2003:07:41:57 -0700] "GET /doc/posclosure.gif HTTP/1.0" 200 2031 "-" "Mozilla/3.01 (compatible;)"
12.32.197.131 - - [02/Sep/2003:07:42:48 -0700] "GET / HTTP/1.1" 200 11690 "-" "Mozilla/4.0 (compatible; MSIE 5.01; Windows NT 5.0)"
12.32.197.131 - - [02/Sep/2003:07:42:48 -0700] "GET /images/shim.gif HTTP/1.1" 200 43 "http://www.antlr.org/" "Mozilla/4.0 (compatible; MSIE 5.01; Windows NT 5.0)"
12.32.197.131 - - [02/Sep/2003:07:42:48 -0700] "GET /images/logo-head.gif HTTP/1.1" 200 4098 "http://www.antlr.org/" "Mozilla/4.0 (compatible; MSIE 5.01; Windows NT 5.0)"
12.32.197.131 - - [02/Sep/2003:07:42:48 -0700] "GET /images/head-shim.gif HTTP/1.1" 200 158 "http://www.antlr.org/" "Mozilla/4.0 (compatible; MSIE 5.01; Windows NT 5.0)"
12.32.197.131 - - [02/Sep/2003:07:42:48 -0700] "GET /images/button-download.gif HTTP/1.1" 200 733 "http://www.antlr.org/" "Mozilla/4.0 (compatible; MSIE 5.01; Windows NT 5.0)"
12.32.197.131 - - [02/Sep/2003:07:42:49 -0700] "GET /images/parr-head.jpg HTTP/1.1" 200 3582 "http://www.antlr.org/" "Mozilla/4.0 (compatible; MSIE 5.01; Windows NT 5.0)"
12.32.197.131 - - [02/Sep/2003:07:42:49 -0700] "GET /images/search.gif HTTP/1.1" 200 299 "http://www.antlr.org/" "Mozilla/4.0 (compatible; MSIE 5.01; Windows NT 5.0)"
12.32.197.131 - - [02/Sep/2003:07:42:49 -0700] "GET /images/search-go.gif HTTP/1.1" 200 266 "http://www.antlr.org/" "Mozilla/4.0 (compatible; MSIE 5.01; Windows NT 5.0)"
165.21.154.10 - - [02/Sep/2003:07:42:56 -0700] "GET /download.html HTTP/1.1" 200 9276 "http://www.antlr.org/" "Mozilla/4.0 (compatible; MSIE 6.0; Windows NT 5.1)"
12.32.197.131 - - [02/Sep/2003:07:43:01 -0700] "GET /doc/getting-started.html HTTP/1.1" 200 11326 "http://www.antlr.org/" "Mozilla/4.0 (compatible; MSIE 5.01; Windows NT 5.0)"
165.21.154.11 - - [02/Sep/2003:07:43:14 -0700] "GET /doc/index.html HTTP/1.1" 200 26469 "http://www.antlr.org/download.html" "Mozilla/4.0 (compatible; MSIE 6.0; Windows NT 5.1)"
165.21.154.11 - - [02/Sep/2003:07:43:16 -0700] "GET /images/shim.gif HTTP/1.1" 200 43 "-" "Mozilla/3.01 (compatible;)"
165.21.154.17 - - [02/Sep/2003:07:43:17 -0700] "GET /images/logo-head.gif HTTP/1.1" 200 4098 "-" "Mozilla/3.01 (compatible;)"
165.21.154.10 - - [02/Sep/2003:07:43:17 -0700] "GET /images/head-shim.gif HTTP/1.1" 200 158 "-" "Mozilla/3.01 (compatible;)"
165.21.154.13 - - [02/Sep/2003:07:43:17 -0700] "GET /images/button-download.gif HTTP/1.1" 200 733 "-" "Mozilla/3.01 (compatible;)"
165.21.154.11 - - [02/Sep/2003:07:43:17 -0700] "GET /images/search.gif HTTP/1.1" 200 299 "-" "Mozilla/3.01 (compatible;)"
165.21.154.12 - - [02/Sep/2003:07:43:17 -0700] "GET /images/search-go.gif HTTP/1.1" 200 266 "-" "Mozilla/3.01 (compatible;)"
193.113.37.9 - - [02/Sep/2003:07:43:50 -0700] "GET /doc/index.html HTTP/1.0" 200 26469 "http://www.antlr.org/article/needlook.html" "Mozilla/4.0 (compatible; MSIE 6.0; Windows NT 5.0; Q312461; .NET CLR 1.0.3705; .NET CLR 1.1.4322)"
193.113.37.9 - - [02/Sep/2003:07:43:50 -0700] "GET /images/search-go.gif HTTP/1.0" 304 - "http://www.antlr.org/doc/index.html" "Mozilla/4.0 (compatible; MSIE 6.0; Windows NT 5.0; Q312461; .NET CLR 1.0.3705; .NET CLR 1.1.4322)"
12.32.197.131 - - [02/Sep/2003:07:43:50 -0700] "GET /grammar/list HTTP/1.1" 200 15685 "http://www.antlr.org/doc/getting-started.html" "Mozilla/4.0 (compatible; MSIE 5.01; Windows NT 5.0)"
12.32.197.131 - - [02/Sep/2003:07:43:51 -0700] "GET /images/shim.gif HTTP/1.1" 304 - "http://www.antlr.org/grammar/list" "Mozilla/4.0 (compatible; MSIE 5.01; Windows NT 5.0)"
12.32.197.131 - - [02/Sep/2003:07:43:51 -0700] "GET /images/logo-head.gif HTTP/1.1" 304 - "http://www.antlr.org/grammar/list" "Mozilla/4.0 (compatible; MSIE 5.01; Windows NT 5.0)"
12.32.197.131 - - [02/Sep/2003:07:43:51 -0700] "GET /images/head-shim.gif HTTP/1.1" 304 - "http://www.antlr.org/grammar/list" "Mozilla/4.0 (compatible; MSIE 5.01; Windows NT 5.0)"
12.32.197.131 - - [02/Sep/2003:07:43:52 -0700] "GET /images/button-download.gif HTTP/1.1" 304 - "http://www.antlr.org/grammar/list" "Mozilla/4.0 (compatible; MSIE 5.01; Windows NT 5.0)"
12.32.197.131 - - [02/Sep/2003:07:43:52 -0700] "GET /images/search.gif HTTP/1.1" 304 - "http://www.antlr.org/grammar/list" "Mozilla/4.0 (compatible; MSIE 5.01; Windows NT 5.0)"
12.32.197.131 - - [02/Sep/2003:07:43:53 -0700] "GET /images/search-go.gif HTTP/1.1" 304 - "http://www.antlr.org/grammar/list" "Mozilla/4.0 (compatible; MSIE 5.01; Windows NT 5.0)"
12.32.197.131 - - [02/Sep/2003:07:43:53 -0700] "GET /images/button-add-grammar.gif HTTP/1.1" 200 664 "http://www.antlr.org/grammar/list" "Mozilla/4.0 (compatible; MSIE 5.01; Windows NT 5.0)"
12.32.197.131 - - [02/Sep/2003:07:44:01 -0700] "GET /grammar/cgram HTTP/1.1" 200 8086 "http://www.antlr.org/grammar/list" "Mozilla/4.0 (compatible; MSIE 5.01; Windows NT 5.0)"
193.113.37.9 - - [02/Sep/2003:07:44:04 -0700] "GET /doc/options.html HTTP/1.0" 200 37045 "http://www.antlr.org/doc/index.html" "Mozilla/4.0 (compatible; MSIE 6.0; Windows NT 5.0; Q312461; .NET CLR 1.0.3705; .NET CLR 1.1.4322)"
12.32.197.131 - - [02/Sep/2003:07:44:05 -0700] "GET /grammar/cgram/grammars HTTP/1.1" 200 8508 "http://www.antlr.org/grammar/cgram" "Mozilla/4.0 (compatible; MSIE 5.01; Windows NT 5.0)"
165.21.154.16 - - [02/Sep/2003:07:44:08 -0700] "GET /download/antlr-2.7.2.zip HTTP/1.1" 200 1943296 "-" "Mozilla/4.0 (compatible; MSIE 6.0; Windows NT 5.1)"
217.97.83.218 - - [02/Sep/2003:07:44:08 -0700] "GET / HTTP/1.1" 200 11690 "-" "Mozilla/4.0 (compatible; MSIE 6.0; Windows NT 5.1)"
217.97.83.218 - - [02/Sep/2003:07:44:09 -0700] "GET /images/shim.gif HTTP/1.1" 200 43 "http://www.antlr.org/" "Mozilla/4.0 (compatible; MSIE 6.0; Windows NT 5.1)"
217.97.83.218 - - [02/Sep/2003:07:44:09 -0700] "GET /images/logo-head.gif HTTP/1.1" 200 4098 "http://www.antlr.org/" "Mozilla/4.0 (compatible; MSIE 6.0; Windows NT 5.1)"
217.97.83.218 - - [02/Sep/2003:07:44:09 -0700] "GET /images/button-download.gif HTTP/1.1" 200 733 "http://www.antlr.org/" "Mozilla/4.0 (compatible; MSIE 6.0; Windows NT 5.1)"
217.97.83.218 - - [02/Sep/2003:07:44:10 -0700] "GET /images/parr-head.jpg HTTP/1.1" 200 3582 "http://www.antlr.org/" "Mozilla/4.0 (compatible; MSIE 6.0; Windows NT 5.1)"
217.97.83.218 - - [02/Sep/2003:07:44:10 -0700] "GET /images/head-shim.gif HTTP/1.1" 200 158 "http://www.antlr.org/" "Mozilla/4.0 (compatible; MSIE 6.0; Windows NT 5.1)"
217.97.83.218 - - [02/Sep/2003:07:44:12 -0700] "GET /images/search.gif HTTP/1.1" 200 299 "http://www.antlr.org/" "Mozilla/4.0 (compatible; MSIE 6.0; Windows NT 5.1)"
217.97.83.218 - - [02/Sep/2003:07:44:12 -0700] "GET /images/search-go.gif HTTP/1.1" 200 266 "http://www.antlr.org/" "Mozilla/4.0 (compatible; MSIE 6.0; Windows NT 5.1)"
12.32.197.131 - - [02/Sep/2003:07:44:19 -0700] "GET /download/antlr-2.7.2.tar.gz HTTP/1.1" 200 1557051 "http://www.antlr.org/doc/getting-started.html" "Mozilla/4.0 (compatible; MSIE 5.01; Windows NT 5.0)"
80.58.41.46 - - [02/Sep/2003:07:44:19 -0700] "GET /images/head-shim.gif HTTP/1.0" 200 158 "http://antlr.org/" "Mozilla/5.0 (Windows; U; Windows NT 5.1; en-US; rv:1.3.1) Gecko/20030425"
168.210.90.231 - - [02/Sep/2003:07:44:24 -0700] "GET /doc/index.html HTTP/1.1" 200 26469 "http://www.antlr.org/article/cutpaste/index.html" "Mozilla/4.0 (compatible; MSIE 6.0; Windows NT 5.0)"
193.113.37.9 - - [02/Sep/2003:07:44:46 -0700] "GET /doc/lexer.html HTTP/1.0" 200 83864 "http://www.antlr.org/doc/options.html" "Mozilla/4.0 (compatible; MSIE 6.0; Windows NT 5.0; Q312461; .NET CLR 1.0.3705; .NET CLR 1.1.4322)"
203.197.250.134 - - [02/Sep/2003:07:44:52 -0700] "GET /javadoc/antlr/CSharpCodeGenerator.html HTTP/1.0" 200 44773 "http://www.google.co.in/search?q=ANTLR+Grammar+file+for+cSHARP&ie=UTF-8&oe=UTF-8&hl=en&meta=" "Mozilla/4.0 (compatible; MSIE 6.0; Windows NT 5.0; .NET CLR 1.0.3705; .NET CLR 1.1.4322)"
168.210.90.231 - - [02/Sep/2003:07:45:58 -0700] "GET /doc/metalang.html HTTP/1.1" 200 52606 "http://www.antlr.org/doc/index.html" "Mozilla/4.0 (compatible; MSIE 6.0; Windows NT 5.0)"
168.210.90.231 - - [02/Sep/2003:07:46:00 -0700] "GET /doc/subrule.gif HTTP/1.1" 200 1887 "http://www.antlr.org/doc/metalang.html" "Mozilla/4.0 (compatible; MSIE 6.0; Windows NT 5.0)"
168.210.90.231 - - [02/Sep/2003:07:46:01 -0700] "GET /doc/closure.gif HTTP/1.1" 200 2166 "http://www.antlr.org/doc/metalang.html" "Mozilla/4.0 (compatible; MSIE 6.0; Windows NT 5.0)"
168.210.90.231 - - [02/Sep/2003:07:46:01 -0700] "GET /doc/optional.gif HTTP/1.1" 200 2018 "http://www.antlr.org/doc/metalang.html" "Mozilla/4.0 (compatible; MSIE 6.0; Windows NT 5.0)"
168.210.90.231 - - [02/Sep/2003:07:46:02 -0700] "GET /doc/posclosure.gif HTTP/1.1" 200 2031 "http://www.antlr.org/doc/metalang.html" "Mozilla/4.0 (compatible; MSIE 6.0; Windows NT 5.0)"
217.97.83.218 - - [02/Sep/2003:07:47:51 -0700] "GET /doc/getting-started.html HTTP/1.1" 200 11326 "http://www.antlr.org/" "Mozilla/4.0 (compatible; MSIE 6.0; Windows NT 5.1)"
128.210.122.252 - - [02/Sep/2003:07:47:56 -0700] "GET / HTTP/1.1" 200 11690 "http://dynamo.ecn.purdue.edu/~eigenman/ECE573/" "Mozilla/4.0 (compatible; MSIE 6.0; Windows NT 5.1)"
128.210.122.252 - - [02/Sep/2003:07:47:56 -0700] "GET /images/shim.gif HTTP/1.1" 304 - "http://www.antlr.org/" "Mozilla/4.0 (compatible; MSIE 6.0; Windows NT 5.1)"
128.210.122.252 - - [02/Sep/2003:07:47:56 -0700] "GET /images/logo-head.gif HTTP/1.1" 304 - "http://www.antlr.org/" "Mozilla/4.0 (compatible; MSIE 6.0; Windows NT 5.1)"
128.210.122.252 - - [02/Sep/2003:07:47:56 -0700] "GET /images/head-shim.gif HTTP/1.1" 304 - "http://www.antlr.org/" "Mozilla/4.0 (compatible; MSIE 6.0; Windows NT 5.1)"
128.210.122.252 - - [02/Sep/2003:07:47:56 -0700] "GET /images/button-download.gif HTTP/1.1" 304 - "http://www.antlr.org/" "Mozilla/4.0 (compatible; MSIE 6.0; Windows NT 5.1)"
128.210.122.252 - - [02/Sep/2003:07:47:56 -0700] "GET /images/parr-head.jpg HTTP/1.1" 304 - "http://www.antlr.org/" "Mozilla/4.0 (compatible; MSIE 6.0; Windows NT 5.1)"
128.210.122.252 - - [02/Sep/2003:07:47:57 -0700] "GET /images/search.gif HTTP/1.1" 304 - "http://www.antlr.org/" "Mozilla/4.0 (compatible; MSIE 6.0; Windows NT 5.1)"
128.210.122.252 - - [02/Sep/2003:07:47:57 -0700] "GET /images/search-go.gif HTTP/1.1" 304 - "http://www.antlr.org/" "Mozilla/4.0 (compatible; MSIE 6.0; Windows NT 5.1)"
81.240.179.55 - - [02/Sep/2003:07:48:00 -0700] "GET / HTTP/1.1" 200 11690 "http://www.bluej.org/contribute/contributors.html" "Mozilla/5.0 Galeon/1.2.11 (X11; Linux i686; U;) Gecko/20030417"
81.240.179.55 - - [02/Sep/2003:07:48:01 -0700] "GET /images/shim.gif HTTP/1.1" 200 43 "http://www.antlr.org/" "Mozilla/5.0 Galeon/1.2.11 (X11; Linux i686; U;) Gecko/20030417"
81.240.179.55 - - [02/Sep/2003:07:48:01 -0700] "GET /images/logo-head.gif HTTP/1.1" 200 4098 "http://www.antlr.org/" "Mozilla/5.0 Galeon/1.2.11 (X11; Linux i686; U;) Gecko/20030417"
81.240.179.55 - - [02/Sep/2003:07:48:01 -0700] "GET /images/button-download.gif HTTP/1.1" 200 733 "http://www.antlr.org/" "Mozilla/5.0 Galeon/1.2.11 (X11; Linux i686; U;) Gecko/20030417"
81.240.179.55 - - [02/Sep/2003:07:48:01 -0700] "GET /images/parr-head.jpg HTTP/1.1" 200 3582 "http://www.antlr.org/" "Mozilla/5.0 Galeon/1.2.11 (X11; Linux i686; U;) Gecko/20030417"
81.240.179.55 - - [02/Sep/2003:07:48:01 -0700] "GET /images/search.gif HTTP/1.1" 200 299 "http://www.antlr.org/" "Mozilla/5.0 Galeon/1.2.11 (X11; Linux i686; U;) Gecko/20030417"
81.240.179.55 - - [02/Sep/2003:07:48:02 -0700] "GET /images/search-go.gif HTTP/1.1" 200 266 "http://www.antlr.org/" "Mozilla/5.0 Galeon/1.2.11 (X11; Linux i686; U;) Gecko/20030417"
66.35.226.228 - - [02/Sep/2003:07:48:02 -0700] "GET / HTTP/1.1" 200 11690 "-" "Mozilla/4.0 (compatible; MSIE 6.0; Windows NT 5.0; Q312461; .NET CLR 1.1.4322)"
81.240.179.55 - - [02/Sep/2003:07:48:02 -0700] "GET /images/head-shim.gif HTTP/1.1" 200 158 "http://www.antlr.org/" "Mozilla/5.0 Galeon/1.2.11 (X11; Linux i686; U;) Gecko/20030417"
66.35.226.228 - - [02/Sep/2003:07:48:02 -0700] "GET /images/shim.gif HTTP/1.1" 304 - "http://www.antlr.org/" "Mozilla/4.0 (compatible; MSIE 6.0; Windows NT 5.0; Q312461; .NET CLR 1.1.4322)"
66.35.226.228 - - [02/Sep/2003:07:48:02 -0700] "GET /images/logo-head.gif HTTP/1.1" 304 - "http://www.antlr.org/" "Mozilla/4.0 (compatible; MSIE 6.0; Windows NT 5.0; Q312461; .NET CLR 1.1.4322)"
66.35.226.228 - - [02/Sep/2003:07:48:02 -0700] "GET /images/head-shim.gif HTTP/1.1" 304 - "http://www.antlr.org/" "Mozilla/4.0 (compatible; MSIE 6.0; Windows NT 5.0; Q312461; .NET CLR 1.1.4322)"
66.35.226.228 - - [02/Sep/2003:07:48:02 -0700] "GET /images/button-download.gif HTTP/1.1" 304 - "http://www.antlr.org/" "Mozilla/4.0 (compatible; MSIE 6.0; Windows NT 5.0; Q312461; .NET CLR 1.1.4322)"
66.35.226.228 - - [02/Sep/2003:07:48:02 -0700] "GET /images/parr-head.jpg HTTP/1.1" 304 - "http://www.antlr.org/" "Mozilla/4.0 (compatible; MSIE 6.0; Windows NT 5.0; Q312461; .NET CLR 1.1.4322)"
66.35.226.228 - - [02/Sep/2003:07:48:03 -0700] "GET /images/search.gif HTTP/1.1" 304 - "http://www.antlr.org/" "Mozilla/4.0 (compatible; MSIE 6.0; Windows NT 5.0; Q312461; .NET CLR 1.1.4322)"
66.35.226.228 - - [02/Sep/2003:07:48:03 -0700] "GET /images/search-go.gif HTTP/1.1" 304 - "http://www.antlr.org/" "Mozilla/4.0 (compatible; MSIE 6.0; Windows NT 5.0; Q312461; .NET CLR 1.1.4322)"
66.35.226.228 - - [02/Sep/2003:07:48:05 -0700] "GET /doc/index.html HTTP/1.1" 200 26469 "http://www.antlr.org/" "Mozilla/4.0 (compatible; MSIE 6.0; Windows NT 5.0; Q312461; .NET CLR 1.1.4322)"
66.35.226.228 - - [02/Sep/2003:07:48:16 -0700] "GET /doc/metalang.html HTTP/1.1" 200 52606 "http://www.antlr.org/doc/index.html" "Mozilla/4.0 (compatible; MSIE 6.0; Windows NT 5.0; Q312461; .NET CLR 1.1.4322)"
66.35.226.228 - - [02/Sep/2003:07:48:17 -0700] "GET /doc/subrule.gif HTTP/1.1" 200 1887 "http://www.antlr.org/doc/metalang.html" "Mozilla/4.0 (compatible; MSIE 6.0; Windows NT 5.0; Q312461; .NET CLR 1.1.4322)"
66.35.226.228 - - [02/Sep/2003:07:48:17 -0700] "GET /doc/optional.gif HTTP/1.1" 200 2018 "http://www.antlr.org/doc/metalang.html" "Mozilla/4.0 (compatible; MSIE 6.0; Windows NT 5.0; Q312461; .NET CLR 1.1.4322)"
66.35.226.228 - - [02/Sep/2003:07:48:17 -0700] "GET /doc/closure.gif HTTP/1.1" 200 2166 "http://www.antlr.org/doc/metalang.html" "Mozilla/4.0 (compatible; MSIE 6.0; Windows NT 5.0; Q312461; .NET CLR 1.1.4322)"
66.35.226.228 - - [02/Sep/2003:07:48:17 -0700] "GET /doc/posclosure.gif HTTP/1.1" 200 2031 "http://www.antlr.org/doc/metalang.html" "Mozilla/4.0 (compatible; MSIE 6.0; Windows NT 5.0; Q312461; .NET CLR 1.1.4322)"
200.80.31.202 - - [02/Sep/2003:07:48:28 -0700] "GET /documentation/list HTTP/1.0" 200 8489 "-" "Mozilla/4.0 (compatible; MSIE 6.0; Windows NT 5.1; http://www.winwax.com (V1.5.0.917))"
128.210.122.252 - - [02/Sep/2003:07:48:29 -0700] "GET /doc/getting-started.html HTTP/1.1" 200 11326 "http://www.antlr.org/" "Mozilla/4.0 (compatible; MSIE 6.0; Windows NT 5.1)"
200.80.31.202 - - [02/Sep/2003:07:48:30 -0700] "GET /images/shim.gif HTTP/1.0" 200 43 "-" "Mozilla/4.0 (compatible; MSIE 6.0; Windows NT 5.1; http://www.winwax.com (V1.5.0.917))"
200.80.31.202 - - [02/Sep/2003:07:48:30 -0700] "GET /images/head-shim.gif HTTP/1.0" 200 158 "-" "Mozilla/4.0 (compatible; MSIE 6.0; Windows NT 5.1; http://www.winwax.com (V1.5.0.917))"
200.80.31.202 - - [02/Sep/2003:07:48:30 -0700] "GET /images/logo-head.gif HTTP/1.0" 200 4098 "-" "Mozilla/4.0 (compatible; MSIE 6.0; Windows NT 5.1; http://www.winwax.com (V1.5.0.917))"
200.80.31.202 - - [02/Sep/2003:07:48:30 -0700] "GET /images/button-download.gif HTTP/1.0" 200 733 "-" "Mozilla/4.0 (compatible; MSIE 6.0; Windows NT 5.1; http://www.winwax.com (V1.5.0.917))"
200.80.31.202 - - [02/Sep/2003:07:48:31 -0700] "GET /images/search.gif HTTP/1.0" 200 299 "-" "Mozilla/4.0 (compatible; MSIE 6.0; Windows NT 5.1; http://www.winwax.com (V1.5.0.917))"
128.210.122.252 - - [02/Sep/2003:07:48:33 -0700] "GET /article/cutpaste/index.html HTTP/1.1" 200 10494 "http://www.antlr.org/doc/getting-started.html" "Mozilla/4.0 (compatible; MSIE 6.0; Windows NT 5.1)"
200.80.31.202 - - [02/Sep/2003:07:48:34 -0700] "GET /images/search-go.gif HTTP/1.0" 200 266 "-" "Mozilla/4.0 (compatible; MSIE 6.0; Windows NT 5.1; http://www.winwax.com (V1.5.0.917))"
168.210.90.231 - - [02/Sep/2003:07:49:15 -0700] "GET /doc/index.html HTTP/1.1" 200 26469 "http://www.antlr.org/article/cutpaste/index.html" "Mozilla/4.0 (compatible; MSIE 6.0; Windows NT 5.0)"
168.210.90.231 - - [02/Sep/2003:07:49:21 -0700] "GET /article/cutpaste/index.html HTTP/1.1" 200 10494 "http://www.antlr.org/doc/getting-started.html" "Mozilla/4.0 (compatible; MSIE 6.0; Windows NT 5.0)"
137.226.70.246 - - [02/Sep/2003:07:50:50 -0700] "GET /download.html HTTP/1.1" 200 9276 "http://www.antlr.org/grammar/list" "Mozilla/5.0 (X11; U; Linux i686; en-US; rv:1.4) Gecko/20030624"
137.226.70.246 - - [02/Sep/2003:07:50:53 -0700] "GET / HTTP/1.1" 200 11690 "http://www.antlr.org/download.html" "Mozilla/5.0 (X11; U; Linux i686; en-US; rv:1.4) Gecko/20030624"
66.35.226.228 - - [02/Sep/2003:07:51:00 -0700] "GET /doc/index.html HTTP/1.1" 200 26469 "http://www.antlr.org/" "Mozilla/4.0 (compatible; MSIE 6.0; Windows NT 5.0; Q312461; .NET CLR 1.1.4322)"
137.226.70.246 - - [02/Sep/2003:07:51:00 -0700] "GET /share/list HTTP/1.1" 200 10783 "http://www.antlr.org/" "Mozilla/5.0 (X11; U; Linux i686; en-US; rv:1.4) Gecko/20030624"
217.167.119.251 - - [02/Sep/2003:07:51:06 -0700] "GET /javadoc/overview-summary.html HTTP/1.1" 200 9784 "http://www.antlr.org/article/cutpaste/index.html" "Mozilla/4.0 (compatible; MSIE 6.0; Windows 98)"
217.167.119.251 - - [02/Sep/2003:07:51:06 -0700] "GET /images/logo-head.gif HTTP/1.1" 200 4098 "http://www.antlr.org/javadoc/overview-summary.html" "Mozilla/4.0 (compatible; MSIE 6.0; Windows 98)"
217.167.119.251 - - [02/Sep/2003:07:51:06 -0700] "GET /images/shim.gif HTTP/1.1" 200 43 "http://www.antlr.org/javadoc/overview-summary.html" "Mozilla/4.0 (compatible; MSIE 6.0; Windows 98)"
217.167.119.251 - - [02/Sep/2003:07:51:06 -0700] "GET /images/head-shim.gif HTTP/1.1" 200 158 "http://www.antlr.org/javadoc/overview-summary.html" "Mozilla/4.0 (compatible; MSIE 6.0; Windows 98)"
217.167.119.251 - - [02/Sep/2003:07:51:07 -0700] "GET /images/button-download.gif HTTP/1.1" 200 733 "http://www.antlr.org/javadoc/overview-summary.html" "Mozilla/4.0 (compatible; MSIE 6.0; Windows 98)"
217.167.119.251 - - [02/Sep/2003:07:51:07 -0700] "GET /images/search.gif HTTP/1.1" 200 299 "http://www.antlr.org/javadoc/overview-summary.html" "Mozilla/4.0 (compatible; MSIE 6.0; Windows 98)"
217.167.119.251 - - [02/Sep/2003:07:51:07 -0700] "GET /images/search-go.gif HTTP/1.1" 200 266 "http://www.antlr.org/javadoc/overview-summary.html" "Mozilla/4.0 (compatible; MSIE 6.0; Windows 98)"
66.35.226.228 - - [02/Sep/2003:07:51:09 -0700] "GET /doc/metalang.html HTTP/1.1" 200 52606 "http://www.antlr.org/doc/index.html" "Mozilla/4.0 (compatible; MSIE 6.0; Windows NT 5.0; Q312461; .NET CLR 1.1.4322)"
66.35.226.228 - - [02/Sep/2003:07:51:09 -0700] "GET /doc/optional.gif HTTP/1.1" 200 2018 "http://www.antlr.org/doc/metalang.html" "Mozilla/4.0 (compatible; MSIE 6.0; Windows NT 5.0; Q312461; .NET CLR 1.1.4322)"
66.35.226.228 - - [02/Sep/2003:07:51:09 -0700] "GET /doc/subrule.gif HTTP/1.1" 200 1887 "http://www.antlr.org/doc/metalang.html" "Mozilla/4.0 (compatible; MSIE 6.0; Windows NT 5.0; Q312461; .NET CLR 1.1.4322)"
66.35.226.228 - - [02/Sep/2003:07:51:10 -0700] "GET /doc/closure.gif HTTP/1.1" 200 2166 "http://www.antlr.org/doc/metalang.html" "Mozilla/4.0 (compatible; MSIE 6.0; Windows NT 5.0; Q312461; .NET CLR 1.1.4322)"
66.35.226.228 - - [02/Sep/2003:07:51:10 -0700] "GET /doc/posclosure.gif HTTP/1.1" 200 2031 "http://www.antlr.org/doc/metalang.html" "Mozilla/4.0 (compatible; MSIE 6.0; Windows NT 5.0; Q312461; .NET CLR 1.1.4322)"
217.167.119.251 - - [02/Sep/2003:07:51:12 -0700] "GET /javadoc/antlr/actions/java/package-summary.html HTTP/1.1" 200 8771 "http://www.antlr.org/javadoc/overview-summary.html" "Mozilla/4.0 (compatible; MSIE 6.0; Windows 98)"
217.167.119.251 - - [02/Sep/2003:07:51:14 -0700] "GET /javadoc/overview-summary.html HTTP/1.1" 200 9784 "http://www.antlr.org/article/cutpaste/index.html" "Mozilla/4.0 (compatible; MSIE 6.0; Windows 98)"
217.167.119.251 - - [02/Sep/2003:07:51:20 -0700] "GET /grammar/list HTTP/1.1" 200 15685 "http://www.antlr.org/javadoc/overview-summary.html" "Mozilla/4.0 (compatible; MSIE 6.0; Windows 98)"
217.167.119.251 - - [02/Sep/2003:07:51:21 -0700] "GET /images/button-add-grammar.gif HTTP/1.1" 200 664 "http://www.antlr.org/grammar/list" "Mozilla/4.0 (compatible; MSIE 6.0; Windows 98)"
217.167.119.251 - - [02/Sep/2003:07:51:23 -0700] "GET /javadoc/overview-summary.html HTTP/1.1" 200 9784 "http://www.antlr.org/article/cutpaste/index.html" "Mozilla/4.0 (compatible; MSIE 6.0; Windows 98)"
137.226.70.246 - - [02/Sep/2003:07:51:23 -0700] "GET /share/1059167192813/JavaReader.zip HTTP/1.1" 200 3648 "http://www.antlr.org/share/list" "Mozilla/5.0 (X11; U; Linux i686; en-US; rv:1.4) Gecko/20030624"
217.167.119.251 - - [02/Sep/2003:07:51:24 -0700] "GET /javadoc/overview-summary.html HTTP/1.1" 200 9784 "http://www.antlr.org/javadoc/overview-summary.html" "Mozilla/4.0 (compatible; MSIE 6.0; Windows 98)"
217.167.119.251 - - [02/Sep/2003:07:51:29 -0700] "GET /javadoc/antlr/package-summary.html HTTP/1.1" 200 22368 "http://www.antlr.org/javadoc/overview-summary.html" "Mozilla/4.0 (compatible; MSIE 6.0; Windows 98)"
217.167.119.251 - - [02/Sep/2003:07:51:32 -0700] "GET /javadoc/overview-summary.html HTTP/1.1" 200 9784 "http://www.antlr.org/javadoc/overview-summary.html" "Mozilla/4.0 (compatible; MSIE 6.0; Windows 98)"
194.151.193.5 - - [02/Sep/2003:07:51:56 -0700] "GET /images/shim.gif HTTP/1.1" 200 43 "http://www.antlr.org/" "Mozilla/5.0 (Windows; U; WinNT4.0; en-US; rv:1.4) Gecko/20030624"
194.151.193.5 - - [02/Sep/2003:07:51:57 -0700] "GET / HTTP/1.1" 200 11690 "http://www.google.nl/search?q=ANTLR&ie=UTF-8&oe=UTF-8&hl=nl&btnG=Google+zoeken&lr=" "Mozilla/5.0 (Windows; U; WinNT4.0; en-US; rv:1.4) Gecko/20030624"
194.151.193.5 - - [02/Sep/2003:07:51:57 -0700] "GET /images/logo-head.gif HTTP/1.1" 200 4098 "http://www.antlr.org/" "Mozilla/5.0 (Windows; U; WinNT4.0; en-US; rv:1.4) Gecko/20030624"
194.151.193.5 - - [02/Sep/2003:07:51:59 -0700] "GET /images/button-download.gif HTTP/1.1" 200 733 "http://www.antlr.org/" "Mozilla/5.0 (Windows; U; WinNT4.0; en-US; rv:1.4) Gecko/20030624"
194.151.193.5 - - [02/Sep/2003:07:51:59 -0700] "GET /images/parr-head.jpg HTTP/1.1" 200 3582 "http://www.antlr.org/" "Mozilla/5.0 (Windows; U; WinNT4.0; en-US; rv:1.4) Gecko/20030624"
194.151.193.5 - - [02/Sep/2003:07:52:00 -0700] "GET /images/search.gif HTTP/1.1" 200 299 "http://www.antlr.org/" "Mozilla/5.0 (Windows; U; WinNT4.0; en-US; rv:1.4) Gecko/20030624"
194.151.193.5 - - [02/Sep/2003:07:52:00 -0700] "GET /images/search-go.gif HTTP/1.1" 200 266 "http://www.antlr.org/" "Mozilla/5.0 (Windows; U; WinNT4.0; en-US; rv:1.4) Gecko/20030624"
194.151.193.5 - - [02/Sep/2003:07:52:00 -0700] "GET /images/head-shim.gif HTTP/1.1" 200 158 "http://www.antlr.org/" "Mozilla/5.0 (Windows; U; WinNT4.0; en-US; rv:1.4) Gecko/20030624"
137.226.70.246 - - [02/Sep/2003:07:52:29 -0700] "GET / HTTP/1.1" 200 11690 "http://www.antlr.org/share/list" "Mozilla/5.0 (X11; U; Linux i686; en-US; rv:1.4) Gecko/20030624"
137.226.70.246 - - [02/Sep/2003:07:52:44 -0700] "GET /grammar/list HTTP/1.1" 200 15685 "http://www.antlr.org/" "Mozilla/5.0 (X11; U; Linux i686; en-US; rv:1.4) Gecko/20030624"
137.226.70.246 - - [02/Sep/2003:07:53:11 -0700] "GET /article/list HTTP/1.1" 200 15911 "http://www.antlr.org/grammar/list" "Mozilla/5.0 (X11; U; Linux i686; en-US; rv:1.4) Gecko/20030624"
137.226.70.246 - - [02/Sep/2003:07:53:11 -0700] "GET /images/button-add-article.gif HTTP/1.1" 200 579 "http://www.antlr.org/article/list" "Mozilla/5.0 (X11; U; Linux i686; en-US; rv:1.4) Gecko/20030624"
194.151.193.5 - - [02/Sep/2003:07:53:12 -0700] "GET /share/1061323078962/antlr.metagrammar.tar HTTP/1.1" 200 30720 "http://www.antlr.org/" "Mozilla/5.0 (Windows; U; WinNT4.0; en-US; rv:1.4) Gecko/20030624"
194.151.193.5 - - [02/Sep/2003:07:53:27 -0700] "GET /doc/index.html HTTP/1.1" 200 26469 "http://www.antlr.org/" "Mozilla/5.0 (Windows; U; WinNT4.0; en-US; rv:1.4) Gecko/20030624"
194.151.193.5 - - [02/Sep/2003:07:53:28 -0700] "GET /doc/getting-started.html HTTP/1.1" 200 11326 "http://www.antlr.org/" "Mozilla/5.0 (Windows; U; WinNT4.0; en-US; rv:1.4) Gecko/20030624"
217.167.119.251 - - [02/Sep/2003:07:53:35 -0700] "GET /javadoc/antlr/package-summary.html HTTP/1.1" 200 22368 "http://www.antlr.org/javadoc/overview-summary.html" "Mozilla/4.0 (compatible; MSIE 6.0; Windows 98)"
137.226.70.246 - - [02/Sep/2003:07:53:36 -0700] "GET /article/tags/index.html HTTP/1.1" 200 14861 "http://www.antlr.org/article/list" "Mozilla/5.0 (X11; U; Linux i686; en-US; rv:1.4) Gecko/20030624"
217.167.119.251 - - [02/Sep/2003:07:53:39 -0700] "GET /javadoc/overview-summary.html HTTP/1.1" 200 9784 "http://www.antlr.org/javadoc/overview-summary.html" "Mozilla/4.0 (compatible; MSIE 6.0; Windows 98)"
217.167.119.251 - - [02/Sep/2003:07:53:42 -0700] "POST /search/results HTTP/1.1" 200 7765 "http://www.antlr.org/javadoc/overview-summary.html" "Mozilla/4.0 (compatible; MSIE 6.0; Windows 98)"
217.167.119.251 - - [02/Sep/2003:07:53:44 -0700] "GET /javadoc/overview-summary.html HTTP/1.1" 200 9784 "http://www.antlr.org/javadoc/overview-summary.html" "Mozilla/4.0 (compatible; MSIE 6.0; Windows 98)"
217.167.119.251 - - [02/Sep/2003:07:53:50 -0700] "GET /javadoc/antlr/util/package-summary.html HTTP/1.1" 200 9646 "http://www.antlr.org/javadoc/overview-summary.html" "Mozilla/4.0 (compatible; MSIE 6.0; Windows 98)"
24.69.108.54 - - [02/Sep/2003:07:54:06 -0700] "GET / HTTP/1.1" 200 11690 "http://catalog.compilertools.net/java.html" "Mozilla/4.0 (compatible; MSIE 6.0; Windows NT 5.1; Q312461)"
24.69.108.54 - - [02/Sep/2003:07:54:06 -0700] "GET /images/parr-head.jpg HTTP/1.1" 200 3582 "http://www.antlr.org/" "Mozilla/4.0 (compatible; MSIE 6.0; Windows NT 5.1; Q312461)"
137.226.70.246 - - [02/Sep/2003:07:54:06 -0700] "GET /javadoc/overview-summary.html HTTP/1.1" 200 9784 "http://www.antlr.org/article/tags/index.html" "Mozilla/5.0 (X11; U; Linux i686; en-US; rv:1.4) Gecko/20030624"
137.226.70.246 - - [02/Sep/2003:07:54:12 -0700] "GET /javadoc/antlr/actions/java/package-summary.html HTTP/1.1" 200 8771 "http://www.antlr.org/javadoc/overview-summary.html" "Mozilla/5.0 (X11; U; Linux i686; en-US; rv:1.4) Gecko/20030624"
137.226.70.246 - - [02/Sep/2003:07:54:26 -0700] "GET /support.html HTTP/1.1" 200 10899 "http://www.antlr.org/javadoc/antlr/actions/java/package-summary.html" "Mozilla/5.0 (X11; U; Linux i686; en-US; rv:1.4) Gecko/20030624"
24.69.108.54 - - [02/Sep/2003:07:54:32 -0700] "GET /share/1061323078962/antlr.metagrammar.tar HTTP/1.1" 200 30720 "http://www.antlr.org/" "Mozilla/4.0 (compatible; MSIE 6.0; Windows NT 5.1; Q312461)"
207.236.123.3 - - [02/Sep/2003:07:54:33 -0700] "GET / HTTP/1.0" 200 11690 "-" "Mozilla/4.0 (compatible; MSIE 6.0; Windows NT 5.0; .NET CLR 1.0.3705; .NET CLR 1.1.4322)"
207.236.123.3 - - [02/Sep/2003:07:54:33 -0700] "GET /images/shim.gif HTTP/1.0" 304 - "http://www.antlr.org" "Mozilla/4.0 (compatible; MSIE 6.0; Windows NT 5.0; .NET CLR 1.0.3705; .NET CLR 1.1.4322)"
207.236.123.3 - - [02/Sep/2003:07:54:33 -0700] "GET /images/logo-head.gif HTTP/1.0" 304 - "http://www.antlr.org" "Mozilla/4.0 (compatible; MSIE 6.0; Windows NT 5.0; .NET CLR 1.0.3705; .NET CLR 1.1.4322)"
207.236.123.3 - - [02/Sep/2003:07:54:34 -0700] "GET /images/button-download.gif HTTP/1.0" 304 - "http://www.antlr.org" "Mozilla/4.0 (compatible; MSIE 6.0; Windows NT 5.0; .NET CLR 1.0.3705; .NET CLR 1.1.4322)"
207.236.123.3 - - [02/Sep/2003:07:54:34 -0700] "GET /images/parr-head.jpg HTTP/1.0" 304 - "http://www.antlr.org" "Mozilla/4.0 (compatible; MSIE 6.0; Windows NT 5.0; .NET CLR 1.0.3705; .NET CLR 1.1.4322)"
207.236.123.3 - - [02/Sep/2003:07:54:34 -0700] "GET /images/head-shim.gif HTTP/1.0" 304 - "http://www.antlr.org" "Mozilla/4.0 (compatible; MSIE 6.0; Windows NT 5.0; .NET CLR 1.0.3705; .NET CLR 1.1.4322)"
207.236.123.3 - - [02/Sep/2003:07:54:34 -0700] "GET /images/search.gif HTTP/1.0" 304 - "http://www.antlr.org" "Mozilla/4.0 (compatible; MSIE 6.0; Windows NT 5.0; .NET CLR 1.0.3705; .NET CLR 1.1.4322)"
207.236.123.3 - - [02/Sep/2003:07:54:34 -0700] "GET /images/search-go.gif HTTP/1.0" 304 - "http://www.antlr.org" "Mozilla/4.0 (compatible; MSIE 6.0; Windows NT 5.0; .NET CLR 1.0.3705; .NET CLR 1.1.4322)"
207.236.123.3 - - [02/Sep/2003:07:54:36 -0700] "GET /download.html HTTP/1.0" 200 9276 "http://www.antlr.org" "Mozilla/4.0 (compatible; MSIE 6.0; Windows NT 5.0; .NET CLR 1.0.3705; .NET CLR 1.1.4322)"
24.69.108.54 - - [02/Sep/2003:07:54:53 -0700] "GET /images/antlr-link.gif HTTP/1.1" 200 1372 "http://antlraux.sourceforge.net/" "Mozilla/4.0 (compatible; MSIE 6.0; Windows NT 5.1; Q312461)"
207.236.123.3 - - [02/Sep/2003:07:54:54 -0700] "GET /download/antlr-2.7.0.zip HTTP/1.0" 200 57344 "http://www.antlr.org/download.html" "Mozilla/4.0 (compatible; MSIE 6.0; Windows NT 5.0; .NET CLR 1.0.3705; .NET CLR 1.1.4322)"
170.35.240.206 - - [02/Sep/2003:07:55:23 -0700] "GET /doc/metalang.html HTTP/1.0" 200 52606 "http://www.antlr.org/doc/index.html" "Mozilla/5.0 (X11; U; Linux i686; en-US; rv:1.5a) Gecko/20030728 Mozilla Firebird/0.6.1"
200.80.31.202 - - [02/Sep/2003:07:55:30 -0700] "GET /doc/index.html HTTP/1.0" 200 26469 "-" "Mozilla/4.0 (compatible; MSIE 6.0; Windows NT 5.1; http://www.winwax.com (V1.5.0.917))"
207.236.123.3 - - [02/Sep/2003:07:55:30 -0700] "GET /download/antlr-2.7.0.zip HTTP/1.0" 200 1291672 "http://www.antlr.org/download.html" "Mozilla/4.0 (compatible; MSIE 6.0; Windows NT 5.0; .NET CLR 1.0.3705; .NET CLR 1.1.4322)"
170.35.240.206 - - [02/Sep/2003:07:55:39 -0700] "GET /download.html HTTP/1.0" 200 9276 "http://www.antlr.org/grammar/HTML" "Mozilla/5.0 (X11; U; Linux i686; en-US; rv:1.5a) Gecko/20030728 Mozilla Firebird/0.6.1"
24.69.108.54 - - [02/Sep/2003:07:55:43 -0700] "GET / HTTP/1.1" 200 11690 "http://catalog.compilertools.net/java.html" "Mozilla/4.0 (compatible; MSIE 6.0; Windows NT 5.1; Q312461)"
24.69.108.54 - - [02/Sep/2003:07:55:43 -0700] "GET /images/shim.gif HTTP/1.1" 304 - "http://www.antlr.org/" "Mozilla/4.0 (compatible; MSIE 6.0; Windows NT 5.1; Q312461)"
24.69.108.54 - - [02/Sep/2003:07:55:43 -0700] "GET /images/logo-head.gif HTTP/1.1" 304 - "http://www.antlr.org/" "Mozilla/4.0 (compatible; MSIE 6.0; Windows NT 5.1; Q312461)"
24.69.108.54 - - [02/Sep/2003:07:55:43 -0700] "GET /images/head-shim.gif HTTP/1.1" 304 - "http://www.antlr.org/" "Mozilla/4.0 (compatible; MSIE 6.0; Windows NT 5.1; Q312461)"
24.69.108.54 - - [02/Sep/2003:07:55:43 -0700] "GET /images/button-download.gif HTTP/1.1" 304 - "http://www.antlr.org/" "Mozilla/4.0 (compatible; MSIE 6.0; Windows NT 5.1; Q312461)"
24.69.108.54 - - [02/Sep/2003:07:55:44 -0700] "GET /images/parr-head.jpg HTTP/1.1" 304 - "http://www.antlr.org/" "Mozilla/4.0 (compatible; MSIE 6.0; Windows NT 5.1; Q312461)"
24.69.108.54 - - [02/Sep/2003:07:55:44 -0700] "GET /images/search.gif HTTP/1.1" 304 - "http://www.antlr.org/" "Mozilla/4.0 (compatible; MSIE 6.0; Windows NT 5.1; Q312461)"
24.69.108.54 - - [02/Sep/2003:07:55:44 -0700] "GET /images/search-go.gif HTTP/1.1" 304 - "http://www.antlr.org/" "Mozilla/4.0 (compatible; MSIE 6.0; Windows NT 5.1; Q312461)"
217.167.119.251 - - [02/Sep/2003:07:55:45 -0700] "GET /grammar/list HTTP/1.1" 200 15685 "http://www.antlr.org/javadoc/antlr/util/package-summary.html" "Mozilla/4.0 (compatible; MSIE 6.0; Windows 98)"
217.167.119.251 - - [02/Sep/2003:07:55:48 -0700] "GET /grammar/java HTTP/1.1" 200 8472 "http://www.antlr.org/grammar/list" "Mozilla/4.0 (compatible; MSIE 6.0; Windows 98)"
24.69.108.54 - - [02/Sep/2003:07:55:51 -0700] "GET /doc/getting-started.html HTTP/1.1" 200 11326 "http://www.antlr.org/" "Mozilla/4.0 (compatible; MSIE 6.0; Windows NT 5.1; Q312461)"
217.167.119.251 - - [02/Sep/2003:07:55:52 -0700] "GET /grammar/java/Main.java HTTP/1.1" 200 3315 "http://www.antlr.org/grammar/java" "Mozilla/4.0 (compatible; MSIE 6.0; Windows 98)"
217.167.119.251 - - [02/Sep/2003:07:55:54 -0700] "GET /grammar/java HTTP/1.1" 200 8472 "http://www.antlr.org/grammar/list" "Mozilla/4.0 (compatible; MSIE 6.0; Windows 98)"
217.167.119.251 - - [02/Sep/2003:07:55:56 -0700] "GET /showcase/list HTTP/1.1" 200 12888 "http://www.antlr.org/grammar/java" "Mozilla/4.0 (compatible; MSIE 6.0; Windows 98)"
217.167.119.251 - - [02/Sep/2003:07:55:57 -0700] "GET /images/button-add-showcase.gif HTTP/1.1" 200 682 "http://www.antlr.org/showcase/list" "Mozilla/4.0 (compatible; MSIE 6.0; Windows 98)"
200.80.31.202 - - [02/Sep/2003:07:55:58 -0700] "GET / HTTP/1.0" 200 11690 "-" "Mozilla/4.0 (compatible; MSIE 6.0; Windows NT 5.1; http://www.winwax.com (V1.5.0.917))"
200.80.31.202 - - [02/Sep/2003:07:55:59 -0700] "GET /images/shim.gif HTTP/1.0" 200 43 "-" "Mozilla/4.0 (compatible; MSIE 6.0; Windows NT 5.1; http://www.winwax.com (V1.5.0.917))"
200.80.31.202 - - [02/Sep/2003:07:55:59 -0700] "GET /images/logo-head.gif HTTP/1.0" 200 4098 "-" "Mozilla/4.0 (compatible; MSIE 6.0; Windows NT 5.1; http://www.winwax.com (V1.5.0.917))"
200.80.31.202 - - [02/Sep/2003:07:55:59 -0700] "GET /images/head-shim.gif HTTP/1.0" 200 158 "-" "Mozilla/4.0 (compatible; MSIE 6.0; Windows NT 5.1; http://www.winwax.com (V1.5.0.917))"
217.167.119.251 - - [02/Sep/2003:07:56:02 -0700] "GET /testimonial/list HTTP/1.1" 200 12509 "http://www.antlr.org/showcase/list" "Mozilla/4.0 (compatible; MSIE 6.0; Windows 98)"
217.167.119.251 - - [02/Sep/2003:07:56:02 -0700] "GET /images/button-testimonial.gif HTTP/1.1" 200 701 "http://www.antlr.org/testimonial/list" "Mozilla/4.0 (compatible; MSIE 6.0; Windows 98)"
217.167.119.251 - - [02/Sep/2003:07:56:07 -0700] "GET /doc/index.html HTTP/1.1" 200 26469 "http://www.antlr.org/testimonial/list" "Mozilla/4.0 (compatible; MSIE 6.0; Windows 98)"
24.69.108.54 - - [02/Sep/2003:07:56:09 -0700] "GET /download/antlr-2.7.2.tar.gz HTTP/1.1" 200 81920 "http://www.antlr.org/doc/getting-started.html" "Mozilla/4.0 (compatible; MSIE 6.0; Windows NT 5.1; Q312461)"
24.69.108.54 - - [02/Sep/2003:07:56:10 -0700] "GET /article/cutpaste/index.html HTTP/1.1" 200 10494 "http://www.antlr.org/doc/getting-started.html" "Mozilla/4.0 (compatible; MSIE 6.0; Windows NT 5.1; Q312461)"
24.69.108.54 - - [02/Sep/2003:07:56:10 -0700] "GET /images/shim.gif HTTP/1.1" 304 - "http://www.antlr.org/article/cutpaste/index.html" "Mozilla/4.0 (compatible; MSIE 6.0; Windows NT 5.1; Q312461)"
24.69.108.54 - - [02/Sep/2003:07:56:10 -0700] "GET /images/logo-head.gif HTTP/1.1" 304 - "http://www.antlr.org/article/cutpaste/index.html" "Mozilla/4.0 (compatible; MSIE 6.0; Windows NT 5.1; Q312461)"
24.69.108.54 - - [02/Sep/2003:07:56:11 -0700] "GET /images/head-shim.gif HTTP/1.1" 304 - "http://www.antlr.org/article/cutpaste/index.html" "Mozilla/4.0 (compatible; MSIE 6.0; Windows NT 5.1; Q312461)"
24.69.108.54 - - [02/Sep/2003:07:56:11 -0700] "GET /images/button-download.gif HTTP/1.1" 304 - "http://www.antlr.org/article/cutpaste/index.html" "Mozilla/4.0 (compatible; MSIE 6.0; Windows NT 5.1; Q312461)"
24.69.108.54 - - [02/Sep/2003:07:56:11 -0700] "GET /images/search.gif HTTP/1.1" 304 - "http://www.antlr.org/article/cutpaste/index.html" "Mozilla/4.0 (compatible; MSIE 6.0; Windows NT 5.1; Q312461)"
24.69.108.54 - - [02/Sep/2003:07:56:11 -0700] "GET /images/search-go.gif HTTP/1.1" 304 - "http://www.antlr.org/article/cutpaste/index.html" "Mozilla/4.0 (compatible; MSIE 6.0; Windows NT 5.1; Q312461)"
217.167.119.251 - - [02/Sep/2003:07:56:20 -0700] "GET /doc/sor.html HTTP/1.1" 200 22139 "http://www.antlr.org/doc/index.html" "Mozilla/4.0 (compatible; MSIE 6.0; Windows 98)"
