65.114.179.241 - - [02/Sep/2003:09:56:22 -0700] "GET /images/head-shim.gif HTTP/1.1" 304 - "http://www.antlr.org/download.html" "Mozilla/4.0 (compatible; MSIE 6.0; Windows NT 5.1; .NET CLR 1.0.3705)"
65.114.179.241 - - [02/Sep/2003:09:56:23 -0700] "GET /images/search.gif HTTP/1.1" 304 - "http://www.antlr.org/download.html" "Mozilla/4.0 (compatible; MSIE 6.0; Windows NT 5.1; .NET CLR 1.0.3705)"
65.114.179.241 - - [02/Sep/2003:09:56:23 -0700] "GET /images/search-go.gif HTTP/1.1" 304 - "http://www.antlr.org/download.html" "Mozilla/4.0 (compatible; MSIE 6.0; Windows NT 5.1; .NET CLR 1.0.3705)"
65.114.179.241 - - [02/Sep/2003:09:56:41 -0700] "GET /javadoc/overview-summary.html HTTP/1.1" 200 9784 "http://www.antlr.org/article/tags/index.html" "Mozilla/4.0 (compatible; MSIE 6.0; Windows NT 5.1; .NET CLR 1.0.3705)"
65.114.179.241 - - [02/Sep/2003:09:56:41 -0700] "GET /images/shim.gif HTTP/1.1" 304 - "http://www.antlr.org/javadoc/overview-summary.html" "Mozilla/4.0 (compatible; MSIE 6.0; Windows NT 5.1; .NET CLR 1.0.3705)"
65.114.179.241 - - [02/Sep/2003:09:56:41 -0700] "GET /images/logo-head.gif HTTP/1.1" 304 - "http://www.antlr.org/javadoc/overview-summary.html" "Mozilla/4.0 (compatible; MSIE 6.0; Windows NT 5.1; .NET CLR 1.0.3705)"
65.114.179.241 - - [02/Sep/2003:09:56:41 -0700] "GET /images/button-download.gif HTTP/1.1" 304 - "http://www.antlr.org/javadoc/overview-summary.html" "Mozilla/4.0 (compatible; MSIE 6.0; Windows NT 5.1; .NET CLR 1.0.3705)"
65.114.179.241 - - [02/Sep/2003:09:56:41 -0700] "GET /images/head-shim.gif HTTP/1.1" 304 - "http://www.antlr.org/javadoc/overview-summary.html" "Mozilla/4.0 (compatible; MSIE 6.0; Windows NT 5.1; .NET CLR 1.0.3705)"
65.114.179.241 - - [02/Sep/2003:09:56:41 -0700] "GET /images/search.gif HTTP/1.1" 304 - "http://www.antlr.org/javadoc/overview-summary.html" "Mozilla/4.0 (compatible; MSIE 6.0; Windows NT 5.1; .NET CLR 1.0.3705)"
65.114.179.241 - - [02/Sep/2003:09:56:41 -0700] "GET /images/search-go.gif HTTP/1.1" 304 - "http://www.antlr.org/javadoc/overview-summary.html" "Mozilla/4.0 (compatible; MSIE 6.0; Windows NT 5.1; .NET CLR 1.0.3705)"
209.144.96.150 - - [02/Sep/2003:09:56:43 -0700] "GET /doc/getting-started.html HTTP/1.1" 200 11326 "-" "Mozilla/4.0 (compatible; MSIE 6.0; Windows NT 5.0; .NET CLR 1.0.3705; .NET CLR 1.1.4322)"
65.114.179.241 - - [02/Sep/2003:09:56:45 -0700] "GET /javadoc/antlr/actions/cpp/package-summary.html HTTP/1.1" 200 8749 "http://www.antlr.org/javadoc/overview-summary.html" "Mozilla/4.0 (compatible; MSIE 6.0; Windows NT 5.1; .NET CLR 1.0.3705)"
209.144.96.150 - - [02/Sep/2003:09:56:45 -0700] "GET /grammar/list HTTP/1.1" 200 15685 "http://www.antlr.org/doc/getting-started.html" "Mozilla/4.0 (compatible; MSIE 6.0; Windows NT 5.0; .NET CLR 1.0.3705; .NET CLR 1.1.4322)"
209.144.96.150 - - [02/Sep/2003:09:56:46 -0700] "GET /images/button-add-grammar.gif HTTP/1.1" 304 - "http://www.antlr.org/grammar/list" "Mozilla/4.0 (compatible; MSIE 6.0; Windows NT 5.0; .NET CLR 1.0.3705; .NET CLR 1.1.4322)"
65.114.179.241 - - [02/Sep/2003:09:56:48 -0700] "GET /download/antlr-2.7.2.zip HTTP/1.1" 200 1943296 "http://www.antlr.org/download.html" "Mozilla/4.0 (compatible; MSIE 6.0; Windows NT 5.1; .NET CLR 1.0.3705)"
65.114.179.241 - - [02/Sep/2003:09:56:52 -0700] "GET /support.html HTTP/1.1" 200 10899 "http://www.antlr.org/javadoc/antlr/actions/cpp/package-summary.html" "Mozilla/4.0 (compatible; MSIE 6.0; Windows NT 5.1; .NET CLR 1.0.3705)"
65.114.179.241 - - [02/Sep/2003:09:57:23 -0700] "GET /images/shim.gif HTTP/1.1" 304 - "http://www.antlr.org/article/1055465962038/index.html" "Mozilla/4.0 (compatible; MSIE 6.0; Windows NT 5.1; .NET CLR 1.0.3705)"
65.114.179.241 - - [02/Sep/2003:09:57:23 -0700] "GET /images/logo-head.gif HTTP/1.1" 304 - "http://www.antlr.org/article/1055465962038/index.html" "Mozilla/4.0 (compatible; MSIE 6.0; Windows NT 5.1; .NET CLR 1.0.3705)"
65.114.179.241 - - [02/Sep/2003:09:57:23 -0700] "GET /images/head-shim.gif HTTP/1.1" 304 - "http://www.antlr.org/article/1055465962038/index.html" "Mozilla/4.0 (compatible; MSIE 6.0; Windows NT 5.1; .NET CLR 1.0.3705)"
65.114.179.241 - - [02/Sep/2003:09:57:23 -0700] "GET /images/button-download.gif HTTP/1.1" 304 - "http://www.antlr.org/article/1055465962038/index.html" "Mozilla/4.0 (compatible; MSIE 6.0; Windows NT 5.1; .NET CLR 1.0.3705)"
65.114.179.241 - - [02/Sep/2003:09:57:23 -0700] "GET /article/1055465962038/index.html HTTP/1.1" 200 24907 "http://www.jguru.com/faq/view.jsp?EID=986108" "Mozilla/4.0 (compatible; MSIE 6.0; Windows NT 5.1; .NET CLR 1.0.3705)"
65.114.179.241 - - [02/Sep/2003:09:57:23 -0700] "GET /images/search.gif HTTP/1.1" 304 - "http://www.antlr.org/article/1055465962038/index.html" "Mozilla/4.0 (compatible; MSIE 6.0; Windows NT 5.1; .NET CLR 1.0.3705)"
65.114.179.241 - - [02/Sep/2003:09:57:23 -0700] "GET /images/search-go.gif HTTP/1.1" 304 - "http://www.antlr.org/article/1055465962038/index.html" "Mozilla/4.0 (compatible; MSIE 6.0; Windows NT 5.1; .NET CLR 1.0.3705)"
209.144.96.150 - - [02/Sep/2003:09:57:24 -0700] "GET /grammar/ORACLE-7-SQL HTTP/1.1" 200 7808 "http://www.antlr.org/grammar/list" "Mozilla/4.0 (compatible; MSIE 6.0; Windows NT 5.0; .NET CLR 1.0.3705; .NET CLR 1.1.4322)"
209.144.96.150 - - [02/Sep/2003:09:57:33 -0700] "GET /grammar/ORACLE-7-SQL/Main.java HTTP/1.1" 200 822 "http://www.antlr.org/grammar/ORACLE-7-SQL" "Mozilla/4.0 (compatible; MSIE 6.0; Windows NT 5.0; .NET CLR 1.0.3705; .NET CLR 1.1.4322)"
209.144.96.150 - - [02/Sep/2003:09:57:44 -0700] "GET /grammar/ORACLE-7-SQL HTTP/1.1" 200 7808 "http://www.antlr.org/grammar/list" "Mozilla/4.0 (compatible; MSIE 6.0; Windows NT 5.0; .NET CLR 1.0.3705; .NET CLR 1.1.4322)"
209.144.96.150 - - [02/Sep/2003:09:57:47 -0700] "GET /grammar/ORACLE-7-SQL/sql.g HTTP/1.1" 200 17010 "http://www.antlr.org/grammar/ORACLE-7-SQL" "Mozilla/4.0 (compatible; MSIE 6.0; Windows NT 5.0; .NET CLR 1.0.3705; .NET CLR 1.1.4322)"
209.144.96.150 - - [02/Sep/2003:09:58:02 -0700] "GET /grammar/ORACLE-7-SQL HTTP/1.1" 200 7808 "http://www.antlr.org/grammar/list" "Mozilla/4.0 (compatible; MSIE 6.0; Windows NT 5.0; .NET CLR 1.0.3705; .NET CLR 1.1.4322)"
209.144.96.150 - - [02/Sep/2003:09:58:08 -0700] "GET /grammar/list HTTP/1.1" 200 15685 "http://www.antlr.org/grammar/ORACLE-7-SQL" "Mozilla/4.0 (compatible; MSIE 6.0; Windows NT 5.0; .NET CLR 1.0.3705; .NET CLR 1.1.4322)"
209.144.96.150 - - [02/Sep/2003:09:58:19 -0700] "GET /grammar/1057863397080/index.html HTTP/1.1" 200 8116 "http://www.antlr.org/grammar/list" "Mozilla/4.0 (compatible; MSIE 6.0; Windows NT 5.0; .NET CLR 1.0.3705; .NET CLR 1.1.4322)"
205.228.12.40 - - [02/Sep/2003:09:59:04 -0700] "GET /javadoc/overview-summary.html HTTP/1.0" 200 9784 "http://web.ms.com/eai/msjava/pages/docs/antlr/index.html" "Mozilla/4.0 (compatible; MSIE 6.0; Windows NT 5.1; msie6xpv1; MSIE6ENV6; .NET CLR 1.0.3705)"
205.228.12.40 - - [02/Sep/2003:09:59:04 -0700] "GET /images/logo-head.gif HTTP/1.0" 304 - "http://www.antlr.org/javadoc/overview-summary.html" "Mozilla/4.0 (compatible; MSIE 6.0; Windows NT 5.1; msie6xpv1; MSIE6ENV6; .NET CLR 1.0.3705)"
205.228.12.40 - - [02/Sep/2003:09:59:04 -0700] "GET /images/shim.gif HTTP/1.0" 304 - "http://www.antlr.org/javadoc/overview-summary.html" "Mozilla/4.0 (compatible; MSIE 6.0; Windows NT 5.1; msie6xpv1; MSIE6ENV6; .NET CLR 1.0.3705)"
205.228.12.40 - - [02/Sep/2003:09:59:04 -0700] "GET /images/button-download.gif HTTP/1.0" 304 - "http://www.antlr.org/javadoc/overview-summary.html" "Mozilla/4.0 (compatible; MSIE 6.0; Windows NT 5.1; msie6xpv1; MSIE6ENV6; .NET CLR 1.0.3705)"
205.228.12.40 - - [02/Sep/2003:09:59:04 -0700] "GET /images/head-shim.gif HTTP/1.0" 304 - "http://www.antlr.org/javadoc/overview-summary.html" "Mozilla/4.0 (compatible; MSIE 6.0; Windows NT 5.1; msie6xpv1; MSIE6ENV6; .NET CLR 1.0.3705)"
205.228.12.40 - - [02/Sep/2003:09:59:05 -0700] "GET /images/search.gif HTTP/1.0" 304 - "http://www.antlr.org/javadoc/overview-summary.html" "Mozilla/4.0 (compatible; MSIE 6.0; Windows NT 5.1; msie6xpv1; MSIE6ENV6; .NET CLR 1.0.3705)"
205.228.12.40 - - [02/Sep/2003:09:59:05 -0700] "GET /images/search-go.gif HTTP/1.0" 304 - "http://www.antlr.org/javadoc/overview-summary.html" "Mozilla/4.0 (compatible; MSIE 6.0; Windows NT 5.1; msie6xpv1; MSIE6ENV6; .NET CLR 1.0.3705)"
205.228.12.40 - - [02/Sep/2003:09:59:07 -0700] "GET /javadoc/antlr/actions/cpp/package-summary.html HTTP/1.0" 200 8749 "http://www.antlr.org/javadoc/overview-summary.html" "Mozilla/4.0 (compatible; MSIE 6.0; Windows NT 5.1; msie6xpv1; MSIE6ENV6; .NET CLR 1.0.3705)"
205.228.12.40 - - [02/Sep/2003:09:59:13 -0700] "GET /javadoc/overview-summary.html HTTP/1.0" 200 9784 "http://web.ms.com/eai/msjava/pages/docs/antlr/index.html" "Mozilla/4.0 (compatible; MSIE 6.0; Windows NT 5.1; msie6xpv1; MSIE6ENV6; .NET CLR 1.0.3705)"
205.228.12.40 - - [02/Sep/2003:09:59:17 -0700] "GET /javadoc/antlr/util/package-summary.html HTTP/1.0" 200 9646 "http://www.antlr.org/javadoc/overview-summary.html" "Mozilla/4.0 (compatible; MSIE 6.0; Windows NT 5.1; msie6xpv1; MSIE6ENV6; .NET CLR 1.0.3705)"
205.228.12.40 - - [02/Sep/2003:09:59:22 -0700] "GET /javadoc/antlr/util/GrammarParser.html HTTP/1.0" 200 27614 "http://www.antlr.org/javadoc/antlr/util/package-summary.html" "Mozilla/4.0 (compatible; MSIE 6.0; Windows NT 5.1; msie6xpv1; MSIE6ENV6; .NET CLR 1.0.3705)"
205.228.12.40 - - [02/Sep/2003:09:59:44 -0700] "GET /javadoc/antlr/util/package-summary.html HTTP/1.0" 200 9646 "http://www.antlr.org/javadoc/overview-summary.html" "Mozilla/4.0 (compatible; MSIE 6.0; Windows NT 5.1; msie6xpv1; MSIE6ENV6; .NET CLR 1.0.3705)"
205.228.12.40 - - [02/Sep/2003:09:59:46 -0700] "GET /javadoc/overview-summary.html HTTP/1.0" 200 9784 "http://web.ms.com/eai/msjava/pages/docs/antlr/index.html" "Mozilla/4.0 (compatible; MSIE 6.0; Windows NT 5.1; msie6xpv1; MSIE6ENV6; .NET CLR 1.0.3705)"
205.228.12.40 - - [02/Sep/2003:09:59:48 -0700] "GET /about.html HTTP/1.0" 200 8707 "http://www.antlr.org/javadoc/overview-summary.html" "Mozilla/4.0 (compatible; MSIE 6.0; Windows NT 5.1; msie6xpv1; MSIE6ENV6; .NET CLR 1.0.3705)"
65.114.179.241 - - [02/Sep/2003:09:59:49 -0700] "GET /javadoc/antlr/actions/cpp/package-summary.html HTTP/1.1" 200 8749 "http://www.antlr.org/javadoc/overview-summary.html" "Mozilla/4.0 (compatible; MSIE 6.0; Windows NT 5.1; .NET CLR 1.0.3705)"
65.114.179.241 - - [02/Sep/2003:09:59:52 -0700] "GET /article/tags/index.html HTTP/1.1" 200 14861 "http://www.antlr.org/" "Mozilla/4.0 (compatible; MSIE 6.0; Windows NT 5.1; .NET CLR 1.0.3705)"
205.228.12.40 - - [02/Sep/2003:10:00:08 -0700] "GET /why.html HTTP/1.0" 200 10713 "http://www.antlr.org/about.html" "Mozilla/4.0 (compatible; MSIE 6.0; Windows NT 5.1; msie6xpv1; MSIE6ENV6; .NET CLR 1.0.3705)"
205.228.12.40 - - [02/Sep/2003:10:00:21 -0700] "GET / HTTP/1.0" 200 11690 "http://www.google.com/search?q=antlr" "Mozilla/4.0 (compatible; MSIE 6.0; Windows NT 5.1; msie6xpv1; MSIE6ENV6; .NET CLR 1.0.3705)"
205.228.12.40 - - [02/Sep/2003:10:00:21 -0700] "GET /images/parr-head.jpg HTTP/1.0" 304 - "http://www.antlr.org/" "Mozilla/4.0 (compatible; MSIE 6.0; Windows NT 5.1; msie6xpv1; MSIE6ENV6; .NET CLR 1.0.3705)"
65.114.179.241 - - [02/Sep/2003:10:00:26 -0700] "GET /grammar/list HTTP/1.1" 200 15685 "http://www.antlr.org/article/tags/index.html" "Mozilla/4.0 (compatible; MSIE 6.0; Windows NT 5.1; .NET CLR 1.0.3705)"
65.114.179.241 - - [02/Sep/2003:10:00:26 -0700] "GET /images/shim.gif HTTP/1.1" 304 - "http://www.antlr.org/grammar/list" "Mozilla/4.0 (compatible; MSIE 6.0; Windows NT 5.1; .NET CLR 1.0.3705)"
65.114.179.241 - - [02/Sep/2003:10:00:26 -0700] "GET /images/logo-head.gif HTTP/1.1" 304 - "http://www.antlr.org/grammar/list" "Mozilla/4.0 (compatible; MSIE 6.0; Windows NT 5.1; .NET CLR 1.0.3705)"
65.114.179.241 - - [02/Sep/2003:10:00:26 -0700] "GET /images/button-download.gif HTTP/1.1" 304 - "http://www.antlr.org/grammar/list" "Mozilla/4.0 (compatible; MSIE 6.0; Windows NT 5.1; .NET CLR 1.0.3705)"
65.114.179.241 - - [02/Sep/2003:10:00:26 -0700] "GET /images/head-shim.gif HTTP/1.1" 304 - "http://www.antlr.org/grammar/list" "Mozilla/4.0 (compatible; MSIE 6.0; Windows NT 5.1; .NET CLR 1.0.3705)"
65.114.179.241 - - [02/Sep/2003:10:00:26 -0700] "GET /images/search.gif HTTP/1.1" 304 - "http://www.antlr.org/grammar/list" "Mozilla/4.0 (compatible; MSIE 6.0; Windows NT 5.1; .NET CLR 1.0.3705)"
65.114.179.241 - - [02/Sep/2003:10:00:26 -0700] "GET /images/search-go.gif HTTP/1.1" 304 - "http://www.antlr.org/grammar/list" "Mozilla/4.0 (compatible; MSIE 6.0; Windows NT 5.1; .NET CLR 1.0.3705)"
65.114.179.241 - - [02/Sep/2003:10:00:26 -0700] "GET /images/button-add-grammar.gif HTTP/1.1" 304 - "http://www.antlr.org/grammar/list" "Mozilla/4.0 (compatible; MSIE 6.0; Windows NT 5.1; .NET CLR 1.0.3705)"
65.114.179.241 - - [02/Sep/2003:10:00:50 -0700] "GET /images/shim.gif HTTP/1.1" 304 - "http://www.antlr.org/grammar/1062280680642/MS_SQL_SELECT.html" "Mozilla/4.0 (compatible; MSIE 6.0; Windows NT 5.1; .NET CLR 1.0.3705)"
65.114.179.241 - - [02/Sep/2003:10:00:50 -0700] "GET /images/logo-head.gif HTTP/1.1" 304 - "http://www.antlr.org/grammar/1062280680642/MS_SQL_SELECT.html" "Mozilla/4.0 (compatible; MSIE 6.0; Windows NT 5.1; .NET CLR 1.0.3705)"
65.114.179.241 - - [02/Sep/2003:10:00:50 -0700] "GET /images/button-download.gif HTTP/1.1" 304 - "http://www.antlr.org/grammar/1062280680642/MS_SQL_SELECT.html" "Mozilla/4.0 (compatible; MSIE 6.0; Windows NT 5.1; .NET CLR 1.0.3705)"
65.114.179.241 - - [02/Sep/2003:10:00:50 -0700] "GET /images/head-shim.gif HTTP/1.1" 304 - "http://www.antlr.org/grammar/1062280680642/MS_SQL_SELECT.html" "Mozilla/4.0 (compatible; MSIE 6.0; Windows NT 5.1; .NET CLR 1.0.3705)"
65.114.179.241 - - [02/Sep/2003:10:00:50 -0700] "GET /images/search.gif HTTP/1.1" 304 - "http://www.antlr.org/grammar/1062280680642/MS_SQL_SELECT.html" "Mozilla/4.0 (compatible; MSIE 6.0; Windows NT 5.1; .NET CLR 1.0.3705)"
65.114.179.241 - - [02/Sep/2003:10:00:50 -0700] "GET /images/search-go.gif HTTP/1.1" 304 - "http://www.antlr.org/grammar/1062280680642/MS_SQL_SELECT.html" "Mozilla/4.0 (compatible; MSIE 6.0; Windows NT 5.1; .NET CLR 1.0.3705)"
65.114.179.241 - - [02/Sep/2003:10:00:50 -0700] "GET /grammar/1062280680642/MS_SQL_SELECT.html HTTP/1.1" 200 48601 "http://www.antlr.org/grammar/list" "Mozilla/4.0 (compatible; MSIE 6.0; Windows NT 5.1; .NET CLR 1.0.3705)"
208.201.229.29 - - [02/Sep/2003:10:01:15 -0700] "GET / HTTP/1.1" 200 11690 "-" "Mozilla/5.0 (X11; U; Linux i686; en-US; rv:1.4) Gecko/20030714 Debian/1.4-2"
208.201.229.29 - - [02/Sep/2003:10:01:15 -0700] "GET /images/logo-head.gif HTTP/1.1" 200 4098 "http://www.antlr.org/" "Mozilla/5.0 (X11; U; Linux i686; en-US; rv:1.4) Gecko/20030714 Debian/1.4-2"
208.201.229.29 - - [02/Sep/2003:10:01:15 -0700] "GET /images/shim.gif HTTP/1.1" 200 43 "http://www.antlr.org/" "Mozilla/5.0 (X11; U; Linux i686; en-US; rv:1.4) Gecko/20030714 Debian/1.4-2"
208.201.229.29 - - [02/Sep/2003:10:01:15 -0700] "GET /images/button-download.gif HTTP/1.1" 200 733 "http://www.antlr.org/" "Mozilla/5.0 (X11; U; Linux i686; en-US; rv:1.4) Gecko/20030714 Debian/1.4-2"
208.201.229.29 - - [02/Sep/2003:10:01:15 -0700] "GET /images/parr-head.jpg HTTP/1.1" 200 3582 "http://www.antlr.org/" "Mozilla/5.0 (X11; U; Linux i686; en-US; rv:1.4) Gecko/20030714 Debian/1.4-2"
208.201.229.29 - - [02/Sep/2003:10:01:15 -0700] "GET /images/search.gif HTTP/1.1" 200 299 "http://www.antlr.org/" "Mozilla/5.0 (X11; U; Linux i686; en-US; rv:1.4) Gecko/20030714 Debian/1.4-2"
208.201.229.29 - - [02/Sep/2003:10:01:15 -0700] "GET /images/search-go.gif HTTP/1.1" 200 266 "http://www.antlr.org/" "Mozilla/5.0 (X11; U; Linux i686; en-US; rv:1.4) Gecko/20030714 Debian/1.4-2"
208.201.229.29 - - [02/Sep/2003:10:01:15 -0700] "GET /images/head-shim.gif HTTP/1.1" 200 158 "http://www.antlr.org/" "Mozilla/5.0 (X11; U; Linux i686; en-US; rv:1.4) Gecko/20030714 Debian/1.4-2"
208.201.229.29 - - [02/Sep/2003:10:02:01 -0700] "GET /doc/glossary.html HTTP/1.1" 200 31009 "http://www.antlr.org/" "Mozilla/5.0 (X11; U; Linux i686; en-US; rv:1.4) Gecko/20030714 Debian/1.4-2"
208.201.229.29 - - [02/Sep/2003:10:02:38 -0700] "GET /grammar/list HTTP/1.1" 200 15685 "http://www.antlr.org/" "Mozilla/5.0 (X11; U; Linux i686; en-US; rv:1.4) Gecko/20030714 Debian/1.4-2"
208.201.229.29 - - [02/Sep/2003:10:02:38 -0700] "GET /images/button-add-grammar.gif HTTP/1.1" 200 664 "http://www.antlr.org/grammar/list" "Mozilla/5.0 (X11; U; Linux i686; en-US; rv:1.4) Gecko/20030714 Debian/1.4-2"
64.68.80.69 - - [02/Sep/2003:10:02:50 -0700] "GET /robots.txt HTTP/1.0" 200 6457 "-" "Googlebot/2.1 (+http://www.googlebot.com/bot.html)"
64.68.80.69 - - [02/Sep/2003:10:02:50 -0700] "GET /javadoc/antlr/TokenStream.html HTTP/1.0" 200 10179 "-" "Googlebot/2.1 (+http://www.googlebot.com/bot.html)"
64.68.80.13 - - [02/Sep/2003:10:02:51 -0700] "GET /robots.txt HTTP/1.0" 200 6457 "-" "Googlebot/2.1 (+http://www.googlebot.com/bot.html)"
64.68.80.13 - - [02/Sep/2003:10:02:52 -0700] "GET /grammar/pascal/PascalLexer.java HTTP/1.0" 200 28338 "-" "Googlebot/2.1 (+http://www.googlebot.com/bot.html)"
64.68.80.27 - - [02/Sep/2003:10:02:54 -0700] "GET /robots.txt HTTP/1.0" 200 6457 "-" "Googlebot/2.1 (+http://www.googlebot.com/bot.html)"
64.68.80.27 - - [02/Sep/2003:10:02:54 -0700] "GET /javadoc/antlr/DefaultFileLineFormatter.html HTTP/1.0" 200 12200 "-" "Googlebot/2.1 (+http://www.googlebot.com/bot.html)"
65.114.179.241 - - [02/Sep/2003:10:02:56 -0700] "GET /grammar/linkChecker HTTP/1.1" 200 8038 "http://www.antlr.org/grammar/list" "Mozilla/4.0 (compatible; MSIE 6.0; Windows NT 5.1; .NET CLR 1.0.3705)"
65.114.179.241 - - [02/Sep/2003:10:02:57 -0700] "GET /images/search.gif HTTP/1.1" 304 - "http://www.antlr.org/grammar/linkChecker" "Mozilla/4.0 (compatible; MSIE 6.0; Windows NT 5.1; .NET CLR 1.0.3705)"
65.114.179.241 - - [02/Sep/2003:10:02:57 -0700] "GET /images/shim.gif HTTP/1.1" 304 - "http://www.antlr.org/grammar/linkChecker" "Mozilla/4.0 (compatible; MSIE 6.0; Windows NT 5.1; .NET CLR 1.0.3705)"
65.114.179.241 - - [02/Sep/2003:10:02:57 -0700] "GET /images/logo-head.gif HTTP/1.1" 304 - "http://www.antlr.org/grammar/linkChecker" "Mozilla/4.0 (compatible; MSIE 6.0; Windows NT 5.1; .NET CLR 1.0.3705)"
65.114.179.241 - - [02/Sep/2003:10:02:57 -0700] "GET /images/button-download.gif HTTP/1.1" 304 - "http://www.antlr.org/grammar/linkChecker" "Mozilla/4.0 (compatible; MSIE 6.0; Windows NT 5.1; .NET CLR 1.0.3705)"
65.114.179.241 - - [02/Sep/2003:10:02:57 -0700] "GET /images/head-shim.gif HTTP/1.1" 304 - "http://www.antlr.org/grammar/linkChecker" "Mozilla/4.0 (compatible; MSIE 6.0; Windows NT 5.1; .NET CLR 1.0.3705)"
65.114.179.241 - - [02/Sep/2003:10:02:57 -0700] "GET /images/search-go.gif HTTP/1.1" 304 - "http://www.antlr.org/grammar/linkChecker" "Mozilla/4.0 (compatible; MSIE 6.0; Windows NT 5.1; .NET CLR 1.0.3705)"
64.68.80.17 - - [02/Sep/2003:10:02:58 -0700] "GET /robots.txt HTTP/1.0" 200 6457 "-" "Googlebot/2.1 (+http://www.googlebot.com/bot.html)"
64.68.80.17 - - [02/Sep/2003:10:03:00 -0700] "GET /javadoc/antlr/CppCodeGenerator.html HTTP/1.0" 200 48708 "-" "Googlebot/2.1 (+http://www.googlebot.com/bot.html)"
65.114.179.241 - - [02/Sep/2003:10:03:02 -0700] "GET /grammar/linkChecker/links.g HTTP/1.1" 200 2147 "http://www.antlr.org/grammar/linkChecker" "Mozilla/4.0 (compatible; MSIE 6.0; Windows NT 5.1; .NET CLR 1.0.3705)"
65.114.179.241 - - [02/Sep/2003:10:03:25 -0700] "GET /grammar/linkChecker HTTP/1.1" 200 8038 "http://www.antlr.org/grammar/list" "Mozilla/4.0 (compatible; MSIE 6.0; Windows NT 5.1; .NET CLR 1.0.3705)"
65.114.179.241 - - [02/Sep/2003:10:03:29 -0700] "GET /grammar/linkChecker/test.html HTTP/1.1" 200 7797 "http://www.antlr.org/grammar/linkChecker" "Mozilla/4.0 (compatible; MSIE 6.0; Windows NT 5.1; .NET CLR 1.0.3705)"
65.114.179.241 - - [02/Sep/2003:10:03:29 -0700] "GET /grammar/linkChecker/images/t.gif HTTP/1.1" 200 6479 "http://www.antlr.org/grammar/linkChecker/test.html" "Mozilla/4.0 (compatible; MSIE 6.0; Windows NT 5.1; .NET CLR 1.0.3705)"
65.114.179.241 - - [02/Sep/2003:10:03:29 -0700] "GET /grammar/linkChecker/missing.gif HTTP/1.1" 200 6478 "http://www.antlr.org/grammar/linkChecker/test.html" "Mozilla/4.0 (compatible; MSIE 6.0; Windows NT 5.1; .NET CLR 1.0.3705)"
65.114.179.241 - - [02/Sep/2003:10:03:29 -0700] "GET /grammar/linkChecker/images/T.GIF HTTP/1.1" 200 6479 "http://www.antlr.org/grammar/linkChecker/test.html" "Mozilla/4.0 (compatible; MSIE 6.0; Windows NT 5.1; .NET CLR 1.0.3705)"
65.114.179.241 - - [02/Sep/2003:10:03:29 -0700] "GET /grammar/linkChecker/Images/T.GIF HTTP/1.1" 200 6479 "http://www.antlr.org/grammar/linkChecker/test.html" "Mozilla/4.0 (compatible; MSIE 6.0; Windows NT 5.1; .NET CLR 1.0.3705)"
65.114.179.241 - - [02/Sep/2003:10:03:33 -0700] "GET /grammar/linkChecker HTTP/1.1" 200 8038 "http://www.antlr.org/grammar/list" "Mozilla/4.0 (compatible; MSIE 6.0; Windows NT 5.1; .NET CLR 1.0.3705)"
66.177.59.87 - - [02/Sep/2003:10:03:44 -0700] "GET / HTTP/1.1" 200 11690 "-" "Mozilla/5.0 (X11; U; Linux i686; en-US; rv:1.5a) Gecko/20030806 Mozilla Firebird/0.6.1"
66.177.59.87 - - [02/Sep/2003:10:03:44 -0700] "GET /images/shim.gif HTTP/1.1" 200 43 "http://www.antlr.org/" "Mozilla/5.0 (X11; U; Linux i686; en-US; rv:1.5a) Gecko/20030806 Mozilla Firebird/0.6.1"
66.177.59.87 - - [02/Sep/2003:10:03:44 -0700] "GET /images/logo-head.gif HTTP/1.1" 200 4098 "http://www.antlr.org/" "Mozilla/5.0 (X11; U; Linux i686; en-US; rv:1.5a) Gecko/20030806 Mozilla Firebird/0.6.1"
66.177.59.87 - - [02/Sep/2003:10:03:44 -0700] "GET /favicon.ico HTTP/1.1" 404 173 "-" "Mozilla/5.0 (X11; U; Linux i686; en-US; rv:1.5a) Gecko/20030806 Mozilla Firebird/0.6.1"
66.177.59.87 - - [02/Sep/2003:10:03:44 -0700] "GET /images/button-download.gif HTTP/1.1" 200 733 "http://www.antlr.org/" "Mozilla/5.0 (X11; U; Linux i686; en-US; rv:1.5a) Gecko/20030806 Mozilla Firebird/0.6.1"
66.177.59.87 - - [02/Sep/2003:10:03:44 -0700] "GET /images/parr-head.jpg HTTP/1.1" 200 3582 "http://www.antlr.org/" "Mozilla/5.0 (X11; U; Linux i686; en-US; rv:1.5a) Gecko/20030806 Mozilla Firebird/0.6.1"
66.177.59.87 - - [02/Sep/2003:10:03:44 -0700] "GET /images/search.gif HTTP/1.1" 200 299 "http://www.antlr.org/" "Mozilla/5.0 (X11; U; Linux i686; en-US; rv:1.5a) Gecko/20030806 Mozilla Firebird/0.6.1"
66.177.59.87 - - [02/Sep/2003:10:03:44 -0700] "GET /images/search-go.gif HTTP/1.1" 200 266 "http://www.antlr.org/" "Mozilla/5.0 (X11; U; Linux i686; en-US; rv:1.5a) Gecko/20030806 Mozilla Firebird/0.6.1"
66.177.59.87 - - [02/Sep/2003:10:03:44 -0700] "GET /images/head-shim.gif HTTP/1.1" 200 158 "http://www.antlr.org/" "Mozilla/5.0 (X11; U; Linux i686; en-US; rv:1.5a) Gecko/20030806 Mozilla Firebird/0.6.1"
202.40.139.162 - - [02/Sep/2003:10:05:17 -0700] "GET / HTTP/1.0" 200 11690 "-" "Jakarta Commons-HttpClient/2.0beta1"
209.144.96.150 - - [02/Sep/2003:10:05:27 -0700] "GET /grammar/1057863397080/index.html HTTP/1.1" 200 8116 "http://www.antlr.org/grammar/list" "Mozilla/4.0 (compatible; MSIE 6.0; Windows NT 5.0; .NET CLR 1.0.3705; .NET CLR 1.1.4322)"
209.144.96.150 - - [02/Sep/2003:10:05:27 -0700] "GET /images/button-download.gif HTTP/1.1" 304 - "http://www.antlr.org/grammar/1057863397080/index.html" "Mozilla/4.0 (compatible; MSIE 6.0; Windows NT 5.0; .NET CLR 1.0.3705; .NET CLR 1.1.4322)"
209.144.96.150 - - [02/Sep/2003:10:05:27 -0700] "GET /images/search.gif HTTP/1.1" 304 - "http://www.antlr.org/grammar/1057863397080/index.html" "Mozilla/4.0 (compatible; MSIE 6.0; Windows NT 5.0; .NET CLR 1.0.3705; .NET CLR 1.1.4322)"
209.144.96.150 - - [02/Sep/2003:10:05:27 -0700] "GET /images/search-go.gif HTTP/1.1" 304 - "http://www.antlr.org/grammar/1057863397080/index.html" "Mozilla/4.0 (compatible; MSIE 6.0; Windows NT 5.0; .NET CLR 1.0.3705; .NET CLR 1.1.4322)"
218.145.25.77 - - [02/Sep/2003:10:05:46 -0700] "GET /resources.html HTTP/1.0" 302 144 "http://directory.google.com/Top/Computers/Programming/Compilers/Compiler_Construction_Kits/ANTLR/?tc=1" "Mozilla/4.0 (compatible; MSIE 6.0; Windows NT 5.0; .NET CLR 1.1.4322)"
218.145.25.77 - - [02/Sep/2003:10:05:46 -0700] "GET /error.jsp?msg=Problems+extracting+content%2Ftitle+from+file+%2Fresources.html%3A+null HTTP/1.0" 200 6466 "http://directory.google.com/Top/Computers/Programming/Compilers/Compiler_Construction_Kits/ANTLR/?tc=1" "Mozilla/4.0 (compatible; MSIE 6.0; Windows NT 5.0; .NET CLR 1.1.4322)"
218.145.25.77 - - [02/Sep/2003:10:05:47 -0700] "GET /images/button-download.gif HTTP/1.0" 200 733 "http://www.antlr.org/error.jsp?msg=Problems+extracting+content%2Ftitle+from+file+%2Fresources.html%3A+null" "Mozilla/4.0 (compatible; MSIE 6.0; Windows NT 5.0; .NET CLR 1.1.4322)"
218.145.25.77 - - [02/Sep/2003:10:05:53 -0700] "GET /grammar/list HTTP/1.0" 200 15685 "http://www.antlr.org/error.jsp?msg=Problems+extracting+content%2Ftitle+from+file+%2Fresources.html%3A+null" "Mozilla/4.0 (compatible; MSIE 6.0; Windows NT 5.0; .NET CLR 1.1.4322)"
218.145.25.77 - - [02/Sep/2003:10:05:53 -0700] "GET /images/button-add-grammar.gif HTTP/1.0" 200 664 "http://www.antlr.org/grammar/list" "Mozilla/4.0 (compatible; MSIE 6.0; Windows NT 5.0; .NET CLR 1.1.4322)"
218.145.25.77 - - [02/Sep/2003:10:05:53 -0700] "GET /images/search-go.gif HTTP/1.0" 200 266 "http://www.antlr.org/grammar/list" "Mozilla/4.0 (compatible; MSIE 6.0; Windows NT 5.0; .NET CLR 1.1.4322)"
207.245.217.212 - - [02/Sep/2003:10:05:57 -0700] "GET / HTTP/1.1" 200 11690 "-" "Mozilla/4.0 (compatible; MSIE 6.0; Windows NT 5.1; .NET CLR 1.0.3705)"
207.245.217.212 - - [02/Sep/2003:10:05:57 -0700] "GET /images/shim.gif HTTP/1.1" 304 - "http://www.antlr.org" "Mozilla/4.0 (compatible; MSIE 6.0; Windows NT 5.1; .NET CLR 1.0.3705)"
207.245.217.212 - - [02/Sep/2003:10:05:57 -0700] "GET /images/logo-head.gif HTTP/1.1" 304 - "http://www.antlr.org" "Mozilla/4.0 (compatible; MSIE 6.0; Windows NT 5.1; .NET CLR 1.0.3705)"
207.245.217.212 - - [02/Sep/2003:10:05:57 -0700] "GET /images/head-shim.gif HTTP/1.1" 304 - "http://www.antlr.org" "Mozilla/4.0 (compatible; MSIE 6.0; Windows NT 5.1; .NET CLR 1.0.3705)"
207.245.217.212 - - [02/Sep/2003:10:05:57 -0700] "GET /images/button-download.gif HTTP/1.1" 304 - "http://www.antlr.org" "Mozilla/4.0 (compatible; MSIE 6.0; Windows NT 5.1; .NET CLR 1.0.3705)"
207.245.217.212 - - [02/Sep/2003:10:05:57 -0700] "GET /images/parr-head.jpg HTTP/1.1" 304 - "http://www.antlr.org" "Mozilla/4.0 (compatible; MSIE 6.0; Windows NT 5.1; .NET CLR 1.0.3705)"
207.245.217.212 - - [02/Sep/2003:10:05:57 -0700] "GET /images/search.gif HTTP/1.1" 304 - "http://www.antlr.org" "Mozilla/4.0 (compatible; MSIE 6.0; Windows NT 5.1; .NET CLR 1.0.3705)"
207.245.217.212 - - [02/Sep/2003:10:05:57 -0700] "GET /images/search-go.gif HTTP/1.1" 304 - "http://www.antlr.org" "Mozilla/4.0 (compatible; MSIE 6.0; Windows NT 5.1; .NET CLR 1.0.3705)"
218.145.25.77 - - [02/Sep/2003:10:06:04 -0700] "GET /grammar/java HTTP/1.0" 200 8472 "http://www.antlr.org/grammar/list" "Mozilla/4.0 (compatible; MSIE 6.0; Windows NT 5.0; .NET CLR 1.1.4322)"
218.145.25.77 - - [02/Sep/2003:10:06:05 -0700] "GET /images/shim.gif HTTP/1.0" 200 43 "-" "Mozilla/3.01 (compatible;)"
218.145.25.77 - - [02/Sep/2003:10:06:05 -0700] "GET /images/logo-head.gif HTTP/1.0" 200 4098 "-" "Mozilla/3.01 (compatible;)"
218.145.25.77 - - [02/Sep/2003:10:06:05 -0700] "GET /images/head-shim.gif HTTP/1.0" 200 158 "-" "Mozilla/3.01 (compatible;)"
218.145.25.77 - - [02/Sep/2003:10:06:05 -0700] "GET /images/button-download.gif HTTP/1.0" 200 733 "-" "Mozilla/3.01 (compatible;)"
218.145.25.77 - - [02/Sep/2003:10:06:05 -0700] "GET /images/search.gif HTTP/1.0" 200 299 "-" "Mozilla/3.01 (compatible;)"
218.145.25.77 - - [02/Sep/2003:10:06:05 -0700] "GET /images/search-go.gif HTTP/1.0" 200 266 "-" "Mozilla/3.01 (compatible;)"
207.245.217.212 - - [02/Sep/2003:10:06:14 -0700] "GET /share/1061247417958/xref.tar.gz HTTP/1.1" 200 24576 "-" "DA 5.3"
218.145.25.77 - - [02/Sep/2003:10:06:17 -0700] "GET /grammar/java/java.g HTTP/1.0" 200 33216 "http://www.antlr.org/grammar/java" "Mozilla/4.0 (compatible; MSIE 6.0; Windows NT 5.0; .NET CLR 1.1.4322)"
207.245.217.212 - - [02/Sep/2003:10:06:40 -0700] "GET / HTTP/1.1" 200 11690 "-" "Mozilla/4.0 (compatible; MSIE 6.0; Windows NT 5.1; .NET CLR 1.0.3705)"
207.245.217.212 - - [02/Sep/2003:10:06:40 -0700] "GET /images/shim.gif HTTP/1.1" 304 - "http://www.antlr.org" "Mozilla/4.0 (compatible; MSIE 6.0; Windows NT 5.1; .NET CLR 1.0.3705)"
207.245.217.212 - - [02/Sep/2003:10:06:40 -0700] "GET /images/logo-head.gif HTTP/1.1" 304 - "http://www.antlr.org" "Mozilla/4.0 (compatible; MSIE 6.0; Windows NT 5.1; .NET CLR 1.0.3705)"
207.245.217.212 - - [02/Sep/2003:10:06:40 -0700] "GET /images/head-shim.gif HTTP/1.1" 304 - "http://www.antlr.org" "Mozilla/4.0 (compatible; MSIE 6.0; Windows NT 5.1; .NET CLR 1.0.3705)"
207.245.217.212 - - [02/Sep/2003:10:06:40 -0700] "GET /images/button-download.gif HTTP/1.1" 304 - "http://www.antlr.org" "Mozilla/4.0 (compatible; MSIE 6.0; Windows NT 5.1; .NET CLR 1.0.3705)"
207.245.217.212 - - [02/Sep/2003:10:06:40 -0700] "GET /images/parr-head.jpg HTTP/1.1" 304 - "http://www.antlr.org" "Mozilla/4.0 (compatible; MSIE 6.0; Windows NT 5.1; .NET CLR 1.0.3705)"
207.245.217.212 - - [02/Sep/2003:10:06:40 -0700] "GET /images/search.gif HTTP/1.1" 304 - "http://www.antlr.org" "Mozilla/4.0 (compatible; MSIE 6.0; Windows NT 5.1; .NET CLR 1.0.3705)"
207.245.217.212 - - [02/Sep/2003:10:06:40 -0700] "GET /images/search-go.gif HTTP/1.1" 304 - "http://www.antlr.org" "Mozilla/4.0 (compatible; MSIE 6.0; Windows NT 5.1; .NET CLR 1.0.3705)"
207.245.217.212 - - [02/Sep/2003:10:06:43 -0700] "GET /grammar/1062280680642/MS_SQL_SELECT.html HTTP/1.1" 200 48601 "http://www.antlr.org" "Mozilla/4.0 (compatible; MSIE 6.0; Windows NT 5.1; .NET CLR 1.0.3705)"
218.145.25.77 - - [02/Sep/2003:10:07:08 -0700] "GET /about.html HTTP/1.0" 200 8707 "http://www.antlr.org/grammar/java" "Mozilla/4.0 (compatible; MSIE 6.0; Windows NT 5.0; .NET CLR 1.1.4322)"
218.145.25.77 - - [02/Sep/2003:10:07:20 -0700] "GET /doc/index.html HTTP/1.0" 200 26469 "http://www.antlr.org/about.html" "Mozilla/4.0 (compatible; MSIE 6.0; Windows NT 5.0; .NET CLR 1.1.4322)"
207.245.217.212 - - [02/Sep/2003:10:07:23 -0700] "GET / HTTP/1.1" 200 11690 "-" "Mozilla/4.0 (compatible; MSIE 6.0; Windows NT 5.1; .NET CLR 1.0.3705)"
207.245.217.212 - - [02/Sep/2003:10:07:47 -0700] "GET / HTTP/1.1" 200 11690 "-" "Mozilla/4.0 (compatible; MSIE 6.0; Windows NT 5.1; .NET CLR 1.0.3705)"
207.245.217.212 - - [02/Sep/2003:10:07:53 -0700] "GET /doc/index.html HTTP/1.1" 200 26469 "http://www.antlr.org" "Mozilla/4.0 (compatible; MSIE 6.0; Windows NT 5.1; .NET CLR 1.0.3705)"
207.245.217.212 - - [02/Sep/2003:10:07:55 -0700] "GET / HTTP/1.1" 200 11690 "-" "Mozilla/4.0 (compatible; MSIE 6.0; Windows NT 5.1; .NET CLR 1.0.3705)"
218.145.25.77 - - [02/Sep/2003:10:08:00 -0700] "GET /download.html HTTP/1.0" 200 9276 "http://www.antlr.org/doc/index.html" "Mozilla/4.0 (compatible; MSIE 6.0; Windows NT 5.0; .NET CLR 1.1.4322)"
62.153.11.165 - - [02/Sep/2003:10:08:12 -0700] "GET / HTTP/1.1" 200 11690 "-" "Mozilla/5.0 (compatible; Konqueror/3.1; Linux)"
62.153.11.165 - - [02/Sep/2003:10:08:14 -0700] "GET / HTTP/1.1" 200 11690 "-" "Mozilla/5.0 (compatible; Konqueror/3.1; Linux)"
62.153.11.165 - - [02/Sep/2003:10:08:14 -0700] "GET /images/shim.gif HTTP/1.1" 200 43 "http://www.antlr.org/" "Mozilla/5.0 (compatible; Konqueror/3.1; Linux)"
62.153.11.165 - - [02/Sep/2003:10:08:14 -0700] "GET /images/logo-head.gif HTTP/1.1" 200 4098 "http://www.antlr.org/" "Mozilla/5.0 (compatible; Konqueror/3.1; Linux)"
62.153.11.165 - - [02/Sep/2003:10:08:14 -0700] "GET /images/head-shim.gif HTTP/1.1" 200 158 "http://www.antlr.org/" "Mozilla/5.0 (compatible; Konqueror/3.1; Linux)"
62.153.11.165 - - [02/Sep/2003:10:08:15 -0700] "GET /images/button-download.gif HTTP/1.1" 200 733 "http://www.antlr.org/" "Mozilla/5.0 (compatible; Konqueror/3.1; Linux)"
62.153.11.165 - - [02/Sep/2003:10:08:15 -0700] "GET /images/parr-head.jpg HTTP/1.1" 200 3582 "http://www.antlr.org/" "Mozilla/5.0 (compatible; Konqueror/3.1; Linux)"
62.153.11.165 - - [02/Sep/2003:10:08:15 -0700] "GET /images/search.gif HTTP/1.1" 200 299 "http://www.antlr.org/" "Mozilla/5.0 (compatible; Konqueror/3.1; Linux)"
62.153.11.165 - - [02/Sep/2003:10:08:16 -0700] "GET /images/search-go.gif HTTP/1.1" 200 266 "http://www.antlr.org/" "Mozilla/5.0 (compatible; Konqueror/3.1; Linux)"
218.145.25.77 - - [02/Sep/2003:10:08:16 -0700] "GET /grammar/java/java.g HTTP/1.0" 200 33216 "http://www.antlr.org/grammar/java" "Mozilla/4.0 (compatible; MSIE 6.0; Windows NT 5.0; .NET CLR 1.1.4322)"
62.153.11.165 - - [02/Sep/2003:10:08:17 -0700] "GET /favicon.ico HTTP/1.1" 404 173 "-" "Mozilla/5.0 (compatible; Konqueror/3.1; Linux)"
62.153.11.165 - - [02/Sep/2003:10:08:33 -0700] "GET /download.html HTTP/1.1" 200 9276 "http://www.antlr.org/" "Mozilla/5.0 (compatible; Konqueror/3.1; Linux)"
218.145.25.77 - - [02/Sep/2003:10:08:45 -0700] "GET /download.html HTTP/1.0" 200 9276 "http://www.antlr.org/grammar/list" "Mozilla/4.0 (compatible; MSIE 6.0; Windows NT 5.0; .NET CLR 1.1.4322)"
218.145.25.77 - - [02/Sep/2003:10:09:24 -0700] "GET /download/antlr-2.7.2.tar.gz HTTP/1.0" 200 1557051 "-" "Mozilla/4.0 (compatible; MSIE 6.0; Windows NT 5.0; .NET CLR 1.1.4322)"
207.245.217.212 - - [02/Sep/2003:10:10:51 -0700] "GET / HTTP/1.1" 200 11690 "-" "Mozilla/4.0 (compatible; MSIE 6.0; Windows NT 5.1; .NET CLR 1.0.3705)"
207.245.217.212 - - [02/Sep/2003:10:10:51 -0700] "GET /images/shim.gif HTTP/1.1" 304 - "http://antlr.org/" "Mozilla/4.0 (compatible; MSIE 6.0; Windows NT 5.1; .NET CLR 1.0.3705)"
207.245.217.212 - - [02/Sep/2003:10:10:51 -0700] "GET /images/logo-head.gif HTTP/1.1" 304 - "http://antlr.org/" "Mozilla/4.0 (compatible; MSIE 6.0; Windows NT 5.1; .NET CLR 1.0.3705)"
207.245.217.212 - - [02/Sep/2003:10:10:51 -0700] "GET /images/head-shim.gif HTTP/1.1" 304 - "http://antlr.org/" "Mozilla/4.0 (compatible; MSIE 6.0; Windows NT 5.1; .NET CLR 1.0.3705)"
207.245.217.212 - - [02/Sep/2003:10:10:51 -0700] "GET /images/button-download.gif HTTP/1.1" 304 - "http://antlr.org/" "Mozilla/4.0 (compatible; MSIE 6.0; Windows NT 5.1; .NET CLR 1.0.3705)"
207.245.217.212 - - [02/Sep/2003:10:10:51 -0700] "GET /images/parr-head.jpg HTTP/1.1" 304 - "http://antlr.org/" "Mozilla/4.0 (compatible; MSIE 6.0; Windows NT 5.1; .NET CLR 1.0.3705)"
207.245.217.212 - - [02/Sep/2003:10:10:52 -0700] "GET /images/search.gif HTTP/1.1" 304 - "http://antlr.org/" "Mozilla/4.0 (compatible; MSIE 6.0; Windows NT 5.1; .NET CLR 1.0.3705)"
207.245.217.212 - - [02/Sep/2003:10:10:52 -0700] "GET /images/search-go.gif HTTP/1.1" 304 - "http://antlr.org/" "Mozilla/4.0 (compatible; MSIE 6.0; Windows NT 5.1; .NET CLR 1.0.3705)"
207.245.217.212 - - [02/Sep/2003:10:10:54 -0700] "GET /download.html HTTP/1.1" 200 9276 "http://antlr.org/" "Mozilla/4.0 (compatible; MSIE 6.0; Windows NT 5.1; .NET CLR 1.0.3705)"
207.245.217.212 - - [02/Sep/2003:10:10:56 -0700] "GET /grammar/list HTTP/1.1" 200 15685 "http://antlr.org/download.html" "Mozilla/4.0 (compatible; MSIE 6.0; Windows NT 5.1; .NET CLR 1.0.3705)"
207.245.217.212 - - [02/Sep/2003:10:10:56 -0700] "GET /images/button-add-grammar.gif HTTP/1.1" 200 664 "http://antlr.org/grammar/list" "Mozilla/4.0 (compatible; MSIE 6.0; Windows NT 5.1; .NET CLR 1.0.3705)"
207.245.217.212 - - [02/Sep/2003:10:10:59 -0700] "GET /grammar/java HTTP/1.1" 200 8472 "-" "Mozilla/4.0 (compatible; MSIE 6.0; Windows NT 5.1; .NET CLR 1.0.3705)"
218.145.25.77 - - [02/Sep/2003:10:11:42 -0700] "GET /images/shim.gif HTTP/1.0" 200 43 "-" "Mozilla/3.01 (compatible;)"
218.145.25.77 - - [02/Sep/2003:10:11:42 -0700] "GET /images/logo-head.gif HTTP/1.0" 200 4098 "-" "Mozilla/3.01 (compatible;)"
218.145.25.77 - - [02/Sep/2003:10:11:42 -0700] "GET /images/head-shim.gif HTTP/1.0" 200 158 "-" "Mozilla/3.01 (compatible;)"
218.145.25.77 - - [02/Sep/2003:10:11:42 -0700] "GET /doc/index.html HTTP/1.0" 200 26469 "http://www.antlr.org/download.html" "Mozilla/4.0 (compatible; MSIE 6.0; Windows NT 5.0; .NET CLR 1.1.4322)"
218.145.25.77 - - [02/Sep/2003:10:11:42 -0700] "GET /images/button-download.gif HTTP/1.0" 200 733 "-" "Mozilla/3.01 (compatible;)"
218.145.25.77 - - [02/Sep/2003:10:11:42 -0700] "GET /images/search.gif HTTP/1.0" 200 299 "-" "Mozilla/3.01 (compatible;)"
207.245.217.212 - - [02/Sep/2003:10:12:06 -0700] "GET /grammar/java/java.tree.g HTTP/1.1" 200 5213 "http://antlr.org/grammar/java" "Mozilla/4.0 (compatible; MSIE 6.0; Windows NT 5.1; .NET CLR 1.0.3705)"
207.245.217.212 - - [02/Sep/2003:10:12:10 -0700] "GET /grammar/java HTTP/1.1" 200 8472 "-" "Mozilla/4.0 (compatible; MSIE 6.0; Windows NT 5.1; .NET CLR 1.0.3705)"
207.245.217.212 - - [02/Sep/2003:10:12:15 -0700] "GET /grammar/java/JavaTreeParser.java HTTP/1.1" 200 59909 "http://antlr.org/grammar/java" "Mozilla/4.0 (compatible; MSIE 6.0; Windows NT 5.1; .NET CLR 1.0.3705)"
207.245.217.212 - - [02/Sep/2003:10:12:17 -0700] "GET /grammar/java HTTP/1.1" 200 8472 "-" "Mozilla/4.0 (compatible; MSIE 6.0; Windows NT 5.1; .NET CLR 1.0.3705)"
207.245.217.212 - - [02/Sep/2003:10:12:19 -0700] "GET /grammar/java/JavaTreeParserTokenTypes.txt HTTP/1.1" 200 2634 "http://antlr.org/grammar/java" "Mozilla/4.0 (compatible; MSIE 6.0; Windows NT 5.1; .NET CLR 1.0.3705)"
66.177.59.87 - - [02/Sep/2003:10:12:21 -0700] "GET / HTTP/1.1" 200 11690 "-" "Mozilla/5.0 (compatible; Konqueror/3.1; Linux 2.6.0-test4)"
207.245.217.212 - - [02/Sep/2003:10:12:21 -0700] "GET /grammar/java HTTP/1.1" 200 8472 "-" "Mozilla/4.0 (compatible; MSIE 6.0; Windows NT 5.1; .NET CLR 1.0.3705)"
66.177.59.87 - - [02/Sep/2003:10:12:22 -0700] "GET /favicon.ico HTTP/1.1" 404 173 "-" "Mozilla/5.0 (compatible; Konqueror/3.1; Linux 2.6.0-test4)"
207.245.217.212 - - [02/Sep/2003:10:12:23 -0700] "GET /grammar/java/tests HTTP/1.1" 200 7970 "http://antlr.org/grammar/java" "Mozilla/4.0 (compatible; MSIE 6.0; Windows NT 5.1; .NET CLR 1.0.3705)"
207.245.217.212 - - [02/Sep/2003:10:12:24 -0700] "GET /grammar/java/tests/E.java HTTP/1.1" 200 430 "http://antlr.org/grammar/java/tests" "Mozilla/4.0 (compatible; MSIE 6.0; Windows NT 5.1; .NET CLR 1.0.3705)"
207.245.217.212 - - [02/Sep/2003:10:12:27 -0700] "GET /grammar/java/tests HTTP/1.1" 200 7970 "http://antlr.org/grammar/java" "Mozilla/4.0 (compatible; MSIE 6.0; Windows NT 5.1; .NET CLR 1.0.3705)"
207.245.217.212 - - [02/Sep/2003:10:12:36 -0700] "GET /javadoc/overview-summary.html HTTP/1.1" 200 9784 "http://antlr.org/grammar/list" "Mozilla/4.0 (compatible; MSIE 6.0; Windows NT 5.1; .NET CLR 1.0.3705)"
207.245.217.212 - - [02/Sep/2003:10:12:37 -0700] "GET /share/list HTTP/1.1" 200 10783 "http://antlr.org/javadoc/overview-summary.html" "Mozilla/4.0 (compatible; MSIE 6.0; Windows NT 5.1; .NET CLR 1.0.3705)"
207.245.217.212 - - [02/Sep/2003:10:12:37 -0700] "GET /images/button-shared-resource.gif HTTP/1.1" 200 853 "http://antlr.org/share/list" "Mozilla/4.0 (compatible; MSIE 6.0; Windows NT 5.1; .NET CLR 1.0.3705)"
66.177.59.87 - - [02/Sep/2003:10:12:42 -0700] "GET /grammar/cpp HTTP/1.1" 200 8441 "http://www.antlr.org/" "Mozilla/5.0 (compatible; Konqueror/3.1; Linux 2.6.0-test4)"
66.177.59.87 - - [02/Sep/2003:10:12:46 -0700] "GET /grammar/cpp/MyReadMe.txt HTTP/1.1" 200 5163 "http://www.antlr.org/grammar/cpp" "Mozilla/5.0 (compatible; Konqueror/3.1; Linux 2.6.0-test4)"
202.40.139.162 - - [02/Sep/2003:10:12:53 -0700] "GET / HTTP/1.0" 200 11690 "-" "Jakarta Commons-HttpClient/2.0beta1"
207.245.217.212 - - [02/Sep/2003:10:12:59 -0700] "GET /share/1059167192813/JavaReader.zip HTTP/1.1" 200 3648 "-" "DA 5.3"
66.177.59.87 - - [02/Sep/2003:10:13:14 -0700] "GET / HTTP/1.1" 200 11690 "-" "Mozilla/5.0 (X11; U; Linux i686; en-US; rv:1.5a) Gecko/20030806 Mozilla Firebird/0.6.1"
66.177.59.87 - - [02/Sep/2003:10:13:19 -0700] "GET /grammar/cpp HTTP/1.1" 200 8441 "http://www.antlr.org/" "Mozilla/5.0 (X11; U; Linux i686; en-US; rv:1.5a) Gecko/20030806 Mozilla Firebird/0.6.1"
66.177.59.87 - - [02/Sep/2003:10:13:20 -0700] "GET /grammar/cpp/MyReadMe.txt HTTP/1.1" 200 5163 "http://www.antlr.org/grammar/cpp" "Mozilla/5.0 (X11; U; Linux i686; en-US; rv:1.5a) Gecko/20030806 Mozilla Firebird/0.6.1"
218.145.25.77 - - [02/Sep/2003:10:13:32 -0700] "GET /download.html HTTP/1.0" 200 9276 "http://www.antlr.org/grammar/list" "Mozilla/4.0 (compatible; MSIE 6.0; Windows NT 5.0; .NET CLR 1.1.4322)"
218.145.25.77 - - [02/Sep/2003:10:13:39 -0700] "GET /grammar/list HTTP/1.0" 200 15628 "http://www.antlr.org/download.html" "Mozilla/4.0 (compatible; MSIE 6.0; Windows NT 5.0; .NET CLR 1.1.4322)"
202.40.139.162 - - [02/Sep/2003:10:13:39 -0700] "GET / HTTP/1.0" 200 11690 "-" "Jakarta Commons-HttpClient/2.0beta1"
218.145.25.77 - - [02/Sep/2003:10:13:40 -0700] "GET /images/button-add-grammar.gif HTTP/1.0" 200 664 "-" "Mozilla/3.01 (compatible;)"
218.145.25.77 - - [02/Sep/2003:10:13:47 -0700] "GET /grammar/java HTTP/1.0" 200 8472 "http://www.antlr.org/grammar/list" "Mozilla/4.0 (compatible; MSIE 6.0; Windows NT 5.0; .NET CLR 1.1.4322)"
218.145.25.77 - - [02/Sep/2003:10:13:49 -0700] "GET /grammar/java/java.g HTTP/1.0" 200 33216 "http://www.antlr.org/grammar/java" "Mozilla/4.0 (compatible; MSIE 6.0; Windows NT 5.0; .NET CLR 1.1.4322)"
218.145.25.77 - - [02/Sep/2003:10:14:05 -0700] "GET /grammar/java/Main.java HTTP/1.0" 200 3315 "http://www.antlr.org/grammar/java" "Mozilla/4.0 (compatible; MSIE 6.0; Windows NT 5.0; .NET CLR 1.1.4322)"
218.145.25.77 - - [02/Sep/2003:10:14:13 -0700] "GET /grammar/java/java.g HTTP/1.0" 200 33216 "http://www.antlr.org/grammar/java" "Mozilla/4.0 (compatible; MSIE 6.0; Windows NT 5.0; .NET CLR 1.1.4322)"
62.153.11.165 - - [02/Sep/2003:10:14:47 -0700] "GET /download/antlr-2.7.2.tar.gz HTTP/1.1" 200 1557051 "http://www.antlr.org/download.html" "Mozilla/5.0 (compatible; Konqueror/3.1; Linux)"
66.177.59.87 - - [02/Sep/2003:10:14:54 -0700] "GET /grammar/list HTTP/1.1" 200 15685 "http://www.antlr.org/grammar/cpp" "Mozilla/5.0 (X11; U; Linux i686; en-US; rv:1.5a) Gecko/20030806 Mozilla Firebird/0.6.1"
66.177.59.87 - - [02/Sep/2003:10:14:54 -0700] "GET /images/button-add-grammar.gif HTTP/1.1" 200 664 "http://www.antlr.org/grammar/list" "Mozilla/5.0 (X11; U; Linux i686; en-US; rv:1.5a) Gecko/20030806 Mozilla Firebird/0.6.1"
66.177.59.87 - - [02/Sep/2003:10:14:59 -0700] "GET /grammar/cgram HTTP/1.1" 200 8086 "http://www.antlr.org/grammar/list" "Mozilla/5.0 (X11; U; Linux i686; en-US; rv:1.5a) Gecko/20030806 Mozilla Firebird/0.6.1"
66.177.59.87 - - [02/Sep/2003:10:15:01 -0700] "GET /grammar/cgram/readme.txt HTTP/1.1" 200 4807 "http://www.antlr.org/grammar/cgram" "Mozilla/5.0 (X11; U; Linux i686; en-US; rv:1.5a) Gecko/20030806 Mozilla Firebird/0.6.1"
12.146.158.76 - - [02/Sep/2003:10:15:13 -0700] "GET / HTTP/1.1" 200 11690 "-" "Mozilla/4.0 (compatible; MSIE 5.0; Windows 2000) Opera 6.04 [en]"
12.146.158.76 - - [02/Sep/2003:10:15:14 -0700] "GET /images/shim.gif HTTP/1.1" 200 43 "http://antlr.org/" "Mozilla/4.0 (compatible; MSIE 5.0; Windows 2000) Opera 6.04 [en]"
12.146.158.76 - - [02/Sep/2003:10:15:14 -0700] "GET /images/search.gif HTTP/1.1" 200 299 "http://antlr.org/" "Mozilla/4.0 (compatible; MSIE 5.0; Windows 2000) Opera 6.04 [en]"
12.146.158.76 - - [02/Sep/2003:10:15:14 -0700] "GET /images/logo-head.gif HTTP/1.1" 200 4098 "http://antlr.org/" "Mozilla/4.0 (compatible; MSIE 5.0; Windows 2000) Opera 6.04 [en]"
12.146.158.76 - - [02/Sep/2003:10:15:14 -0700] "GET /images/button-download.gif HTTP/1.1" 200 733 "http://antlr.org/" "Mozilla/4.0 (compatible; MSIE 5.0; Windows 2000) Opera 6.04 [en]"
12.146.158.76 - - [02/Sep/2003:10:15:14 -0700] "GET /images/parr-head.jpg HTTP/1.1" 200 3582 "http://antlr.org/" "Mozilla/4.0 (compatible; MSIE 5.0; Windows 2000) Opera 6.04 [en]"
12.146.158.76 - - [02/Sep/2003:10:15:14 -0700] "GET /images/search-go.gif HTTP/1.1" 200 266 "http://antlr.org/" "Mozilla/4.0 (compatible; MSIE 5.0; Windows 2000) Opera 6.04 [en]"
12.146.158.76 - - [02/Sep/2003:10:15:14 -0700] "GET /images/head-shim.gif HTTP/1.1" 200 158 "http://antlr.org/" "Mozilla/4.0 (compatible; MSIE 5.0; Windows 2000) Opera 6.04 [en]"
12.146.158.76 - - [02/Sep/2003:10:15:16 -0700] "GET /doc/getting-started.html HTTP/1.1" 200 11326 "http://antlr.org/" "Mozilla/4.0 (compatible; MSIE 5.0; Windows 2000) Opera 6.04 [en]"
66.177.59.87 - - [02/Sep/2003:10:15:27 -0700] "GET /grammar/cgram/announce.txt HTTP/1.1" 200 867 "http://www.antlr.org/grammar/cgram" "Mozilla/5.0 (X11; U; Linux i686; en-US; rv:1.5a) Gecko/20030806 Mozilla Firebird/0.6.1"
213.3.6.89 - - [02/Sep/2003:10:16:17 -0700] "GET /share/list HTTP/1.1" 200 10783 "-" "Mozilla/5.0 (Windows; U; Windows NT 5.0; en-US; rv:1.4) Gecko/20030624 Netscape/7.1 (ax)"
213.3.6.89 - - [02/Sep/2003:10:16:18 -0700] "GET /images/logo-head.gif HTTP/1.1" 304 - "-" "Mozilla/5.0 (Windows; U; Windows NT 5.0; en-US; rv:1.4) Gecko/20030624 Netscape/7.1 (ax)"
213.3.6.89 - - [02/Sep/2003:10:16:18 -0700] "GET /images/shim.gif HTTP/1.1" 304 - "-" "Mozilla/5.0 (Windows; U; Windows NT 5.0; en-US; rv:1.4) Gecko/20030624 Netscape/7.1 (ax)"
213.3.6.89 - - [02/Sep/2003:10:16:18 -0700] "GET /images/button-download.gif HTTP/1.1" 304 - "-" "Mozilla/5.0 (Windows; U; Windows NT 5.0; en-US; rv:1.4) Gecko/20030624 Netscape/7.1 (ax)"
213.3.6.89 - - [02/Sep/2003:10:16:18 -0700] "GET /images/search.gif HTTP/1.1" 304 - "-" "Mozilla/5.0 (Windows; U; Windows NT 5.0; en-US; rv:1.4) Gecko/20030624 Netscape/7.1 (ax)"
213.3.6.89 - - [02/Sep/2003:10:16:18 -0700] "GET /images/search-go.gif HTTP/1.1" 304 - "-" "Mozilla/5.0 (Windows; U; Windows NT 5.0; en-US; rv:1.4) Gecko/20030624 Netscape/7.1 (ax)"
213.3.6.89 - - [02/Sep/2003:10:16:18 -0700] "GET /images/button-shared-resource.gif HTTP/1.1" 200 853 "-" "Mozilla/5.0 (Windows; U; Windows NT 5.0; en-US; rv:1.4) Gecko/20030624 Netscape/7.1 (ax)"
213.3.6.89 - - [02/Sep/2003:10:16:18 -0700] "GET /images/head-shim.gif HTTP/1.1" 304 - "-" "Mozilla/5.0 (Windows; U; Windows NT 5.0; en-US; rv:1.4) Gecko/20030624 Netscape/7.1 (ax)"
218.145.25.77 - - [02/Sep/2003:10:16:23 -0700] "GET /grammar/HTML HTTP/1.0" 200 7830 "http://www.antlr.org/grammar/list" "Mozilla/4.0 (compatible; MSIE 6.0; Windows NT 5.0; .NET CLR 1.1.4322)"
218.145.25.77 - - [02/Sep/2003:10:16:27 -0700] "GET /grammar/HTML/html.g HTTP/1.0" 200 14739 "http://www.antlr.org/grammar/HTML" "Mozilla/4.0 (compatible; MSIE 6.0; Windows NT 5.0; .NET CLR 1.1.4322)"
218.145.25.77 - - [02/Sep/2003:10:17:20 -0700] "GET /grammar/java HTTP/1.0" 200 8472 "http://www.antlr.org/grammar/list" "Mozilla/4.0 (compatible; MSIE 6.0; Windows NT 5.0; .NET CLR 1.1.4322)"
218.145.25.77 - - [02/Sep/2003:10:17:26 -0700] "GET /grammar/java/JavaLexer.java HTTP/1.0" 200 51538 "http://www.antlr.org/grammar/java" "Mozilla/4.0 (compatible; MSIE 6.0; Windows NT 5.0; .NET CLR 1.1.4322)"
213.3.6.89 - - [02/Sep/2003:10:18:08 -0700] "GET /download.html HTTP/1.1" 200 9276 "-" "Mozilla/5.0 (Windows; U; Windows NT 5.0; en-US; rv:1.4) Gecko/20030624 Netscape/7.1 (ax)"
213.3.6.89 - - [02/Sep/2003:10:18:09 -0700] "GET /images/shim.gif HTTP/1.1" 304 - "-" "Mozilla/5.0 (Windows; U; Windows NT 5.0; en-US; rv:1.4) Gecko/20030624 Netscape/7.1 (ax)"
213.3.6.89 - - [02/Sep/2003:10:18:09 -0700] "GET /images/button-download.gif HTTP/1.1" 304 - "-" "Mozilla/5.0 (Windows; U; Windows NT 5.0; en-US; rv:1.4) Gecko/20030624 Netscape/7.1 (ax)"
213.3.6.89 - - [02/Sep/2003:10:18:09 -0700] "GET /images/logo-head.gif HTTP/1.1" 304 - "-" "Mozilla/5.0 (Windows; U; Windows NT 5.0; en-US; rv:1.4) Gecko/20030624 Netscape/7.1 (ax)"
213.3.6.89 - - [02/Sep/2003:10:18:09 -0700] "GET /images/search.gif HTTP/1.1" 304 - "-" "Mozilla/5.0 (Windows; U; Windows NT 5.0; en-US; rv:1.4) Gecko/20030624 Netscape/7.1 (ax)"
213.3.6.89 - - [02/Sep/2003:10:18:09 -0700] "GET /images/search-go.gif HTTP/1.1" 304 - "-" "Mozilla/5.0 (Windows; U; Windows NT 5.0; en-US; rv:1.4) Gecko/20030624 Netscape/7.1 (ax)"
213.3.6.89 - - [02/Sep/2003:10:18:10 -0700] "GET /images/head-shim.gif HTTP/1.1" 304 - "-" "Mozilla/5.0 (Windows; U; Windows NT 5.0; en-US; rv:1.4) Gecko/20030624 Netscape/7.1 (ax)"
213.3.6.89 - - [02/Sep/2003:10:18:16 -0700] "GET /download/antlr-2.7.0.zip HTTP/1.1" 200 98304 "-" "Mozilla/5.0 (Windows; U; Windows NT 5.0; en-US; rv:1.4) Gecko/20030624 Netscape/7.1 (ax)"
213.3.6.89 - - [02/Sep/2003:10:18:38 -0700] "GET /download/antlr-2.7.0.zip HTTP/1.1" 200 1291672 "-" "Mozilla/5.0 (Windows; U; Windows NT 5.0; en-US; rv:1.4) Gecko/20030624 Netscape/7.1 (ax)"
218.145.25.77 - - [02/Sep/2003:10:19:08 -0700] "GET /grammar/java/JavaLexer.java HTTP/1.0" 200 51538 "-" "Mozilla/4.0 (compatible; MSIE 6.0; Windows NT 5.0; .NET CLR 1.1.4322)"
218.145.25.77 - - [02/Sep/2003:10:19:18 -0700] "GET /grammar/java/JavaRecognizer.java HTTP/1.0" 200 120090 "-" "Mozilla/4.0 (compatible; MSIE 6.0; Windows NT 5.0; .NET CLR 1.1.4322)"
218.145.25.77 - - [02/Sep/2003:10:19:41 -0700] "GET /grammar/java/JavaTokenTypes.java HTTP/1.0" 200 3370 "-" "Mozilla/4.0 (compatible; MSIE 6.0; Windows NT 5.0; .NET CLR 1.1.4322)"
218.145.25.77 - - [02/Sep/2003:10:19:48 -0700] "GET /grammar/java/JavaTokenTypes.txt HTTP/1.0" 200 2583 "-" "Mozilla/4.0 (compatible; MSIE 6.0; Windows NT 5.0; .NET CLR 1.1.4322)"
218.145.25.77 - - [02/Sep/2003:10:19:55 -0700] "GET /grammar/java/JavaTreeParser.java HTTP/1.0" 200 59909 "-" "Mozilla/4.0 (compatible; MSIE 6.0; Windows NT 5.0; .NET CLR 1.1.4322)"
218.145.25.77 - - [02/Sep/2003:10:20:00 -0700] "GET /grammar/java/JavaTreeParserTokenTypes.java HTTP/1.0" 200 3416 "-" "Mozilla/4.0 (compatible; MSIE 6.0; Windows NT 5.0; .NET CLR 1.1.4322)"
218.145.25.77 - - [02/Sep/2003:10:20:06 -0700] "GET /grammar/java/JavaTreeParserTokenTypes.txt HTTP/1.0" 200 2634 "-" "Mozilla/4.0 (compatible; MSIE 6.0; Windows NT 5.0; .NET CLR 1.1.4322)"
63.110.52.41 - - [02/Sep/2003:10:20:28 -0700] "GET /doc/lexer.html HTTP/1.1" 200 83864 "http://www.antlr.org/doc/index.html" "Mozilla/5.0 (Windows; U; Windows NT 5.1; en-US; rv:1.5b) Gecko/20030821"
218.145.25.77 - - [02/Sep/2003:10:21:13 -0700] "GET /grammar/java/Main.java HTTP/1.0" 200 3315 "-" "Mozilla/4.0 (compatible; MSIE 6.0; Windows NT 5.0; .NET CLR 1.1.4322)"
218.145.25.77 - - [02/Sep/2003:10:21:45 -0700] "GET /grammar/java/Main.java HTTP/1.0" 200 3315 "http://www.antlr.org/grammar/java" "Mozilla/4.0 (compatible; MSIE 6.0; Windows NT 5.0; .NET CLR 1.1.4322)"
