216.181.179.247 - - [02/Sep/2003:08:09:15 -0700] "GET /images/parr-head.jpg HTTP/1.1" 200 3582 "http://www.antlr.org" "Mozilla/4.0 (compatible; MSIE 6.0; Windows NT 5.1; .NET CLR 1.0.3705; .NET CLR 1.1.4322)"
216.181.179.247 - - [02/Sep/2003:08:09:15 -0700] "GET /images/search-go.gif HTTP/1.1" 200 266 "http://www.antlr.org" "Mozilla/4.0 (compatible; MSIE 6.0; Windows NT 5.1; .NET CLR 1.0.3705; .NET CLR 1.1.4322)"
216.181.179.247 - - [02/Sep/2003:08:10:06 -0700] "GET /support.html HTTP/1.1" 200 10899 "http://www.antlr.org" "Mozilla/4.0 (compatible; MSIE 6.0; Windows NT 5.1; .NET CLR 1.0.3705; .NET CLR 1.1.4322)"
216.181.179.247 - - [02/Sep/2003:08:10:06 -0700] "GET /images/shim.gif HTTP/1.1" 304 - "http://www.antlr.org/support.html" "Mozilla/4.0 (compatible; MSIE 6.0; Windows NT 5.1; .NET CLR 1.0.3705; .NET CLR 1.1.4322)"
216.181.179.247 - - [02/Sep/2003:08:10:06 -0700] "GET /images/logo-head.gif HTTP/1.1" 304 - "http://www.antlr.org/support.html" "Mozilla/4.0 (compatible; MSIE 6.0; Windows NT 5.1; .NET CLR 1.0.3705; .NET CLR 1.1.4322)"
216.181.179.247 - - [02/Sep/2003:08:10:06 -0700] "GET /images/head-shim.gif HTTP/1.1" 304 - "http://www.antlr.org/support.html" "Mozilla/4.0 (compatible; MSIE 6.0; Windows NT 5.1; .NET CLR 1.0.3705; .NET CLR 1.1.4322)"
216.181.179.247 - - [02/Sep/2003:08:10:07 -0700] "GET /images/button-download.gif HTTP/1.1" 304 - "http://www.antlr.org/support.html" "Mozilla/4.0 (compatible; MSIE 6.0; Windows NT 5.1; .NET CLR 1.0.3705; .NET CLR 1.1.4322)"
216.181.179.247 - - [02/Sep/2003:08:10:07 -0700] "GET /images/search.gif HTTP/1.1" 304 - "http://www.antlr.org/support.html" "Mozilla/4.0 (compatible; MSIE 6.0; Windows NT 5.1; .NET CLR 1.0.3705; .NET CLR 1.1.4322)"
216.181.179.247 - - [02/Sep/2003:08:10:08 -0700] "GET /images/search-go.gif HTTP/1.1" 304 - "http://www.antlr.org/support.html" "Mozilla/4.0 (compatible; MSIE 6.0; Windows NT 5.1; .NET CLR 1.0.3705; .NET CLR 1.1.4322)"
217.172.67.74 - - [02/Sep/2003:08:10:10 -0700] "GET /download.html HTTP/1.0" 200 9276 "http://www.antlr.org/" "Mozilla/4.0 (compatible; MSIE 6.0; Windows NT 5.0; MyIE2; .NET CLR 1.1.4322; .NET CLR 1.0.3705)"
217.172.67.74 - - [02/Sep/2003:08:10:11 -0700] "GET /images/shim.gif HTTP/1.0" 200 43 "http://www.antlr.org/download.html" "Mozilla/4.0 (compatible; MSIE 6.0; Windows NT 5.0; MyIE2; .NET CLR 1.1.4322; .NET CLR 1.0.3705)"
217.172.67.74 - - [02/Sep/2003:08:10:11 -0700] "GET /images/logo-head.gif HTTP/1.0" 200 4098 "http://www.antlr.org/download.html" "Mozilla/4.0 (compatible; MSIE 6.0; Windows NT 5.0; MyIE2; .NET CLR 1.1.4322; .NET CLR 1.0.3705)"
217.172.67.74 - - [02/Sep/2003:08:10:11 -0700] "GET /images/head-shim.gif HTTP/1.0" 200 158 "http://www.antlr.org/download.html" "Mozilla/4.0 (compatible; MSIE 6.0; Windows NT 5.0; MyIE2; .NET CLR 1.1.4322; .NET CLR 1.0.3705)"
217.172.67.74 - - [02/Sep/2003:08:10:11 -0700] "GET /images/button-download.gif HTTP/1.0" 200 733 "http://www.antlr.org/download.html" "Mozilla/4.0 (compatible; MSIE 6.0; Windows NT 5.0; MyIE2; .NET CLR 1.1.4322; .NET CLR 1.0.3705)"
217.172.67.74 - - [02/Sep/2003:08:10:11 -0700] "GET /images/search.gif HTTP/1.0" 200 299 "http://www.antlr.org/download.html" "Mozilla/4.0 (compatible; MSIE 6.0; Windows NT 5.0; MyIE2; .NET CLR 1.1.4322; .NET CLR 1.0.3705)"
217.172.67.74 - - [02/Sep/2003:08:10:11 -0700] "GET /images/search-go.gif HTTP/1.0" 200 266 "http://www.antlr.org/download.html" "Mozilla/4.0 (compatible; MSIE 6.0; Windows NT 5.0; MyIE2; .NET CLR 1.1.4322; .NET CLR 1.0.3705)"
217.172.67.74 - - [02/Sep/2003:08:10:29 -0700] "GET /javadoc/overview-summary.html HTTP/1.0" 200 9784 "http://www.antlr.org/download.html" "Mozilla/4.0 (compatible; MSIE 6.0; Windows NT 5.0; MyIE2; .NET CLR 1.1.4322; .NET CLR 1.0.3705)"
217.172.67.74 - - [02/Sep/2003:08:10:38 -0700] "GET /share/list HTTP/1.0" 200 10783 "http://www.antlr.org/javadoc/overview-summary.html" "Mozilla/4.0 (compatible; MSIE 6.0; Windows NT 5.0; MyIE2; .NET CLR 1.1.4322; .NET CLR 1.0.3705)"
217.172.67.74 - - [02/Sep/2003:08:10:39 -0700] "GET /images/button-shared-resource.gif HTTP/1.0" 200 853 "http://www.antlr.org/share/list" "Mozilla/4.0 (compatible; MSIE 6.0; Windows NT 5.0; MyIE2; .NET CLR 1.1.4322; .NET CLR 1.0.3705)"
217.172.67.74 - - [02/Sep/2003:08:10:43 -0700] "GET /grammar/list HTTP/1.0" 200 15685 "http://www.antlr.org/share/list" "Mozilla/4.0 (compatible; MSIE 6.0; Windows NT 5.0; MyIE2; .NET CLR 1.1.4322; .NET CLR 1.0.3705)"
217.172.67.74 - - [02/Sep/2003:08:10:43 -0700] "GET /images/button-add-grammar.gif HTTP/1.0" 200 664 "http://www.antlr.org/grammar/list" "Mozilla/4.0 (compatible; MSIE 6.0; Windows NT 5.0; MyIE2; .NET CLR 1.1.4322; .NET CLR 1.0.3705)"
216.181.179.247 - - [02/Sep/2003:08:10:51 -0700] "GET /javadoc/overview-summary.html HTTP/1.1" 200 9784 "http://www.antlr.org/support.html" "Mozilla/4.0 (compatible; MSIE 6.0; Windows NT 5.1; .NET CLR 1.0.3705; .NET CLR 1.1.4322)"
216.181.179.247 - - [02/Sep/2003:08:10:52 -0700] "GET /images/shim.gif HTTP/1.1" 304 - "http://www.antlr.org/javadoc/overview-summary.html" "Mozilla/4.0 (compatible; MSIE 6.0; Windows NT 5.1; .NET CLR 1.0.3705; .NET CLR 1.1.4322)"
216.181.179.247 - - [02/Sep/2003:08:10:52 -0700] "GET /images/logo-head.gif HTTP/1.1" 304 - "http://www.antlr.org/javadoc/overview-summary.html" "Mozilla/4.0 (compatible; MSIE 6.0; Windows NT 5.1; .NET CLR 1.0.3705; .NET CLR 1.1.4322)"
216.181.179.247 - - [02/Sep/2003:08:10:52 -0700] "GET /images/head-shim.gif HTTP/1.1" 304 - "http://www.antlr.org/javadoc/overview-summary.html" "Mozilla/4.0 (compatible; MSIE 6.0; Windows NT 5.1; .NET CLR 1.0.3705; .NET CLR 1.1.4322)"
216.181.179.247 - - [02/Sep/2003:08:10:52 -0700] "GET /images/button-download.gif HTTP/1.1" 304 - "http://www.antlr.org/javadoc/overview-summary.html" "Mozilla/4.0 (compatible; MSIE 6.0; Windows NT 5.1; .NET CLR 1.0.3705; .NET CLR 1.1.4322)"
216.181.179.247 - - [02/Sep/2003:08:10:52 -0700] "GET /images/search.gif HTTP/1.1" 304 - "http://www.antlr.org/javadoc/overview-summary.html" "Mozilla/4.0 (compatible; MSIE 6.0; Windows NT 5.1; .NET CLR 1.0.3705; .NET CLR 1.1.4322)"
216.181.179.247 - - [02/Sep/2003:08:10:53 -0700] "GET /images/search-go.gif HTTP/1.1" 304 - "http://www.antlr.org/javadoc/overview-summary.html" "Mozilla/4.0 (compatible; MSIE 6.0; Windows NT 5.1; .NET CLR 1.0.3705; .NET CLR 1.1.4322)"
216.181.179.247 - - [02/Sep/2003:08:10:59 -0700] "GET /images/shim.gif HTTP/1.1" 304 - "http://www.antlr.org/javadoc/antlr/package-summary.html" "Mozilla/4.0 (compatible; MSIE 6.0; Windows NT 5.1; .NET CLR 1.0.3705; .NET CLR 1.1.4322)"
216.181.179.247 - - [02/Sep/2003:08:10:59 -0700] "GET /images/logo-head.gif HTTP/1.1" 304 - "http://www.antlr.org/javadoc/antlr/package-summary.html" "Mozilla/4.0 (compatible; MSIE 6.0; Windows NT 5.1; .NET CLR 1.0.3705; .NET CLR 1.1.4322)"
216.181.179.247 - - [02/Sep/2003:08:10:59 -0700] "GET /javadoc/antlr/package-summary.html HTTP/1.1" 200 22368 "http://www.antlr.org/javadoc/overview-summary.html" "Mozilla/4.0 (compatible; MSIE 6.0; Windows NT 5.1; .NET CLR 1.0.3705; .NET CLR 1.1.4322)"
216.181.179.247 - - [02/Sep/2003:08:10:59 -0700] "GET /images/head-shim.gif HTTP/1.1" 304 - "http://www.antlr.org/javadoc/antlr/package-summary.html" "Mozilla/4.0 (compatible; MSIE 6.0; Windows NT 5.1; .NET CLR 1.0.3705; .NET CLR 1.1.4322)"
216.181.179.247 - - [02/Sep/2003:08:11:00 -0700] "GET /images/button-download.gif HTTP/1.1" 304 - "http://www.antlr.org/javadoc/antlr/package-summary.html" "Mozilla/4.0 (compatible; MSIE 6.0; Windows NT 5.1; .NET CLR 1.0.3705; .NET CLR 1.1.4322)"
216.181.179.247 - - [02/Sep/2003:08:11:00 -0700] "GET /images/search.gif HTTP/1.1" 304 - "http://www.antlr.org/javadoc/antlr/package-summary.html" "Mozilla/4.0 (compatible; MSIE 6.0; Windows NT 5.1; .NET CLR 1.0.3705; .NET CLR 1.1.4322)"
216.181.179.247 - - [02/Sep/2003:08:11:00 -0700] "GET /images/search-go.gif HTTP/1.1" 304 - "http://www.antlr.org/javadoc/antlr/package-summary.html" "Mozilla/4.0 (compatible; MSIE 6.0; Windows NT 5.1; .NET CLR 1.0.3705; .NET CLR 1.1.4322)"
216.181.179.247 - - [02/Sep/2003:08:11:09 -0700] "GET /images/shim.gif HTTP/1.1" 304 - "http://www.antlr.org/doc/index.html" "Mozilla/4.0 (compatible; MSIE 6.0; Windows NT 5.1; .NET CLR 1.0.3705; .NET CLR 1.1.4322)"
216.181.179.247 - - [02/Sep/2003:08:11:09 -0700] "GET /images/logo-head.gif HTTP/1.1" 304 - "http://www.antlr.org/doc/index.html" "Mozilla/4.0 (compatible; MSIE 6.0; Windows NT 5.1; .NET CLR 1.0.3705; .NET CLR 1.1.4322)"
216.181.179.247 - - [02/Sep/2003:08:11:10 -0700] "GET /images/head-shim.gif HTTP/1.1" 304 - "http://www.antlr.org/doc/index.html" "Mozilla/4.0 (compatible; MSIE 6.0; Windows NT 5.1; .NET CLR 1.0.3705; .NET CLR 1.1.4322)"
216.181.179.247 - - [02/Sep/2003:08:11:10 -0700] "GET /doc/index.html HTTP/1.1" 200 26469 "http://www.antlr.org/javadoc/antlr/package-summary.html" "Mozilla/4.0 (compatible; MSIE 6.0; Windows NT 5.1; .NET CLR 1.0.3705; .NET CLR 1.1.4322)"
216.181.179.247 - - [02/Sep/2003:08:11:10 -0700] "GET /images/button-download.gif HTTP/1.1" 304 - "http://www.antlr.org/doc/index.html" "Mozilla/4.0 (compatible; MSIE 6.0; Windows NT 5.1; .NET CLR 1.0.3705; .NET CLR 1.1.4322)"
216.181.179.247 - - [02/Sep/2003:08:11:10 -0700] "GET /images/search.gif HTTP/1.1" 304 - "http://www.antlr.org/doc/index.html" "Mozilla/4.0 (compatible; MSIE 6.0; Windows NT 5.1; .NET CLR 1.0.3705; .NET CLR 1.1.4322)"
216.181.179.247 - - [02/Sep/2003:08:11:10 -0700] "GET /images/search-go.gif HTTP/1.1" 304 - "http://www.antlr.org/doc/index.html" "Mozilla/4.0 (compatible; MSIE 6.0; Windows NT 5.1; .NET CLR 1.0.3705; .NET CLR 1.1.4322)"
138.11.254.204 - - [02/Sep/2003:08:11:18 -0700] "GET / HTTP/1.0" 200 11690 "-" "Mozilla/5.0 (Windows; U; Windows NT 5.1; en-US; rv:1.5a) Gecko/20030718"
138.11.254.204 - - [02/Sep/2003:08:11:18 -0700] "GET /images/shim.gif HTTP/1.0" 200 43 "http://www.antlr.org/" "Mozilla/5.0 (Windows; U; Windows NT 5.1; en-US; rv:1.5a) Gecko/20030718"
138.11.254.204 - - [02/Sep/2003:08:11:18 -0700] "GET /images/logo-head.gif HTTP/1.0" 200 4098 "http://www.antlr.org/" "Mozilla/5.0 (Windows; U; Windows NT 5.1; en-US; rv:1.5a) Gecko/20030718"
138.11.254.204 - - [02/Sep/2003:08:11:18 -0700] "GET /images/parr-head.jpg HTTP/1.0" 200 3582 "http://www.antlr.org/" "Mozilla/5.0 (Windows; U; Windows NT 5.1; en-US; rv:1.5a) Gecko/20030718"
138.11.254.204 - - [02/Sep/2003:08:11:18 -0700] "GET /images/button-download.gif HTTP/1.0" 200 733 "http://www.antlr.org/" "Mozilla/5.0 (Windows; U; Windows NT 5.1; en-US; rv:1.5a) Gecko/20030718"
138.11.254.204 - - [02/Sep/2003:08:11:18 -0700] "GET /images/search.gif HTTP/1.0" 200 299 "http://www.antlr.org/" "Mozilla/5.0 (Windows; U; Windows NT 5.1; en-US; rv:1.5a) Gecko/20030718"
138.11.254.204 - - [02/Sep/2003:08:11:18 -0700] "GET /images/search-go.gif HTTP/1.0" 200 266 "http://www.antlr.org/" "Mozilla/5.0 (Windows; U; Windows NT 5.1; en-US; rv:1.5a) Gecko/20030718"
138.11.254.204 - - [02/Sep/2003:08:11:18 -0700] "GET /images/head-shim.gif HTTP/1.0" 200 158 "http://www.antlr.org/" "Mozilla/5.0 (Windows; U; Windows NT 5.1; en-US; rv:1.5a) Gecko/20030718"
216.181.179.247 - - [02/Sep/2003:08:11:56 -0700] "GET /images/shim.gif HTTP/1.1" 304 - "http://www.antlr.org/doc/metalang.html" "Mozilla/4.0 (compatible; MSIE 6.0; Windows NT 5.1; .NET CLR 1.0.3705; .NET CLR 1.1.4322)"
216.181.179.247 - - [02/Sep/2003:08:11:56 -0700] "GET /images/logo-head.gif HTTP/1.1" 304 - "http://www.antlr.org/doc/metalang.html" "Mozilla/4.0 (compatible; MSIE 6.0; Windows NT 5.1; .NET CLR 1.0.3705; .NET CLR 1.1.4322)"
216.181.179.247 - - [02/Sep/2003:08:11:57 -0700] "GET /images/head-shim.gif HTTP/1.1" 304 - "http://www.antlr.org/doc/metalang.html" "Mozilla/4.0 (compatible; MSIE 6.0; Windows NT 5.1; .NET CLR 1.0.3705; .NET CLR 1.1.4322)"
216.181.179.247 - - [02/Sep/2003:08:11:57 -0700] "GET /doc/metalang.html HTTP/1.1" 200 52606 "http://www.antlr.org/doc/index.html" "Mozilla/4.0 (compatible; MSIE 6.0; Windows NT 5.1; .NET CLR 1.0.3705; .NET CLR 1.1.4322)"
216.181.179.247 - - [02/Sep/2003:08:11:57 -0700] "GET /images/button-download.gif HTTP/1.1" 304 - "http://www.antlr.org/doc/metalang.html" "Mozilla/4.0 (compatible; MSIE 6.0; Windows NT 5.1; .NET CLR 1.0.3705; .NET CLR 1.1.4322)"
216.181.179.247 - - [02/Sep/2003:08:11:58 -0700] "GET /images/search.gif HTTP/1.1" 304 - "http://www.antlr.org/doc/metalang.html" "Mozilla/4.0 (compatible; MSIE 6.0; Windows NT 5.1; .NET CLR 1.0.3705; .NET CLR 1.1.4322)"
216.181.179.247 - - [02/Sep/2003:08:11:58 -0700] "GET /images/search-go.gif HTTP/1.1" 304 - "http://www.antlr.org/doc/metalang.html" "Mozilla/4.0 (compatible; MSIE 6.0; Windows NT 5.1; .NET CLR 1.0.3705; .NET CLR 1.1.4322)"
216.181.179.247 - - [02/Sep/2003:08:11:58 -0700] "GET /doc/subrule.gif HTTP/1.1" 200 1887 "http://www.antlr.org/doc/metalang.html" "Mozilla/4.0 (compatible; MSIE 6.0; Windows NT 5.1; .NET CLR 1.0.3705; .NET CLR 1.1.4322)"
216.181.179.247 - - [02/Sep/2003:08:11:58 -0700] "GET /doc/optional.gif HTTP/1.1" 200 2018 "http://www.antlr.org/doc/metalang.html" "Mozilla/4.0 (compatible; MSIE 6.0; Windows NT 5.1; .NET CLR 1.0.3705; .NET CLR 1.1.4322)"
216.181.179.247 - - [02/Sep/2003:08:11:58 -0700] "GET /doc/closure.gif HTTP/1.1" 200 2166 "http://www.antlr.org/doc/metalang.html" "Mozilla/4.0 (compatible; MSIE 6.0; Windows NT 5.1; .NET CLR 1.0.3705; .NET CLR 1.1.4322)"
216.181.179.247 - - [02/Sep/2003:08:11:59 -0700] "GET /doc/posclosure.gif HTTP/1.1" 200 2031 "http://www.antlr.org/doc/metalang.html" "Mozilla/4.0 (compatible; MSIE 6.0; Windows NT 5.1; .NET CLR 1.0.3705; .NET CLR 1.1.4322)"
216.181.179.247 - - [02/Sep/2003:08:12:02 -0700] "GET /doc/index.html HTTP/1.1" 200 26469 "http://www.antlr.org/javadoc/antlr/package-summary.html" "Mozilla/4.0 (compatible; MSIE 6.0; Windows NT 5.1; .NET CLR 1.0.3705; .NET CLR 1.1.4322)"
217.172.67.74 - - [02/Sep/2003:08:12:22 -0700] "GET /about.html HTTP/1.0" 200 8707 "http://www.antlr.org/grammar/list" "Mozilla/4.0 (compatible; MSIE 6.0; Windows NT 5.0; MyIE2; .NET CLR 1.1.4322; .NET CLR 1.0.3705)"
216.181.179.247 - - [02/Sep/2003:08:12:25 -0700] "GET /doc/index.html HTTP/1.1" 200 26469 "-" "Mozilla/4.0 (compatible; MSIE 6.0; Windows NT 5.1; .NET CLR 1.0.3705; .NET CLR 1.1.4322)"
216.181.179.247 - - [02/Sep/2003:08:12:26 -0700] "GET /images/shim.gif HTTP/1.1" 304 - "-" "Mozilla/4.0 (compatible; MSIE 6.0; Windows NT 5.1; .NET CLR 1.0.3705; .NET CLR 1.1.4322)"
216.181.179.247 - - [02/Sep/2003:08:12:27 -0700] "GET /images/logo-head.gif HTTP/1.1" 304 - "-" "Mozilla/4.0 (compatible; MSIE 6.0; Windows NT 5.1; .NET CLR 1.0.3705; .NET CLR 1.1.4322)"
216.181.179.247 - - [02/Sep/2003:08:12:27 -0700] "GET /images/button-download.gif HTTP/1.1" 304 - "-" "Mozilla/4.0 (compatible; MSIE 6.0; Windows NT 5.1; .NET CLR 1.0.3705; .NET CLR 1.1.4322)"
216.181.179.247 - - [02/Sep/2003:08:12:27 -0700] "GET /images/search.gif HTTP/1.1" 304 - "-" "Mozilla/4.0 (compatible; MSIE 6.0; Windows NT 5.1; .NET CLR 1.0.3705; .NET CLR 1.1.4322)"
216.181.179.247 - - [02/Sep/2003:08:12:28 -0700] "GET /images/search-go.gif HTTP/1.1" 304 - "-" "Mozilla/4.0 (compatible; MSIE 6.0; Windows NT 5.1; .NET CLR 1.0.3705; .NET CLR 1.1.4322)"
216.181.179.247 - - [02/Sep/2003:08:12:28 -0700] "GET /images/head-shim.gif HTTP/1.1" 304 - "-" "Mozilla/4.0 (compatible; MSIE 6.0; Windows NT 5.1; .NET CLR 1.0.3705; .NET CLR 1.1.4322)"
217.172.67.74 - - [02/Sep/2003:08:12:29 -0700] "GET /why.html HTTP/1.0" 200 10713 "http://www.antlr.org/about.html" "Mozilla/4.0 (compatible; MSIE 6.0; Windows NT 5.0; MyIE2; .NET CLR 1.1.4322; .NET CLR 1.0.3705)"
216.181.179.247 - - [02/Sep/2003:08:12:32 -0700] "GET /images/shim.gif HTTP/1.1" 304 - "http://www.antlr.org/doc/metalang.html" "Mozilla/4.0 (compatible; MSIE 6.0; Windows NT 5.1; .NET CLR 1.0.3705; .NET CLR 1.1.4322)"
216.181.179.247 - - [02/Sep/2003:08:12:32 -0700] "GET /images/logo-head.gif HTTP/1.1" 304 - "http://www.antlr.org/doc/metalang.html" "Mozilla/4.0 (compatible; MSIE 6.0; Windows NT 5.1; .NET CLR 1.0.3705; .NET CLR 1.1.4322)"
216.181.179.247 - - [02/Sep/2003:08:12:32 -0700] "GET /images/head-shim.gif HTTP/1.1" 304 - "http://www.antlr.org/doc/metalang.html" "Mozilla/4.0 (compatible; MSIE 6.0; Windows NT 5.1; .NET CLR 1.0.3705; .NET CLR 1.1.4322)"
216.181.179.247 - - [02/Sep/2003:08:12:32 -0700] "GET /images/button-download.gif HTTP/1.1" 304 - "http://www.antlr.org/doc/metalang.html" "Mozilla/4.0 (compatible; MSIE 6.0; Windows NT 5.1; .NET CLR 1.0.3705; .NET CLR 1.1.4322)"
216.181.179.247 - - [02/Sep/2003:08:12:32 -0700] "GET /images/search.gif HTTP/1.1" 304 - "http://www.antlr.org/doc/metalang.html" "Mozilla/4.0 (compatible; MSIE 6.0; Windows NT 5.1; .NET CLR 1.0.3705; .NET CLR 1.1.4322)"
216.181.179.247 - - [02/Sep/2003:08:12:33 -0700] "GET /images/search-go.gif HTTP/1.1" 304 - "http://www.antlr.org/doc/metalang.html" "Mozilla/4.0 (compatible; MSIE 6.0; Windows NT 5.1; .NET CLR 1.0.3705; .NET CLR 1.1.4322)"
216.181.179.247 - - [02/Sep/2003:08:12:33 -0700] "GET /doc/metalang.html HTTP/1.1" 200 52606 "http://www.antlr.org/doc/index.html" "Mozilla/4.0 (compatible; MSIE 6.0; Windows NT 5.1; .NET CLR 1.0.3705; .NET CLR 1.1.4322)"
216.181.179.247 - - [02/Sep/2003:08:12:34 -0700] "GET /doc/subrule.gif HTTP/1.1" 200 1887 "http://www.antlr.org/doc/metalang.html" "Mozilla/4.0 (compatible; MSIE 6.0; Windows NT 5.1; .NET CLR 1.0.3705; .NET CLR 1.1.4322)"
216.181.179.247 - - [02/Sep/2003:08:12:34 -0700] "GET /doc/optional.gif HTTP/1.1" 200 2018 "http://www.antlr.org/doc/metalang.html" "Mozilla/4.0 (compatible; MSIE 6.0; Windows NT 5.1; .NET CLR 1.0.3705; .NET CLR 1.1.4322)"
216.181.179.247 - - [02/Sep/2003:08:12:34 -0700] "GET /doc/closure.gif HTTP/1.1" 200 2166 "http://www.antlr.org/doc/metalang.html" "Mozilla/4.0 (compatible; MSIE 6.0; Windows NT 5.1; .NET CLR 1.0.3705; .NET CLR 1.1.4322)"
216.181.179.247 - - [02/Sep/2003:08:12:34 -0700] "GET /doc/posclosure.gif HTTP/1.1" 200 2031 "http://www.antlr.org/doc/metalang.html" "Mozilla/4.0 (compatible; MSIE 6.0; Windows NT 5.1; .NET CLR 1.0.3705; .NET CLR 1.1.4322)"
66.185.107.83 - - [02/Sep/2003:08:12:36 -0700] "HEAD / HTTP/1.1" 200 8192 "-" "Mozilla/4.0 (compatible; Powermarks/3.5; Windows 95/98/2000/NT)"
66.185.107.83 - - [02/Sep/2003:08:12:38 -0700] "GET / HTTP/1.1" 200 11690 "-" "Mozilla/4.0 (compatible; Powermarks/3.5; Windows 95/98/2000/NT)"
203.197.250.134 - - [02/Sep/2003:08:13:13 -0700] "GET /share/list HTTP/1.0" 200 10783 "http://www.google.co.in/search?hl=en&ie=UTF-8&oe=UTF-8&q=c%23+grammar+antlr&meta=" "Mozilla/4.0 (compatible; MSIE 6.0; Windows NT 5.0; .NET CLR 1.0.3705; .NET CLR 1.1.4322)"
203.197.250.134 - - [02/Sep/2003:08:13:15 -0700] "GET /images/button-shared-resource.gif HTTP/1.0" 304 - "http://www.antlr.org/share/list" "Mozilla/4.0 (compatible; MSIE 6.0; Windows NT 5.0; .NET CLR 1.0.3705; .NET CLR 1.1.4322)"
203.197.250.134 - - [02/Sep/2003:08:13:52 -0700] "GET /share/1057353989224/antlr-2.7.2-CSharp-SP1.zip HTTP/1.0" 200 56198 "http://www.antlr.org/share/list" "Mozilla/4.0 (compatible; MSIE 6.0; Windows NT 5.0; .NET CLR 1.0.3705; .NET CLR 1.1.4322)"
217.172.67.74 - - [02/Sep/2003:08:15:19 -0700] "GET /javadoc/overview-summary.html HTTP/1.0" 200 9784 "http://www.antlr.org/why.html" "Mozilla/4.0 (compatible; MSIE 6.0; Windows NT 5.0; MyIE2; .NET CLR 1.1.4322; .NET CLR 1.0.3705)"
217.172.67.74 - - [02/Sep/2003:08:15:28 -0700] "GET /javadoc/antlr/actions/cpp/package-summary.html HTTP/1.0" 200 8749 "http://www.antlr.org/javadoc/overview-summary.html" "Mozilla/4.0 (compatible; MSIE 6.0; Windows NT 5.0; MyIE2; .NET CLR 1.1.4322; .NET CLR 1.0.3705)"
217.172.67.74 - - [02/Sep/2003:08:15:42 -0700] "GET /download.html HTTP/1.0" 200 9276 "http://www.antlr.org/javadoc/antlr/actions/cpp/package-summary.html" "Mozilla/4.0 (compatible; MSIE 6.0; Windows NT 5.0; MyIE2; .NET CLR 1.1.4322; .NET CLR 1.0.3705)"
194.203.13.66 - - [02/Sep/2003:08:15:43 -0700] "GET /images/parr-head.jpg HTTP/1.0" 200 3582 "http://www.antlr.org/" "Mozilla/4.0 (compatible; MSIE 4.01; Windows NT)"
194.203.13.66 - - [02/Sep/2003:08:15:43 -0700] "GET / HTTP/1.0" 200 11690 "http://sites.inka.de/sites/gucky/PCCTS/pccts-nt.html" "Mozilla/4.0 (compatible; MSIE 4.01; Windows NT)"
66.120.162.218 - - [02/Sep/2003:08:15:54 -0700] "GET /doc/metalang.html HTTP/1.1" 200 52606 "http://www.antlr.org/doc/index.html" "Opera/7.11 (Windows NT 5.1; U) [en]"
66.120.162.218 - - [02/Sep/2003:08:15:54 -0700] "GET /doc/posclosure.gif HTTP/1.1" 200 2031 "http://www.antlr.org/doc/metalang.html" "Opera/7.11 (Windows NT 5.1; U) [en]"
66.120.162.218 - - [02/Sep/2003:08:15:54 -0700] "GET /doc/subrule.gif HTTP/1.1" 200 1887 "http://www.antlr.org/doc/metalang.html" "Opera/7.11 (Windows NT 5.1; U) [en]"
66.120.162.218 - - [02/Sep/2003:08:15:54 -0700] "GET /doc/optional.gif HTTP/1.1" 200 2018 "http://www.antlr.org/doc/metalang.html" "Opera/7.11 (Windows NT 5.1; U) [en]"
66.120.162.218 - - [02/Sep/2003:08:15:54 -0700] "GET /doc/closure.gif HTTP/1.1" 200 2166 "http://www.antlr.org/doc/metalang.html" "Opera/7.11 (Windows NT 5.1; U) [en]"
217.172.67.74 - - [02/Sep/2003:08:16:01 -0700] "GET /download/antlr-2.7.2.zip HTTP/1.0" 200 262144 "http://www.antlr.org/download.html" "Mozilla/4.0 (compatible; MSIE 6.0; Windows NT 5.0; MyIE2; .NET CLR 1.1.4322; .NET CLR 1.0.3705)"
66.120.162.218 - - [02/Sep/2003:08:16:05 -0700] "GET /doc/metalang.html HTTP/1.1" 200 52606 "http://www.antlr.org/doc/index.html" "Opera/7.11 (Windows NT 5.1; U) [en]"
217.172.67.74 - - [02/Sep/2003:08:16:27 -0700] "GET /grammar/list HTTP/1.0" 200 15685 "http://www.antlr.org/download.html" "Mozilla/4.0 (compatible; MSIE 6.0; Windows NT 5.0; MyIE2; .NET CLR 1.1.4322; .NET CLR 1.0.3705)"
217.172.67.74 - - [02/Sep/2003:08:16:27 -0700] "GET /images/logo-head.gif HTTP/1.0" 200 4098 "http://www.antlr.org/grammar/list" "Mozilla/4.0 (compatible; MSIE 6.0; Windows NT 5.0; MyIE2; .NET CLR 1.1.4322; .NET CLR 1.0.3705)"
217.172.67.74 - - [02/Sep/2003:08:16:27 -0700] "GET /images/shim.gif HTTP/1.0" 200 43 "http://www.antlr.org/grammar/list" "Mozilla/4.0 (compatible; MSIE 6.0; Windows NT 5.0; MyIE2; .NET CLR 1.1.4322; .NET CLR 1.0.3705)"
217.172.67.74 - - [02/Sep/2003:08:16:27 -0700] "GET /images/head-shim.gif HTTP/1.0" 200 158 "http://www.antlr.org/grammar/list" "Mozilla/4.0 (compatible; MSIE 6.0; Windows NT 5.0; MyIE2; .NET CLR 1.1.4322; .NET CLR 1.0.3705)"
217.172.67.74 - - [02/Sep/2003:08:16:28 -0700] "GET /images/button-download.gif HTTP/1.0" 200 733 "http://www.antlr.org/grammar/list" "Mozilla/4.0 (compatible; MSIE 6.0; Windows NT 5.0; MyIE2; .NET CLR 1.1.4322; .NET CLR 1.0.3705)"
217.172.67.74 - - [02/Sep/2003:08:16:28 -0700] "GET /images/search-go.gif HTTP/1.0" 200 266 "http://www.antlr.org/grammar/list" "Mozilla/4.0 (compatible; MSIE 6.0; Windows NT 5.0; MyIE2; .NET CLR 1.1.4322; .NET CLR 1.0.3705)"
217.172.67.74 - - [02/Sep/2003:08:16:28 -0700] "GET /images/search.gif HTTP/1.0" 200 299 "http://www.antlr.org/grammar/list" "Mozilla/4.0 (compatible; MSIE 6.0; Windows NT 5.0; MyIE2; .NET CLR 1.1.4322; .NET CLR 1.0.3705)"
217.172.67.74 - - [02/Sep/2003:08:16:29 -0700] "GET /images/button-add-grammar.gif HTTP/1.0" 200 664 "http://www.antlr.org/grammar/list" "Mozilla/4.0 (compatible; MSIE 6.0; Windows NT 5.0; MyIE2; .NET CLR 1.1.4322; .NET CLR 1.0.3705)"
217.172.67.74 - - [02/Sep/2003:08:16:37 -0700] "GET /grammar/cgram HTTP/1.0" 200 8086 "http://www.antlr.org/grammar/list" "Mozilla/4.0 (compatible; MSIE 6.0; Windows NT 5.0; MyIE2; .NET CLR 1.1.4322; .NET CLR 1.0.3705)"
217.172.67.74 - - [02/Sep/2003:08:16:52 -0700] "GET /grammar/cgram/grammars HTTP/1.0" 200 8508 "http://www.antlr.org/grammar/cgram" "Mozilla/4.0 (compatible; MSIE 6.0; Windows NT 5.0; MyIE2; .NET CLR 1.1.4322; .NET CLR 1.0.3705)"
213.42.2.9 - - [02/Sep/2003:08:16:54 -0700] "GET /book/index.html HTTP/1.1" 200 9357 "http://www.maththinking.com/boat/compsciBooks.html" "Mozilla/4.0 (compatible; MSIE 6.0; Windows NT 5.0)"
213.42.2.14 - - [02/Sep/2003:08:16:56 -0700] "GET /images/shim.gif HTTP/1.0" 200 43 "http://www.antlr.org/book/index.html" "Mozilla/4.0 (compatible; MSIE 6.0; Windows NT 5.0)"
213.42.2.13 - - [02/Sep/2003:08:16:57 -0700] "GET /images/logo-head.gif HTTP/1.1" 200 4098 "http://www.antlr.org/book/index.html" "Mozilla/4.0 (compatible; MSIE 6.0; Windows NT 5.0)"
213.42.2.14 - - [02/Sep/2003:08:16:57 -0700] "GET /images/head-shim.gif HTTP/1.0" 200 158 "http://www.antlr.org/book/index.html" "Mozilla/4.0 (compatible; MSIE 6.0; Windows NT 5.0)"
213.42.2.13 - - [02/Sep/2003:08:16:57 -0700] "GET /images/button-download.gif HTTP/1.1" 200 733 "http://www.antlr.org/book/index.html" "Mozilla/4.0 (compatible; MSIE 6.0; Windows NT 5.0)"
213.42.2.14 - - [02/Sep/2003:08:16:58 -0700] "GET /images/search.gif HTTP/1.0" 200 299 "http://www.antlr.org/book/index.html" "Mozilla/4.0 (compatible; MSIE 6.0; Windows NT 5.0)"
213.42.2.13 - - [02/Sep/2003:08:16:58 -0700] "GET /images/search-go.gif HTTP/1.1" 200 266 "http://www.antlr.org/book/index.html" "Mozilla/4.0 (compatible; MSIE 6.0; Windows NT 5.0)"
66.120.162.218 - - [02/Sep/2003:08:17:36 -0700] "GET /doc/getting-started.html HTTP/1.1" 200 11326 "http://www.antlr.org/doc/index.html" "Opera/7.11 (Windows NT 5.1; U) [en]"
217.172.67.74 - - [02/Sep/2003:08:17:41 -0700] "GET /download/antlr-2.7.2.zip HTTP/1.0" 200 1943296 "http://www.antlr.org/download.html" "Mozilla/4.0 (compatible; MSIE 6.0; Windows NT 5.0; MyIE2; .NET CLR 1.1.4322; .NET CLR 1.0.3705)"
218.102.21.153 - - [02/Sep/2003:08:18:06 -0700] "GET /doc/getting-started.html HTTP/1.0" 200 11326 "-" "Mozilla/4.0 (compatible; MSIE 6.0; Windows NT 5.1)"
218.102.21.153 - - [02/Sep/2003:08:18:07 -0700] "GET /images/head-shim.gif HTTP/1.0" 200 158 "http://www.antlr.org/doc/getting-started.html" "Mozilla/4.0 (compatible; MSIE 6.0; Windows NT 5.1)"
218.102.78.207 - - [02/Sep/2003:08:18:07 -0700] "GET /images/button-download.gif HTTP/1.1" 304 - "http://www.antlr.org/doc/getting-started.html" "Mozilla/4.0 (compatible; MSIE 6.0; Windows NT 5.1)"
218.102.21.145 - - [02/Sep/2003:08:18:07 -0700] "GET /images/logo-head.gif HTTP/1.1" 304 - "http://www.antlr.org/doc/getting-started.html" "Mozilla/4.0 (compatible; MSIE 6.0; Windows NT 5.1)"
218.102.78.207 - - [02/Sep/2003:08:18:07 -0700] "GET /images/search.gif HTTP/1.1" 304 - "http://www.antlr.org/doc/getting-started.html" "Mozilla/4.0 (compatible; MSIE 6.0; Windows NT 5.1)"
218.102.21.129 - - [02/Sep/2003:08:18:07 -0700] "GET /images/shim.gif HTTP/1.1" 304 - "http://www.antlr.org/doc/getting-started.html" "Mozilla/4.0 (compatible; MSIE 6.0; Windows NT 5.1)"
218.102.78.207 - - [02/Sep/2003:08:18:07 -0700] "GET /images/search-go.gif HTTP/1.1" 304 - "http://www.antlr.org/doc/getting-started.html" "Mozilla/4.0 (compatible; MSIE 6.0; Windows NT 5.1)"
195.58.40.35 - - [02/Sep/2003:08:18:32 -0700] "GET /images/shim.gif HTTP/1.0" 200 43 "http://www.antlr.org/" "Mozilla/4.0 (compatible; MSIE 6.0; Windows NT 5.0)"
195.58.40.35 - - [02/Sep/2003:08:18:32 -0700] "GET /images/logo-head.gif HTTP/1.0" 200 4098 "http://www.antlr.org/" "Mozilla/4.0 (compatible; MSIE 6.0; Windows NT 5.0)"
195.58.40.35 - - [02/Sep/2003:08:18:32 -0700] "GET /images/button-download.gif HTTP/1.0" 200 733 "http://www.antlr.org/" "Mozilla/4.0 (compatible; MSIE 6.0; Windows NT 5.0)"
195.58.40.35 - - [02/Sep/2003:08:18:32 -0700] "GET /images/parr-head.jpg HTTP/1.0" 200 3582 "http://www.antlr.org/" "Mozilla/4.0 (compatible; MSIE 6.0; Windows NT 5.0)"
195.58.40.35 - - [02/Sep/2003:08:18:32 -0700] "GET /images/head-shim.gif HTTP/1.0" 200 158 "http://www.antlr.org/" "Mozilla/4.0 (compatible; MSIE 6.0; Windows NT 5.0)"
195.58.40.35 - - [02/Sep/2003:08:18:34 -0700] "GET / HTTP/1.0" 200 11690 "http://clubpro.spb.ru/ubb/Forum3/HTML/000549.html" "Mozilla/4.0 (compatible; MSIE 6.0; Windows NT 5.0)"
195.58.40.35 - - [02/Sep/2003:08:18:34 -0700] "GET /images/search.gif HTTP/1.0" 200 299 "http://www.antlr.org/" "Mozilla/4.0 (compatible; MSIE 6.0; Windows NT 5.0)"
195.58.40.35 - - [02/Sep/2003:08:18:34 -0700] "GET /images/search-go.gif HTTP/1.0" 200 266 "http://www.antlr.org/" "Mozilla/4.0 (compatible; MSIE 6.0; Windows NT 5.0)"
194.203.13.66 - - [02/Sep/2003:08:18:35 -0700] "GET /testimonial/list HTTP/1.0" 200 12509 "http://www.antlr.org/" "Mozilla/4.0 (compatible; MSIE 4.01; Windows NT)"
194.203.13.66 - - [02/Sep/2003:08:18:35 -0700] "GET /images/button-testimonial.gif HTTP/1.0" 200 701 "http://www.antlr.org/testimonial/list" "Mozilla/4.0 (compatible; MSIE 4.01; Windows NT)"
47.230.0.41 - - [02/Sep/2003:08:18:50 -0700] "GET / HTTP/1.1" 200 11690 "-" "Mozilla/5.0 (Windows; U; Windows NT 5.0; en-US; rv:1.4) Gecko/20030624"
47.230.0.41 - - [02/Sep/2003:08:18:57 -0700] "GET /about.html HTTP/1.1" 200 8707 "http://www.antlr.org/" "Mozilla/5.0 (Windows; U; Windows NT 5.0; en-US; rv:1.4) Gecko/20030624"
47.230.0.41 - - [02/Sep/2003:08:19:00 -0700] "GET /doc/index.html HTTP/1.1" 200 26469 "http://www.antlr.org/about.html" "Mozilla/5.0 (Windows; U; Windows NT 5.0; en-US; rv:1.4) Gecko/20030624"
218.102.78.207 - - [02/Sep/2003:08:19:11 -0700] "GET /doc/getting-started.html HTTP/1.1" 200 11326 "-" "Mozilla/4.0 (compatible; MSIE 6.0; Windows NT 5.1)"
47.230.0.41 - - [02/Sep/2003:08:19:12 -0700] "GET /doc/metalang.html HTTP/1.1" 200 52606 "http://www.antlr.org/doc/index.html" "Mozilla/5.0 (Windows; U; Windows NT 5.0; en-US; rv:1.4) Gecko/20030624"
47.230.0.41 - - [02/Sep/2003:08:19:12 -0700] "GET /doc/subrule.gif HTTP/1.1" 200 1887 "http://www.antlr.org/doc/metalang.html" "Mozilla/5.0 (Windows; U; Windows NT 5.0; en-US; rv:1.4) Gecko/20030624"
47.230.0.41 - - [02/Sep/2003:08:19:12 -0700] "GET /doc/closure.gif HTTP/1.1" 200 2166 "http://www.antlr.org/doc/metalang.html" "Mozilla/5.0 (Windows; U; Windows NT 5.0; en-US; rv:1.4) Gecko/20030624"
47.230.0.41 - - [02/Sep/2003:08:19:12 -0700] "GET /doc/optional.gif HTTP/1.1" 200 2018 "http://www.antlr.org/doc/metalang.html" "Mozilla/5.0 (Windows; U; Windows NT 5.0; en-US; rv:1.4) Gecko/20030624"
47.230.0.41 - - [02/Sep/2003:08:19:12 -0700] "GET /doc/posclosure.gif HTTP/1.1" 200 2031 "http://www.antlr.org/doc/metalang.html" "Mozilla/5.0 (Windows; U; Windows NT 5.0; en-US; rv:1.4) Gecko/20030624"
218.102.78.207 - - [02/Sep/2003:08:19:47 -0700] "GET /article/cutpaste/index.html HTTP/1.1" 200 10494 "http://www.antlr.org/doc/getting-started.html" "Mozilla/4.0 (compatible; MSIE 6.0; Windows NT 5.1)"
194.203.13.66 - - [02/Sep/2003:08:19:52 -0700] "GET /doc/index.html HTTP/1.0" 200 26469 "http://www.antlr.org/testimonial/list" "Mozilla/4.0 (compatible; MSIE 4.01; Windows NT)"
217.184.246.2 - - [02/Sep/2003:08:20:29 -0700] "GET / HTTP/1.1" 200 11690 "-" "Mozilla/4.0 (compatible; MSIE 5.0; Windows XP) Opera 6.05 [de]"
217.184.246.2 - - [02/Sep/2003:08:20:29 -0700] "GET /images/parr-head.jpg HTTP/1.1" 200 3582 "http://www.antlr.org/" "Mozilla/4.0 (compatible; MSIE 5.0; Windows XP) Opera 6.05 [de]"
217.184.246.2 - - [02/Sep/2003:08:20:30 -0700] "GET /images/shim.gif HTTP/1.1" 200 43 "http://www.antlr.org/" "Mozilla/4.0 (compatible; MSIE 5.0; Windows XP) Opera 6.05 [de]"
217.184.246.2 - - [02/Sep/2003:08:20:30 -0700] "GET /images/logo-head.gif HTTP/1.1" 200 4098 "http://www.antlr.org/" "Mozilla/4.0 (compatible; MSIE 5.0; Windows XP) Opera 6.05 [de]"
217.184.246.2 - - [02/Sep/2003:08:20:30 -0700] "GET /images/button-download.gif HTTP/1.1" 200 733 "http://www.antlr.org/" "Mozilla/4.0 (compatible; MSIE 5.0; Windows XP) Opera 6.05 [de]"
217.184.246.2 - - [02/Sep/2003:08:20:31 -0700] "GET /images/head-shim.gif HTTP/1.1" 200 158 "http://www.antlr.org/" "Mozilla/4.0 (compatible; MSIE 5.0; Windows XP) Opera 6.05 [de]"
217.184.246.2 - - [02/Sep/2003:08:20:31 -0700] "GET /images/head-shim.gif HTTP/1.1" 200 158 "http://www.antlr.org/" "Mozilla/4.0 (compatible; MSIE 5.0; Windows XP) Opera 6.05 [de]"
217.184.246.2 - - [02/Sep/2003:08:20:31 -0700] "GET /images/search.gif HTTP/1.1" 200 299 "http://www.antlr.org/" "Mozilla/4.0 (compatible; MSIE 5.0; Windows XP) Opera 6.05 [de]"
217.184.246.2 - - [02/Sep/2003:08:20:31 -0700] "GET /images/search-go.gif HTTP/1.1" 200 266 "http://www.antlr.org/" "Mozilla/4.0 (compatible; MSIE 5.0; Windows XP) Opera 6.05 [de]"
218.102.78.207 - - [02/Sep/2003:08:20:43 -0700] "GET /doc/getting-started.html HTTP/1.1" 200 11326 "-" "Mozilla/4.0 (compatible; MSIE 6.0; Windows NT 5.1)"
218.102.78.207 - - [02/Sep/2003:08:20:52 -0700] "GET /article/cutpaste/index.html HTTP/1.1" 200 10494 "http://www.antlr.org/doc/getting-started.html" "Mozilla/4.0 (compatible; MSIE 6.0; Windows NT 5.1)"
217.184.246.2 - - [02/Sep/2003:08:21:14 -0700] "GET /testimonial/list HTTP/1.1" 200 12509 "http://www.antlr.org/" "Mozilla/4.0 (compatible; MSIE 5.0; Windows XP) Opera 6.05 [de]"
217.184.246.2 - - [02/Sep/2003:08:21:16 -0700] "GET /images/button-testimonial.gif HTTP/1.1" 200 701 "http://www.antlr.org/testimonial/list" "Mozilla/4.0 (compatible; MSIE 5.0; Windows XP) Opera 6.05 [de]"
194.203.13.66 - - [02/Sep/2003:08:21:17 -0700] "GET /doc/metalang.html HTTP/1.0" 200 52606 "http://www.antlr.org/doc/index.html" "Mozilla/4.0 (compatible; MSIE 4.01; Windows NT)"
194.203.13.66 - - [02/Sep/2003:08:21:18 -0700] "GET /doc/subrule.gif HTTP/1.0" 200 1887 "http://www.antlr.org/doc/metalang.html" "Mozilla/4.0 (compatible; MSIE 4.01; Windows NT)"
194.203.13.66 - - [02/Sep/2003:08:21:18 -0700] "GET /doc/closure.gif HTTP/1.0" 200 2166 "http://www.antlr.org/doc/metalang.html" "Mozilla/4.0 (compatible; MSIE 4.01; Windows NT)"
194.203.13.66 - - [02/Sep/2003:08:21:18 -0700] "GET /doc/optional.gif HTTP/1.0" 200 2018 "http://www.antlr.org/doc/metalang.html" "Mozilla/4.0 (compatible; MSIE 4.01; Windows NT)"
194.203.13.66 - - [02/Sep/2003:08:21:18 -0700] "GET /doc/posclosure.gif HTTP/1.0" 200 2031 "http://www.antlr.org/doc/metalang.html" "Mozilla/4.0 (compatible; MSIE 4.01; Windows NT)"
217.184.246.2 - - [02/Sep/2003:08:21:30 -0700] "GET /doc/index.html HTTP/1.1" 200 26469 "http://www.antlr.org/testimonial/list" "Mozilla/4.0 (compatible; MSIE 5.0; Windows XP) Opera 6.05 [de]"
194.203.13.66 - - [02/Sep/2003:08:21:35 -0700] "GET /doc/getting-started.html HTTP/1.0" 200 11326 "http://www.antlr.org/doc/metalang.html" "Mozilla/4.0 (compatible; MSIE 4.01; Windows NT)"
217.184.246.2 - - [02/Sep/2003:08:22:47 -0700] "GET /download.html HTTP/1.1" 200 9276 "http://www.antlr.org/testimonial/list" "Mozilla/4.0 (compatible; MSIE 5.0; Windows XP) Opera 6.05 [de]"
138.11.254.204 - - [02/Sep/2003:08:23:04 -0700] "GET /testimonial/list HTTP/1.0" 200 12509 "http://www.antlr.org/" "Mozilla/5.0 (Windows; U; Windows NT 5.1; en-US; rv:1.5a) Gecko/20030718"
138.11.254.204 - - [02/Sep/2003:08:23:04 -0700] "GET /images/button-testimonial.gif HTTP/1.0" 200 701 "http://www.antlr.org/testimonial/list" "Mozilla/5.0 (Windows; U; Windows NT 5.1; en-US; rv:1.5a) Gecko/20030718"
138.11.254.204 - - [02/Sep/2003:08:23:16 -0700] "GET /share/list HTTP/1.0" 200 10783 "http://www.antlr.org/testimonial/list" "Mozilla/5.0 (Windows; U; Windows NT 5.1; en-US; rv:1.5a) Gecko/20030718"
217.184.246.2 - - [02/Sep/2003:08:23:16 -0700] "GET /pccts133.html HTTP/1.1" 200 18035 "http://www.antlr.org/download.html" "Mozilla/4.0 (compatible; MSIE 5.0; Windows XP) Opera 6.05 [de]"
138.11.254.204 - - [02/Sep/2003:08:23:27 -0700] "GET /images/button-shared-resource.gif HTTP/1.0" 200 853 "http://www.antlr.org/share/list" "Mozilla/5.0 (Windows; U; Windows NT 5.1; en-US; rv:1.5a) Gecko/20030718"
217.184.246.2 - - [02/Sep/2003:08:23:38 -0700] "GET /workshop/97/summary.html HTTP/1.1" 200 12647 "http://www.antlr.org/pccts133.html" "Mozilla/4.0 (compatible; MSIE 5.0; Windows XP) Opera 6.05 [de]"
217.184.246.2 - - [02/Sep/2003:08:23:39 -0700] "GET /workshop/97/loring.jpg HTTP/1.1" 200 5652 "http://www.antlr.org/workshop/97/summary.html" "Mozilla/4.0 (compatible; MSIE 5.0; Windows XP) Opera 6.05 [de]"
217.184.246.2 - - [02/Sep/2003:08:23:40 -0700] "GET /workshop/97/john.jpg HTTP/1.1" 200 5377 "http://www.antlr.org/workshop/97/summary.html" "Mozilla/4.0 (compatible; MSIE 5.0; Windows XP) Opera 6.05 [de]"
217.184.246.2 - - [02/Sep/2003:08:23:40 -0700] "GET /workshop/97/monty.jpg HTTP/1.1" 200 6985 "http://www.antlr.org/workshop/97/summary.html" "Mozilla/4.0 (compatible; MSIE 5.0; Windows XP) Opera 6.05 [de]"
217.184.246.2 - - [02/Sep/2003:08:23:42 -0700] "GET /workshop/97/colm.jpg HTTP/1.1" 200 3560 "http://www.antlr.org/workshop/97/summary.html" "Mozilla/4.0 (compatible; MSIE 5.0; Windows XP) Opera 6.05 [de]"
24.69.108.54 - - [02/Sep/2003:08:23:45 -0700] "GET /doc/getting-started.html HTTP/1.1" 200 11326 "http://www.antlr.org/" "Mozilla/4.0 (compatible; MSIE 6.0; Windows NT 5.1; Q312461)"
217.184.246.2 - - [02/Sep/2003:08:23:45 -0700] "GET /workshop/97/ian.jpg HTTP/1.1" 200 5843 "http://www.antlr.org/workshop/97/summary.html" "Mozilla/4.0 (compatible; MSIE 5.0; Windows XP) Opera 6.05 [de]"
217.184.246.2 - - [02/Sep/2003:08:23:46 -0700] "GET /workshop/97/ter1.jpg HTTP/1.1" 200 15242 "http://www.antlr.org/workshop/97/summary.html" "Mozilla/4.0 (compatible; MSIE 5.0; Windows XP) Opera 6.05 [de]"
217.184.246.2 - - [02/Sep/2003:08:23:48 -0700] "GET /workshop/97/johan.jpg HTTP/1.1" 200 7867 "http://www.antlr.org/workshop/97/summary.html" "Mozilla/4.0 (compatible; MSIE 5.0; Windows XP) Opera 6.05 [de]"
217.184.246.2 - - [02/Sep/2003:08:23:51 -0700] "GET /workshop/97/sriram.jpg HTTP/1.1" 200 5423 "http://www.antlr.org/workshop/97/summary.html" "Mozilla/4.0 (compatible; MSIE 5.0; Windows XP) Opera 6.05 [de]"
217.184.246.2 - - [02/Sep/2003:08:23:52 -0700] "GET /workshop/97/group.jpg HTTP/1.1" 200 24576 "http://www.antlr.org/workshop/97/summary.html" "Mozilla/4.0 (compatible; MSIE 5.0; Windows XP) Opera 6.05 [de]"
217.184.246.2 - - [02/Sep/2003:08:23:53 -0700] "GET /workshop/97/sriram.jpg HTTP/1.1" 200 5423 "http://www.antlr.org/workshop/97/summary.html" "Mozilla/4.0 (compatible; MSIE 5.0; Windows XP) Opera 6.05 [de]"
217.184.246.2 - - [02/Sep/2003:08:23:53 -0700] "GET /workshop/97/scott.jpg HTTP/1.1" 200 6094 "http://www.antlr.org/workshop/97/summary.html" "Mozilla/4.0 (compatible; MSIE 5.0; Windows XP) Opera 6.05 [de]"
217.184.246.2 - - [02/Sep/2003:08:23:54 -0700] "GET /workshop/97/scott.jpg HTTP/1.1" 200 6094 "http://www.antlr.org/workshop/97/summary.html" "Mozilla/4.0 (compatible; MSIE 5.0; Windows XP) Opera 6.05 [de]"
24.69.108.54 - - [02/Sep/2003:08:23:55 -0700] "GET /doc/getting-started.html HTTP/1.1" 200 11326 "http://www.antlr.org/" "Mozilla/4.0 (compatible; MSIE 6.0; Windows NT 5.1; Q312461)"
138.11.254.204 - - [02/Sep/2003:08:24:07 -0700] "GET /share/1057353989224/antlr-2.7.2-CSharp-SP1.zip HTTP/1.0" 200 56198 "http://www.antlr.org/share/list" "Mozilla/5.0 (Windows; U; Windows NT 5.1; en-US; rv:1.5a) Gecko/20030718"
217.184.246.2 - - [02/Sep/2003:08:24:09 -0700] "GET /workshop/97/summary.html HTTP/1.1" 200 12647 "-" "Mozilla/4.0 (compatible; MSIE 5.0; Windows XP) Opera 6.05 [de]"
217.184.246.2 - - [02/Sep/2003:08:24:09 -0700] "GET /workshop/97/sriram.jpg HTTP/1.1" 200 5423 "http://www.antlr.org/workshop/97/summary.html" "Mozilla/4.0 (compatible; MSIE 5.0; Windows XP) Opera 6.05 [de]"
217.184.246.2 - - [02/Sep/2003:08:24:10 -0700] "GET /workshop/97/tony.jpg HTTP/1.1" 200 5589 "http://www.antlr.org/workshop/97/summary.html" "Mozilla/4.0 (compatible; MSIE 5.0; Windows XP) Opera 6.05 [de]"
217.184.246.2 - - [02/Sep/2003:08:24:10 -0700] "GET /workshop/97/johan.jpg HTTP/1.1" 200 7867 "http://www.antlr.org/workshop/97/summary.html" "Mozilla/4.0 (compatible; MSIE 5.0; Windows XP) Opera 6.05 [de]"
217.184.246.2 - - [02/Sep/2003:08:24:11 -0700] "GET /workshop/97/scott.jpg HTTP/1.1" 200 6094 "http://www.antlr.org/workshop/97/summary.html" "Mozilla/4.0 (compatible; MSIE 5.0; Windows XP) Opera 6.05 [de]"
24.69.108.54 - - [02/Sep/2003:08:24:14 -0700] "GET /doc/getting-started.html HTTP/1.1" 200 11326 "http://www.antlr.org/" "Mozilla/4.0 (compatible; MSIE 6.0; Windows NT 5.1; Q312461)"
217.184.246.2 - - [02/Sep/2003:08:24:15 -0700] "GET /workshop/97/ter1.jpg HTTP/1.1" 200 15242 "http://www.antlr.org/workshop/97/summary.html" "Mozilla/4.0 (compatible; MSIE 5.0; Windows XP) Opera 6.05 [de]"
217.184.246.2 - - [02/Sep/2003:08:24:18 -0700] "GET /workshop/97/ian.jpg HTTP/1.1" 200 5843 "http://www.antlr.org/workshop/97/summary.html" "Mozilla/4.0 (compatible; MSIE 5.0; Windows XP) Opera 6.05 [de]"
217.184.246.2 - - [02/Sep/2003:08:24:21 -0700] "GET /workshop/97/group.jpg HTTP/1.1" 200 26616 "http://www.antlr.org/workshop/97/summary.html" "Mozilla/4.0 (compatible; MSIE 5.0; Windows XP) Opera 6.05 [de]"
217.184.246.2 - - [02/Sep/2003:08:24:24 -0700] "GET /workshop/97/colm.jpg HTTP/1.1" 200 3560 "http://www.antlr.org/workshop/97/summary.html" "Mozilla/4.0 (compatible; MSIE 5.0; Windows XP) Opera 6.05 [de]"
195.7.123.178 - - [02/Sep/2003:08:24:36 -0700] "GET /download/antlr-2.7.2.tar.gz HTTP/1.1" 200 65536 "-" "Mozilla/4.0 (compatible; MSIE 5.01; Windows NT)"
24.69.108.54 - - [02/Sep/2003:08:24:40 -0700] "GET /doc/getting-started.html HTTP/1.1" 200 11326 "http://www.antlr.org/" "Mozilla/4.0 (compatible; MSIE 6.0; Windows NT 5.1; Q312461)"
24.69.108.54 - - [02/Sep/2003:08:24:40 -0700] "GET /images/shim.gif HTTP/1.1" 304 - "http://www.antlr.org/doc/getting-started.html" "Mozilla/4.0 (compatible; MSIE 6.0; Windows NT 5.1; Q312461)"
24.69.108.54 - - [02/Sep/2003:08:24:40 -0700] "GET /images/logo-head.gif HTTP/1.1" 304 - "http://www.antlr.org/doc/getting-started.html" "Mozilla/4.0 (compatible; MSIE 6.0; Windows NT 5.1; Q312461)"
24.69.108.54 - - [02/Sep/2003:08:24:40 -0700] "GET /images/head-shim.gif HTTP/1.1" 304 - "http://www.antlr.org/doc/getting-started.html" "Mozilla/4.0 (compatible; MSIE 6.0; Windows NT 5.1; Q312461)"
24.69.108.54 - - [02/Sep/2003:08:24:40 -0700] "GET /images/button-download.gif HTTP/1.1" 304 - "http://www.antlr.org/doc/getting-started.html" "Mozilla/4.0 (compatible; MSIE 6.0; Windows NT 5.1; Q312461)"
24.69.108.54 - - [02/Sep/2003:08:24:40 -0700] "GET /images/search.gif HTTP/1.1" 304 - "http://www.antlr.org/doc/getting-started.html" "Mozilla/4.0 (compatible; MSIE 6.0; Windows NT 5.1; Q312461)"
24.69.108.54 - - [02/Sep/2003:08:24:40 -0700] "GET /images/search-go.gif HTTP/1.1" 304 - "http://www.antlr.org/doc/getting-started.html" "Mozilla/4.0 (compatible; MSIE 6.0; Windows NT 5.1; Q312461)"
24.69.108.54 - - [02/Sep/2003:08:24:49 -0700] "GET /article/list HTTP/1.1" 200 15911 "http://www.antlr.org/doc/getting-started.html" "Mozilla/4.0 (compatible; MSIE 6.0; Windows NT 5.1; Q312461)"
24.69.108.54 - - [02/Sep/2003:08:24:49 -0700] "GET /images/button-add-article.gif HTTP/1.1" 200 579 "http://www.antlr.org/article/list" "Mozilla/4.0 (compatible; MSIE 6.0; Windows NT 5.1; Q312461)"
64.241.242.18 - - [02/Sep/2003:08:24:49 -0700] "GET /book/ HTTP/1.1" 200 7914 "-" "Mozilla/4.0 (compatible; grub-client-1.4.3; Crawl your own stuff with http://grub.org)"
12.210.67.206 - - [02/Sep/2003:08:26:39 -0700] "GET / HTTP/1.1" 200 11690 "-" "Mozilla/4.0 (compatible; MSIE 6.0; Windows NT 5.1; Q312461; .NET CLR 1.0.3705; .NET CLR 1.1.4322)"
12.210.67.206 - - [02/Sep/2003:08:26:39 -0700] "GET /images/shim.gif HTTP/1.1" 200 43 "http://www.antlr.org/" "Mozilla/4.0 (compatible; MSIE 6.0; Windows NT 5.1; Q312461; .NET CLR 1.0.3705; .NET CLR 1.1.4322)"
12.210.67.206 - - [02/Sep/2003:08:26:39 -0700] "GET /images/logo-head.gif HTTP/1.1" 200 4098 "http://www.antlr.org/" "Mozilla/4.0 (compatible; MSIE 6.0; Windows NT 5.1; Q312461; .NET CLR 1.0.3705; .NET CLR 1.1.4322)"
12.210.67.206 - - [02/Sep/2003:08:26:39 -0700] "GET /images/button-download.gif HTTP/1.1" 200 733 "http://www.antlr.org/" "Mozilla/4.0 (compatible; MSIE 6.0; Windows NT 5.1; Q312461; .NET CLR 1.0.3705; .NET CLR 1.1.4322)"
12.210.67.206 - - [02/Sep/2003:08:26:39 -0700] "GET /images/parr-head.jpg HTTP/1.1" 200 3582 "http://www.antlr.org/" "Mozilla/4.0 (compatible; MSIE 6.0; Windows NT 5.1; Q312461; .NET CLR 1.0.3705; .NET CLR 1.1.4322)"
12.210.67.206 - - [02/Sep/2003:08:26:39 -0700] "GET /images/head-shim.gif HTTP/1.1" 200 158 "http://www.antlr.org/" "Mozilla/4.0 (compatible; MSIE 6.0; Windows NT 5.1; Q312461; .NET CLR 1.0.3705; .NET CLR 1.1.4322)"
12.210.67.206 - - [02/Sep/2003:08:26:39 -0700] "GET /images/search.gif HTTP/1.1" 200 299 "http://www.antlr.org/" "Mozilla/4.0 (compatible; MSIE 6.0; Windows NT 5.1; Q312461; .NET CLR 1.0.3705; .NET CLR 1.1.4322)"
12.210.67.206 - - [02/Sep/2003:08:26:39 -0700] "GET /images/search-go.gif HTTP/1.1" 200 266 "http://www.antlr.org/" "Mozilla/4.0 (compatible; MSIE 6.0; Windows NT 5.1; Q312461; .NET CLR 1.0.3705; .NET CLR 1.1.4322)"
195.7.123.178 - - [02/Sep/2003:08:26:49 -0700] "GET / HTTP/1.1" 200 11690 "-" "Mozilla/4.0 (compatible; MSIE 5.01; Windows NT)"
195.7.123.178 - - [02/Sep/2003:08:26:49 -0700] "GET /images/shim.gif HTTP/1.1" 304 - "http://www.antlr.org/" "Mozilla/4.0 (compatible; MSIE 5.01; Windows NT)"
195.7.123.178 - - [02/Sep/2003:08:26:49 -0700] "GET /images/logo-head.gif HTTP/1.1" 304 - "http://www.antlr.org/" "Mozilla/4.0 (compatible; MSIE 5.01; Windows NT)"
195.7.123.178 - - [02/Sep/2003:08:26:49 -0700] "GET /images/parr-head.jpg HTTP/1.1" 200 3582 "http://www.antlr.org/" "Mozilla/4.0 (compatible; MSIE 5.01; Windows NT)"
195.7.123.178 - - [02/Sep/2003:08:26:49 -0700] "GET /images/search.gif HTTP/1.1" 304 - "http://www.antlr.org/" "Mozilla/4.0 (compatible; MSIE 5.01; Windows NT)"
195.7.123.178 - - [02/Sep/2003:08:26:49 -0700] "GET /images/search-go.gif HTTP/1.1" 304 - "http://www.antlr.org/" "Mozilla/4.0 (compatible; MSIE 5.01; Windows NT)"
195.7.123.178 - - [02/Sep/2003:08:26:50 -0700] "GET /images/head-shim.gif HTTP/1.1" 304 - "http://www.antlr.org/" "Mozilla/4.0 (compatible; MSIE 5.01; Windows NT)"
217.184.246.2 - - [02/Sep/2003:08:27:16 -0700] "GET / HTTP/1.1" 200 11690 "-" "Mozilla/4.0 (compatible; MSIE 5.0; Windows XP) Opera 6.05 [de]"
12.210.67.206 - - [02/Sep/2003:08:27:26 -0700] "GET /news/list HTTP/1.1" 200 8648 "http://www.antlr.org/" "Mozilla/4.0 (compatible; MSIE 6.0; Windows NT 5.1; Q312461; .NET CLR 1.0.3705; .NET CLR 1.1.4322)"
12.210.67.206 - - [02/Sep/2003:08:27:26 -0700] "GET /images/shim.gif HTTP/1.1" 304 - "http://www.antlr.org/news/list" "Mozilla/4.0 (compatible; MSIE 6.0; Windows NT 5.1; Q312461; .NET CLR 1.0.3705; .NET CLR 1.1.4322)"
12.210.67.206 - - [02/Sep/2003:08:27:27 -0700] "GET /images/logo-head.gif HTTP/1.1" 304 - "http://www.antlr.org/news/list" "Mozilla/4.0 (compatible; MSIE 6.0; Windows NT 5.1; Q312461; .NET CLR 1.0.3705; .NET CLR 1.1.4322)"
12.210.67.206 - - [02/Sep/2003:08:27:27 -0700] "GET /images/button-download.gif HTTP/1.1" 200 733 "http://www.antlr.org/news/list" "Mozilla/4.0 (compatible; MSIE 6.0; Windows NT 5.1; Q312461; .NET CLR 1.0.3705; .NET CLR 1.1.4322)"
12.210.67.206 - - [02/Sep/2003:08:27:27 -0700] "GET /images/head-shim.gif HTTP/1.1" 200 158 "http://www.antlr.org/news/list" "Mozilla/4.0 (compatible; MSIE 6.0; Windows NT 5.1; Q312461; .NET CLR 1.0.3705; .NET CLR 1.1.4322)"
12.210.67.206 - - [02/Sep/2003:08:27:27 -0700] "GET /images/search.gif HTTP/1.1" 200 299 "http://www.antlr.org/news/list" "Mozilla/4.0 (compatible; MSIE 6.0; Windows NT 5.1; Q312461; .NET CLR 1.0.3705; .NET CLR 1.1.4322)"
12.210.67.206 - - [02/Sep/2003:08:27:27 -0700] "GET /images/search-go.gif HTTP/1.1" 200 266 "http://www.antlr.org/news/list" "Mozilla/4.0 (compatible; MSIE 6.0; Windows NT 5.1; Q312461; .NET CLR 1.0.3705; .NET CLR 1.1.4322)"
195.7.123.178 - - [02/Sep/2003:08:27:36 -0700] "GET /download.html HTTP/1.1" 200 9276 "http://www.antlr.org/" "Mozilla/4.0 (compatible; MSIE 5.01; Windows NT)"
195.7.123.178 - - [02/Sep/2003:08:27:37 -0700] "GET /images/button-download.gif HTTP/1.1" 304 - "http://www.antlr.org/download.html" "Mozilla/4.0 (compatible; MSIE 5.01; Windows NT)"
194.203.13.66 - - [02/Sep/2003:08:27:39 -0700] "GET /images/shim.gif HTTP/1.0" 200 43 "http://www.antlr.org/" "Mozilla/4.0 (compatible; MSIE 4.01; Windows NT)"
194.203.13.66 - - [02/Sep/2003:08:27:39 -0700] "GET /images/logo-head.gif HTTP/1.0" 200 4098 "http://www.antlr.org/" "Mozilla/4.0 (compatible; MSIE 4.01; Windows NT)"
194.203.13.66 - - [02/Sep/2003:08:27:39 -0700] "GET /images/head-shim.gif HTTP/1.0" 200 158 "http://www.antlr.org/" "Mozilla/4.0 (compatible; MSIE 4.01; Windows NT)"
194.203.13.66 - - [02/Sep/2003:08:27:39 -0700] "GET / HTTP/1.0" 200 11690 "-" "Mozilla/4.0 (compatible; MSIE 4.01; Windows NT)"
194.203.13.66 - - [02/Sep/2003:08:27:39 -0700] "GET /images/button-download.gif HTTP/1.0" 200 733 "http://www.antlr.org/" "Mozilla/4.0 (compatible; MSIE 4.01; Windows NT)"
194.203.13.66 - - [02/Sep/2003:08:27:39 -0700] "GET /images/parr-head.jpg HTTP/1.0" 200 3582 "http://www.antlr.org/" "Mozilla/4.0 (compatible; MSIE 4.01; Windows NT)"
194.203.13.66 - - [02/Sep/2003:08:27:39 -0700] "GET /images/search.gif HTTP/1.0" 200 299 "http://www.antlr.org/" "Mozilla/4.0 (compatible; MSIE 4.01; Windows NT)"
194.203.13.66 - - [02/Sep/2003:08:27:40 -0700] "GET /images/search-go.gif HTTP/1.0" 200 266 "http://www.antlr.org/" "Mozilla/4.0 (compatible; MSIE 4.01; Windows NT)"
217.184.246.2 - - [02/Sep/2003:08:27:42 -0700] "GET /about.html HTTP/1.1" 200 8707 "http://www.antlr.org/" "Mozilla/4.0 (compatible; MSIE 5.0; Windows XP) Opera 6.05 [de]"
217.184.246.2 - - [02/Sep/2003:08:27:48 -0700] "GET /pccts133.html HTTP/1.1" 200 18035 "http://www.antlr.org/about.html" "Mozilla/4.0 (compatible; MSIE 5.0; Windows XP) Opera 6.05 [de]"
12.210.67.206 - - [02/Sep/2003:08:28:12 -0700] "GET / HTTP/1.1" 200 11690 "-" "Mozilla/4.0 (compatible; MSIE 6.0; Windows NT 5.1; Q312461; .NET CLR 1.0.3705; .NET CLR 1.1.4322)"
12.210.67.206 - - [02/Sep/2003:08:28:12 -0700] "GET /images/button-download.gif HTTP/1.1" 200 733 "http://www.antlr.org/" "Mozilla/4.0 (compatible; MSIE 6.0; Windows NT 5.1; Q312461; .NET CLR 1.0.3705; .NET CLR 1.1.4322)"
12.210.67.206 - - [02/Sep/2003:08:28:12 -0700] "GET /images/parr-head.jpg HTTP/1.1" 200 3582 "http://www.antlr.org/" "Mozilla/4.0 (compatible; MSIE 6.0; Windows NT 5.1; Q312461; .NET CLR 1.0.3705; .NET CLR 1.1.4322)"
12.210.67.206 - - [02/Sep/2003:08:28:12 -0700] "GET /images/head-shim.gif HTTP/1.1" 200 158 "http://www.antlr.org/" "Mozilla/4.0 (compatible; MSIE 6.0; Windows NT 5.1; Q312461; .NET CLR 1.0.3705; .NET CLR 1.1.4322)"
