62.57.74.14 - - [02/Sep/2003:09:32:30 -0700] "GET /images/search.gif HTTP/1.1" 200 299 "http://www.antlr.org/" "Mozilla/5.0 (X11; U; Linux i686; en-US; rv:1.5a) Gecko/20030728 Mozilla Firebird/0.6.1"
62.57.74.14 - - [02/Sep/2003:09:32:31 -0700] "GET /images/search-go.gif HTTP/1.1" 200 266 "http://www.antlr.org/" "Mozilla/5.0 (X11; U; Linux i686; en-US; rv:1.5a) Gecko/20030728 Mozilla Firebird/0.6.1"
62.57.74.14 - - [02/Sep/2003:09:32:31 -0700] "GET /images/head-shim.gif HTTP/1.1" 200 158 "http://www.antlr.org/" "Mozilla/5.0 (X11; U; Linux i686; en-US; rv:1.5a) Gecko/20030728 Mozilla Firebird/0.6.1"
62.57.74.14 - - [02/Sep/2003:09:32:31 -0700] "GET /favicon.ico HTTP/1.1" 404 173 "-" "Mozilla/5.0 (X11; U; Linux i686; en-US; rv:1.5a) Gecko/20030728 Mozilla Firebird/0.6.1"
63.206.90.80 - - [02/Sep/2003:09:32:51 -0700] "GET / HTTP/1.1" 200 11690 "-" "Mozilla/4.0 (compatible; MSIE 6.0; Windows NT 5.0; .NET CLR 1.0.3705; .NET CLR 1.1.4322)"
63.206.90.80 - - [02/Sep/2003:09:32:54 -0700] "GET /about.html HTTP/1.1" 200 8707 "http://www.antlr.org" "Mozilla/4.0 (compatible; MSIE 6.0; Windows NT 5.0; .NET CLR 1.0.3705; .NET CLR 1.1.4322)"
63.206.90.80 - - [02/Sep/2003:09:32:56 -0700] "GET /doc/index.html HTTP/1.1" 200 26469 "http://www.antlr.org/about.html" "Mozilla/4.0 (compatible; MSIE 6.0; Windows NT 5.0; .NET CLR 1.0.3705; .NET CLR 1.1.4322)"
62.57.74.14 - - [02/Sep/2003:09:32:56 -0700] "GET /download.html HTTP/1.1" 200 9276 "http://www.antlr.org/" "Mozilla/5.0 (X11; U; Linux i686; en-US; rv:1.5a) Gecko/20030728 Mozilla Firebird/0.6.1"
63.206.90.80 - - [02/Sep/2003:09:33:04 -0700] "GET /doc/lexer.html HTTP/1.1" 200 83864 "http://www.antlr.org/doc/index.html" "Mozilla/4.0 (compatible; MSIE 6.0; Windows NT 5.0; .NET CLR 1.0.3705; .NET CLR 1.1.4322)"
62.57.74.14 - - [02/Sep/2003:09:33:28 -0700] "GET /download/antlr-2.7.2.zip HTTP/1.1" 200 1943296 "http://www.antlr.org/download.html" "Mozilla/5.0 (X11; U; Linux i686; en-US; rv:1.5a) Gecko/20030728 Mozilla Firebird/0.6.1"
81.56.196.172 - - [02/Sep/2003:09:33:47 -0700] "GET /download/antlr-2.7.2.zip HTTP/1.1" 200 90112 "-" "Mozilla/4.01 [en](Win95;I)"
12.210.67.206 - - [02/Sep/2003:09:34:02 -0700] "GET /doc/getting-started.html HTTP/1.1" 200 11326 "http://www.antlr.org/doc/antlr272release.html" "Mozilla/4.0 (compatible; MSIE 6.0; Windows NT 5.1; Q312461; .NET CLR 1.0.3705; .NET CLR 1.1.4322)"
12.210.67.206 - - [02/Sep/2003:09:34:02 -0700] "GET /images/button-download.gif HTTP/1.1" 200 733 "http://www.antlr.org/doc/getting-started.html" "Mozilla/4.0 (compatible; MSIE 6.0; Windows NT 5.1; Q312461; .NET CLR 1.0.3705; .NET CLR 1.1.4322)"
12.210.67.206 - - [02/Sep/2003:09:34:02 -0700] "GET /images/head-shim.gif HTTP/1.1" 200 158 "http://www.antlr.org/doc/getting-started.html" "Mozilla/4.0 (compatible; MSIE 6.0; Windows NT 5.1; Q312461; .NET CLR 1.0.3705; .NET CLR 1.1.4322)"
12.210.67.206 - - [02/Sep/2003:09:34:02 -0700] "GET /images/search.gif HTTP/1.1" 200 299 "http://www.antlr.org/doc/getting-started.html" "Mozilla/4.0 (compatible; MSIE 6.0; Windows NT 5.1; Q312461; .NET CLR 1.0.3705; .NET CLR 1.1.4322)"
12.210.67.206 - - [02/Sep/2003:09:34:02 -0700] "GET /images/search-go.gif HTTP/1.1" 200 266 "http://www.antlr.org/doc/getting-started.html" "Mozilla/4.0 (compatible; MSIE 6.0; Windows NT 5.1; Q312461; .NET CLR 1.0.3705; .NET CLR 1.1.4322)"
81.56.164.13 - - [02/Sep/2003:09:34:38 -0700] "GET /images/shim.gif HTTP/1.1" 304 - "http://www.antlr.org/article/langparse.html" "Mozilla/4.0 (compatible; MSIE 6.0; Windows NT 5.1)"
81.56.164.13 - - [02/Sep/2003:09:34:39 -0700] "GET /images/logo-head.gif HTTP/1.1" 304 - "http://www.antlr.org/article/langparse.html" "Mozilla/4.0 (compatible; MSIE 6.0; Windows NT 5.1)"
81.56.164.13 - - [02/Sep/2003:09:34:39 -0700] "GET /article/langparse.html HTTP/1.1" 200 22670 "http://www.google.fr/search?q=%2B%22parser%22%2B%22syntactic+predicate%22&ie=UTF-8&oe=UTF-8&hl=fr&meta=" "Mozilla/4.0 (compatible; MSIE 6.0; Windows NT 5.1)"
81.56.164.13 - - [02/Sep/2003:09:34:39 -0700] "GET /images/head-shim.gif HTTP/1.1" 304 - "http://www.antlr.org/article/langparse.html" "Mozilla/4.0 (compatible; MSIE 6.0; Windows NT 5.1)"
81.56.164.13 - - [02/Sep/2003:09:34:39 -0700] "GET /images/button-download.gif HTTP/1.1" 304 - "http://www.antlr.org/article/langparse.html" "Mozilla/4.0 (compatible; MSIE 6.0; Windows NT 5.1)"
81.56.164.13 - - [02/Sep/2003:09:34:39 -0700] "GET /images/search.gif HTTP/1.1" 304 - "http://www.antlr.org/article/langparse.html" "Mozilla/4.0 (compatible; MSIE 6.0; Windows NT 5.1)"
81.56.164.13 - - [02/Sep/2003:09:34:39 -0700] "GET /images/search-go.gif HTTP/1.1" 304 - "http://www.antlr.org/article/langparse.html" "Mozilla/4.0 (compatible; MSIE 6.0; Windows NT 5.1)"
81.56.164.13 - - [02/Sep/2003:09:34:39 -0700] "GET /logo.gif HTTP/1.1" 200 6455 "http://www.antlr.org/article/langparse.html" "Mozilla/4.0 (compatible; MSIE 6.0; Windows NT 5.1)"
81.56.164.13 - - [02/Sep/2003:09:34:59 -0700] "GET /article/langparse.html HTTP/1.1" 200 22670 "-" "Mozilla/4.0 (compatible; MSIE 6.0; Windows NT 5.1)"
81.56.164.13 - - [02/Sep/2003:09:35:00 -0700] "GET /logo.gif HTTP/1.1" 200 6455 "-" "Mozilla/4.0 (compatible; MSIE 6.0; Windows NT 5.1)"
81.56.164.13 - - [02/Sep/2003:09:35:08 -0700] "GET /javadoc/antlr/Parser.html HTTP/1.1" 200 41608 "http://www.google.fr/search?q=%2B%22parser%22%2B%22syntactic+predicate%22&ie=UTF-8&oe=UTF-8&hl=fr&meta=" "Mozilla/4.0 (compatible; MSIE 6.0; Windows NT 5.1)"
12.210.67.206 - - [02/Sep/2003:09:35:20 -0700] "GET /doc/getting-started.html HTTP/1.1" 200 11326 "http://www.antlr.org/doc/antlr272release.html" "Mozilla/4.0 (compatible; MSIE 6.0; Windows NT 5.1; Q312461; .NET CLR 1.0.3705; .NET CLR 1.1.4322)"
12.210.67.206 - - [02/Sep/2003:09:35:20 -0700] "GET /images/button-download.gif HTTP/1.1" 200 733 "http://www.antlr.org/doc/getting-started.html" "Mozilla/4.0 (compatible; MSIE 6.0; Windows NT 5.1; Q312461; .NET CLR 1.0.3705; .NET CLR 1.1.4322)"
12.210.67.206 - - [02/Sep/2003:09:35:20 -0700] "GET /images/head-shim.gif HTTP/1.1" 200 158 "http://www.antlr.org/doc/getting-started.html" "Mozilla/4.0 (compatible; MSIE 6.0; Windows NT 5.1; Q312461; .NET CLR 1.0.3705; .NET CLR 1.1.4322)"
12.210.67.206 - - [02/Sep/2003:09:35:20 -0700] "GET /images/search.gif HTTP/1.1" 200 299 "http://www.antlr.org/doc/getting-started.html" "Mozilla/4.0 (compatible; MSIE 6.0; Windows NT 5.1; Q312461; .NET CLR 1.0.3705; .NET CLR 1.1.4322)"
12.210.67.206 - - [02/Sep/2003:09:35:20 -0700] "GET /images/search-go.gif HTTP/1.1" 200 266 "http://www.antlr.org/doc/getting-started.html" "Mozilla/4.0 (compatible; MSIE 6.0; Windows NT 5.1; Q312461; .NET CLR 1.0.3705; .NET CLR 1.1.4322)"
81.56.196.172 - - [02/Sep/2003:09:35:23 -0700] "GET /download/antlr-2.7.2.zip HTTP/1.1" 200 90112 "-" "Mozilla/4.01 [en](Win95;I)"
62.104.220.70 - - [02/Sep/2003:09:35:50 -0700] "GET /download.html HTTP/1.0" 200 9276 "http://www.antlr.org/doc/sor.html" "Mozilla/5.0 (X11; U; Linux i686; en-US; rv:1.4) Gecko/20030624"
81.56.196.172 - - [02/Sep/2003:09:36:03 -0700] "GET /download/antlr-2.7.2.zip HTTP/1.1" 200 90112 "-" "Mozilla/4.01 [en](Win95;I)"
61.97.229.58 - - [02/Sep/2003:09:36:12 -0700] "GET / HTTP/1.1" 200 11690 "-" "Mozilla/4.0 (compatible; MSIE 6.0; Windows NT 5.0)"
61.97.229.58 - - [02/Sep/2003:09:36:12 -0700] "GET /images/shim.gif HTTP/1.1" 304 - "http://www.antlr.org" "Mozilla/4.0 (compatible; MSIE 6.0; Windows NT 5.0)"
61.97.229.58 - - [02/Sep/2003:09:36:13 -0700] "GET /images/logo-head.gif HTTP/1.1" 304 - "http://www.antlr.org" "Mozilla/4.0 (compatible; MSIE 6.0; Windows NT 5.0)"
61.97.229.58 - - [02/Sep/2003:09:36:13 -0700] "GET /images/button-download.gif HTTP/1.1" 304 - "http://www.antlr.org" "Mozilla/4.0 (compatible; MSIE 6.0; Windows NT 5.0)"
61.97.229.58 - - [02/Sep/2003:09:36:13 -0700] "GET /images/parr-head.jpg HTTP/1.1" 304 - "http://www.antlr.org" "Mozilla/4.0 (compatible; MSIE 6.0; Windows NT 5.0)"
61.97.229.58 - - [02/Sep/2003:09:36:13 -0700] "GET /images/head-shim.gif HTTP/1.1" 304 - "http://www.antlr.org" "Mozilla/4.0 (compatible; MSIE 6.0; Windows NT 5.0)"
61.97.229.58 - - [02/Sep/2003:09:36:13 -0700] "GET /images/search.gif HTTP/1.1" 304 - "http://www.antlr.org" "Mozilla/4.0 (compatible; MSIE 6.0; Windows NT 5.0)"
61.97.229.58 - - [02/Sep/2003:09:36:13 -0700] "GET /images/search-go.gif HTTP/1.1" 304 - "http://www.antlr.org" "Mozilla/4.0 (compatible; MSIE 6.0; Windows NT 5.0)"
195.217.128.161 - - [02/Sep/2003:09:36:21 -0700] "GET /doc/getting-started.html HTTP/1.0" 200 11326 "http://www.antlr.org/doc/index.html" "Mozilla/4.0 (compatible; MSIE 6.0; Windows NT 5.0)"
61.97.229.58 - - [02/Sep/2003:09:36:22 -0700] "GET /doc/getting-started.html HTTP/1.1" 200 11326 "http://www.antlr.org" "Mozilla/4.0 (compatible; MSIE 6.0; Windows NT 5.0)"
195.217.128.161 - - [02/Sep/2003:09:37:22 -0700] "GET /doc/getting-started.html HTTP/1.0" 200 11326 "http://www.antlr.org/doc/index.html" "Mozilla/4.0 (compatible; MSIE 6.0; Windows NT 5.0)"
200.241.110.131 - - [02/Sep/2003:09:37:49 -0700] "GET / HTTP/1.1" 200 11690 "http://mail.gnu.org/archive/html/savannah-hackers/2003-03/msg00563.html" "Mozilla/4.0 (compatible; MSIE 6.0; Windows NT 5.1; .NET CLR 1.1.4322)"
200.241.110.131 - - [02/Sep/2003:09:37:49 -0700] "GET /images/logo-head.gif HTTP/1.1" 200 4098 "http://antlr.org/" "Mozilla/4.0 (compatible; MSIE 6.0; Windows NT 5.1; .NET CLR 1.1.4322)"
200.241.110.131 - - [02/Sep/2003:09:37:49 -0700] "GET /images/shim.gif HTTP/1.1" 200 43 "http://antlr.org/" "Mozilla/4.0 (compatible; MSIE 6.0; Windows NT 5.1; .NET CLR 1.1.4322)"
200.241.110.131 - - [02/Sep/2003:09:37:49 -0700] "GET /images/head-shim.gif HTTP/1.1" 200 158 "http://antlr.org/" "Mozilla/4.0 (compatible; MSIE 6.0; Windows NT 5.1; .NET CLR 1.1.4322)"
200.241.110.131 - - [02/Sep/2003:09:37:49 -0700] "GET /images/button-download.gif HTTP/1.1" 200 733 "http://antlr.org/" "Mozilla/4.0 (compatible; MSIE 6.0; Windows NT 5.1; .NET CLR 1.1.4322)"
200.241.110.131 - - [02/Sep/2003:09:37:49 -0700] "GET /images/parr-head.jpg HTTP/1.1" 200 3582 "http://antlr.org/" "Mozilla/4.0 (compatible; MSIE 6.0; Windows NT 5.1; .NET CLR 1.1.4322)"
200.241.110.131 - - [02/Sep/2003:09:37:50 -0700] "GET /images/search.gif HTTP/1.1" 200 299 "http://antlr.org/" "Mozilla/4.0 (compatible; MSIE 6.0; Windows NT 5.1; .NET CLR 1.1.4322)"
200.241.110.131 - - [02/Sep/2003:09:37:50 -0700] "GET /images/search-go.gif HTTP/1.1" 200 266 "http://antlr.org/" "Mozilla/4.0 (compatible; MSIE 6.0; Windows NT 5.1; .NET CLR 1.1.4322)"
62.107.64.242 - - [02/Sep/2003:09:38:15 -0700] "GET / HTTP/1.1" 200 11690 "http://www.devincook.com/goldparser/links.htm" "Mozilla/4.0 (compatible; MSIE 6.0; Windows NT 5.1; .NET CLR 1.1.4322; .NET CLR 1.0.3705)"
62.107.64.242 - - [02/Sep/2003:09:38:15 -0700] "GET /images/logo-head.gif HTTP/1.1" 304 - "http://www.antlr.org/" "Mozilla/4.0 (compatible; MSIE 6.0; Windows NT 5.1; .NET CLR 1.1.4322; .NET CLR 1.0.3705)"
62.107.64.242 - - [02/Sep/2003:09:38:15 -0700] "GET /images/shim.gif HTTP/1.1" 304 - "http://www.antlr.org/" "Mozilla/4.0 (compatible; MSIE 6.0; Windows NT 5.1; .NET CLR 1.1.4322; .NET CLR 1.0.3705)"
62.107.64.242 - - [02/Sep/2003:09:38:15 -0700] "GET /images/button-download.gif HTTP/1.1" 304 - "http://www.antlr.org/" "Mozilla/4.0 (compatible; MSIE 6.0; Windows NT 5.1; .NET CLR 1.1.4322; .NET CLR 1.0.3705)"
62.107.64.242 - - [02/Sep/2003:09:38:15 -0700] "GET /images/parr-head.jpg HTTP/1.1" 200 3582 "http://www.antlr.org/" "Mozilla/4.0 (compatible; MSIE 6.0; Windows NT 5.1; .NET CLR 1.1.4322; .NET CLR 1.0.3705)"
62.107.64.242 - - [02/Sep/2003:09:38:15 -0700] "GET /images/head-shim.gif HTTP/1.1" 304 - "http://www.antlr.org/" "Mozilla/4.0 (compatible; MSIE 6.0; Windows NT 5.1; .NET CLR 1.1.4322; .NET CLR 1.0.3705)"
62.107.64.242 - - [02/Sep/2003:09:38:16 -0700] "GET /images/search.gif HTTP/1.1" 304 - "http://www.antlr.org/" "Mozilla/4.0 (compatible; MSIE 6.0; Windows NT 5.1; .NET CLR 1.1.4322; .NET CLR 1.0.3705)"
62.107.64.242 - - [02/Sep/2003:09:38:16 -0700] "GET /images/search-go.gif HTTP/1.1" 304 - "http://www.antlr.org/" "Mozilla/4.0 (compatible; MSIE 6.0; Windows NT 5.1; .NET CLR 1.1.4322; .NET CLR 1.0.3705)"
62.57.74.14 - - [02/Sep/2003:09:38:17 -0700] "GET /javadoc/overview-summary.html HTTP/1.1" 200 9784 "http://www.antlr.org/download.html" "Mozilla/5.0 (X11; U; Linux i686; en-US; rv:1.5a) Gecko/20030728 Mozilla Firebird/0.6.1"
62.57.74.14 - - [02/Sep/2003:09:38:23 -0700] "GET /doc/index.html HTTP/1.1" 200 26469 "http://www.antlr.org/javadoc/overview-summary.html" "Mozilla/5.0 (X11; U; Linux i686; en-US; rv:1.5a) Gecko/20030728 Mozilla Firebird/0.6.1"
62.57.74.14 - - [02/Sep/2003:09:38:32 -0700] "GET /doc/metalang.html HTTP/1.1" 200 52606 "http://www.antlr.org/doc/index.html" "Mozilla/5.0 (X11; U; Linux i686; en-US; rv:1.5a) Gecko/20030728 Mozilla Firebird/0.6.1"
62.57.74.14 - - [02/Sep/2003:09:38:32 -0700] "GET /doc/subrule.gif HTTP/1.1" 200 1887 "http://www.antlr.org/doc/metalang.html" "Mozilla/5.0 (X11; U; Linux i686; en-US; rv:1.5a) Gecko/20030728 Mozilla Firebird/0.6.1"
62.57.74.14 - - [02/Sep/2003:09:38:32 -0700] "GET /doc/optional.gif HTTP/1.1" 200 2018 "http://www.antlr.org/doc/metalang.html" "Mozilla/5.0 (X11; U; Linux i686; en-US; rv:1.5a) Gecko/20030728 Mozilla Firebird/0.6.1"
62.57.74.14 - - [02/Sep/2003:09:38:32 -0700] "GET /doc/closure.gif HTTP/1.1" 200 2166 "http://www.antlr.org/doc/metalang.html" "Mozilla/5.0 (X11; U; Linux i686; en-US; rv:1.5a) Gecko/20030728 Mozilla Firebird/0.6.1"
62.57.74.14 - - [02/Sep/2003:09:38:33 -0700] "GET /doc/posclosure.gif HTTP/1.1" 200 2031 "http://www.antlr.org/doc/metalang.html" "Mozilla/5.0 (X11; U; Linux i686; en-US; rv:1.5a) Gecko/20030728 Mozilla Firebird/0.6.1"
62.57.74.14 - - [02/Sep/2003:09:38:42 -0700] "GET /doc/lexer.html HTTP/1.1" 200 83864 "http://www.antlr.org/doc/index.html" "Mozilla/5.0 (X11; U; Linux i686; en-US; rv:1.5a) Gecko/20030728 Mozilla Firebird/0.6.1"
62.57.74.14 - - [02/Sep/2003:09:38:53 -0700] "GET /doc/sor.html HTTP/1.1" 200 22139 "http://www.antlr.org/doc/index.html" "Mozilla/5.0 (X11; U; Linux i686; en-US; rv:1.5a) Gecko/20030728 Mozilla Firebird/0.6.1"
12.30.65.124 - - [02/Sep/2003:09:40:51 -0700] "GET / HTTP/1.0" 200 11690 "http://ant.apache.org/manual/install.html" "Mozilla/5.0 (X11; U; Linux i686; en-US; rv:1.3) Gecko/20030312"
12.30.65.124 - - [02/Sep/2003:09:40:52 -0700] "GET /images/shim.gif HTTP/1.0" 200 43 "http://www.antlr.org/" "Mozilla/5.0 (X11; U; Linux i686; en-US; rv:1.3) Gecko/20030312"
12.30.65.124 - - [02/Sep/2003:09:40:52 -0700] "GET /images/logo-head.gif HTTP/1.0" 200 4098 "http://www.antlr.org/" "Mozilla/5.0 (X11; U; Linux i686; en-US; rv:1.3) Gecko/20030312"
12.30.65.124 - - [02/Sep/2003:09:40:52 -0700] "GET /images/button-download.gif HTTP/1.0" 200 733 "http://www.antlr.org/" "Mozilla/5.0 (X11; U; Linux i686; en-US; rv:1.3) Gecko/20030312"
12.30.65.124 - - [02/Sep/2003:09:40:52 -0700] "GET /images/parr-head.jpg HTTP/1.0" 200 3582 "http://www.antlr.org/" "Mozilla/5.0 (X11; U; Linux i686; en-US; rv:1.3) Gecko/20030312"
12.30.65.124 - - [02/Sep/2003:09:40:52 -0700] "GET /images/search.gif HTTP/1.0" 200 299 "http://www.antlr.org/" "Mozilla/5.0 (X11; U; Linux i686; en-US; rv:1.3) Gecko/20030312"
12.30.65.124 - - [02/Sep/2003:09:40:52 -0700] "GET /images/search-go.gif HTTP/1.0" 200 266 "http://www.antlr.org/" "Mozilla/5.0 (X11; U; Linux i686; en-US; rv:1.3) Gecko/20030312"
12.30.65.124 - - [02/Sep/2003:09:40:52 -0700] "GET /images/head-shim.gif HTTP/1.0" 200 158 "http://www.antlr.org/" "Mozilla/5.0 (X11; U; Linux i686; en-US; rv:1.3) Gecko/20030312"
195.217.128.161 - - [02/Sep/2003:09:40:58 -0700] "GET / HTTP/1.0" 200 11690 "http://supportweb.cs.bham.ac.uk/documentation/tutorials/docsystem/build/tutorials/antlr/antlr.html" "Mozilla/4.0 (compatible; MSIE 6.0; Windows NT 5.0)"
195.217.128.161 - - [02/Sep/2003:09:40:59 -0700] "GET /images/parr-head.jpg HTTP/1.0" 304 - "http://www.antlr.org/" "Mozilla/4.0 (compatible; MSIE 6.0; Windows NT 5.0)"
81.56.196.172 - - [02/Sep/2003:09:41:31 -0700] "GET /download/antlr-2.7.2.zip HTTP/1.1" 200 90112 "-" "Mozilla/4.01 [en](Win95;I)"
195.217.128.161 - - [02/Sep/2003:09:41:44 -0700] "GET /download.html HTTP/1.0" 200 9276 "http://www.antlr.org/" "Mozilla/4.0 (compatible; MSIE 6.0; Windows NT 5.0)"
195.217.128.161 - - [02/Sep/2003:09:42:04 -0700] "GET /doc/index.html HTTP/1.0" 200 26469 "http://www.antlr.org/download.html" "Mozilla/4.0 (compatible; MSIE 6.0; Windows NT 5.0)"
81.56.196.172 - - [02/Sep/2003:09:42:13 -0700] "GET /download/antlr-2.7.2.zip HTTP/1.1" 200 90112 "-" "Mozilla/4.01 [en](Win95;I)"
195.217.128.161 - - [02/Sep/2003:09:42:25 -0700] "GET /doc/runtime.html HTTP/1.0" 200 49604 "http://www.antlr.org/doc/index.html" "Mozilla/4.0 (compatible; MSIE 6.0; Windows NT 5.0)"
195.217.128.161 - - [02/Sep/2003:09:42:30 -0700] "GET /doc/index.html HTTP/1.0" 200 26469 "http://www.antlr.org/download.html" "Mozilla/4.0 (compatible; MSIE 6.0; Windows NT 5.0)"
195.217.128.161 - - [02/Sep/2003:09:42:43 -0700] "GET /doc/options.html HTTP/1.0" 200 37045 "http://www.antlr.org/doc/index.html" "Mozilla/4.0 (compatible; MSIE 6.0; Windows NT 5.0)"
195.217.128.161 - - [02/Sep/2003:09:42:54 -0700] "GET /doc/index.html HTTP/1.0" 200 26469 "http://www.antlr.org/download.html" "Mozilla/4.0 (compatible; MSIE 6.0; Windows NT 5.0)"
195.217.128.161 - - [02/Sep/2003:09:42:57 -0700] "GET /download.html HTTP/1.0" 200 9276 "http://www.antlr.org/" "Mozilla/4.0 (compatible; MSIE 6.0; Windows NT 5.0)"
195.217.128.161 - - [02/Sep/2003:09:43:03 -0700] "GET / HTTP/1.0" 200 11690 "http://supportweb.cs.bham.ac.uk/documentation/tutorials/docsystem/build/tutorials/antlr/antlr.html" "Mozilla/4.0 (compatible; MSIE 6.0; Windows NT 5.0)"
195.217.128.161 - - [02/Sep/2003:09:43:10 -0700] "GET /doc/getting-started.html HTTP/1.0" 200 11326 "http://www.antlr.org/" "Mozilla/4.0 (compatible; MSIE 6.0; Windows NT 5.0)"
81.56.196.172 - - [02/Sep/2003:09:43:15 -0700] "GET /download/antlr-2.7.2.zip HTTP/1.1" 200 90112 "-" "Mozilla/4.01 [en](Win95;I)"
81.56.196.172 - - [02/Sep/2003:09:43:37 -0700] "GET /download/antlr-2.7.2.zip HTTP/1.1" 200 90112 "-" "Mozilla/4.01 [en](Win95;I)"
81.56.196.172 - - [02/Sep/2003:09:43:52 -0700] "GET /download/antlr-2.7.2.zip HTTP/1.1" 200 122880 "-" "Mozilla/4.01 [en](Win95;I)"
195.217.128.161 - - [02/Sep/2003:09:43:53 -0700] "GET /doc/getting-started.html HTTP/1.0" 200 11326 "http://www.antlr.org/" "Mozilla/4.0 (compatible; MSIE 6.0; Windows NT 5.0)"
81.56.164.13 - - [02/Sep/2003:09:43:56 -0700] "GET /grammars/java HTTP/1.1" 200 6460 "http://madbean.com/blog/12/" "Mozilla/4.0 (compatible; MSIE 6.0; Windows NT 5.1)"
81.56.164.13 - - [02/Sep/2003:09:43:56 -0700] "GET /images/shim.gif HTTP/1.1" 304 - "http://www.antlr.org/grammars/java" "Mozilla/4.0 (compatible; MSIE 6.0; Windows NT 5.1)"
81.56.164.13 - - [02/Sep/2003:09:43:56 -0700] "GET /images/logo-head.gif HTTP/1.1" 304 - "http://www.antlr.org/grammars/java" "Mozilla/4.0 (compatible; MSIE 6.0; Windows NT 5.1)"
81.56.164.13 - - [02/Sep/2003:09:43:57 -0700] "GET /images/head-shim.gif HTTP/1.1" 304 - "http://www.antlr.org/grammars/java" "Mozilla/4.0 (compatible; MSIE 6.0; Windows NT 5.1)"
81.56.164.13 - - [02/Sep/2003:09:43:57 -0700] "GET /images/button-download.gif HTTP/1.1" 304 - "http://www.antlr.org/grammars/java" "Mozilla/4.0 (compatible; MSIE 6.0; Windows NT 5.1)"
81.56.164.13 - - [02/Sep/2003:09:44:01 -0700] "GET /grammar/list HTTP/1.1" 200 15685 "http://www.antlr.org/grammars/java" "Mozilla/4.0 (compatible; MSIE 6.0; Windows NT 5.1)"
81.56.164.13 - - [02/Sep/2003:09:44:01 -0700] "GET /images/search.gif HTTP/1.1" 304 - "http://www.antlr.org/grammar/list" "Mozilla/4.0 (compatible; MSIE 6.0; Windows NT 5.1)"
81.56.164.13 - - [02/Sep/2003:09:44:01 -0700] "GET /images/search-go.gif HTTP/1.1" 304 - "http://www.antlr.org/grammar/list" "Mozilla/4.0 (compatible; MSIE 6.0; Windows NT 5.1)"
81.56.164.13 - - [02/Sep/2003:09:44:01 -0700] "GET /images/button-add-grammar.gif HTTP/1.1" 200 664 "http://www.antlr.org/grammar/list" "Mozilla/4.0 (compatible; MSIE 6.0; Windows NT 5.1)"
81.56.164.13 - - [02/Sep/2003:09:44:13 -0700] "GET /grammar/java HTTP/1.1" 200 8472 "http://www.antlr.org/grammar/list" "Mozilla/4.0 (compatible; MSIE 6.0; Windows NT 5.1)"
81.56.164.13 - - [02/Sep/2003:09:44:23 -0700] "GET /grammar/java/java.g HTTP/1.1" 200 33216 "http://www.antlr.org/grammar/java" "Mozilla/4.0 (compatible; MSIE 6.0; Windows NT 5.1)"
81.56.164.13 - - [02/Sep/2003:09:44:50 -0700] "GET /grammar/java HTTP/1.1" 200 8472 "http://www.antlr.org/grammar/list" "Mozilla/4.0 (compatible; MSIE 6.0; Windows NT 5.1)"
81.56.164.13 - - [02/Sep/2003:09:44:51 -0700] "GET /grammar/list HTTP/1.1" 200 15685 "http://www.antlr.org/grammars/java" "Mozilla/4.0 (compatible; MSIE 6.0; Windows NT 5.1)"
81.56.196.172 - - [02/Sep/2003:09:45:33 -0700] "GET /download/antlr-2.7.2.zip HTTP/1.1" 200 122880 "-" "Mozilla/4.01 [en](Win95;I)"
81.56.196.172 - - [02/Sep/2003:09:46:14 -0700] "GET /download/antlr-2.7.2.zip HTTP/1.1" 200 90112 "-" "Mozilla/4.01 [en](Win95;I)"
205.227.89.16 - - [02/Sep/2003:09:46:20 -0700] "GET / HTTP/1.1" 200 11690 "-" "Mozilla/4.0 (compatible; MSIE 6.0; Windows NT 5.0)"
205.227.89.16 - - [02/Sep/2003:09:46:20 -0700] "GET /images/shim.gif HTTP/1.1" 200 43 "http://www.antlr.org/" "Mozilla/4.0 (compatible; MSIE 6.0; Windows NT 5.0)"
205.227.89.16 - - [02/Sep/2003:09:46:20 -0700] "GET /images/logo-head.gif HTTP/1.1" 200 4098 "http://www.antlr.org/" "Mozilla/4.0 (compatible; MSIE 6.0; Windows NT 5.0)"
205.227.89.16 - - [02/Sep/2003:09:46:21 -0700] "GET /images/head-shim.gif HTTP/1.1" 200 158 "http://www.antlr.org/" "Mozilla/4.0 (compatible; MSIE 6.0; Windows NT 5.0)"
205.227.89.16 - - [02/Sep/2003:09:46:21 -0700] "GET /images/button-download.gif HTTP/1.1" 200 733 "http://www.antlr.org/" "Mozilla/4.0 (compatible; MSIE 6.0; Windows NT 5.0)"
205.227.89.16 - - [02/Sep/2003:09:46:21 -0700] "GET /images/parr-head.jpg HTTP/1.1" 200 3582 "http://www.antlr.org/" "Mozilla/4.0 (compatible; MSIE 6.0; Windows NT 5.0)"
205.227.89.16 - - [02/Sep/2003:09:46:21 -0700] "GET /images/search.gif HTTP/1.1" 200 299 "http://www.antlr.org/" "Mozilla/4.0 (compatible; MSIE 6.0; Windows NT 5.0)"
205.227.89.16 - - [02/Sep/2003:09:46:21 -0700] "GET /images/search-go.gif HTTP/1.1" 200 266 "http://www.antlr.org/" "Mozilla/4.0 (compatible; MSIE 6.0; Windows NT 5.0)"
207.46.228.14 - - [02/Sep/2003:09:46:36 -0700] "GET /doc/metalang.html HTTP/1.0" 200 52606 "http://antlr.org/doc/index.html" "Mozilla/4.0 (compatible; MSIE 6.0; Windows NT 5.1; .NET CLR 1.1.4322; .NET CLR 1.2.30401)"
131.107.3.84 - - [02/Sep/2003:09:46:37 -0700] "GET /images/shim.gif HTTP/1.0" 304 - "http://antlr.org/doc/metalang.html" "Mozilla/4.0 (compatible; MSIE 6.0; Windows NT 5.1; .NET CLR 1.1.4322; .NET CLR 1.2.30401)"
131.107.3.70 - - [02/Sep/2003:09:46:37 -0700] "GET /images/logo-head.gif HTTP/1.0" 304 - "http://antlr.org/doc/metalang.html" "Mozilla/4.0 (compatible; MSIE 6.0; Windows NT 5.1; .NET CLR 1.1.4322; .NET CLR 1.2.30401)"
131.107.3.85 - - [02/Sep/2003:09:46:37 -0700] "GET /images/button-download.gif HTTP/1.0" 304 - "http://antlr.org/doc/metalang.html" "Mozilla/4.0 (compatible; MSIE 6.0; Windows NT 5.1; .NET CLR 1.1.4322; .NET CLR 1.2.30401)"
131.107.3.79 - - [02/Sep/2003:09:46:37 -0700] "GET /images/search.gif HTTP/1.0" 304 - "http://antlr.org/doc/metalang.html" "Mozilla/4.0 (compatible; MSIE 6.0; Windows NT 5.1; .NET CLR 1.1.4322; .NET CLR 1.2.30401)"
131.107.3.92 - - [02/Sep/2003:09:46:37 -0700] "GET /images/search-go.gif HTTP/1.0" 304 - "http://antlr.org/doc/metalang.html" "Mozilla/4.0 (compatible; MSIE 6.0; Windows NT 5.1; .NET CLR 1.1.4322; .NET CLR 1.2.30401)"
207.46.228.16 - - [02/Sep/2003:09:46:37 -0700] "GET /doc/subrule.gif HTTP/1.0" 200 1887 "http://antlr.org/doc/metalang.html" "Mozilla/4.0 (compatible; MSIE 6.0; Windows NT 5.1; .NET CLR 1.1.4322; .NET CLR 1.2.30401)"
131.107.3.84 - - [02/Sep/2003:09:46:37 -0700] "GET /doc/optional.gif HTTP/1.0" 200 2018 "http://antlr.org/doc/metalang.html" "Mozilla/4.0 (compatible; MSIE 6.0; Windows NT 5.1; .NET CLR 1.1.4322; .NET CLR 1.2.30401)"
131.107.3.83 - - [02/Sep/2003:09:46:37 -0700] "GET /doc/closure.gif HTTP/1.0" 200 2166 "http://antlr.org/doc/metalang.html" "Mozilla/4.0 (compatible; MSIE 6.0; Windows NT 5.1; .NET CLR 1.1.4322; .NET CLR 1.2.30401)"
207.46.228.16 - - [02/Sep/2003:09:46:37 -0700] "GET /doc/posclosure.gif HTTP/1.0" 200 2031 "http://antlr.org/doc/metalang.html" "Mozilla/4.0 (compatible; MSIE 6.0; Windows NT 5.1; .NET CLR 1.1.4322; .NET CLR 1.2.30401)"
81.56.196.172 - - [02/Sep/2003:09:46:48 -0700] "GET /download/antlr-2.7.2.zip HTTP/1.1" 200 90112 "-" "Mozilla/4.01 [en](Win95;I)"
205.227.89.16 - - [02/Sep/2003:09:47:00 -0700] "GET /images/shim.gif HTTP/1.1" 304 - "http://www.antlr.org/doc/index.html" "Mozilla/4.0 (compatible; MSIE 6.0; Windows NT 5.0)"
205.227.89.16 - - [02/Sep/2003:09:47:00 -0700] "GET /doc/index.html HTTP/1.1" 200 26469 "http://www.antlr.org/" "Mozilla/4.0 (compatible; MSIE 6.0; Windows NT 5.0)"
205.227.89.16 - - [02/Sep/2003:09:47:00 -0700] "GET /images/button-download.gif HTTP/1.1" 304 - "http://www.antlr.org/doc/index.html" "Mozilla/4.0 (compatible; MSIE 6.0; Windows NT 5.0)"
205.227.89.16 - - [02/Sep/2003:09:47:00 -0700] "GET /images/logo-head.gif HTTP/1.1" 304 - "http://www.antlr.org/doc/index.html" "Mozilla/4.0 (compatible; MSIE 6.0; Windows NT 5.0)"
205.227.89.16 - - [02/Sep/2003:09:47:00 -0700] "GET /images/head-shim.gif HTTP/1.1" 304 - "http://www.antlr.org/doc/index.html" "Mozilla/4.0 (compatible; MSIE 6.0; Windows NT 5.0)"
205.227.89.16 - - [02/Sep/2003:09:47:01 -0700] "GET /images/search.gif HTTP/1.1" 304 - "http://www.antlr.org/doc/index.html" "Mozilla/4.0 (compatible; MSIE 6.0; Windows NT 5.0)"
205.227.89.16 - - [02/Sep/2003:09:47:01 -0700] "GET /images/search-go.gif HTTP/1.1" 304 - "http://www.antlr.org/doc/index.html" "Mozilla/4.0 (compatible; MSIE 6.0; Windows NT 5.0)"
81.56.164.13 - - [02/Sep/2003:09:47:04 -0700] "GET /doc/index.html HTTP/1.1" 200 26469 "http://www.antlr.org/grammar/list" "Mozilla/4.0 (compatible; MSIE 6.0; Windows NT 5.1)"
205.227.89.16 - - [02/Sep/2003:09:47:06 -0700] "GET /images/parr-head.jpg HTTP/1.1" 304 - "http://www.antlr.org/" "Mozilla/4.0 (compatible; MSIE 6.0; Windows NT 5.0)"
205.227.89.16 - - [02/Sep/2003:09:47:06 -0700] "GET / HTTP/1.1" 200 11690 "-" "Mozilla/4.0 (compatible; MSIE 6.0; Windows NT 5.0)"
81.56.164.13 - - [02/Sep/2003:09:47:19 -0700] "GET /doc/getting-started.html HTTP/1.1" 200 11326 "http://www.antlr.org/doc/index.html" "Mozilla/4.0 (compatible; MSIE 6.0; Windows NT 5.1)"
213.3.6.89 - - [02/Sep/2003:09:47:29 -0700] "POST /search/results HTTP/1.1" 302 73 "-" "Mozilla/5.0 (Windows; U; Windows NT 5.0; en-US; rv:1.4) Gecko/20030624 Netscape/7.1 (ax)"
213.3.6.89 - - [02/Sep/2003:09:47:30 -0700] "GET /search/results HTTP/1.1" 200 7765 "-" "Mozilla/5.0 (Windows; U; Windows NT 5.0; en-US; rv:1.4) Gecko/20030624 Netscape/7.1 (ax)"
213.3.6.89 - - [02/Sep/2003:09:47:31 -0700] "GET /images/shim.gif HTTP/1.1" 304 - "-" "Mozilla/5.0 (Windows; U; Windows NT 5.0; en-US; rv:1.4) Gecko/20030624 Netscape/7.1 (ax)"
213.3.6.89 - - [02/Sep/2003:09:47:31 -0700] "GET /images/button-download.gif HTTP/1.1" 304 - "-" "Mozilla/5.0 (Windows; U; Windows NT 5.0; en-US; rv:1.4) Gecko/20030624 Netscape/7.1 (ax)"
213.3.6.89 - - [02/Sep/2003:09:47:31 -0700] "GET /images/logo-head.gif HTTP/1.1" 304 - "-" "Mozilla/5.0 (Windows; U; Windows NT 5.0; en-US; rv:1.4) Gecko/20030624 Netscape/7.1 (ax)"
213.3.6.89 - - [02/Sep/2003:09:47:31 -0700] "GET /images/search-go.gif HTTP/1.1" 304 - "-" "Mozilla/5.0 (Windows; U; Windows NT 5.0; en-US; rv:1.4) Gecko/20030624 Netscape/7.1 (ax)"
213.3.6.89 - - [02/Sep/2003:09:47:31 -0700] "GET /images/search.gif HTTP/1.1" 304 - "-" "Mozilla/5.0 (Windows; U; Windows NT 5.0; en-US; rv:1.4) Gecko/20030624 Netscape/7.1 (ax)"
213.3.6.89 - - [02/Sep/2003:09:47:31 -0700] "GET /images/head-shim.gif HTTP/1.1" 304 - "-" "Mozilla/5.0 (Windows; U; Windows NT 5.0; en-US; rv:1.4) Gecko/20030624 Netscape/7.1 (ax)"
200.231.0.66 - - [02/Sep/2003:09:47:40 -0700] "GET / HTTP/1.0" 200 11690 "-" "Mozilla/4.0 (compatible; MSIE 6.0; Windows NT 5.0)"
200.231.0.66 - - [02/Sep/2003:09:47:40 -0700] "GET /images/shim.gif HTTP/1.0" 200 43 "http://www.antlr.org" "Mozilla/4.0 (compatible; MSIE 6.0; Windows NT 5.0)"
200.231.0.66 - - [02/Sep/2003:09:47:40 -0700] "GET /images/logo-head.gif HTTP/1.0" 200 4098 "http://www.antlr.org" "Mozilla/4.0 (compatible; MSIE 6.0; Windows NT 5.0)"
200.231.0.66 - - [02/Sep/2003:09:47:40 -0700] "GET /images/head-shim.gif HTTP/1.0" 200 158 "http://www.antlr.org" "Mozilla/4.0 (compatible; MSIE 6.0; Windows NT 5.0)"
200.231.0.66 - - [02/Sep/2003:09:47:44 -0700] "GET /images/button-download.gif HTTP/1.0" 200 733 "http://www.antlr.org" "Mozilla/4.0 (compatible; MSIE 6.0; Windows NT 5.0)"
200.231.0.66 - - [02/Sep/2003:09:47:45 -0700] "GET /images/parr-head.jpg HTTP/1.0" 200 3582 "http://www.antlr.org" "Mozilla/4.0 (compatible; MSIE 6.0; Windows NT 5.0)"
200.231.0.66 - - [02/Sep/2003:09:47:45 -0700] "GET /images/search.gif HTTP/1.0" 200 299 "http://www.antlr.org" "Mozilla/4.0 (compatible; MSIE 6.0; Windows NT 5.0)"
200.231.0.66 - - [02/Sep/2003:09:47:45 -0700] "GET /images/search-go.gif HTTP/1.0" 200 266 "http://www.antlr.org" "Mozilla/4.0 (compatible; MSIE 6.0; Windows NT 5.0)"
205.227.89.16 - - [02/Sep/2003:09:47:51 -0700] "GET /news/list HTTP/1.1" 200 8648 "http://www.antlr.org/" "Mozilla/4.0 (compatible; MSIE 6.0; Windows NT 5.0)"
205.227.89.16 - - [02/Sep/2003:09:48:07 -0700] "GET /workshop/cabal-2003/index.html HTTP/1.1" 200 9784 "http://www.antlr.org/news/list" "Mozilla/4.0 (compatible; MSIE 6.0; Windows NT 5.0)"
205.227.89.16 - - [02/Sep/2003:09:48:07 -0700] "GET /workshop/cabal-2003/photos/3-nerds-hard-at-work.JPG HTTP/1.1" 200 77922 "http://www.antlr.org/workshop/cabal-2003/index.html" "Mozilla/4.0 (compatible; MSIE 6.0; Windows NT 5.0)"
81.56.164.13 - - [02/Sep/2003:09:48:19 -0700] "GET /doc/getting-started.html HTTP/1.1" 200 11326 "http://www.antlr.org/doc/index.html" "Mozilla/4.0 (compatible; MSIE 6.0; Windows NT 5.1)"
81.56.196.172 - - [02/Sep/2003:09:48:39 -0700] "GET /download/antlr-2.7.2.zip HTTP/1.1" 200 98304 "-" "Mozilla/4.01 [en](Win95;I)"
205.227.89.16 - - [02/Sep/2003:09:48:46 -0700] "GET /news/list HTTP/1.1" 200 8648 "http://www.antlr.org/" "Mozilla/4.0 (compatible; MSIE 6.0; Windows NT 5.0)"
205.227.89.16 - - [02/Sep/2003:09:48:49 -0700] "GET /showcase/list HTTP/1.1" 200 13108 "http://www.antlr.org/news/list" "Mozilla/4.0 (compatible; MSIE 6.0; Windows NT 5.0)"
205.227.89.16 - - [02/Sep/2003:09:48:50 -0700] "GET /images/button-add-showcase.gif HTTP/1.1" 200 682 "http://www.antlr.org/showcase/list" "Mozilla/4.0 (compatible; MSIE 6.0; Windows NT 5.0)"
200.231.0.66 - - [02/Sep/2003:09:49:04 -0700] "GET /images/antlr-link.gif HTTP/1.0" 200 1372 "http://antlraux.sourceforge.net/" "Mozilla/4.0 (compatible; MSIE 6.0; Windows NT 5.0)"
81.56.164.13 - - [02/Sep/2003:09:49:06 -0700] "GET /doc/getting-started.html HTTP/1.1" 200 11326 "http://www.antlr.org/doc/index.html" "Mozilla/4.0 (compatible; MSIE 6.0; Windows NT 5.1)"
81.56.164.13 - - [02/Sep/2003:09:49:06 -0700] "GET /doc/index.html HTTP/1.1" 200 26469 "http://www.antlr.org/grammar/list" "Mozilla/4.0 (compatible; MSIE 6.0; Windows NT 5.1)"
81.56.164.13 - - [02/Sep/2003:09:49:07 -0700] "GET /grammar/list HTTP/1.1" 200 15685 "http://www.antlr.org/grammars/java" "Mozilla/4.0 (compatible; MSIE 6.0; Windows NT 5.1)"
81.56.164.13 - - [02/Sep/2003:09:49:10 -0700] "GET /grammars/java HTTP/1.1" 200 6460 "http://madbean.com/blog/12/" "Mozilla/4.0 (compatible; MSIE 6.0; Windows NT 5.1)"
63.206.90.80 - - [02/Sep/2003:09:49:17 -0700] "GET /doc/lexer.html HTTP/1.1" 200 83864 "http://www.antlr.org/doc/index.html" "Mozilla/4.0 (compatible; MSIE 6.0; Windows NT 5.0; .NET CLR 1.0.3705; .NET CLR 1.1.4322)"
200.231.0.66 - - [02/Sep/2003:09:49:40 -0700] "GET /share/list HTTP/1.0" 200 10783 "http://www.antlr.org" "Mozilla/4.0 (compatible; MSIE 6.0; Windows NT 5.0)"
200.231.0.66 - - [02/Sep/2003:09:49:41 -0700] "GET /images/button-shared-resource.gif HTTP/1.0" 200 853 "http://www.antlr.org/share/list" "Mozilla/4.0 (compatible; MSIE 6.0; Windows NT 5.0)"
205.227.89.16 - - [02/Sep/2003:09:49:50 -0700] "GET /showcase/list HTTP/1.1" 200 13108 "http://www.antlr.org/news/list" "Mozilla/4.0 (compatible; MSIE 6.0; Windows NT 5.0)"
200.231.0.66 - - [02/Sep/2003:09:50:04 -0700] "GET /javadoc/overview-summary.html HTTP/1.0" 200 9784 "http://www.antlr.org/share/list" "Mozilla/4.0 (compatible; MSIE 6.0; Windows NT 5.0)"
200.231.0.66 - - [02/Sep/2003:09:50:10 -0700] "GET /support.html HTTP/1.0" 200 10899 "http://www.antlr.org/javadoc/overview-summary.html" "Mozilla/4.0 (compatible; MSIE 6.0; Windows NT 5.0)"
205.227.89.16 - - [02/Sep/2003:09:50:14 -0700] "GET /news/list HTTP/1.1" 200 8648 "http://www.antlr.org/" "Mozilla/4.0 (compatible; MSIE 6.0; Windows NT 5.0)"
205.227.89.16 - - [02/Sep/2003:09:50:15 -0700] "GET / HTTP/1.1" 200 11690 "-" "Mozilla/4.0 (compatible; MSIE 6.0; Windows NT 5.0)"
195.217.128.161 - - [02/Sep/2003:09:50:26 -0700] "GET / HTTP/1.0" 200 11690 "http://www.portalux.com/detail?oid=722" "Mozilla/4.0 (compatible; MSIE 6.0; Windows NT 5.0)"
209.144.96.150 - - [02/Sep/2003:09:50:31 -0700] "GET /doc/getting-started.html HTTP/1.1" 200 11326 "-" "Mozilla/4.0 (compatible; MSIE 6.0; Windows NT 5.0; .NET CLR 1.0.3705; .NET CLR 1.1.4322)"
209.144.96.150 - - [02/Sep/2003:09:50:32 -0700] "GET /images/shim.gif HTTP/1.1" 304 - "http://www.antlr.org/doc/getting-started.html" "Mozilla/4.0 (compatible; MSIE 6.0; Windows NT 5.0; .NET CLR 1.0.3705; .NET CLR 1.1.4322)"
209.144.96.150 - - [02/Sep/2003:09:50:32 -0700] "GET /images/logo-head.gif HTTP/1.1" 304 - "http://www.antlr.org/doc/getting-started.html" "Mozilla/4.0 (compatible; MSIE 6.0; Windows NT 5.0; .NET CLR 1.0.3705; .NET CLR 1.1.4322)"
209.144.96.150 - - [02/Sep/2003:09:50:32 -0700] "GET /images/head-shim.gif HTTP/1.1" 304 - "http://www.antlr.org/doc/getting-started.html" "Mozilla/4.0 (compatible; MSIE 6.0; Windows NT 5.0; .NET CLR 1.0.3705; .NET CLR 1.1.4322)"
209.144.96.150 - - [02/Sep/2003:09:50:32 -0700] "GET /images/button-download.gif HTTP/1.1" 304 - "http://www.antlr.org/doc/getting-started.html" "Mozilla/4.0 (compatible; MSIE 6.0; Windows NT 5.0; .NET CLR 1.0.3705; .NET CLR 1.1.4322)"
209.144.96.150 - - [02/Sep/2003:09:50:32 -0700] "GET /images/search.gif HTTP/1.1" 304 - "http://www.antlr.org/doc/getting-started.html" "Mozilla/4.0 (compatible; MSIE 6.0; Windows NT 5.0; .NET CLR 1.0.3705; .NET CLR 1.1.4322)"
209.144.96.150 - - [02/Sep/2003:09:50:32 -0700] "GET /images/search-go.gif HTTP/1.1" 304 - "http://www.antlr.org/doc/getting-started.html" "Mozilla/4.0 (compatible; MSIE 6.0; Windows NT 5.0; .NET CLR 1.0.3705; .NET CLR 1.1.4322)"
205.227.89.16 - - [02/Sep/2003:09:50:35 -0700] "GET /download.html HTTP/1.1" 200 9276 "http://www.antlr.org/" "Mozilla/4.0 (compatible; MSIE 6.0; Windows NT 5.0)"
209.144.96.150 - - [02/Sep/2003:09:50:40 -0700] "GET /article/cutpaste/index.html HTTP/1.1" 200 10494 "http://www.antlr.org/doc/getting-started.html" "Mozilla/4.0 (compatible; MSIE 6.0; Windows NT 5.0; .NET CLR 1.0.3705; .NET CLR 1.1.4322)"
65.90.54.2 - - [02/Sep/2003:09:51:18 -0700] "GET / HTTP/1.1" 200 11690 "-" "Mozilla/5.0 (X11; U; Linux i686; en-US; rv:1.4) Gecko/20030624"
65.90.54.2 - - [02/Sep/2003:09:51:18 -0700] "GET /images/shim.gif HTTP/1.1" 200 43 "http://www.antlr.org/" "Mozilla/5.0 (X11; U; Linux i686; en-US; rv:1.4) Gecko/20030624"
65.90.54.2 - - [02/Sep/2003:09:51:18 -0700] "GET /images/logo-head.gif HTTP/1.1" 200 4098 "http://www.antlr.org/" "Mozilla/5.0 (X11; U; Linux i686; en-US; rv:1.4) Gecko/20030624"
65.90.54.2 - - [02/Sep/2003:09:51:18 -0700] "GET /images/button-download.gif HTTP/1.1" 200 733 "http://www.antlr.org/" "Mozilla/5.0 (X11; U; Linux i686; en-US; rv:1.4) Gecko/20030624"
65.90.54.2 - - [02/Sep/2003:09:51:18 -0700] "GET /images/parr-head.jpg HTTP/1.1" 200 3582 "http://www.antlr.org/" "Mozilla/5.0 (X11; U; Linux i686; en-US; rv:1.4) Gecko/20030624"
65.90.54.2 - - [02/Sep/2003:09:51:18 -0700] "GET /images/search.gif HTTP/1.1" 200 299 "http://www.antlr.org/" "Mozilla/5.0 (X11; U; Linux i686; en-US; rv:1.4) Gecko/20030624"
65.90.54.2 - - [02/Sep/2003:09:51:18 -0700] "GET /images/search-go.gif HTTP/1.1" 200 266 "http://www.antlr.org/" "Mozilla/5.0 (X11; U; Linux i686; en-US; rv:1.4) Gecko/20030624"
65.90.54.2 - - [02/Sep/2003:09:51:18 -0700] "GET /images/head-shim.gif HTTP/1.1" 200 158 "http://www.antlr.org/" "Mozilla/5.0 (X11; U; Linux i686; en-US; rv:1.4) Gecko/20030624"
128.46.137.165 - - [02/Sep/2003:09:51:24 -0700] "GET / HTTP/1.1" 200 11690 "http://dynamo.ecn.purdue.edu/~eigenman/ECE573/" "Mozilla/4.0 (compatible; MSIE 6.0; Windows NT 5.1; .NET CLR 1.0.3705)"
128.46.137.165 - - [02/Sep/2003:09:51:24 -0700] "GET /images/shim.gif HTTP/1.1" 200 43 "http://www.antlr.org/" "Mozilla/4.0 (compatible; MSIE 6.0; Windows NT 5.1; .NET CLR 1.0.3705)"
128.46.137.165 - - [02/Sep/2003:09:51:25 -0700] "GET /images/logo-head.gif HTTP/1.1" 200 4098 "http://www.antlr.org/" "Mozilla/4.0 (compatible; MSIE 6.0; Windows NT 5.1; .NET CLR 1.0.3705)"
128.46.137.165 - - [02/Sep/2003:09:51:25 -0700] "GET /images/head-shim.gif HTTP/1.1" 200 158 "http://www.antlr.org/" "Mozilla/4.0 (compatible; MSIE 6.0; Windows NT 5.1; .NET CLR 1.0.3705)"
128.46.137.165 - - [02/Sep/2003:09:51:25 -0700] "GET /images/button-download.gif HTTP/1.1" 200 733 "http://www.antlr.org/" "Mozilla/4.0 (compatible; MSIE 6.0; Windows NT 5.1; .NET CLR 1.0.3705)"
128.46.137.165 - - [02/Sep/2003:09:51:25 -0700] "GET /images/parr-head.jpg HTTP/1.1" 200 3582 "http://www.antlr.org/" "Mozilla/4.0 (compatible; MSIE 6.0; Windows NT 5.1; .NET CLR 1.0.3705)"
128.46.137.165 - - [02/Sep/2003:09:51:25 -0700] "GET /images/search.gif HTTP/1.1" 200 299 "http://www.antlr.org/" "Mozilla/4.0 (compatible; MSIE 6.0; Windows NT 5.1; .NET CLR 1.0.3705)"
128.46.137.165 - - [02/Sep/2003:09:51:25 -0700] "GET /images/search-go.gif HTTP/1.1" 200 266 "http://www.antlr.org/" "Mozilla/4.0 (compatible; MSIE 6.0; Windows NT 5.1; .NET CLR 1.0.3705)"
81.56.164.13 - - [02/Sep/2003:09:51:28 -0700] "GET /book/byhand.pdf HTTP/1.1" 200 93253 "-" "Mozilla/4.0 (compatible; MSIE 6.0; Windows NT 5.1)"
63.206.90.80 - - [02/Sep/2003:09:51:29 -0700] "GET /doc/index.html HTTP/1.1" 200 26469 "http://www.antlr.org/about.html" "Mozilla/4.0 (compatible; MSIE 6.0; Windows NT 5.0; .NET CLR 1.0.3705; .NET CLR 1.1.4322)"
63.206.90.80 - - [02/Sep/2003:09:51:38 -0700] "GET /article/list HTTP/1.1" 200 15911 "http://www.antlr.org/doc/index.html" "Mozilla/4.0 (compatible; MSIE 6.0; Windows NT 5.0; .NET CLR 1.0.3705; .NET CLR 1.1.4322)"
62.107.64.242 - - [02/Sep/2003:09:51:58 -0700] "GET /favicon.ico HTTP/1.1" 404 1015 "-" "Mozilla/4.0 (compatible; MSIE 6.0; Windows NT 5.1; .NET CLR 1.1.4322; .NET CLR 1.0.3705)"
202.40.139.162 - - [02/Sep/2003:09:52:12 -0700] "GET / HTTP/1.0" 200 11690 "-" "Jakarta Commons-HttpClient/2.0beta1"
207.46.225.252 - - [02/Sep/2003:09:52:21 -0700] "GET /doc/index.html HTTP/1.0" 200 26469 "http://antlr.org/" "Mozilla/4.0 (compatible; MSIE 6.0; Windows NT 5.1; .NET CLR 1.1.4322; .NET CLR 1.2.30401)"
131.107.3.85 - - [02/Sep/2003:09:52:21 -0700] "GET /images/button-download.gif HTTP/1.0" 304 - "http://antlr.org/doc/index.html" "Mozilla/4.0 (compatible; MSIE 6.0; Windows NT 5.1; .NET CLR 1.1.4322; .NET CLR 1.2.30401)"
131.107.3.84 - - [02/Sep/2003:09:52:21 -0700] "GET /images/shim.gif HTTP/1.0" 304 - "http://antlr.org/doc/index.html" "Mozilla/4.0 (compatible; MSIE 6.0; Windows NT 5.1; .NET CLR 1.1.4322; .NET CLR 1.2.30401)"
131.107.3.70 - - [02/Sep/2003:09:52:21 -0700] "GET /images/logo-head.gif HTTP/1.0" 304 - "http://antlr.org/doc/index.html" "Mozilla/4.0 (compatible; MSIE 6.0; Windows NT 5.1; .NET CLR 1.1.4322; .NET CLR 1.2.30401)"
131.107.3.92 - - [02/Sep/2003:09:52:21 -0700] "GET /images/search-go.gif HTTP/1.0" 304 - "http://antlr.org/doc/index.html" "Mozilla/4.0 (compatible; MSIE 6.0; Windows NT 5.1; .NET CLR 1.1.4322; .NET CLR 1.2.30401)"
131.107.3.79 - - [02/Sep/2003:09:52:21 -0700] "GET /images/search.gif HTTP/1.0" 304 - "http://antlr.org/doc/index.html" "Mozilla/4.0 (compatible; MSIE 6.0; Windows NT 5.1; .NET CLR 1.1.4322; .NET CLR 1.2.30401)"
131.107.3.84 - - [02/Sep/2003:09:52:25 -0700] "GET /doc/lexer.html HTTP/1.0" 200 83864 "http://antlr.org/doc/index.html" "Mozilla/4.0 (compatible; MSIE 6.0; Windows NT 5.1; .NET CLR 1.1.4322; .NET CLR 1.2.30401)"
81.56.196.172 - - [02/Sep/2003:09:52:29 -0700] "GET /download/antlr-2.7.2.zip HTTP/1.1" 200 98304 "-" "Mozilla/4.01 [en](Win95;I)"
63.206.90.80 - - [02/Sep/2003:09:52:33 -0700] "GET /article/1055466339961/133to220.html HTTP/1.1" 200 13485 "http://www.antlr.org/article/list" "Mozilla/4.0 (compatible; MSIE 6.0; Windows NT 5.0; .NET CLR 1.0.3705; .NET CLR 1.1.4322)"
202.40.139.162 - - [02/Sep/2003:09:52:35 -0700] "GET / HTTP/1.0" 200 11690 "-" "Jakarta Commons-HttpClient/2.0beta1"
81.56.196.172 - - [02/Sep/2003:09:52:43 -0700] "GET /download/antlr-2.7.2.zip HTTP/1.1" 200 90112 "-" "Mozilla/4.01 [en](Win95;I)"
81.56.196.172 - - [02/Sep/2003:09:53:40 -0700] "GET /download/antlr-2.7.2.zip HTTP/1.1" 200 90112 "-" "Mozilla/4.01 [en](Win95;I)"
81.56.196.172 - - [02/Sep/2003:09:54:16 -0700] "GET /download/antlr-2.7.2.zip HTTP/1.1" 200 90112 "-" "Mozilla/4.01 [en](Win95;I)"
63.193.248.29 - - [02/Sep/2003:09:54:21 -0700] "GET / HTTP/1.1" 200 11690 "-" "Mozilla/5.0 (Macintosh; U; PPC Mac OS X; en-us) AppleWebKit/85 (KHTML, like Gecko) Safari/85"
63.193.248.29 - - [02/Sep/2003:09:54:21 -0700] "GET /images/button-download.gif HTTP/1.1" 200 733 "http://www.antlr.org/" "Mozilla/5.0 (Macintosh; U; PPC Mac OS X; en-us) AppleWebKit/85 (KHTML, like Gecko) Safari/85"
63.193.248.29 - - [02/Sep/2003:09:54:21 -0700] "GET /images/shim.gif HTTP/1.1" 200 43 "http://www.antlr.org/" "Mozilla/5.0 (Macintosh; U; PPC Mac OS X; en-us) AppleWebKit/85 (KHTML, like Gecko) Safari/85"
63.193.248.29 - - [02/Sep/2003:09:54:21 -0700] "GET /images/logo-head.gif HTTP/1.1" 200 4098 "http://www.antlr.org/" "Mozilla/5.0 (Macintosh; U; PPC Mac OS X; en-us) AppleWebKit/85 (KHTML, like Gecko) Safari/85"
63.193.248.29 - - [02/Sep/2003:09:54:21 -0700] "GET /images/head-shim.gif HTTP/1.1" 200 158 "http://www.antlr.org/" "Mozilla/5.0 (Macintosh; U; PPC Mac OS X; en-us) AppleWebKit/85 (KHTML, like Gecko) Safari/85"
63.193.248.29 - - [02/Sep/2003:09:54:21 -0700] "GET /images/parr-head.jpg HTTP/1.1" 200 3582 "http://www.antlr.org/" "Mozilla/5.0 (Macintosh; U; PPC Mac OS X; en-us) AppleWebKit/85 (KHTML, like Gecko) Safari/85"
63.193.248.29 - - [02/Sep/2003:09:54:22 -0700] "GET /images/search.gif HTTP/1.1" 200 299 "http://www.antlr.org/" "Mozilla/5.0 (Macintosh; U; PPC Mac OS X; en-us) AppleWebKit/85 (KHTML, like Gecko) Safari/85"
63.193.248.29 - - [02/Sep/2003:09:54:22 -0700] "GET /images/search-go.gif HTTP/1.1" 200 266 "http://www.antlr.org/" "Mozilla/5.0 (Macintosh; U; PPC Mac OS X; en-us) AppleWebKit/85 (KHTML, like Gecko) Safari/85"
63.193.248.29 - - [02/Sep/2003:09:54:22 -0700] "GET /favicon.ico HTTP/1.1" 404 173 "-" "Mozilla/5.0 (Macintosh; U; PPC Mac OS X; en-us) AppleWebKit/85 (KHTML, like Gecko) Safari/85"
195.217.128.161 - - [02/Sep/2003:09:54:25 -0700] "GET / HTTP/1.0" 200 11690 "http://multijava.sourceforge.net/install.shtml" "Mozilla/4.0 (compatible; MSIE 6.0; Windows NT 5.0)"
81.56.196.172 - - [02/Sep/2003:09:54:29 -0700] "GET /download/antlr-2.7.2.zip HTTP/1.1" 200 98304 "-" "Mozilla/4.01 [en](Win95;I)"
81.56.196.172 - - [02/Sep/2003:09:54:30 -0700] "GET /download/antlr-2.7.2.zip HTTP/1.1" 200 90112 "-" "Mozilla/4.01 [en](Win95;I)"
63.193.248.29 - - [02/Sep/2003:09:55:06 -0700] "GET /download.html HTTP/1.1" 200 9276 "http://www.antlr.org/" "Mozilla/5.0 (Macintosh; U; PPC Mac OS X; en-us) AppleWebKit/85 (KHTML, like Gecko) Safari/85"
65.114.179.241 - - [02/Sep/2003:09:55:11 -0700] "GET / HTTP/1.1" 200 11690 "-" "Mozilla/4.0 (compatible; MSIE 6.0; Windows NT 5.1; .NET CLR 1.0.3705)"
65.114.179.241 - - [02/Sep/2003:09:55:12 -0700] "GET /images/shim.gif HTTP/1.1" 304 - "http://www.antlr.org/" "Mozilla/4.0 (compatible; MSIE 6.0; Windows NT 5.1; .NET CLR 1.0.3705)"
65.114.179.241 - - [02/Sep/2003:09:55:12 -0700] "GET /images/logo-head.gif HTTP/1.1" 304 - "http://www.antlr.org/" "Mozilla/4.0 (compatible; MSIE 6.0; Windows NT 5.1; .NET CLR 1.0.3705)"
65.114.179.241 - - [02/Sep/2003:09:55:12 -0700] "GET /images/button-download.gif HTTP/1.1" 304 - "http://www.antlr.org/" "Mozilla/4.0 (compatible; MSIE 6.0; Windows NT 5.1; .NET CLR 1.0.3705)"
65.114.179.241 - - [02/Sep/2003:09:55:12 -0700] "GET /images/parr-head.jpg HTTP/1.1" 304 - "http://www.antlr.org/" "Mozilla/4.0 (compatible; MSIE 6.0; Windows NT 5.1; .NET CLR 1.0.3705)"
65.114.179.241 - - [02/Sep/2003:09:55:12 -0700] "GET /images/head-shim.gif HTTP/1.1" 304 - "http://www.antlr.org/" "Mozilla/4.0 (compatible; MSIE 6.0; Windows NT 5.1; .NET CLR 1.0.3705)"
65.114.179.241 - - [02/Sep/2003:09:55:12 -0700] "GET /images/search.gif HTTP/1.1" 304 - "http://www.antlr.org/" "Mozilla/4.0 (compatible; MSIE 6.0; Windows NT 5.1; .NET CLR 1.0.3705)"
65.114.179.241 - - [02/Sep/2003:09:55:12 -0700] "GET /images/search-go.gif HTTP/1.1" 304 - "http://www.antlr.org/" "Mozilla/4.0 (compatible; MSIE 6.0; Windows NT 5.1; .NET CLR 1.0.3705)"
81.56.196.172 - - [02/Sep/2003:09:55:23 -0700] "GET /download/antlr-2.7.2.zip HTTP/1.1" 200 98304 "-" "Mozilla/4.01 [en](Win95;I)"
81.56.196.172 - - [02/Sep/2003:09:55:23 -0700] "GET /download/antlr-2.7.2.zip HTTP/1.1" 200 90112 "-" "Mozilla/4.01 [en](Win95;I)"
63.193.248.29 - - [02/Sep/2003:09:55:25 -0700] "GET /download/antlr-2.7.2.zip HTTP/1.1" 200 1943296 "http://www.antlr.org/download.html" "Mozilla/5.0 (Macintosh; U; PPC Mac OS X; en-us) AppleWebKit/85 (KHTML, like Gecko) Safari/85"
81.56.196.172 - - [02/Sep/2003:09:55:41 -0700] "GET /download/antlr-2.7.2.zip HTTP/1.1" 200 90112 "-" "Mozilla/4.01 [en](Win95;I)"
213.3.6.89 - - [02/Sep/2003:09:55:43 -0700] "GET /download.html HTTP/1.1" 200 9276 "-" "Mozilla/5.0 (Windows; U; Windows NT 5.0; en-US; rv:1.4) Gecko/20030624 Netscape/7.1 (ax)"
213.3.6.89 - - [02/Sep/2003:09:55:43 -0700] "GET /images/shim.gif HTTP/1.1" 304 - "-" "Mozilla/5.0 (Windows; U; Windows NT 5.0; en-US; rv:1.4) Gecko/20030624 Netscape/7.1 (ax)"
213.3.6.89 - - [02/Sep/2003:09:55:44 -0700] "GET /images/button-download.gif HTTP/1.1" 304 - "-" "Mozilla/5.0 (Windows; U; Windows NT 5.0; en-US; rv:1.4) Gecko/20030624 Netscape/7.1 (ax)"
213.3.6.89 - - [02/Sep/2003:09:55:44 -0700] "GET /images/logo-head.gif HTTP/1.1" 304 - "-" "Mozilla/5.0 (Windows; U; Windows NT 5.0; en-US; rv:1.4) Gecko/20030624 Netscape/7.1 (ax)"
213.3.6.89 - - [02/Sep/2003:09:55:44 -0700] "GET /images/search.gif HTTP/1.1" 304 - "-" "Mozilla/5.0 (Windows; U; Windows NT 5.0; en-US; rv:1.4) Gecko/20030624 Netscape/7.1 (ax)"
213.3.6.89 - - [02/Sep/2003:09:55:44 -0700] "GET /images/search-go.gif HTTP/1.1" 304 - "-" "Mozilla/5.0 (Windows; U; Windows NT 5.0; en-US; rv:1.4) Gecko/20030624 Netscape/7.1 (ax)"
213.3.6.89 - - [02/Sep/2003:09:55:44 -0700] "GET /images/head-shim.gif HTTP/1.1" 304 - "-" "Mozilla/5.0 (Windows; U; Windows NT 5.0; en-US; rv:1.4) Gecko/20030624 Netscape/7.1 (ax)"
81.56.196.172 - - [02/Sep/2003:09:55:46 -0700] "GET /download/antlr-2.7.2.zip HTTP/1.1" 200 90112 "-" "Mozilla/4.01 [en](Win95;I)"
81.56.196.172 - - [02/Sep/2003:09:55:47 -0700] "GET /download/antlr-2.7.2.zip HTTP/1.1" 200 90112 "-" "Mozilla/4.01 [en](Win95;I)"
64.68.80.144 - - [02/Sep/2003:09:56:05 -0700] "GET /robots.txt HTTP/1.0" 200 6457 "-" "Googlebot/2.1 (+http://www.googlebot.com/bot.html)"
64.68.80.144 - - [02/Sep/2003:09:56:06 -0700] "GET /grammar/ORACLE-7-SQL HTTP/1.0" 200 7808 "-" "Googlebot/2.1 (+http://www.googlebot.com/bot.html)"
65.114.179.241 - - [02/Sep/2003:09:56:11 -0700] "GET /article/tags/index.html HTTP/1.1" 200 14861 "http://www.antlr.org/" "Mozilla/4.0 (compatible; MSIE 6.0; Windows NT 5.1; .NET CLR 1.0.3705)"
65.114.179.241 - - [02/Sep/2003:09:56:11 -0700] "GET /images/shim.gif HTTP/1.1" 304 - "http://www.antlr.org/article/tags/index.html" "Mozilla/4.0 (compatible; MSIE 6.0; Windows NT 5.1; .NET CLR 1.0.3705)"
65.114.179.241 - - [02/Sep/2003:09:56:11 -0700] "GET /images/logo-head.gif HTTP/1.1" 304 - "http://www.antlr.org/article/tags/index.html" "Mozilla/4.0 (compatible; MSIE 6.0; Windows NT 5.1; .NET CLR 1.0.3705)"
65.114.179.241 - - [02/Sep/2003:09:56:11 -0700] "GET /images/button-download.gif HTTP/1.1" 304 - "http://www.antlr.org/article/tags/index.html" "Mozilla/4.0 (compatible; MSIE 6.0; Windows NT 5.1; .NET CLR 1.0.3705)"
65.114.179.241 - - [02/Sep/2003:09:56:11 -0700] "GET /images/head-shim.gif HTTP/1.1" 304 - "http://www.antlr.org/article/tags/index.html" "Mozilla/4.0 (compatible; MSIE 6.0; Windows NT 5.1; .NET CLR 1.0.3705)"
65.114.179.241 - - [02/Sep/2003:09:56:11 -0700] "GET /images/search.gif HTTP/1.1" 304 - "http://www.antlr.org/article/tags/index.html" "Mozilla/4.0 (compatible; MSIE 6.0; Windows NT 5.1; .NET CLR 1.0.3705)"
65.114.179.241 - - [02/Sep/2003:09:56:11 -0700] "GET /images/search-go.gif HTTP/1.1" 304 - "http://www.antlr.org/article/tags/index.html" "Mozilla/4.0 (compatible; MSIE 6.0; Windows NT 5.1; .NET CLR 1.0.3705)"
65.114.179.241 - - [02/Sep/2003:09:56:22 -0700] "GET /download.html HTTP/1.1" 200 9276 "http://www.antlr.org/article/tags/index.html" "Mozilla/4.0 (compatible; MSIE 6.0; Windows NT 5.1; .NET CLR 1.0.3705)"
65.114.179.241 - - [02/Sep/2003:09:56:22 -0700] "GET /images/shim.gif HTTP/1.1" 304 - "http://www.antlr.org/download.html" "Mozilla/4.0 (compatible; MSIE 6.0; Windows NT 5.1; .NET CLR 1.0.3705)"
65.114.179.241 - - [02/Sep/2003:09:56:22 -0700] "GET /images/logo-head.gif HTTP/1.1" 304 - "http://www.antlr.org/download.html" "Mozilla/4.0 (compatible; MSIE 6.0; Windows NT 5.1; .NET CLR 1.0.3705)"
65.114.179.241 - - [02/Sep/2003:09:56:22 -0700] "GET /images/button-download.gif HTTP/1.1" 304 - "http://www.antlr.org/download.html" "Mozilla/4.0 (compatible; MSIE 6.0; Windows NT 5.1; .NET CLR 1.0.3705)"
