200.152.193.108 - - [02/Sep/2003:06:38:49 -0700] "GET /doc/index.html HTTP/1.0" 200 26469 "http://www.antlr.org/download.html" "Mozilla/4.0 (compatible; MSIE 5.5; Windows NT 5.0)"
217.206.208.226 - - [02/Sep/2003:06:39:26 -0700] "GET /doc/getting-started.html HTTP/1.1" 200 11326 "http://www.antlr.org/testimonial/list" "Mozilla/4.0 (compatible; MSIE 6.0; Windows NT 5.1; .NET CLR 1.0.3705; .NET CLR 1.1.4322)"
200.152.193.108 - - [02/Sep/2003:06:39:45 -0700] "GET /doc/metalang.html HTTP/1.0" 200 52606 "http://www.antlr.org/doc/index.html" "Mozilla/4.0 (compatible; MSIE 5.5; Windows NT 5.0)"
200.152.193.108 - - [02/Sep/2003:06:39:46 -0700] "GET /doc/subrule.gif HTTP/1.0" 200 1887 "http://www.antlr.org/doc/metalang.html" "Mozilla/4.0 (compatible; MSIE 5.5; Windows NT 5.0)"
200.152.193.108 - - [02/Sep/2003:06:39:46 -0700] "GET /doc/optional.gif HTTP/1.0" 200 2018 "http://www.antlr.org/doc/metalang.html" "Mozilla/4.0 (compatible; MSIE 5.5; Windows NT 5.0)"
200.152.193.108 - - [02/Sep/2003:06:39:46 -0700] "GET /doc/posclosure.gif HTTP/1.0" 200 2031 "http://www.antlr.org/doc/metalang.html" "Mozilla/4.0 (compatible; MSIE 5.5; Windows NT 5.0)"
200.152.193.108 - - [02/Sep/2003:06:39:46 -0700] "GET /doc/closure.gif HTTP/1.0" 200 2166 "http://www.antlr.org/doc/metalang.html" "Mozilla/4.0 (compatible; MSIE 5.5; Windows NT 5.0)"
217.206.208.226 - - [02/Sep/2003:06:39:54 -0700] "GET / HTTP/1.1" 200 11690 "http://www.antlr.org/doc/getting-started.html" "Mozilla/4.0 (compatible; MSIE 6.0; Windows NT 5.1; .NET CLR 1.0.3705; .NET CLR 1.1.4322)"
217.206.208.226 - - [02/Sep/2003:06:39:54 -0700] "GET /images/parr-head.jpg HTTP/1.1" 304 - "http://www.antlr.org/" "Mozilla/4.0 (compatible; MSIE 6.0; Windows NT 5.1; .NET CLR 1.0.3705; .NET CLR 1.1.4322)"
217.206.208.226 - - [02/Sep/2003:06:40:15 -0700] "GET /favicon.ico HTTP/1.1" 404 1015 "-" "Mozilla/4.0 (compatible; MSIE 6.0; Windows NT 5.1; .NET CLR 1.0.3705; .NET CLR 1.1.4322)"
207.245.217.212 - - [02/Sep/2003:06:40:15 -0700] "GET / HTTP/1.1" 200 11690 "-" "Mozilla/4.0 (compatible; MSIE 6.0; Windows NT 5.1; .NET CLR 1.0.3705)"
207.245.217.212 - - [02/Sep/2003:06:40:15 -0700] "GET /images/shim.gif HTTP/1.1" 304 - "http://antlr.org/" "Mozilla/4.0 (compatible; MSIE 6.0; Windows NT 5.1; .NET CLR 1.0.3705)"
207.245.217.212 - - [02/Sep/2003:06:40:15 -0700] "GET /images/logo-head.gif HTTP/1.1" 304 - "http://antlr.org/" "Mozilla/4.0 (compatible; MSIE 6.0; Windows NT 5.1; .NET CLR 1.0.3705)"
207.245.217.212 - - [02/Sep/2003:06:40:15 -0700] "GET /images/head-shim.gif HTTP/1.1" 304 - "http://antlr.org/" "Mozilla/4.0 (compatible; MSIE 6.0; Windows NT 5.1; .NET CLR 1.0.3705)"
207.245.217.212 - - [02/Sep/2003:06:40:15 -0700] "GET /images/button-download.gif HTTP/1.1" 304 - "http://antlr.org/" "Mozilla/4.0 (compatible; MSIE 6.0; Windows NT 5.1; .NET CLR 1.0.3705)"
207.245.217.212 - - [02/Sep/2003:06:40:15 -0700] "GET /images/parr-head.jpg HTTP/1.1" 304 - "http://antlr.org/" "Mozilla/4.0 (compatible; MSIE 6.0; Windows NT 5.1; .NET CLR 1.0.3705)"
207.245.217.212 - - [02/Sep/2003:06:40:15 -0700] "GET /images/search.gif HTTP/1.1" 304 - "http://antlr.org/" "Mozilla/4.0 (compatible; MSIE 6.0; Windows NT 5.1; .NET CLR 1.0.3705)"
207.245.217.212 - - [02/Sep/2003:06:40:15 -0700] "GET /images/search-go.gif HTTP/1.1" 304 - "http://antlr.org/" "Mozilla/4.0 (compatible; MSIE 6.0; Windows NT 5.1; .NET CLR 1.0.3705)"
217.206.208.226 - - [02/Sep/2003:06:40:16 -0700] "GET /doc/getting-started.html HTTP/1.1" 200 11326 "http://www.antlr.org/testimonial/list" "Mozilla/4.0 (compatible; MSIE 6.0; Windows NT 5.1; .NET CLR 1.0.3705; .NET CLR 1.1.4322)"
207.245.217.212 - - [02/Sep/2003:06:40:18 -0700] "GET /support.html HTTP/1.1" 200 10899 "http://antlr.org/" "Mozilla/4.0 (compatible; MSIE 6.0; Windows NT 5.1; .NET CLR 1.0.3705)"
207.245.217.212 - - [02/Sep/2003:06:40:19 -0700] "GET /download.html HTTP/1.1" 200 9276 "http://antlr.org/support.html" "Mozilla/4.0 (compatible; MSIE 6.0; Windows NT 5.1; .NET CLR 1.0.3705)"
12.158.7.75 - - [02/Sep/2003:06:40:20 -0700] "GET /doc/csharp-runtime.html HTTP/1.0" 200 14148 "http://www.google.com/search?hl=en&ie=UTF-8&oe=UTF-8&q=C%23+Code+Generator" "Mozilla/4.0 (compatible; MSIE 6.0; Windows NT 5.0; .NET CLR 1.0.3705; .NET CLR 1.1.4322)"
12.158.7.75 - - [02/Sep/2003:06:40:20 -0700] "GET /images/shim.gif HTTP/1.0" 200 43 "http://www.antlr.org/doc/csharp-runtime.html" "Mozilla/4.0 (compatible; MSIE 6.0; Windows NT 5.0; .NET CLR 1.0.3705; .NET CLR 1.1.4322)"
12.158.7.75 - - [02/Sep/2003:06:40:20 -0700] "GET /images/logo-head.gif HTTP/1.0" 200 4098 "http://www.antlr.org/doc/csharp-runtime.html" "Mozilla/4.0 (compatible; MSIE 6.0; Windows NT 5.0; .NET CLR 1.0.3705; .NET CLR 1.1.4322)"
12.158.7.75 - - [02/Sep/2003:06:40:20 -0700] "GET /images/head-shim.gif HTTP/1.0" 200 158 "http://www.antlr.org/doc/csharp-runtime.html" "Mozilla/4.0 (compatible; MSIE 6.0; Windows NT 5.0; .NET CLR 1.0.3705; .NET CLR 1.1.4322)"
12.158.7.75 - - [02/Sep/2003:06:40:20 -0700] "GET /images/search.gif HTTP/1.0" 200 299 "http://www.antlr.org/doc/csharp-runtime.html" "Mozilla/4.0 (compatible; MSIE 6.0; Windows NT 5.0; .NET CLR 1.0.3705; .NET CLR 1.1.4322)"
12.158.7.75 - - [02/Sep/2003:06:40:20 -0700] "GET /images/button-download.gif HTTP/1.0" 200 733 "http://www.antlr.org/doc/csharp-runtime.html" "Mozilla/4.0 (compatible; MSIE 6.0; Windows NT 5.0; .NET CLR 1.0.3705; .NET CLR 1.1.4322)"
12.158.7.75 - - [02/Sep/2003:06:40:20 -0700] "GET /images/search-go.gif HTTP/1.0" 200 266 "http://www.antlr.org/doc/csharp-runtime.html" "Mozilla/4.0 (compatible; MSIE 6.0; Windows NT 5.0; .NET CLR 1.0.3705; .NET CLR 1.1.4322)"
207.245.217.212 - - [02/Sep/2003:06:40:24 -0700] "GET /download/antlr-2.7.0.zip HTTP/1.1" 200 24576 "-" "DA 5.3"
207.245.217.212 - - [02/Sep/2003:06:40:30 -0700] "GET /download/antlr-2.7.0.zip HTTP/1.1" 200 24576 "-" "DA 5.3"
81.255.42.139 - - [02/Sep/2003:06:40:33 -0700] "GET /fieldguide/start/index.html HTTP/1.1" 302 161 "-" "Mozilla/4.78 [fr] (WinNT; U)"
81.255.42.139 - - [02/Sep/2003:06:40:34 -0700] "GET /error.jsp?msg=Problems+extracting+content%2Ftitle+from+file+%2Ffieldguide%2Fstart%2Findex.html%3A+null HTTP/1.1" 200 6479 "-" "Mozilla/4.78 [fr] (WinNT; U)"
207.245.217.212 - - [02/Sep/2003:06:40:40 -0700] "GET /download/antlr-2.7.0.zip HTTP/1.1" 200 1291672 "-" "DA 5.3"
207.245.217.212 - - [02/Sep/2003:06:41:34 -0700] "GET /javadoc/overview-summary.html HTTP/1.1" 200 9784 "http://antlr.org/download.html" "Mozilla/4.0 (compatible; MSIE 6.0; Windows NT 5.1; .NET CLR 1.0.3705)"
206.168.220.234 - - [02/Sep/2003:06:41:58 -0700] "GET /doc/getting-started.html HTTP/1.1" 200 11326 "http://www.antlr.org/" "Mozilla/4.0 (compatible; MSIE 6.0; Windows NT 5.0; (R1 1.3); .NET CLR 1.0.3705)"
12.158.7.75 - - [02/Sep/2003:06:42:17 -0700] "GET /share/list HTTP/1.0" 200 10783 "http://www.google.com/search?q=C%23+Code+Generator&hl=en&lr=&ie=UTF-8&oe=UTF-8&start=20&sa=N" "Mozilla/4.0 (compatible; MSIE 6.0; Windows NT 5.0; .NET CLR 1.0.3705; .NET CLR 1.1.4322)"
12.158.7.75 - - [02/Sep/2003:06:42:17 -0700] "GET /images/button-shared-resource.gif HTTP/1.0" 200 853 "http://www.antlr.org/share/list" "Mozilla/4.0 (compatible; MSIE 6.0; Windows NT 5.0; .NET CLR 1.0.3705; .NET CLR 1.1.4322)"
206.168.220.234 - - [02/Sep/2003:06:42:35 -0700] "GET /share/list HTTP/1.1" 200 10783 "http://www.antlr.org/doc/getting-started.html" "Mozilla/4.0 (compatible; MSIE 6.0; Windows NT 5.0; (R1 1.3); .NET CLR 1.0.3705)"
206.168.220.234 - - [02/Sep/2003:06:42:35 -0700] "GET /images/shim.gif HTTP/1.1" 304 - "http://www.antlr.org/share/list" "Mozilla/4.0 (compatible; MSIE 6.0; Windows NT 5.0; (R1 1.3); .NET CLR 1.0.3705)"
206.168.220.234 - - [02/Sep/2003:06:42:35 -0700] "GET /images/logo-head.gif HTTP/1.1" 304 - "http://www.antlr.org/share/list" "Mozilla/4.0 (compatible; MSIE 6.0; Windows NT 5.0; (R1 1.3); .NET CLR 1.0.3705)"
206.168.220.234 - - [02/Sep/2003:06:42:35 -0700] "GET /images/head-shim.gif HTTP/1.1" 304 - "http://www.antlr.org/share/list" "Mozilla/4.0 (compatible; MSIE 6.0; Windows NT 5.0; (R1 1.3); .NET CLR 1.0.3705)"
206.168.220.234 - - [02/Sep/2003:06:42:35 -0700] "GET /images/button-download.gif HTTP/1.1" 304 - "http://www.antlr.org/share/list" "Mozilla/4.0 (compatible; MSIE 6.0; Windows NT 5.0; (R1 1.3); .NET CLR 1.0.3705)"
206.168.220.234 - - [02/Sep/2003:06:42:35 -0700] "GET /images/search.gif HTTP/1.1" 304 - "http://www.antlr.org/share/list" "Mozilla/4.0 (compatible; MSIE 6.0; Windows NT 5.0; (R1 1.3); .NET CLR 1.0.3705)"
206.168.220.234 - - [02/Sep/2003:06:42:35 -0700] "GET /images/search-go.gif HTTP/1.1" 304 - "http://www.antlr.org/share/list" "Mozilla/4.0 (compatible; MSIE 6.0; Windows NT 5.0; (R1 1.3); .NET CLR 1.0.3705)"
206.168.220.234 - - [02/Sep/2003:06:42:36 -0700] "GET /images/button-shared-resource.gif HTTP/1.1" 200 853 "http://www.antlr.org/share/list" "Mozilla/4.0 (compatible; MSIE 6.0; Windows NT 5.0; (R1 1.3); .NET CLR 1.0.3705)"
206.168.220.234 - - [02/Sep/2003:06:44:09 -0700] "GET /images/antlr-link.gif HTTP/1.1" 200 1372 "http://antlraux.sourceforge.net/" "Mozilla/4.0 (compatible; MSIE 6.0; Windows NT 5.0; (R1 1.3); .NET CLR 1.0.3705)"
206.168.220.234 - - [02/Sep/2003:06:45:06 -0700] "GET /share/list HTTP/1.1" 200 10783 "http://www.antlr.org/doc/getting-started.html" "Mozilla/4.0 (compatible; MSIE 6.0; Windows NT 5.0; (R1 1.3); .NET CLR 1.0.3705)"
63.117.239.50 - - [02/Sep/2003:06:45:12 -0700] "GET /grammar/list HTTP/1.1" 200 15685 "http://www.antlr.org" "Mozilla/4.0 (compatible; MSIE 6.0; Windows NT 5.0)"
63.117.239.50 - - [02/Sep/2003:06:45:12 -0700] "GET /images/shim.gif HTTP/1.1" 304 - "http://www.antlr.org/grammar/list" "Mozilla/4.0 (compatible; MSIE 6.0; Windows NT 5.0)"
63.117.239.50 - - [02/Sep/2003:06:45:12 -0700] "GET /images/logo-head.gif HTTP/1.1" 304 - "http://www.antlr.org/grammar/list" "Mozilla/4.0 (compatible; MSIE 6.0; Windows NT 5.0)"
63.117.239.50 - - [02/Sep/2003:06:45:12 -0700] "GET /images/button-download.gif HTTP/1.1" 304 - "http://www.antlr.org/grammar/list" "Mozilla/4.0 (compatible; MSIE 6.0; Windows NT 5.0)"
63.117.239.50 - - [02/Sep/2003:06:45:12 -0700] "GET /images/head-shim.gif HTTP/1.1" 304 - "http://www.antlr.org/grammar/list" "Mozilla/4.0 (compatible; MSIE 6.0; Windows NT 5.0)"
63.117.239.50 - - [02/Sep/2003:06:45:12 -0700] "GET /images/search.gif HTTP/1.1" 304 - "http://www.antlr.org/grammar/list" "Mozilla/4.0 (compatible; MSIE 6.0; Windows NT 5.0)"
63.117.239.50 - - [02/Sep/2003:06:45:12 -0700] "GET /images/search-go.gif HTTP/1.1" 304 - "http://www.antlr.org/grammar/list" "Mozilla/4.0 (compatible; MSIE 6.0; Windows NT 5.0)"
63.117.239.50 - - [02/Sep/2003:06:45:12 -0700] "GET /images/button-add-grammar.gif HTTP/1.1" 200 664 "http://www.antlr.org/grammar/list" "Mozilla/4.0 (compatible; MSIE 6.0; Windows NT 5.0)"
206.168.220.234 - - [02/Sep/2003:06:45:12 -0700] "GET /share/1059167192813/JavaReader.zip HTTP/1.1" 200 3648 "http://www.antlr.org/share/list" "Mozilla/4.0 (compatible; MSIE 6.0; Windows NT 5.0; (R1 1.3); .NET CLR 1.0.3705)"
193.113.37.9 - - [02/Sep/2003:06:45:20 -0700] "GET /images/shim.gif HTTP/1.0" 304 - "http://www.antlr.org/doc/streams.html" "Mozilla/4.0 (compatible; MSIE 6.0; Windows NT 5.0; Q312461; .NET CLR 1.0.3705; .NET CLR 1.1.4322)"
193.113.37.9 - - [02/Sep/2003:06:45:20 -0700] "GET /images/logo-head.gif HTTP/1.0" 304 - "http://www.antlr.org/doc/streams.html" "Mozilla/4.0 (compatible; MSIE 6.0; Windows NT 5.0; Q312461; .NET CLR 1.0.3705; .NET CLR 1.1.4322)"
193.113.37.9 - - [02/Sep/2003:06:45:20 -0700] "GET /images/head-shim.gif HTTP/1.0" 304 - "http://www.antlr.org/doc/streams.html" "Mozilla/4.0 (compatible; MSIE 6.0; Windows NT 5.0; Q312461; .NET CLR 1.0.3705; .NET CLR 1.1.4322)"
193.113.37.9 - - [02/Sep/2003:06:45:20 -0700] "GET /doc/streams.html HTTP/1.0" 200 37824 "http://www.jguru.com/faq/view.jsp?EID=93709" "Mozilla/4.0 (compatible; MSIE 6.0; Windows NT 5.0; Q312461; .NET CLR 1.0.3705; .NET CLR 1.1.4322)"
193.113.37.9 - - [02/Sep/2003:06:45:20 -0700] "GET /images/search.gif HTTP/1.0" 304 - "http://www.antlr.org/doc/streams.html" "Mozilla/4.0 (compatible; MSIE 6.0; Windows NT 5.0; Q312461; .NET CLR 1.0.3705; .NET CLR 1.1.4322)"
193.113.37.9 - - [02/Sep/2003:06:45:20 -0700] "GET /images/search-go.gif HTTP/1.0" 304 - "http://www.antlr.org/doc/streams.html" "Mozilla/4.0 (compatible; MSIE 6.0; Windows NT 5.0; Q312461; .NET CLR 1.0.3705; .NET CLR 1.1.4322)"
193.113.37.9 - - [02/Sep/2003:06:45:20 -0700] "GET /images/button-download.gif HTTP/1.0" 304 - "http://www.antlr.org/doc/streams.html" "Mozilla/4.0 (compatible; MSIE 6.0; Windows NT 5.0; Q312461; .NET CLR 1.0.3705; .NET CLR 1.1.4322)"
193.113.37.9 - - [02/Sep/2003:06:45:20 -0700] "GET /doc/lexer.to.parser.tokens.gif HTTP/1.0" 200 3585 "http://www.antlr.org/doc/streams.html" "Mozilla/4.0 (compatible; MSIE 6.0; Windows NT 5.0; Q312461; .NET CLR 1.0.3705; .NET CLR 1.1.4322)"
193.113.37.9 - - [02/Sep/2003:06:45:20 -0700] "GET /doc/stream.splitter.gif HTTP/1.0" 200 5527 "http://www.antlr.org/doc/streams.html" "Mozilla/4.0 (compatible; MSIE 6.0; Windows NT 5.0; Q312461; .NET CLR 1.0.3705; .NET CLR 1.1.4322)"
193.113.37.9 - - [02/Sep/2003:06:45:20 -0700] "GET /doc/hidden.stream.gif HTTP/1.0" 200 3667 "http://www.antlr.org/doc/streams.html" "Mozilla/4.0 (compatible; MSIE 6.0; Windows NT 5.0; Q312461; .NET CLR 1.0.3705; .NET CLR 1.1.4322)"
193.113.37.9 - - [02/Sep/2003:06:45:21 -0700] "GET /doc/stream.selector.gif HTTP/1.0" 200 5976 "http://www.antlr.org/doc/streams.html" "Mozilla/4.0 (compatible; MSIE 6.0; Windows NT 5.0; Q312461; .NET CLR 1.0.3705; .NET CLR 1.1.4322)"
213.170.46.30 - - [02/Sep/2003:06:45:21 -0700] "GET /rights.html HTTP/1.0" 302 141 "-" "Mozilla/4.0 (compatible; MSIE 6.0; Windows NT 5.0) Opera 7.10 [en]"
193.113.37.9 - - [02/Sep/2003:06:45:21 -0700] "GET /doc/stream.perspectives.gif HTTP/1.0" 200 2679 "http://www.antlr.org/doc/streams.html" "Mozilla/4.0 (compatible; MSIE 6.0; Windows NT 5.0; Q312461; .NET CLR 1.0.3705; .NET CLR 1.1.4322)"
213.170.46.30 - - [02/Sep/2003:06:45:22 -0700] "GET /error.jsp?msg=Problems+extracting+content%2Ftitle+from+file+%2Frights.html%3A+null HTTP/1.0" 200 6463 "-" "Mozilla/4.0 (compatible; MSIE 6.0; Windows NT 5.0) Opera 7.10 [en]"
213.170.46.30 - - [02/Sep/2003:06:45:22 -0700] "GET /images/head-shim.gif HTTP/1.0" 200 158 "-" "Mozilla/3.01 (compatible;)"
213.170.46.30 - - [02/Sep/2003:06:45:22 -0700] "GET /images/logo-head.gif HTTP/1.0" 200 4098 "-" "Mozilla/3.01 (compatible;)"
213.170.46.30 - - [02/Sep/2003:06:45:26 -0700] "GET /doc/index.html HTTP/1.0" 200 26469 "http://www.antlr.org/error.jsp?msg=Problems+extracting+content%2Ftitle+from+file+%2Frights.html%3A+null" "Mozilla/4.0 (compatible; MSIE 6.0; Windows NT 5.0) Opera 7.10 [en]"
213.170.46.30 - - [02/Sep/2003:06:45:27 -0700] "GET /images/search.gif HTTP/1.0" 200 299 "-" "Mozilla/3.01 (compatible;)"
213.170.46.30 - - [02/Sep/2003:06:45:29 -0700] "GET / HTTP/1.0" 200 11690 "http://www.antlr.org/doc/index.html" "Mozilla/4.0 (compatible; MSIE 6.0; Windows NT 5.0) Opera 7.10 [en]"
213.170.46.30 - - [02/Sep/2003:06:45:29 -0700] "GET /images/parr-head.jpg HTTP/1.0" 200 3582 "-" "Mozilla/3.01 (compatible;)"
211.28.236.250 - - [02/Sep/2003:06:45:38 -0700] "GET /grammar/list HTTP/1.1" 200 15685 "http://www.antlr.org/" "Mozilla/5.0 (Windows; U; Windows NT 5.1; en-US; rv:1.5a) Gecko/20030728 Mozilla Firebird/0.6.1"
211.28.236.250 - - [02/Sep/2003:06:45:39 -0700] "GET /images/button-add-grammar.gif HTTP/1.1" 200 664 "http://www.antlr.org/grammar/list" "Mozilla/5.0 (Windows; U; Windows NT 5.1; en-US; rv:1.5a) Gecko/20030728 Mozilla Firebird/0.6.1"
211.28.236.250 - - [02/Sep/2003:06:45:45 -0700] "GET /grammar/1062280680642/MS_SQL_SELECT.html HTTP/1.1" 200 48601 "http://www.antlr.org/grammar/list" "Mozilla/5.0 (Windows; U; Windows NT 5.1; en-US; rv:1.5a) Gecko/20030728 Mozilla Firebird/0.6.1"
193.81.246.12 - - [02/Sep/2003:06:45:51 -0700] "GET / HTTP/1.0" 200 11690 "-" "Mozilla/4.0 (compatible; MSIE 6.0; Windows NT 5.0; T312461)"
193.81.246.12 - - [02/Sep/2003:06:45:51 -0700] "GET /images/logo-head.gif HTTP/1.0" 200 4098 "http://www.antlr.org/" "Mozilla/4.0 (compatible; MSIE 6.0; Windows NT 5.0; T312461)"
193.81.246.12 - - [02/Sep/2003:06:45:51 -0700] "GET /images/shim.gif HTTP/1.0" 200 43 "http://www.antlr.org/" "Mozilla/4.0 (compatible; MSIE 6.0; Windows NT 5.0; T312461)"
193.81.246.12 - - [02/Sep/2003:06:45:51 -0700] "GET /images/head-shim.gif HTTP/1.0" 200 158 "http://www.antlr.org/" "Mozilla/4.0 (compatible; MSIE 6.0; Windows NT 5.0; T312461)"
193.81.246.12 - - [02/Sep/2003:06:45:52 -0700] "GET /images/button-download.gif HTTP/1.0" 200 733 "http://www.antlr.org/" "Mozilla/4.0 (compatible; MSIE 6.0; Windows NT 5.0; T312461)"
193.81.246.12 - - [02/Sep/2003:06:45:52 -0700] "GET /images/search.gif HTTP/1.0" 200 299 "http://www.antlr.org/" "Mozilla/4.0 (compatible; MSIE 6.0; Windows NT 5.0; T312461)"
193.81.246.12 - - [02/Sep/2003:06:45:52 -0700] "GET /images/search-go.gif HTTP/1.0" 200 266 "http://www.antlr.org/" "Mozilla/4.0 (compatible; MSIE 6.0; Windows NT 5.0; T312461)"
193.81.246.12 - - [02/Sep/2003:06:45:52 -0700] "GET /images/parr-head.jpg HTTP/1.0" 200 3582 "http://www.antlr.org/" "Mozilla/4.0 (compatible; MSIE 6.0; Windows NT 5.0; T312461)"
63.117.239.50 - - [02/Sep/2003:06:46:03 -0700] "GET /grammar/cgram HTTP/1.1" 200 8086 "http://www.antlr.org/grammar/list" "Mozilla/4.0 (compatible; MSIE 6.0; Windows NT 5.0)"
63.117.239.50 - - [02/Sep/2003:06:46:03 -0700] "GET /images/logo-head.gif HTTP/1.1" 304 - "http://www.antlr.org/grammar/cgram" "Mozilla/4.0 (compatible; MSIE 6.0; Windows NT 5.0)"
63.117.239.50 - - [02/Sep/2003:06:46:03 -0700] "GET /images/shim.gif HTTP/1.1" 304 - "http://www.antlr.org/grammar/cgram" "Mozilla/4.0 (compatible; MSIE 6.0; Windows NT 5.0)"
63.117.239.50 - - [02/Sep/2003:06:46:03 -0700] "GET /images/button-download.gif HTTP/1.1" 304 - "http://www.antlr.org/grammar/cgram" "Mozilla/4.0 (compatible; MSIE 6.0; Windows NT 5.0)"
63.117.239.50 - - [02/Sep/2003:06:46:03 -0700] "GET /images/head-shim.gif HTTP/1.1" 304 - "http://www.antlr.org/grammar/cgram" "Mozilla/4.0 (compatible; MSIE 6.0; Windows NT 5.0)"
63.117.239.50 - - [02/Sep/2003:06:46:04 -0700] "GET /images/search.gif HTTP/1.1" 304 - "http://www.antlr.org/grammar/cgram" "Mozilla/4.0 (compatible; MSIE 6.0; Windows NT 5.0)"
63.117.239.50 - - [02/Sep/2003:06:46:04 -0700] "GET /images/search-go.gif HTTP/1.1" 304 - "http://www.antlr.org/grammar/cgram" "Mozilla/4.0 (compatible; MSIE 6.0; Windows NT 5.0)"
63.117.239.50 - - [02/Sep/2003:06:46:09 -0700] "GET /grammar/cgram/grammars HTTP/1.1" 200 8508 "http://www.antlr.org/grammar/cgram" "Mozilla/4.0 (compatible; MSIE 6.0; Windows NT 5.0)"
63.117.239.50 - - [02/Sep/2003:06:46:10 -0700] "GET /images/shim.gif HTTP/1.1" 304 - "http://www.antlr.org/grammar/cgram/grammars" "Mozilla/4.0 (compatible; MSIE 6.0; Windows NT 5.0)"
63.117.239.50 - - [02/Sep/2003:06:46:10 -0700] "GET /images/logo-head.gif HTTP/1.1" 304 - "http://www.antlr.org/grammar/cgram/grammars" "Mozilla/4.0 (compatible; MSIE 6.0; Windows NT 5.0)"
63.117.239.50 - - [02/Sep/2003:06:46:10 -0700] "GET /images/button-download.gif HTTP/1.1" 304 - "http://www.antlr.org/grammar/cgram/grammars" "Mozilla/4.0 (compatible; MSIE 6.0; Windows NT 5.0)"
63.117.239.50 - - [02/Sep/2003:06:46:10 -0700] "GET /images/head-shim.gif HTTP/1.1" 304 - "http://www.antlr.org/grammar/cgram/grammars" "Mozilla/4.0 (compatible; MSIE 6.0; Windows NT 5.0)"
63.117.239.50 - - [02/Sep/2003:06:46:10 -0700] "GET /images/search.gif HTTP/1.1" 304 - "http://www.antlr.org/grammar/cgram/grammars" "Mozilla/4.0 (compatible; MSIE 6.0; Windows NT 5.0)"
63.117.239.50 - - [02/Sep/2003:06:46:10 -0700] "GET /images/search-go.gif HTTP/1.1" 304 - "http://www.antlr.org/grammar/cgram/grammars" "Mozilla/4.0 (compatible; MSIE 6.0; Windows NT 5.0)"
206.168.220.234 - - [02/Sep/2003:06:46:25 -0700] "GET /share/list HTTP/1.1" 200 10783 "http://www.antlr.org/doc/getting-started.html" "Mozilla/4.0 (compatible; MSIE 6.0; Windows NT 5.0; (R1 1.3); .NET CLR 1.0.3705)"
206.168.220.234 - - [02/Sep/2003:06:46:26 -0700] "GET /images/shim.gif HTTP/1.1" 304 - "http://www.antlr.org/share/list" "Mozilla/4.0 (compatible; MSIE 6.0; Windows NT 5.0; (R1 1.3); .NET CLR 1.0.3705)"
206.168.220.234 - - [02/Sep/2003:06:46:26 -0700] "GET /images/logo-head.gif HTTP/1.1" 304 - "http://www.antlr.org/share/list" "Mozilla/4.0 (compatible; MSIE 6.0; Windows NT 5.0; (R1 1.3); .NET CLR 1.0.3705)"
206.168.220.234 - - [02/Sep/2003:06:46:26 -0700] "GET /images/head-shim.gif HTTP/1.1" 304 - "http://www.antlr.org/share/list" "Mozilla/4.0 (compatible; MSIE 6.0; Windows NT 5.0; (R1 1.3); .NET CLR 1.0.3705)"
206.168.220.234 - - [02/Sep/2003:06:46:26 -0700] "GET /images/button-download.gif HTTP/1.1" 304 - "http://www.antlr.org/share/list" "Mozilla/4.0 (compatible; MSIE 6.0; Windows NT 5.0; (R1 1.3); .NET CLR 1.0.3705)"
206.168.220.234 - - [02/Sep/2003:06:46:26 -0700] "GET /images/search.gif HTTP/1.1" 304 - "http://www.antlr.org/share/list" "Mozilla/4.0 (compatible; MSIE 6.0; Windows NT 5.0; (R1 1.3); .NET CLR 1.0.3705)"
206.168.220.234 - - [02/Sep/2003:06:46:26 -0700] "GET /images/search-go.gif HTTP/1.1" 304 - "http://www.antlr.org/share/list" "Mozilla/4.0 (compatible; MSIE 6.0; Windows NT 5.0; (R1 1.3); .NET CLR 1.0.3705)"
206.168.220.234 - - [02/Sep/2003:06:46:26 -0700] "GET /images/button-shared-resource.gif HTTP/1.1" 304 - "http://www.antlr.org/share/list" "Mozilla/4.0 (compatible; MSIE 6.0; Windows NT 5.0; (R1 1.3); .NET CLR 1.0.3705)"
63.117.239.50 - - [02/Sep/2003:06:46:27 -0700] "GET /about.html HTTP/1.1" 200 8707 "http://www.antlr.org/grammar/cgram/grammars" "Mozilla/4.0 (compatible; MSIE 6.0; Windows NT 5.0)"
63.117.239.50 - - [02/Sep/2003:06:46:27 -0700] "GET /images/shim.gif HTTP/1.1" 304 - "http://www.antlr.org/about.html" "Mozilla/4.0 (compatible; MSIE 6.0; Windows NT 5.0)"
63.117.239.50 - - [02/Sep/2003:06:46:27 -0700] "GET /images/logo-head.gif HTTP/1.1" 304 - "http://www.antlr.org/about.html" "Mozilla/4.0 (compatible; MSIE 6.0; Windows NT 5.0)"
63.117.239.50 - - [02/Sep/2003:06:46:27 -0700] "GET /images/button-download.gif HTTP/1.1" 304 - "http://www.antlr.org/about.html" "Mozilla/4.0 (compatible; MSIE 6.0; Windows NT 5.0)"
63.117.239.50 - - [02/Sep/2003:06:46:27 -0700] "GET /images/head-shim.gif HTTP/1.1" 304 - "http://www.antlr.org/about.html" "Mozilla/4.0 (compatible; MSIE 6.0; Windows NT 5.0)"
63.117.239.50 - - [02/Sep/2003:06:46:27 -0700] "GET /images/search.gif HTTP/1.1" 304 - "http://www.antlr.org/about.html" "Mozilla/4.0 (compatible; MSIE 6.0; Windows NT 5.0)"
63.117.239.50 - - [02/Sep/2003:06:46:27 -0700] "GET /images/search-go.gif HTTP/1.1" 304 - "http://www.antlr.org/about.html" "Mozilla/4.0 (compatible; MSIE 6.0; Windows NT 5.0)"
193.81.246.12 - - [02/Sep/2003:06:46:32 -0700] "GET /doc/getting-started.html HTTP/1.0" 200 11326 "http://www.antlr.org/" "Mozilla/4.0 (compatible; MSIE 6.0; Windows NT 5.0; T312461)"
63.117.239.50 - - [02/Sep/2003:06:46:47 -0700] "GET /images/shim.gif HTTP/1.1" 304 - "http://www.antlr.org/doc/index.html" "Mozilla/4.0 (compatible; MSIE 6.0; Windows NT 5.0)"
63.117.239.50 - - [02/Sep/2003:06:46:47 -0700] "GET /images/logo-head.gif HTTP/1.1" 304 - "http://www.antlr.org/doc/index.html" "Mozilla/4.0 (compatible; MSIE 6.0; Windows NT 5.0)"
63.117.239.50 - - [02/Sep/2003:06:46:47 -0700] "GET /doc/index.html HTTP/1.1" 200 26469 "http://www.antlr.org/about.html" "Mozilla/4.0 (compatible; MSIE 6.0; Windows NT 5.0)"
63.117.239.50 - - [02/Sep/2003:06:46:47 -0700] "GET /images/button-download.gif HTTP/1.1" 304 - "http://www.antlr.org/doc/index.html" "Mozilla/4.0 (compatible; MSIE 6.0; Windows NT 5.0)"
63.117.239.50 - - [02/Sep/2003:06:46:47 -0700] "GET /images/head-shim.gif HTTP/1.1" 304 - "http://www.antlr.org/doc/index.html" "Mozilla/4.0 (compatible; MSIE 6.0; Windows NT 5.0)"
63.117.239.50 - - [02/Sep/2003:06:46:47 -0700] "GET /images/search.gif HTTP/1.1" 304 - "http://www.antlr.org/doc/index.html" "Mozilla/4.0 (compatible; MSIE 6.0; Windows NT 5.0)"
63.117.239.50 - - [02/Sep/2003:06:46:47 -0700] "GET /images/search-go.gif HTTP/1.1" 304 - "http://www.antlr.org/doc/index.html" "Mozilla/4.0 (compatible; MSIE 6.0; Windows NT 5.0)"
206.168.220.234 - - [02/Sep/2003:06:46:54 -0700] "GET /share/1061323078962/antlr.metagrammar.tar HTTP/1.1" 200 30720 "http://www.antlr.org/share/list" "Mozilla/4.0 (compatible; MSIE 6.0; Windows NT 5.0; (R1 1.3); .NET CLR 1.0.3705)"
24.156.118.178 - - [02/Sep/2003:06:46:55 -0700] "GET / HTTP/1.1" 200 11690 "http://www.google.ca/" "Mozilla/5.0 (compatible; Konqueror/3; Linux)"
24.156.118.178 - - [02/Sep/2003:06:46:58 -0700] "GET /images/shim.gif HTTP/1.1" 200 43 "http://www.antlr.org/" "Mozilla/5.0 (compatible; Konqueror/3; Linux)"
24.156.118.178 - - [02/Sep/2003:06:46:58 -0700] "GET /images/button-download.gif HTTP/1.1" 200 733 "http://www.antlr.org/" "Mozilla/5.0 (compatible; Konqueror/3; Linux)"
24.156.118.178 - - [02/Sep/2003:06:46:58 -0700] "GET /images/head-shim.gif HTTP/1.1" 200 158 "http://www.antlr.org/" "Mozilla/5.0 (compatible; Konqueror/3; Linux)"
24.156.118.178 - - [02/Sep/2003:06:46:58 -0700] "GET /images/logo-head.gif HTTP/1.1" 200 4098 "http://www.antlr.org/" "Mozilla/5.0 (compatible; Konqueror/3; Linux)"
24.156.118.178 - - [02/Sep/2003:06:46:58 -0700] "GET /images/parr-head.jpg HTTP/1.1" 200 3582 "http://www.antlr.org/" "Mozilla/5.0 (compatible; Konqueror/3; Linux)"
24.156.118.178 - - [02/Sep/2003:06:46:58 -0700] "GET /images/search.gif HTTP/1.1" 200 299 "http://www.antlr.org/" "Mozilla/5.0 (compatible; Konqueror/3; Linux)"
24.156.118.178 - - [02/Sep/2003:06:46:59 -0700] "GET /images/search-go.gif HTTP/1.1" 200 266 "http://www.antlr.org/" "Mozilla/5.0 (compatible; Konqueror/3; Linux)"
24.156.118.178 - - [02/Sep/2003:06:46:59 -0700] "GET /favicon.ico HTTP/1.1" 404 173 "-" "Mozilla/5.0 (compatible; Konqueror/3; Linux)"
63.117.239.50 - - [02/Sep/2003:06:47:06 -0700] "GET /images/shim.gif HTTP/1.1" 304 - "http://www.antlr.org/doc/metalang.html" "Mozilla/4.0 (compatible; MSIE 6.0; Windows NT 5.0)"
63.117.239.50 - - [02/Sep/2003:06:47:06 -0700] "GET /images/logo-head.gif HTTP/1.1" 304 - "http://www.antlr.org/doc/metalang.html" "Mozilla/4.0 (compatible; MSIE 6.0; Windows NT 5.0)"
63.117.239.50 - - [02/Sep/2003:06:47:06 -0700] "GET /images/button-download.gif HTTP/1.1" 304 - "http://www.antlr.org/doc/metalang.html" "Mozilla/4.0 (compatible; MSIE 6.0; Windows NT 5.0)"
63.117.239.50 - - [02/Sep/2003:06:47:06 -0700] "GET /doc/metalang.html HTTP/1.1" 200 52606 "http://www.antlr.org/doc/index.html" "Mozilla/4.0 (compatible; MSIE 6.0; Windows NT 5.0)"
63.117.239.50 - - [02/Sep/2003:06:47:07 -0700] "GET /images/head-shim.gif HTTP/1.1" 304 - "http://www.antlr.org/doc/metalang.html" "Mozilla/4.0 (compatible; MSIE 6.0; Windows NT 5.0)"
63.117.239.50 - - [02/Sep/2003:06:47:07 -0700] "GET /images/search.gif HTTP/1.1" 304 - "http://www.antlr.org/doc/metalang.html" "Mozilla/4.0 (compatible; MSIE 6.0; Windows NT 5.0)"
63.117.239.50 - - [02/Sep/2003:06:47:07 -0700] "GET /images/search-go.gif HTTP/1.1" 304 - "http://www.antlr.org/doc/metalang.html" "Mozilla/4.0 (compatible; MSIE 6.0; Windows NT 5.0)"
63.117.239.50 - - [02/Sep/2003:06:47:07 -0700] "GET /doc/subrule.gif HTTP/1.1" 200 1887 "http://www.antlr.org/doc/metalang.html" "Mozilla/4.0 (compatible; MSIE 6.0; Windows NT 5.0)"
63.117.239.50 - - [02/Sep/2003:06:47:07 -0700] "GET /doc/optional.gif HTTP/1.1" 200 2018 "http://www.antlr.org/doc/metalang.html" "Mozilla/4.0 (compatible; MSIE 6.0; Windows NT 5.0)"
63.117.239.50 - - [02/Sep/2003:06:47:07 -0700] "GET /doc/closure.gif HTTP/1.1" 200 2166 "http://www.antlr.org/doc/metalang.html" "Mozilla/4.0 (compatible; MSIE 6.0; Windows NT 5.0)"
63.117.239.50 - - [02/Sep/2003:06:47:07 -0700] "GET /doc/posclosure.gif HTTP/1.1" 200 2031 "http://www.antlr.org/doc/metalang.html" "Mozilla/4.0 (compatible; MSIE 6.0; Windows NT 5.0)"
193.81.246.12 - - [02/Sep/2003:06:48:14 -0700] "GET /download/antlr-2.7.2.tar.gz HTTP/1.0" 200 1557051 "http://www.antlr.org/doc/getting-started.html" "Mozilla/4.0 (compatible; MSIE 6.0; Windows NT 5.0; T312461)"
24.156.118.178 - - [02/Sep/2003:06:48:15 -0700] "GET /doc/getting-started.html HTTP/1.1" 200 11326 "http://www.antlr.org/" "Mozilla/5.0 (compatible; Konqueror/3; Linux)"
168.210.90.231 - - [02/Sep/2003:06:48:29 -0700] "GET / HTTP/1.1" 200 11690 "http://www.google.com/search?hl=en&ie=UTF-8&oe=UTF-8&q=antlr&btnG=Google+Search" "Mozilla/4.0 (compatible; MSIE 6.0; Windows NT 5.0)"
168.210.90.231 - - [02/Sep/2003:06:48:30 -0700] "GET /images/shim.gif HTTP/1.1" 200 43 "http://www.antlr.org/" "Mozilla/4.0 (compatible; MSIE 6.0; Windows NT 5.0)"
80.48.246.196 - - [02/Sep/2003:06:48:30 -0700] "GET /doc/streams.html HTTP/1.0" 200 16384 "http://www.google.pl/search?hl=pl&inlang=pl&ie=ISO-8859-2&as_qdr=all&q=ANTLR+java+example+sql&btnG=Szukaj+z+Google" "Opera/7.0 (Windows 2000; U) [en]"
168.210.90.231 - - [02/Sep/2003:06:48:31 -0700] "GET /images/logo-head.gif HTTP/1.1" 200 4098 "http://www.antlr.org/" "Mozilla/4.0 (compatible; MSIE 6.0; Windows NT 5.0)"
168.210.90.231 - - [02/Sep/2003:06:48:34 -0700] "GET /images/head-shim.gif HTTP/1.1" 200 158 "http://www.antlr.org/" "Mozilla/4.0 (compatible; MSIE 6.0; Windows NT 5.0)"
168.210.90.231 - - [02/Sep/2003:06:48:36 -0700] "GET /images/button-download.gif HTTP/1.1" 200 733 "http://www.antlr.org/" "Mozilla/4.0 (compatible; MSIE 6.0; Windows NT 5.0)"
168.210.90.231 - - [02/Sep/2003:06:48:37 -0700] "GET /images/parr-head.jpg HTTP/1.1" 200 3582 "http://www.antlr.org/" "Mozilla/4.0 (compatible; MSIE 6.0; Windows NT 5.0)"
168.210.90.231 - - [02/Sep/2003:06:48:38 -0700] "GET /images/search.gif HTTP/1.1" 200 299 "http://www.antlr.org/" "Mozilla/4.0 (compatible; MSIE 6.0; Windows NT 5.0)"
168.210.90.231 - - [02/Sep/2003:06:48:40 -0700] "GET /images/search-go.gif HTTP/1.1" 200 266 "http://www.antlr.org/" "Mozilla/4.0 (compatible; MSIE 6.0; Windows NT 5.0)"
206.168.220.234 - - [02/Sep/2003:06:48:52 -0700] "GET /share/list HTTP/1.1" 200 10783 "http://www.antlr.org/doc/getting-started.html" "Mozilla/4.0 (compatible; MSIE 6.0; Windows NT 5.0; (R1 1.3); .NET CLR 1.0.3705)"
206.168.220.234 - - [02/Sep/2003:06:48:52 -0700] "GET /images/button-shared-resource.gif HTTP/1.1" 304 - "http://www.antlr.org/share/list" "Mozilla/4.0 (compatible; MSIE 6.0; Windows NT 5.0; (R1 1.3); .NET CLR 1.0.3705)"
24.156.118.178 - - [02/Sep/2003:06:48:55 -0700] "GET /article/cutpaste/index.html HTTP/1.1" 200 10494 "-" "Mozilla/5.0 (compatible; Konqueror/3; Linux)"
193.81.246.12 - - [02/Sep/2003:06:49:15 -0700] "GET /article/cutpaste/index.html HTTP/1.0" 200 10494 "http://www.antlr.org/doc/getting-started.html" "Mozilla/4.0 (compatible; MSIE 6.0; Windows NT 5.0; T312461)"
192.118.48.248 - - [02/Sep/2003:06:49:26 -0700] "GET /images/search.gif HTTP/1.1" 200 299 "http://www.antlr.org/about.html" "Mozilla/4.0 (compatible; MSIE 5.0; Windows 98)"
192.118.48.248 - - [02/Sep/2003:06:49:26 -0700] "GET /images/search-go.gif HTTP/1.1" 200 266 "http://www.antlr.org/about.html" "Mozilla/4.0 (compatible; MSIE 5.0; Windows 98)"
192.118.48.248 - - [02/Sep/2003:06:49:28 -0700] "GET /images/button-add-article.gif HTTP/1.1" 200 579 "http://www.antlr.org/article/list" "Mozilla/4.0 (compatible; MSIE 5.0; Windows 98)"
192.118.48.248 - - [02/Sep/2003:06:49:29 -0700] "GET /images/antlr-link.gif HTTP/1.1" 200 1372 "http://www.antlr.org/license.html" "Mozilla/4.0 (compatible; MSIE 5.0; Windows 98)"
192.118.48.248 - - [02/Sep/2003:06:49:29 -0700] "GET /images/button-add-grammar.gif HTTP/1.1" 200 664 "http://www.antlr.org/grammar/list" "Mozilla/4.0 (compatible; MSIE 5.0; Windows 98)"
192.118.48.248 - - [02/Sep/2003:06:49:30 -0700] "GET /images/parr-head.jpg HTTP/1.1" 200 3582 "http://www.antlr.org/" "Mozilla/4.0 (compatible; MSIE 5.0; Windows 98)"
192.118.48.248 - - [02/Sep/2003:06:49:30 -0700] "GET /images/button-testimonial.gif HTTP/1.1" 200 701 "http://www.antlr.org/testimonial/list" "Mozilla/4.0 (compatible; MSIE 5.0; Windows 98)"
192.118.48.248 - - [02/Sep/2003:06:49:30 -0700] "GET /images/button-add-showcase.gif HTTP/1.1" 200 682 "http://www.antlr.org/showcase/list" "Mozilla/4.0 (compatible; MSIE 5.0; Windows 98)"
137.226.70.246 - - [02/Sep/2003:06:49:52 -0700] "GET / HTTP/1.1" 200 11690 "-" "Mozilla/5.0 (X11; U; Linux i686; en-US; rv:1.4) Gecko/20030624"
137.226.70.246 - - [02/Sep/2003:06:49:52 -0700] "GET /images/shim.gif HTTP/1.1" 200 43 "http://www.antlr.org/" "Mozilla/5.0 (X11; U; Linux i686; en-US; rv:1.4) Gecko/20030624"
137.226.70.246 - - [02/Sep/2003:06:49:52 -0700] "GET /images/logo-head.gif HTTP/1.1" 200 4098 "http://www.antlr.org/" "Mozilla/5.0 (X11; U; Linux i686; en-US; rv:1.4) Gecko/20030624"
137.226.70.246 - - [02/Sep/2003:06:49:52 -0700] "GET /images/button-download.gif HTTP/1.1" 200 733 "http://www.antlr.org/" "Mozilla/5.0 (X11; U; Linux i686; en-US; rv:1.4) Gecko/20030624"
137.226.70.246 - - [02/Sep/2003:06:49:52 -0700] "GET /images/parr-head.jpg HTTP/1.1" 200 3582 "http://www.antlr.org/" "Mozilla/5.0 (X11; U; Linux i686; en-US; rv:1.4) Gecko/20030624"
137.226.70.246 - - [02/Sep/2003:06:49:52 -0700] "GET /images/search.gif HTTP/1.1" 200 299 "http://www.antlr.org/" "Mozilla/5.0 (X11; U; Linux i686; en-US; rv:1.4) Gecko/20030624"
137.226.70.246 - - [02/Sep/2003:06:49:52 -0700] "GET /images/search-go.gif HTTP/1.1" 200 266 "http://www.antlr.org/" "Mozilla/5.0 (X11; U; Linux i686; en-US; rv:1.4) Gecko/20030624"
137.226.70.246 - - [02/Sep/2003:06:49:52 -0700] "GET /images/head-shim.gif HTTP/1.1" 200 158 "http://www.antlr.org/" "Mozilla/5.0 (X11; U; Linux i686; en-US; rv:1.4) Gecko/20030624"
137.226.70.246 - - [02/Sep/2003:06:49:56 -0700] "GET /share/list HTTP/1.1" 200 10783 "http://www.antlr.org/" "Mozilla/5.0 (X11; U; Linux i686; en-US; rv:1.4) Gecko/20030624"
137.226.70.246 - - [02/Sep/2003:06:49:56 -0700] "GET /images/button-shared-resource.gif HTTP/1.1" 200 853 "http://www.antlr.org/share/list" "Mozilla/5.0 (X11; U; Linux i686; en-US; rv:1.4) Gecko/20030624"
137.226.70.246 - - [02/Sep/2003:06:50:04 -0700] "GET /grammar/list HTTP/1.1" 200 15685 "http://www.antlr.org/share/list" "Mozilla/5.0 (X11; U; Linux i686; en-US; rv:1.4) Gecko/20030624"
137.226.70.246 - - [02/Sep/2003:06:50:05 -0700] "GET /images/button-add-grammar.gif HTTP/1.1" 200 664 "http://www.antlr.org/grammar/list" "Mozilla/5.0 (X11; U; Linux i686; en-US; rv:1.4) Gecko/20030624"
137.226.70.246 - - [02/Sep/2003:06:50:32 -0700] "GET /grammar/java HTTP/1.1" 200 8472 "http://www.antlr.org/grammar/list" "Mozilla/5.0 (X11; U; Linux i686; en-US; rv:1.4) Gecko/20030624"
168.210.90.231 - - [02/Sep/2003:06:50:34 -0700] "GET /download.html HTTP/1.1" 200 9276 "http://www.antlr.org/" "Mozilla/4.0 (compatible; MSIE 6.0; Windows NT 5.0)"
202.156.2.42 - - [02/Sep/2003:06:50:39 -0700] "GET /doc/cpp-runtime.html HTTP/1.1" 200 18691 "-" "Mozilla/4.0 (compatible; MSIE 6.0; Windows NT 5.1; .NET CLR 1.1.4322)"
202.156.2.42 - - [02/Sep/2003:06:50:39 -0700] "GET /images/shim.gif HTTP/1.1" 304 - "http://www.antlr.org/doc/cpp-runtime.html" "Mozilla/4.0 (compatible; MSIE 6.0; Windows NT 5.1; .NET CLR 1.1.4322)"
202.156.2.42 - - [02/Sep/2003:06:50:39 -0700] "GET /images/logo-head.gif HTTP/1.1" 304 - "http://www.antlr.org/doc/cpp-runtime.html" "Mozilla/4.0 (compatible; MSIE 6.0; Windows NT 5.1; .NET CLR 1.1.4322)"
202.156.2.42 - - [02/Sep/2003:06:50:39 -0700] "GET /images/head-shim.gif HTTP/1.1" 304 - "http://www.antlr.org/doc/cpp-runtime.html" "Mozilla/4.0 (compatible; MSIE 6.0; Windows NT 5.1; .NET CLR 1.1.4322)"
202.156.2.42 - - [02/Sep/2003:06:50:40 -0700] "GET /images/button-download.gif HTTP/1.1" 304 - "http://www.antlr.org/doc/cpp-runtime.html" "Mozilla/4.0 (compatible; MSIE 6.0; Windows NT 5.1; .NET CLR 1.1.4322)"
137.226.70.246 - - [02/Sep/2003:06:50:40 -0700] "GET /grammar/cgram HTTP/1.1" 200 8086 "http://www.antlr.org/grammar/list" "Mozilla/5.0 (X11; U; Linux i686; en-US; rv:1.4) Gecko/20030624"
202.156.2.42 - - [02/Sep/2003:06:50:40 -0700] "GET /images/search.gif HTTP/1.1" 304 - "http://www.antlr.org/doc/cpp-runtime.html" "Mozilla/4.0 (compatible; MSIE 6.0; Windows NT 5.1; .NET CLR 1.1.4322)"
202.156.2.42 - - [02/Sep/2003:06:50:40 -0700] "GET /images/search-go.gif HTTP/1.1" 304 - "http://www.antlr.org/doc/cpp-runtime.html" "Mozilla/4.0 (compatible; MSIE 6.0; Windows NT 5.1; .NET CLR 1.1.4322)"
202.156.2.42 - - [02/Sep/2003:06:50:46 -0700] "GET /download.html HTTP/1.1" 200 9276 "http://www.antlr.org/doc/cpp-runtime.html" "Mozilla/4.0 (compatible; MSIE 6.0; Windows NT 5.1; .NET CLR 1.1.4322)"
168.210.90.231 - - [02/Sep/2003:06:50:57 -0700] "GET /license.html HTTP/1.1" 200 9083 "http://www.antlr.org/download.html" "Mozilla/4.0 (compatible; MSIE 6.0; Windows NT 5.0)"
202.156.2.42 - - [02/Sep/2003:06:51:03 -0700] "GET /download/antlr-2.7.0.zip HTTP/1.1" 200 1291672 "http://www.antlr.org/download.html" "Mozilla/4.0 (compatible; MSIE 6.0; Windows NT 5.1; .NET CLR 1.1.4322)"
212.121.135.226 - - [02/Sep/2003:06:51:11 -0700] "GET /download.html HTTP/1.1" 200 9276 "http://www.antlr.org/share/list" "Mozilla/5.0 (X11; U; Linux i686; en-US; rv:1.0.1) Gecko/20021003"
168.210.90.231 - - [02/Sep/2003:06:51:13 -0700] "GET /images/antlr-link.gif HTTP/1.1" 200 1372 "http://www.antlr.org/license.html" "Mozilla/4.0 (compatible; MSIE 6.0; Windows NT 5.0)"
202.156.2.42 - - [02/Sep/2003:06:51:23 -0700] "GET /download/antlr-2.7.2.zip HTTP/1.1" 200 1943296 "http://www.antlr.org/download.html" "Mozilla/4.0 (compatible; MSIE 6.0; Windows NT 5.1; .NET CLR 1.1.4322)"
212.157.192.194 - - [02/Sep/2003:06:51:26 -0700] "GET / HTTP/1.0" 200 11690 "http://www.google.fr/search?q=antlr&ie=UTF-8&oe=UTF-8&hl=fr&btnG=Recherche+Google&meta=" "Mozilla/5.0 (Windows; U; Windows NT 5.1; en-US; rv:1.4) Gecko/20030612"
212.157.192.194 - - [02/Sep/2003:06:51:26 -0700] "GET /images/parr-head.jpg HTTP/1.0" 304 - "http://www.antlr.org/" "Mozilla/5.0 (Windows; U; Windows NT 5.1; en-US; rv:1.4) Gecko/20030612"
212.157.192.194 - - [02/Sep/2003:06:51:27 -0700] "GET /images/head-shim.gif HTTP/1.0" 304 - "http://www.antlr.org/" "Mozilla/5.0 (Windows; U; Windows NT 5.1; en-US; rv:1.4) Gecko/20030612"
212.157.192.194 - - [02/Sep/2003:06:51:30 -0700] "GET /doc/index.html HTTP/1.0" 200 26469 "http://www.antlr.org/" "Mozilla/5.0 (Windows; U; Windows NT 5.1; en-US; rv:1.4) Gecko/20030612"
193.81.246.12 - - [02/Sep/2003:06:51:35 -0700] "GET /doc/getting-started.html HTTP/1.0" 200 11326 "http://www.antlr.org/" "Mozilla/4.0 (compatible; MSIE 6.0; Windows NT 5.0; T312461)"
212.157.192.194 - - [02/Sep/2003:06:51:35 -0700] "GET /doc/index.html HTTP/1.0" 200 26469 "http://www.antlr.org/doc/index.html" "Mozilla/5.0 (Windows; U; Windows NT 5.1; en-US; rv:1.4) Gecko/20030612"
212.121.135.226 - - [02/Sep/2003:06:51:35 -0700] "GET /download/antlr-2.7.2.tar.gz HTTP/1.1" 200 1523712 "http://www.antlr.org/download.html" "Mozilla/5.0 (X11; U; Linux i686; en-US; rv:1.0.1) Gecko/20021003"
212.157.192.194 - - [02/Sep/2003:06:51:45 -0700] "GET /doc/metalang.html HTTP/1.0" 200 52606 "http://www.antlr.org/doc/index.html" "Mozilla/5.0 (Windows; U; Windows NT 5.1; en-US; rv:1.4) Gecko/20030612"
212.157.192.194 - - [02/Sep/2003:06:51:46 -0700] "GET /doc/subrule.gif HTTP/1.0" 200 1887 "http://www.antlr.org/doc/metalang.html" "Mozilla/5.0 (Windows; U; Windows NT 5.1; en-US; rv:1.4) Gecko/20030612"
212.157.192.194 - - [02/Sep/2003:06:51:46 -0700] "GET /doc/optional.gif HTTP/1.0" 200 2018 "http://www.antlr.org/doc/metalang.html" "Mozilla/5.0 (Windows; U; Windows NT 5.1; en-US; rv:1.4) Gecko/20030612"
212.157.192.194 - - [02/Sep/2003:06:51:46 -0700] "GET /doc/closure.gif HTTP/1.0" 200 2166 "http://www.antlr.org/doc/metalang.html" "Mozilla/5.0 (Windows; U; Windows NT 5.1; en-US; rv:1.4) Gecko/20030612"
212.157.192.194 - - [02/Sep/2003:06:51:46 -0700] "GET /doc/posclosure.gif HTTP/1.0" 200 2031 "http://www.antlr.org/doc/metalang.html" "Mozilla/5.0 (Windows; U; Windows NT 5.1; en-US; rv:1.4) Gecko/20030612"
24.156.118.178 - - [02/Sep/2003:06:52:07 -0700] "GET /pccts133.html HTTP/1.1" 200 18035 "http://www.antlr.org/article/cutpaste/index.html" "Mozilla/5.0 (compatible; Konqueror/3; Linux)"
168.210.90.231 - - [02/Sep/2003:06:52:10 -0700] "GET /about.html HTTP/1.1" 200 8707 "http://www.antlr.org/license.html" "Mozilla/4.0 (compatible; MSIE 6.0; Windows NT 5.0)"
130.88.96.65 - - [02/Sep/2003:06:52:37 -0700] "GET / HTTP/1.0" 200 11690 "http://www.co.umist.ac.uk:8080/rt2/Ticket/Display.html?id=2898" "Mozilla/4.0 (compatible; MSIE 6.0; Windows NT 5.1; .NET CLR 1.0.3705; .NET CLR 1.1.4322)"
130.88.96.65 - - [02/Sep/2003:06:52:37 -0700] "GET /images/shim.gif HTTP/1.0" 200 43 "http://www.antlr.org/" "Mozilla/4.0 (compatible; MSIE 6.0; Windows NT 5.1; .NET CLR 1.0.3705; .NET CLR 1.1.4322)"
130.88.96.65 - - [02/Sep/2003:06:52:37 -0700] "GET /images/logo-head.gif HTTP/1.0" 200 4098 "http://www.antlr.org/" "Mozilla/4.0 (compatible; MSIE 6.0; Windows NT 5.1; .NET CLR 1.0.3705; .NET CLR 1.1.4322)"
130.88.96.65 - - [02/Sep/2003:06:52:37 -0700] "GET /images/head-shim.gif HTTP/1.0" 200 158 "http://www.antlr.org/" "Mozilla/4.0 (compatible; MSIE 6.0; Windows NT 5.1; .NET CLR 1.0.3705; .NET CLR 1.1.4322)"
130.88.96.65 - - [02/Sep/2003:06:52:37 -0700] "GET /images/button-download.gif HTTP/1.0" 304 - "http://www.antlr.org/" "Mozilla/4.0 (compatible; MSIE 6.0; Windows NT 5.1; .NET CLR 1.0.3705; .NET CLR 1.1.4322)"
130.88.96.65 - - [02/Sep/2003:06:52:37 -0700] "GET /images/parr-head.jpg HTTP/1.0" 304 - "http://www.antlr.org/" "Mozilla/4.0 (compatible; MSIE 6.0; Windows NT 5.1; .NET CLR 1.0.3705; .NET CLR 1.1.4322)"
130.88.96.65 - - [02/Sep/2003:06:52:37 -0700] "GET /images/search.gif HTTP/1.0" 304 - "http://www.antlr.org/" "Mozilla/4.0 (compatible; MSIE 6.0; Windows NT 5.1; .NET CLR 1.0.3705; .NET CLR 1.1.4322)"
130.88.96.65 - - [02/Sep/2003:06:52:37 -0700] "GET /images/search-go.gif HTTP/1.0" 304 - "http://www.antlr.org/" "Mozilla/4.0 (compatible; MSIE 6.0; Windows NT 5.1; .NET CLR 1.0.3705; .NET CLR 1.1.4322)"
168.210.90.231 - - [02/Sep/2003:06:52:53 -0700] "GET /contributions.html HTTP/1.1" 200 22239 "http://www.antlr.org/about.html" "Mozilla/4.0 (compatible; MSIE 6.0; Windows NT 5.0)"
212.121.135.226 - - [02/Sep/2003:06:53:03 -0700] "GET /download.html HTTP/1.1" 200 9276 "http://www.antlr.org/download.html" "Mozilla/5.0 (X11; U; Linux i686; en-US; rv:1.0.1) Gecko/20021003"
81.255.42.139 - - [02/Sep/2003:06:53:05 -0700] "GET / HTTP/1.1" 200 11690 "-" "Mozilla/4.78 [fr] (WinNT; U)"
193.204.34.148 - - [02/Sep/2003:06:53:10 -0700] "GET / HTTP/1.1" 200 11690 "http://www.eclipse.org/community/plugins.html" "Mozilla/5.0 (Windows; U; Windows NT 5.0; it-IT; rv:1.4) Gecko/20030624"
193.204.34.148 - - [02/Sep/2003:06:53:10 -0700] "GET /images/shim.gif HTTP/1.1" 200 43 "http://antlr.org/" "Mozilla/5.0 (Windows; U; Windows NT 5.0; it-IT; rv:1.4) Gecko/20030624"
193.204.34.148 - - [02/Sep/2003:06:53:10 -0700] "GET /images/logo-head.gif HTTP/1.1" 200 4098 "http://antlr.org/" "Mozilla/5.0 (Windows; U; Windows NT 5.0; it-IT; rv:1.4) Gecko/20030624"
193.204.34.148 - - [02/Sep/2003:06:53:11 -0700] "GET /images/button-download.gif HTTP/1.1" 200 733 "http://antlr.org/" "Mozilla/5.0 (Windows; U; Windows NT 5.0; it-IT; rv:1.4) Gecko/20030624"
193.204.34.148 - - [02/Sep/2003:06:53:11 -0700] "GET /images/parr-head.jpg HTTP/1.1" 200 3582 "http://antlr.org/" "Mozilla/5.0 (Windows; U; Windows NT 5.0; it-IT; rv:1.4) Gecko/20030624"
193.204.34.148 - - [02/Sep/2003:06:53:11 -0700] "GET /images/search.gif HTTP/1.1" 200 299 "http://antlr.org/" "Mozilla/5.0 (Windows; U; Windows NT 5.0; it-IT; rv:1.4) Gecko/20030624"
193.204.34.148 - - [02/Sep/2003:06:53:11 -0700] "GET /images/search-go.gif HTTP/1.1" 200 266 "http://antlr.org/" "Mozilla/5.0 (Windows; U; Windows NT 5.0; it-IT; rv:1.4) Gecko/20030624"
193.204.34.148 - - [02/Sep/2003:06:53:11 -0700] "GET /images/head-shim.gif HTTP/1.1" 200 158 "http://antlr.org/" "Mozilla/5.0 (Windows; U; Windows NT 5.0; it-IT; rv:1.4) Gecko/20030624"
212.121.135.226 - - [02/Sep/2003:06:53:13 -0700] "GET /download.html HTTP/1.1" 200 9276 "http://www.antlr.org/download.html" "Mozilla/5.0 (X11; U; Linux i686; en-US; rv:1.0.1) Gecko/20021003"
24.156.118.178 - - [02/Sep/2003:06:53:16 -0700] "GET /javadoc/overview-summary.html HTTP/1.1" 200 9784 "http://www.antlr.org/doc/getting-started.html" "Mozilla/5.0 (compatible; Konqueror/3; Linux)"
24.156.118.178 - - [02/Sep/2003:06:53:23 -0700] "GET /javadoc/antlr/actions/cpp/package-summary.html HTTP/1.1" 200 8749 "http://www.antlr.org/javadoc/overview-summary.html" "Mozilla/5.0 (compatible; Konqueror/3; Linux)"
81.255.42.139 - - [02/Sep/2003:06:53:27 -0700] "POST /search/results HTTP/1.1" 200 7765 "http://www.anTLR.org/" "Mozilla/4.78 [fr] (WinNT; U)"
24.156.118.178 - - [02/Sep/2003:06:53:35 -0700] "GET /javadoc/antlr/package-summary.html HTTP/1.1" 200 22368 "http://www.antlr.org/javadoc/overview-summary.html" "Mozilla/5.0 (compatible; Konqueror/3; Linux)"
81.255.42.139 - - [02/Sep/2003:06:53:36 -0700] "GET /support.html HTTP/1.1" 200 10899 "http://www.anTLR.org/search/results" "Mozilla/4.78 [fr] (WinNT; U)"
24.156.118.178 - - [02/Sep/2003:06:53:43 -0700] "GET /doc/index.html HTTP/1.1" 200 26469 "http://www.antlr.org/javadoc/antlr/package-summary.html" "Mozilla/5.0 (compatible; Konqueror/3; Linux)"
200.152.193.108 - - [02/Sep/2003:06:53:44 -0700] "GET /doc/metalang.html HTTP/1.0" 200 52606 "http://www.antlr.org/doc/index.html" "Mozilla/4.0 (compatible; MSIE 5.5; Windows NT 5.0)"
81.255.42.139 - - [02/Sep/2003:06:53:48 -0700] "GET /share/list HTTP/1.1" 200 10783 "http://www.anTLR.org/support.html" "Mozilla/4.78 [fr] (WinNT; U)"
81.255.42.139 - - [02/Sep/2003:06:53:49 -0700] "GET /images/button-shared-resource.gif HTTP/1.1" 200 853 "http://www.anTLR.org/share/list" "Mozilla/4.78 [fr] (WinNT; U)"
24.156.118.178 - - [02/Sep/2003:06:53:50 -0700] "GET /doc/metalang.html HTTP/1.1" 200 52606 "http://www.antlr.org/doc/index.html" "Mozilla/5.0 (compatible; Konqueror/3; Linux)"
24.156.118.178 - - [02/Sep/2003:06:53:51 -0700] "GET /doc/subrule.gif HTTP/1.1" 200 1887 "http://www.antlr.org/doc/metalang.html#_bb1" "Mozilla/5.0 (compatible; Konqueror/3; Linux)"
24.156.118.178 - - [02/Sep/2003:06:53:51 -0700] "GET /doc/optional.gif HTTP/1.1" 200 2018 "http://www.antlr.org/doc/metalang.html#_bb1" "Mozilla/5.0 (compatible; Konqueror/3; Linux)"
24.156.118.178 - - [02/Sep/2003:06:53:51 -0700] "GET /doc/closure.gif HTTP/1.1" 200 2166 "http://www.antlr.org/doc/metalang.html#_bb1" "Mozilla/5.0 (compatible; Konqueror/3; Linux)"
24.156.118.178 - - [02/Sep/2003:06:53:51 -0700] "GET /doc/posclosure.gif HTTP/1.1" 200 2031 "http://www.antlr.org/doc/metalang.html#_bb1" "Mozilla/5.0 (compatible; Konqueror/3; Linux)"
193.81.246.12 - - [02/Sep/2003:06:54:09 -0700] "GET /article/cutpaste/index.html HTTP/1.0" 200 10494 "http://www.antlr.org/doc/getting-started.html" "Mozilla/4.0 (compatible; MSIE 6.0; Windows NT 5.0; T312461)"
81.255.42.139 - - [02/Sep/2003:06:54:19 -0700] "GET /pccts133.html HTTP/1.1" 200 18035 "http://www.anTLR.org/share/list" "Mozilla/4.78 [fr] (WinNT; U)"
195.7.123.178 - - [02/Sep/2003:06:54:21 -0700] "GET /fieldguide/start/index.html HTTP/1.1" 302 161 "-" "Mozilla/4.0 (compatible; MSIE 5.01; Windows NT)"
195.7.123.178 - - [02/Sep/2003:06:54:21 -0700] "GET /error.jsp?msg=Problems+extracting+content%2Ftitle+from+file+%2Ffieldguide%2Fstart%2Findex.html%3A+null HTTP/1.1" 200 6479 "-" "Mozilla/4.0 (compatible; MSIE 5.01; Windows NT)"
195.7.123.178 - - [02/Sep/2003:06:54:22 -0700] "GET /images/shim.gif HTTP/1.1" 200 43 "http://www.antlr.org/error.jsp?msg=Problems+extracting+content%2Ftitle+from+file+%2Ffieldguide%2Fstart%2Findex.html%3A+null" "Mozilla/4.0 (compatible; MSIE 5.01; Windows NT)"
195.7.123.178 - - [02/Sep/2003:06:54:22 -0700] "GET /images/logo-head.gif HTTP/1.1" 200 4098 "http://www.antlr.org/error.jsp?msg=Problems+extracting+content%2Ftitle+from+file+%2Ffieldguide%2Fstart%2Findex.html%3A+null" "Mozilla/4.0 (compatible; MSIE 5.01; Windows NT)"
195.7.123.178 - - [02/Sep/2003:06:54:22 -0700] "GET /images/button-download.gif HTTP/1.1" 200 733 "http://www.antlr.org/error.jsp?msg=Problems+extracting+content%2Ftitle+from+file+%2Ffieldguide%2Fstart%2Findex.html%3A+null" "Mozilla/4.0 (compatible; MSIE 5.01; Windows NT)"
195.7.123.178 - - [02/Sep/2003:06:54:22 -0700] "GET /images/head-shim.gif HTTP/1.1" 200 158 "http://www.antlr.org/error.jsp?msg=Problems+extracting+content%2Ftitle+from+file+%2Ffieldguide%2Fstart%2Findex.html%3A+null" "Mozilla/4.0 (compatible; MSIE 5.01; Windows NT)"
81.255.42.139 - - [02/Sep/2003:06:54:26 -0700] "GET /share/list HTTP/1.1" 200 10783 "http://www.anTLR.org/support.html" "Mozilla/4.78 [fr] (WinNT; U)"
81.255.42.139 - - [02/Sep/2003:06:54:27 -0700] "GET /support.html HTTP/1.1" 200 10899 "http://www.anTLR.org/search/results" "Mozilla/4.78 [fr] (WinNT; U)"
81.255.42.139 - - [02/Sep/2003:06:54:29 -0700] "GET / HTTP/1.1" 200 11690 "-" "Mozilla/4.78 [fr] (WinNT; U)"
195.7.123.178 - - [02/Sep/2003:06:54:34 -0700] "GET /showcase/list HTTP/1.1" 200 13108 "http://www.antlr.org/error.jsp?msg=Problems+extracting+content%2Ftitle+from+file+%2Ffieldguide%2Fstart%2Findex.html%3A+null" "Mozilla/4.0 (compatible; MSIE 5.01; Windows NT)"
195.7.123.178 - - [02/Sep/2003:06:54:34 -0700] "GET /images/search.gif HTTP/1.1" 200 299 "http://www.antlr.org/showcase/list" "Mozilla/4.0 (compatible; MSIE 5.01; Windows NT)"
195.7.123.178 - - [02/Sep/2003:06:54:34 -0700] "GET /images/search-go.gif HTTP/1.1" 200 266 "http://www.antlr.org/showcase/list" "Mozilla/4.0 (compatible; MSIE 5.01; Windows NT)"
195.7.123.178 - - [02/Sep/2003:06:54:34 -0700] "GET /images/button-add-showcase.gif HTTP/1.1" 200 682 "http://www.antlr.org/showcase/list" "Mozilla/4.0 (compatible; MSIE 5.01; Windows NT)"
195.7.123.178 - - [02/Sep/2003:06:54:37 -0700] "GET /error.jsp?msg=Problems+extracting+content%2Ftitle+from+file+%2Ffieldguide%2Fstart%2Findex.html%3A+null HTTP/1.1" 200 6479 "-" "Mozilla/4.0 (compatible; MSIE 5.01; Windows NT)"
212.68.150.1 - - [02/Sep/2003:06:55:02 -0700] "GET /images/shim.gif HTTP/1.1" 200 43 "http://www.antlr.org/" "Mozilla/4.0 (compatible; MSIE 6.0; Windows NT 5.0; .NET CLR 1.0.3705)"
