195.252.127.2 - - [02/Sep/2003:03:05:55 -0700] "GET /images/button-add-article.gif HTTP/1.1" 200 579 "http://www.antlr.org/article/list" "Mozilla/4.0 (compatible; MSIE 6.0; Windows NT 5.1) Opera 7.11 [en]"
212.59.7.121 - - [02/Sep/2003:03:05:56 -0700] "GET /favicon.ico HTTP/1.1" 404 1015 "-" "Mozilla/4.0 (compatible; MSIE 6.0; Windows NT 5.0)"
212.59.7.121 - - [02/Sep/2003:03:06:10 -0700] "GET /download.html HTTP/1.1" 200 9276 "http://www.antlr.org/" "Mozilla/4.0 (compatible; MSIE 6.0; Windows NT 5.0)"
212.59.7.121 - - [02/Sep/2003:03:06:12 -0700] "GET /images/shim.gif HTTP/1.1" 304 - "http://www.antlr.org/download.html" "Mozilla/4.0 (compatible; MSIE 6.0; Windows NT 5.0)"
212.59.7.121 - - [02/Sep/2003:03:06:12 -0700] "GET /images/logo-head.gif HTTP/1.1" 304 - "http://www.antlr.org/download.html" "Mozilla/4.0 (compatible; MSIE 6.0; Windows NT 5.0)"
212.59.7.121 - - [02/Sep/2003:03:06:12 -0700] "GET /images/head-shim.gif HTTP/1.1" 304 - "http://www.antlr.org/download.html" "Mozilla/4.0 (compatible; MSIE 6.0; Windows NT 5.0)"
212.59.7.121 - - [02/Sep/2003:03:06:13 -0700] "GET /images/button-download.gif HTTP/1.1" 304 - "http://www.antlr.org/download.html" "Mozilla/4.0 (compatible; MSIE 6.0; Windows NT 5.0)"
212.59.7.121 - - [02/Sep/2003:03:06:13 -0700] "GET /images/search.gif HTTP/1.1" 304 - "http://www.antlr.org/download.html" "Mozilla/4.0 (compatible; MSIE 6.0; Windows NT 5.0)"
212.59.7.121 - - [02/Sep/2003:03:06:14 -0700] "GET /images/search-go.gif HTTP/1.1" 304 - "http://www.antlr.org/download.html" "Mozilla/4.0 (compatible; MSIE 6.0; Windows NT 5.0)"
195.252.127.2 - - [02/Sep/2003:03:06:18 -0700] "GET /article/langparse.html HTTP/1.1" 200 22670 "http://www.antlr.org/article/list" "Mozilla/4.0 (compatible; MSIE 6.0; Windows NT 5.1) Opera 7.11 [en]"
195.252.127.2 - - [02/Sep/2003:03:06:18 -0700] "GET /logo.gif HTTP/1.1" 200 6455 "http://www.antlr.org/article/langparse.html" "Mozilla/4.0 (compatible; MSIE 6.0; Windows NT 5.1) Opera 7.11 [en]"
212.59.7.121 - - [02/Sep/2003:03:06:39 -0700] "GET /about.html HTTP/1.1" 200 8707 "http://www.antlr.org/download.html" "Mozilla/4.0 (compatible; MSIE 6.0; Windows NT 5.0)"
212.59.7.121 - - [02/Sep/2003:03:06:41 -0700] "GET /images/shim.gif HTTP/1.1" 304 - "http://www.antlr.org/about.html" "Mozilla/4.0 (compatible; MSIE 6.0; Windows NT 5.0)"
212.59.7.121 - - [02/Sep/2003:03:06:42 -0700] "GET /images/logo-head.gif HTTP/1.1" 304 - "http://www.antlr.org/about.html" "Mozilla/4.0 (compatible; MSIE 6.0; Windows NT 5.0)"
212.59.7.121 - - [02/Sep/2003:03:06:43 -0700] "GET /images/head-shim.gif HTTP/1.1" 304 - "http://www.antlr.org/about.html" "Mozilla/4.0 (compatible; MSIE 6.0; Windows NT 5.0)"
212.59.7.121 - - [02/Sep/2003:03:06:45 -0700] "GET /images/button-download.gif HTTP/1.1" 304 - "http://www.antlr.org/about.html" "Mozilla/4.0 (compatible; MSIE 6.0; Windows NT 5.0)"
212.59.7.121 - - [02/Sep/2003:03:06:45 -0700] "GET /images/search-go.gif HTTP/1.1" 304 - "http://www.antlr.org/about.html" "Mozilla/4.0 (compatible; MSIE 6.0; Windows NT 5.0)"
212.59.7.121 - - [02/Sep/2003:03:06:46 -0700] "GET /images/search.gif HTTP/1.1" 304 - "http://www.antlr.org/about.html" "Mozilla/4.0 (compatible; MSIE 6.0; Windows NT 5.0)"
212.59.7.121 - - [02/Sep/2003:03:06:58 -0700] "GET /article/list HTTP/1.1" 200 15911 "http://www.antlr.org/about.html" "Mozilla/4.0 (compatible; MSIE 6.0; Windows NT 5.0)"
212.59.7.121 - - [02/Sep/2003:03:07:00 -0700] "GET /images/shim.gif HTTP/1.1" 304 - "http://www.antlr.org/article/list" "Mozilla/4.0 (compatible; MSIE 6.0; Windows NT 5.0)"
212.59.7.121 - - [02/Sep/2003:03:07:01 -0700] "GET /images/logo-head.gif HTTP/1.1" 304 - "http://www.antlr.org/article/list" "Mozilla/4.0 (compatible; MSIE 6.0; Windows NT 5.0)"
212.59.7.121 - - [02/Sep/2003:03:07:01 -0700] "GET /images/head-shim.gif HTTP/1.1" 304 - "http://www.antlr.org/article/list" "Mozilla/4.0 (compatible; MSIE 6.0; Windows NT 5.0)"
212.59.7.121 - - [02/Sep/2003:03:07:02 -0700] "GET /images/button-download.gif HTTP/1.1" 304 - "http://www.antlr.org/article/list" "Mozilla/4.0 (compatible; MSIE 6.0; Windows NT 5.0)"
212.59.7.121 - - [02/Sep/2003:03:07:03 -0700] "GET /images/search.gif HTTP/1.1" 304 - "http://www.antlr.org/article/list" "Mozilla/4.0 (compatible; MSIE 6.0; Windows NT 5.0)"
212.59.7.121 - - [02/Sep/2003:03:07:04 -0700] "GET /images/search-go.gif HTTP/1.1" 304 - "http://www.antlr.org/article/list" "Mozilla/4.0 (compatible; MSIE 6.0; Windows NT 5.0)"
212.59.7.121 - - [02/Sep/2003:03:07:04 -0700] "GET /images/button-add-article.gif HTTP/1.1" 200 579 "http://www.antlr.org/article/list" "Mozilla/4.0 (compatible; MSIE 6.0; Windows NT 5.0)"
195.252.127.2 - - [02/Sep/2003:03:07:10 -0700] "GET /logo.gif HTTP/1.1" 200 6455 "http://www.antlr.org/article/needlook.html" "Mozilla/4.0 (compatible; MSIE 6.0; Windows NT 5.1) Opera 7.11 [en]"
195.252.127.2 - - [02/Sep/2003:03:07:10 -0700] "GET /article/needlook.html HTTP/1.1" 200 41059 "http://www.antlr.org/article/list" "Mozilla/4.0 (compatible; MSIE 6.0; Windows NT 5.1) Opera 7.11 [en]"
212.59.7.121 - - [02/Sep/2003:03:07:21 -0700] "GET /article/1055467764609/index.html HTTP/1.1" 200 14681 "http://www.antlr.org/article/list" "Mozilla/4.0 (compatible; MSIE 6.0; Windows NT 5.0)"
212.59.7.121 - - [02/Sep/2003:03:07:23 -0700] "GET /images/logo-head.gif HTTP/1.1" 304 - "http://www.antlr.org/article/1055467764609/index.html" "Mozilla/4.0 (compatible; MSIE 6.0; Windows NT 5.0)"
212.59.7.121 - - [02/Sep/2003:03:07:23 -0700] "GET /images/head-shim.gif HTTP/1.1" 304 - "http://www.antlr.org/article/1055467764609/index.html" "Mozilla/4.0 (compatible; MSIE 6.0; Windows NT 5.0)"
212.59.7.121 - - [02/Sep/2003:03:07:24 -0700] "GET /images/shim.gif HTTP/1.1" 304 - "http://www.antlr.org/article/1055467764609/index.html" "Mozilla/4.0 (compatible; MSIE 6.0; Windows NT 5.0)"
212.59.7.121 - - [02/Sep/2003:03:07:25 -0700] "GET /images/button-download.gif HTTP/1.1" 304 - "http://www.antlr.org/article/1055467764609/index.html" "Mozilla/4.0 (compatible; MSIE 6.0; Windows NT 5.0)"
212.59.7.121 - - [02/Sep/2003:03:07:25 -0700] "GET /images/search.gif HTTP/1.1" 304 - "http://www.antlr.org/article/1055467764609/index.html" "Mozilla/4.0 (compatible; MSIE 6.0; Windows NT 5.0)"
212.59.7.121 - - [02/Sep/2003:03:07:26 -0700] "GET /images/search-go.gif HTTP/1.1" 304 - "http://www.antlr.org/article/1055467764609/index.html" "Mozilla/4.0 (compatible; MSIE 6.0; Windows NT 5.0)"
212.59.7.121 - - [02/Sep/2003:03:07:27 -0700] "GET /logo.gif HTTP/1.1" 200 6455 "http://www.antlr.org/article/1055467764609/index.html" "Mozilla/4.0 (compatible; MSIE 6.0; Windows NT 5.0)"
195.252.127.2 - - [02/Sep/2003:03:07:32 -0700] "GET /about.html HTTP/1.1" 200 8707 "http://www.antlr.org/article/needlook.html" "Mozilla/4.0 (compatible; MSIE 6.0; Windows NT 5.1) Opera 7.11 [en]"
212.59.7.121 - - [02/Sep/2003:03:07:33 -0700] "GET /doc/getting-started.html HTTP/1.1" 200 11326 "http://www.antlr.org/article/1055467764609/index.html" "Mozilla/4.0 (compatible; MSIE 6.0; Windows NT 5.0)"
212.59.7.121 - - [02/Sep/2003:03:07:36 -0700] "GET /images/shim.gif HTTP/1.1" 304 - "http://www.antlr.org/doc/getting-started.html" "Mozilla/4.0 (compatible; MSIE 6.0; Windows NT 5.0)"
212.59.7.121 - - [02/Sep/2003:03:07:36 -0700] "GET /images/logo-head.gif HTTP/1.1" 304 - "http://www.antlr.org/doc/getting-started.html" "Mozilla/4.0 (compatible; MSIE 6.0; Windows NT 5.0)"
212.59.7.121 - - [02/Sep/2003:03:07:39 -0700] "GET /images/head-shim.gif HTTP/1.1" 304 - "http://www.antlr.org/doc/getting-started.html" "Mozilla/4.0 (compatible; MSIE 6.0; Windows NT 5.0)"
212.59.7.121 - - [02/Sep/2003:03:07:40 -0700] "GET /images/button-download.gif HTTP/1.1" 304 - "http://www.antlr.org/doc/getting-started.html" "Mozilla/4.0 (compatible; MSIE 6.0; Windows NT 5.0)"
212.59.7.121 - - [02/Sep/2003:03:07:41 -0700] "GET /images/search.gif HTTP/1.1" 304 - "http://www.antlr.org/doc/getting-started.html" "Mozilla/4.0 (compatible; MSIE 6.0; Windows NT 5.0)"
212.59.7.121 - - [02/Sep/2003:03:07:42 -0700] "GET /images/search-go.gif HTTP/1.1" 304 - "http://www.antlr.org/doc/getting-started.html" "Mozilla/4.0 (compatible; MSIE 6.0; Windows NT 5.0)"
195.252.127.2 - - [02/Sep/2003:03:07:44 -0700] "GET /contributions.html HTTP/1.1" 200 22239 "http://www.antlr.org/about.html" "Mozilla/4.0 (compatible; MSIE 6.0; Windows NT 5.1) Opera 7.11 [en]"
212.59.7.121 - - [02/Sep/2003:03:09:10 -0700] "GET /download/antlr-2.7.2.zip HTTP/1.1" 200 1943296 "-" "Mozilla/4.0 (compatible; MSIE 6.0; Windows NT 5.0)"
219.133.0.1 - - [02/Sep/2003:03:09:20 -0700] "GET /about.html HTTP/1.0" 200 8707 "http://www.antlr.org/doc/metalang.html" "Mozilla/4.0 (compatible; MSIE 5.01; Windows NT 5.0)"
220.73.165.143 - - [02/Sep/2003:03:09:25 -0700] "GET / HTTP/1.0" 200 11690 "-" "Mozilla/4.0 (compatible; MSIE 6.0; Windows NT 5.0; .NET CLR 1.1.4322)"
220.73.165.143 - - [02/Sep/2003:03:09:25 -0700] "GET /images/parr-head.jpg HTTP/1.0" 200 3582 "http://www.antlr.org/" "Mozilla/4.0 (compatible; MSIE 6.0; Windows NT 5.0; .NET CLR 1.1.4322)"
220.73.165.143 - - [02/Sep/2003:03:09:31 -0700] "GET /download.html HTTP/1.0" 200 9276 "http://www.antlr.org/" "Mozilla/4.0 (compatible; MSIE 6.0; Windows NT 5.0; .NET CLR 1.1.4322)"
212.204.69.76 - - [02/Sep/2003:03:09:33 -0700] "GET /javadoc/antlr/build/Tool.html HTTP/1.0" 200 17677 "http://www.google.com/search?hl=de&ie=UTF-8&oe=utf-8&q=antlr.jar+java+download&btnG=Google+Suche&lr=" "Mozilla/5.0 (Windows; U; Windows NT 5.1; en-US; rv:1.5a) Gecko/20030728 Mozilla Firebird/0.6.1"
212.204.69.76 - - [02/Sep/2003:03:09:33 -0700] "GET /images/shim.gif HTTP/1.0" 200 43 "http://www.antlr.org/javadoc/antlr/build/Tool.html" "Mozilla/5.0 (Windows; U; Windows NT 5.1; en-US; rv:1.5a) Gecko/20030728 Mozilla Firebird/0.6.1"
212.204.69.76 - - [02/Sep/2003:03:09:33 -0700] "GET /images/logo-head.gif HTTP/1.0" 200 4098 "http://www.antlr.org/javadoc/antlr/build/Tool.html" "Mozilla/5.0 (Windows; U; Windows NT 5.1; en-US; rv:1.5a) Gecko/20030728 Mozilla Firebird/0.6.1"
212.204.69.76 - - [02/Sep/2003:03:09:33 -0700] "GET /images/button-download.gif HTTP/1.0" 200 733 "http://www.antlr.org/javadoc/antlr/build/Tool.html" "Mozilla/5.0 (Windows; U; Windows NT 5.1; en-US; rv:1.5a) Gecko/20030728 Mozilla Firebird/0.6.1"
212.204.69.76 - - [02/Sep/2003:03:09:34 -0700] "GET /images/search-go.gif HTTP/1.0" 200 266 "http://www.antlr.org/javadoc/antlr/build/Tool.html" "Mozilla/5.0 (Windows; U; Windows NT 5.1; en-US; rv:1.5a) Gecko/20030728 Mozilla Firebird/0.6.1"
212.204.69.76 - - [02/Sep/2003:03:09:34 -0700] "GET /images/head-shim.gif HTTP/1.0" 200 158 "http://www.antlr.org/javadoc/antlr/build/Tool.html" "Mozilla/5.0 (Windows; U; Windows NT 5.1; en-US; rv:1.5a) Gecko/20030728 Mozilla Firebird/0.6.1"
212.204.69.76 - - [02/Sep/2003:03:09:34 -0700] "GET /favicon.ico HTTP/1.0" 404 173 "-" "Mozilla/5.0 (Windows; U; Windows NT 5.1; en-US; rv:1.5a) Gecko/20030728 Mozilla Firebird/0.6.1"
212.204.69.76 - - [02/Sep/2003:03:09:36 -0700] "GET /images/search.gif HTTP/1.0" 200 299 "http://www.antlr.org/javadoc/antlr/build/Tool.html" "Mozilla/5.0 (Windows; U; Windows NT 5.1; en-US; rv:1.5a) Gecko/20030728 Mozilla Firebird/0.6.1"
212.204.69.76 - - [02/Sep/2003:03:09:44 -0700] "GET /about.html HTTP/1.0" 200 8707 "http://www.antlr.org/javadoc/antlr/build/Tool.html" "Mozilla/5.0 (Windows; U; Windows NT 5.1; en-US; rv:1.5a) Gecko/20030728 Mozilla Firebird/0.6.1"
202.108.249.187 - - [02/Sep/2003:03:09:55 -0700] "GET / HTTP/1.1" 200 11690 "-" "Baiduspider+(+http://www.baidu.com/search/spider.htm)"
212.204.69.76 - - [02/Sep/2003:03:10:00 -0700] "GET /download.html HTTP/1.0" 200 9276 "http://www.antlr.org/about.html" "Mozilla/5.0 (Windows; U; Windows NT 5.1; en-US; rv:1.5a) Gecko/20030728 Mozilla Firebird/0.6.1"
220.73.165.143 - - [02/Sep/2003:03:10:01 -0700] "GET /download/antlr-2.7.0.zip HTTP/1.0" 200 1291672 "http://www.antlr.org/download.html" "Mozilla/4.0 (compatible; MSIE 6.0; Windows NT 5.0; .NET CLR 1.1.4322)"
212.25.104.125 - - [02/Sep/2003:03:10:20 -0700] "GET /grammar/cgram HTTP/1.1" 200 8086 "http://www.codetransform.com/downloads.html" "Mozilla/4.0 (compatible; MSIE 5.01; Windows NT 5.0)"
212.25.104.125 - - [02/Sep/2003:03:10:21 -0700] "GET /images/shim.gif HTTP/1.1" 200 43 "http://www.antlr.org/grammar/cgram" "Mozilla/4.0 (compatible; MSIE 5.01; Windows NT 5.0)"
212.25.104.125 - - [02/Sep/2003:03:10:21 -0700] "GET /images/logo-head.gif HTTP/1.1" 200 4098 "http://www.antlr.org/grammar/cgram" "Mozilla/4.0 (compatible; MSIE 5.01; Windows NT 5.0)"
212.25.104.125 - - [02/Sep/2003:03:10:21 -0700] "GET /images/head-shim.gif HTTP/1.1" 200 158 "http://www.antlr.org/grammar/cgram" "Mozilla/4.0 (compatible; MSIE 5.01; Windows NT 5.0)"
212.25.104.125 - - [02/Sep/2003:03:10:21 -0700] "GET /images/button-download.gif HTTP/1.1" 200 733 "http://www.antlr.org/grammar/cgram" "Mozilla/4.0 (compatible; MSIE 5.01; Windows NT 5.0)"
212.25.104.125 - - [02/Sep/2003:03:10:22 -0700] "GET /images/search.gif HTTP/1.1" 200 299 "http://www.antlr.org/grammar/cgram" "Mozilla/4.0 (compatible; MSIE 5.01; Windows NT 5.0)"
212.25.104.125 - - [02/Sep/2003:03:10:22 -0700] "GET /images/search-go.gif HTTP/1.1" 200 266 "http://www.antlr.org/grammar/cgram" "Mozilla/4.0 (compatible; MSIE 5.01; Windows NT 5.0)"
132.227.204.77 - - [02/Sep/2003:03:10:23 -0700] "GET / HTTP/1.1" 200 11690 "http://www.google.com/search?q=antlr&ie=UTF-8&oe=UTF-8" "Mozilla/5.0 (compatible; Konqueror/3.1; Linux)"
212.204.69.76 - - [02/Sep/2003:03:10:27 -0700] "GET /download/antlr-2.7.2.zip HTTP/1.0" 200 1943296 "http://www.antlr.org/download.html" "Mozilla/5.0 (Windows; U; Windows NT 5.1; en-US; rv:1.5a) Gecko/20030728 Mozilla Firebird/0.6.1"
212.25.104.125 - - [02/Sep/2003:03:10:33 -0700] "GET /grammar/cgram/announce.txt HTTP/1.1" 200 867 "http://www.antlr.org/grammar/cgram" "Mozilla/4.0 (compatible; MSIE 5.01; Windows NT 5.0)"
132.227.204.77 - - [02/Sep/2003:03:10:37 -0700] "GET /favicon.ico HTTP/1.1" 404 173 "-" "Mozilla/5.0 (compatible; Konqueror/3.1; Linux)"
212.25.104.125 - - [02/Sep/2003:03:10:42 -0700] "GET /grammar/cgram HTTP/1.1" 200 8086 "http://www.codetransform.com/downloads.html" "Mozilla/4.0 (compatible; MSIE 5.01; Windows NT 5.0)"
212.25.104.125 - - [02/Sep/2003:03:10:47 -0700] "GET /grammar/cgram/cgram.tgz HTTP/1.1" 200 43412 "http://www.antlr.org/grammar/cgram" "Mozilla/4.0 (compatible; MSIE 5.01; Windows NT 5.0)"
212.25.104.125 - - [02/Sep/2003:03:10:52 -0700] "GET /grammar/cgram/examples HTTP/1.1" 200 8004 "http://www.antlr.org/grammar/cgram" "Mozilla/4.0 (compatible; MSIE 5.01; Windows NT 5.0)"
212.25.104.125 - - [02/Sep/2003:03:10:59 -0700] "GET /grammar/cgram HTTP/1.1" 200 8086 "http://www.codetransform.com/downloads.html" "Mozilla/4.0 (compatible; MSIE 5.01; Windows NT 5.0)"
212.25.104.125 - - [02/Sep/2003:03:11:04 -0700] "GET /grammar/cgram/readme.txt HTTP/1.1" 200 4807 "http://www.antlr.org/grammar/cgram" "Mozilla/4.0 (compatible; MSIE 5.01; Windows NT 5.0)"
132.227.204.77 - - [02/Sep/2003:03:11:06 -0700] "GET /doc/index.html HTTP/1.1" 200 26469 "http://www.antlr.org/" "Mozilla/5.0 (compatible; Konqueror/3.1; Linux)"
132.227.204.77 - - [02/Sep/2003:03:11:33 -0700] "GET /doc/metalang.html HTTP/1.1" 200 52606 "http://www.antlr.org/doc/index.html" "Mozilla/5.0 (compatible; Konqueror/3.1; Linux)"
132.227.204.77 - - [02/Sep/2003:03:11:34 -0700] "GET /doc/closure.gif HTTP/1.1" 200 2166 "http://www.antlr.org/doc/metalang.html" "Mozilla/5.0 (compatible; Konqueror/3.1; Linux)"
132.227.204.77 - - [02/Sep/2003:03:11:34 -0700] "GET /doc/subrule.gif HTTP/1.1" 200 1887 "http://www.antlr.org/doc/metalang.html" "Mozilla/5.0 (compatible; Konqueror/3.1; Linux)"
132.227.204.77 - - [02/Sep/2003:03:11:34 -0700] "GET /doc/optional.gif HTTP/1.1" 200 2018 "http://www.antlr.org/doc/metalang.html" "Mozilla/5.0 (compatible; Konqueror/3.1; Linux)"
132.227.204.77 - - [02/Sep/2003:03:11:34 -0700] "GET /doc/posclosure.gif HTTP/1.1" 200 2031 "http://www.antlr.org/doc/metalang.html" "Mozilla/5.0 (compatible; Konqueror/3.1; Linux)"
64.68.82.170 - - [02/Sep/2003:03:12:19 -0700] "GET /article/needlook.html HTTP/1.0" 200 41059 "-" "Googlebot/2.1 (+http://www.googlebot.com/bot.html)"
132.227.204.77 - - [02/Sep/2003:03:12:39 -0700] "GET /doc/sor.html HTTP/1.1" 200 22139 "http://www.antlr.org/doc/index.html" "Mozilla/5.0 (compatible; Konqueror/3.1; Linux)"
193.254.152.21 - - [02/Sep/2003:03:12:58 -0700] "GET / HTTP/1.1" 200 11690 "http://www.inf.uos.de/alumni/bernd/oops/" "Mozilla/4.0 (compatible; MSIE 5.01; Windows NT)"
193.254.152.21 - - [02/Sep/2003:03:12:58 -0700] "GET /images/shim.gif HTTP/1.1" 304 - "http://www.antlr.org/" "Mozilla/4.0 (compatible; MSIE 5.01; Windows NT)"
193.254.152.21 - - [02/Sep/2003:03:12:58 -0700] "GET /images/logo-head.gif HTTP/1.1" 304 - "http://www.antlr.org/" "Mozilla/4.0 (compatible; MSIE 5.01; Windows NT)"
193.254.152.21 - - [02/Sep/2003:03:12:58 -0700] "GET /images/head-shim.gif HTTP/1.1" 304 - "http://www.antlr.org/" "Mozilla/4.0 (compatible; MSIE 5.01; Windows NT)"
64.68.82.18 - - [02/Sep/2003:03:13:47 -0700] "GET /grammar/VRML HTTP/1.0" 200 7652 "-" "Googlebot/2.1 (+http://www.googlebot.com/bot.html)"
132.227.204.77 - - [02/Sep/2003:03:14:03 -0700] "GET /grammar/list HTTP/1.1" 200 15685 "http://www.antlr.org/" "Mozilla/5.0 (compatible; Konqueror/3.1; Linux)"
132.227.204.77 - - [02/Sep/2003:03:14:11 -0700] "GET /grammar/cgram HTTP/1.1" 200 8086 "http://www.antlr.org/grammar/list" "Mozilla/5.0 (compatible; Konqueror/3.1; Linux)"
132.227.204.77 - - [02/Sep/2003:03:14:16 -0700] "GET /grammar/cgram/tests HTTP/1.1" 200 13247 "http://www.antlr.org/grammar/cgram" "Mozilla/5.0 (compatible; Konqueror/3.1; Linux)"
132.227.204.77 - - [02/Sep/2003:03:14:18 -0700] "GET /grammar/cgram/tests/test63.c HTTP/1.1" 200 57 "http://www.antlr.org/grammar/cgram/tests" "Mozilla/5.0 (compatible; Konqueror/3.1; Linux)"
132.227.204.77 - - [02/Sep/2003:03:14:21 -0700] "GET /grammar/cgram/tests/test63.c HTTP/1.1" 200 57 "-" "Mozilla/5.0 (compatible; Konqueror/3.1; Linux)"
132.227.204.77 - - [02/Sep/2003:03:14:24 -0700] "GET /grammar/cgram/grammars HTTP/1.1" 200 8508 "http://www.antlr.org/grammar/cgram" "Mozilla/5.0 (compatible; Konqueror/3.1; Linux)"
132.227.204.77 - - [02/Sep/2003:03:14:28 -0700] "GET /grammar/cgram/grammars/GnuCEmitter.g HTTP/1.1" 200 34384 "http://www.antlr.org/grammar/cgram/grammars" "Mozilla/5.0 (compatible; Konqueror/3.1; Linux)"
132.227.204.77 - - [02/Sep/2003:03:14:30 -0700] "GET /grammar/cgram/grammars/GnuCEmitter.g HTTP/1.1" 200 34384 "-" "Mozilla/5.0 (compatible; Konqueror/3.1; Linux)"
61.11.48.139 - - [02/Sep/2003:03:14:38 -0700] "GET /javadoc/antlr/collections/AST.html HTTP/1.1" 200 23647 "http://www.antlr.org/javadoc/antlr/collections/package-summary.html" "Mozilla/4.0 (compatible; MSIE 6.0; Windows NT 5.0; Hotbar 4.3.5.0; .NET CLR 1.1.4322)"
61.11.48.139 - - [02/Sep/2003:03:14:38 -0700] "GET /javadoc/antlr/collections/package-summary.html HTTP/1.1" 200 8829 "http://www.antlr.org/javadoc/overview-summary.html" "Mozilla/4.0 (compatible; MSIE 6.0; Windows NT 5.0; Hotbar 4.3.5.0; .NET CLR 1.1.4322)"
132.227.204.77 - - [02/Sep/2003:03:14:45 -0700] "GET /grammar/cgram/grammars/GnuCParser.g HTTP/1.1" 200 27178 "http://www.antlr.org/grammar/cgram/grammars" "Mozilla/5.0 (compatible; Konqueror/3.1; Linux)"
132.227.204.77 - - [02/Sep/2003:03:14:47 -0700] "GET /grammar/cgram/grammars/GnuCParser.g HTTP/1.1" 200 27178 "-" "Mozilla/5.0 (compatible; Konqueror/3.1; Linux)"
193.254.152.21 - - [02/Sep/2003:03:14:50 -0700] "GET /doc/getting-started.html HTTP/1.1" 200 11326 "http://www.antlr.org/" "Mozilla/4.0 (compatible; MSIE 5.01; Windows NT)"
132.227.204.77 - - [02/Sep/2003:03:15:12 -0700] "GET /article/list HTTP/1.1" 200 15911 "http://www.antlr.org/grammar/cgram/grammars" "Mozilla/5.0 (compatible; Konqueror/3.1; Linux)"
132.227.204.77 - - [02/Sep/2003:03:15:13 -0700] "GET /images/button-add-article.gif HTTP/1.1" 200 579 "http://www.antlr.org/article/list" "Mozilla/5.0 (compatible; Konqueror/3.1; Linux)"
64.68.82.18 - - [02/Sep/2003:03:15:18 -0700] "GET /grammar/1057863397080/ HTTP/1.0" 200 8112 "-" "Googlebot/2.1 (+http://www.googlebot.com/bot.html)"
132.227.204.77 - - [02/Sep/2003:03:15:20 -0700] "GET /article/langparse.html HTTP/1.1" 200 22670 "http://www.antlr.org/article/list" "Mozilla/5.0 (compatible; Konqueror/3.1; Linux)"
132.227.204.77 - - [02/Sep/2003:03:15:20 -0700] "GET /logo.gif HTTP/1.1" 200 6455 "http://www.antlr.org/article/langparse.html" "Mozilla/5.0 (compatible; Konqueror/3.1; Linux)"
141.21.4.52 - - [02/Sep/2003:03:15:34 -0700] "GET /download.html HTTP/1.0" 200 9276 "-" "Opera/6.06 (Windows 2000; U) [en]"
193.254.152.21 - - [02/Sep/2003:03:15:47 -0700] "GET /article/cutpaste/index.html HTTP/1.1" 200 10494 "http://www.antlr.org/doc/getting-started.html" "Mozilla/4.0 (compatible; MSIE 5.01; Windows NT)"
132.227.204.77 - - [02/Sep/2003:03:15:55 -0700] "GET /doc/index.html HTTP/1.1" 200 26469 "http://www.antlr.org/grammar/cgram/grammars" "Mozilla/5.0 (compatible; Konqueror/3.1; Linux)"
64.68.82.14 - - [02/Sep/2003:03:16:12 -0700] "GET /article/1055549665389/symbdiff.html HTTP/1.0" 200 21288 "-" "Googlebot/2.1 (+http://www.googlebot.com/bot.html)"
195.252.127.2 - - [02/Sep/2003:03:16:18 -0700] "GET /grammar/list HTTP/1.1" 200 15685 "http://www.antlr.org/" "Mozilla/4.0 (compatible; MSIE 6.0; Windows NT 5.1) Opera 7.11 [en]"
195.252.127.2 - - [02/Sep/2003:03:16:19 -0700] "GET /images/button-add-grammar.gif HTTP/1.1" 200 664 "http://www.antlr.org/grammar/list" "Mozilla/4.0 (compatible; MSIE 6.0; Windows NT 5.1) Opera 7.11 [en]"
195.252.127.2 - - [02/Sep/2003:03:16:24 -0700] "GET /grammar/java HTTP/1.1" 200 8472 "http://www.antlr.org/grammar/list" "Mozilla/4.0 (compatible; MSIE 6.0; Windows NT 5.1) Opera 7.11 [en]"
141.21.4.52 - - [02/Sep/2003:03:16:33 -0700] "GET /download/antlr-2.7.2.zip HTTP/1.0" 200 1943296 "-" "Opera/6.06 (Windows 2000; U) [en]"
62.255.0.8 - - [02/Sep/2003:03:16:59 -0700] "GET / HTTP/1.0" 200 11690 "http://www.gotdotnet.com/team/csharp/code/default.aspx" "Mozilla/4.0 (compatible; MSIE 6.0; Windows NT 5.1; .NET CLR 1.1.4322)"
141.21.4.52 - - [02/Sep/2003:03:17:05 -0700] "GET /download/ HTTP/1.0" 200 8237 "-" "Opera/6.06 (Windows 2000; U) [en]"
141.21.4.52 - - [02/Sep/2003:03:17:10 -0700] "GET /javadoc/overview-summary.html HTTP/1.0" 200 9784 "-" "Opera/6.06 (Windows 2000; U) [en]"
141.21.4.52 - - [02/Sep/2003:03:17:14 -0700] "GET /javadoc/ HTTP/1.0" 200 8406 "-" "Opera/6.06 (Windows 2000; U) [en]"
195.252.127.2 - - [02/Sep/2003:03:17:14 -0700] "GET /grammar/verilog HTTP/1.1" 200 7667 "http://www.antlr.org/grammar/list" "Mozilla/4.0 (compatible; MSIE 6.0; Windows NT 5.1) Opera 7.11 [en]"
64.68.82.170 - - [02/Sep/2003:03:17:16 -0700] "GET /grammar/1057936474293/ HTTP/1.0" 200 8112 "-" "Googlebot/2.1 (+http://www.googlebot.com/bot.html)"
195.252.127.2 - - [02/Sep/2003:03:17:17 -0700] "GET /grammar/verilog/verilog.g HTTP/1.1" 200 28772 "http://www.antlr.org/grammar/verilog" "Mozilla/4.0 (compatible; MSIE 6.0; Windows NT 5.1) Opera 7.11 [en]"
132.227.204.77 - - [02/Sep/2003:03:17:19 -0700] "GET /doc/getting-started.html HTTP/1.1" 200 11326 "http://www.antlr.org/doc/index.html" "Mozilla/5.0 (compatible; Konqueror/3.1; Linux)"
132.227.204.77 - - [02/Sep/2003:03:17:30 -0700] "GET /article/cutpaste/index.html HTTP/1.1" 200 10494 "http://www.antlr.org/doc/getting-started.html" "Mozilla/5.0 (compatible; Konqueror/3.1; Linux)"
195.252.127.2 - - [02/Sep/2003:03:17:34 -0700] "GET /grammar/ORACLE-7-SQL HTTP/1.1" 200 7808 "http://www.antlr.org/grammar/list" "Mozilla/4.0 (compatible; MSIE 6.0; Windows NT 5.1) Opera 7.11 [en]"
195.252.127.2 - - [02/Sep/2003:03:17:37 -0700] "GET /grammar/ORACLE-7-SQL/sql.g HTTP/1.1" 200 17010 "http://www.antlr.org/grammar/ORACLE-7-SQL" "Mozilla/4.0 (compatible; MSIE 6.0; Windows NT 5.1) Opera 7.11 [en]"
195.252.127.2 - - [02/Sep/2003:03:17:44 -0700] "GET /grammar/ORACLE-7-SQL/Main.java HTTP/1.1" 200 822 "http://www.antlr.org/grammar/ORACLE-7-SQL" "Mozilla/4.0 (compatible; MSIE 6.0; Windows NT 5.1) Opera 7.11 [en]"
62.255.0.8 - - [02/Sep/2003:03:17:46 -0700] "GET /article/lexbacktrack/lexbacktrack.html HTTP/1.0" 200 14104 "http://www.antlr.org/" "Mozilla/4.0 (compatible; MSIE 6.0; Windows NT 5.1; .NET CLR 1.1.4322)"
62.255.0.8 - - [02/Sep/2003:03:18:20 -0700] "GET / HTTP/1.0" 200 11690 "http://www.gotdotnet.com/team/csharp/code/default.aspx" "Mozilla/4.0 (compatible; MSIE 6.0; Windows NT 5.1; .NET CLR 1.1.4322)"
62.255.0.8 - - [02/Sep/2003:03:18:27 -0700] "GET /grammar/list HTTP/1.0" 200 15685 "http://www.antlr.org/" "Mozilla/4.0 (compatible; MSIE 6.0; Windows NT 5.1; .NET CLR 1.1.4322)"
62.255.0.8 - - [02/Sep/2003:03:18:28 -0700] "GET /images/button-add-grammar.gif HTTP/1.0" 200 664 "http://www.antlr.org/grammar/list" "Mozilla/4.0 (compatible; MSIE 6.0; Windows NT 5.1; .NET CLR 1.1.4322)"
195.252.127.2 - - [02/Sep/2003:03:18:29 -0700] "GET /grammar/ada HTTP/1.1" 200 8383 "http://www.antlr.org/grammar/list" "Mozilla/4.0 (compatible; MSIE 6.0; Windows NT 5.1) Opera 7.11 [en]"
62.255.0.8 - - [02/Sep/2003:03:18:34 -0700] "GET /grammar/HTML HTTP/1.0" 200 7830 "http://www.antlr.org/grammar/list" "Mozilla/4.0 (compatible; MSIE 6.0; Windows NT 5.1; .NET CLR 1.1.4322)"
62.255.0.8 - - [02/Sep/2003:03:18:37 -0700] "GET /grammar/HTML/test.html HTTP/1.0" 200 8965 "http://www.antlr.org/grammar/HTML" "Mozilla/4.0 (compatible; MSIE 6.0; Windows NT 5.1; .NET CLR 1.1.4322)"
62.255.0.8 - - [02/Sep/2003:03:18:46 -0700] "GET /grammar/HTML HTTP/1.0" 200 7830 "http://www.antlr.org/grammar/list" "Mozilla/4.0 (compatible; MSIE 6.0; Windows NT 5.1; .NET CLR 1.1.4322)"
62.255.0.8 - - [02/Sep/2003:03:18:51 -0700] "GET /grammar/HTML/html.g HTTP/1.0" 200 14739 "http://www.antlr.org/grammar/HTML" "Mozilla/4.0 (compatible; MSIE 6.0; Windows NT 5.1; .NET CLR 1.1.4322)"
195.252.127.2 - - [02/Sep/2003:03:18:54 -0700] "GET /grammar/java HTTP/1.1" 200 8472 "http://www.antlr.org/grammar/list" "Mozilla/4.0 (compatible; MSIE 6.0; Windows NT 5.1) Opera 7.11 [en]"
62.255.0.8 - - [02/Sep/2003:03:19:04 -0700] "GET /grammar/HTML HTTP/1.0" 200 7830 "http://www.antlr.org/grammar/list" "Mozilla/4.0 (compatible; MSIE 6.0; Windows NT 5.1; .NET CLR 1.1.4322)"
62.255.0.8 - - [02/Sep/2003:03:19:07 -0700] "GET /grammar/HTML/Main.java HTTP/1.0" 200 602 "http://www.antlr.org/grammar/HTML" "Mozilla/4.0 (compatible; MSIE 6.0; Windows NT 5.1; .NET CLR 1.1.4322)"
195.252.127.2 - - [02/Sep/2003:03:19:10 -0700] "GET /grammar/java/JavaTokenTypes.txt HTTP/1.1" 200 2583 "http://www.antlr.org/grammar/java" "Mozilla/4.0 (compatible; MSIE 6.0; Windows NT 5.1) Opera 7.11 [en]"
62.255.0.8 - - [02/Sep/2003:03:19:12 -0700] "GET /grammar/HTML HTTP/1.0" 200 7830 "http://www.antlr.org/grammar/list" "Mozilla/4.0 (compatible; MSIE 6.0; Windows NT 5.1; .NET CLR 1.1.4322)"
62.255.0.8 - - [02/Sep/2003:03:19:14 -0700] "GET /grammar/list HTTP/1.0" 200 15685 "http://www.antlr.org/" "Mozilla/4.0 (compatible; MSIE 6.0; Windows NT 5.1; .NET CLR 1.1.4322)"
195.252.127.2 - - [02/Sep/2003:03:19:22 -0700] "GET /grammar/java/java.g HTTP/1.1" 200 33216 "-" "Mozilla/4.0 (compatible; MSIE 6.0; Windows NT 5.1) Opera 7.11 [en]"
195.252.127.2 - - [02/Sep/2003:03:19:25 -0700] "GET /grammar/java/java.tree.g HTTP/1.1" 200 5213 "-" "Mozilla/4.0 (compatible; MSIE 6.0; Windows NT 5.1) Opera 7.11 [en]"
62.255.0.8 - - [02/Sep/2003:03:19:33 -0700] "GET / HTTP/1.0" 200 11690 "http://www.gotdotnet.com/team/csharp/code/default.aspx" "Mozilla/4.0 (compatible; MSIE 6.0; Windows NT 5.1; .NET CLR 1.1.4322)"
64.68.82.170 - - [02/Sep/2003:03:19:36 -0700] "GET /doc/err.html HTTP/1.0" 200 22111 "-" "Googlebot/2.1 (+http://www.googlebot.com/bot.html)"
62.255.0.8 - - [02/Sep/2003:03:19:48 -0700] "GET /article/list HTTP/1.0" 200 15911 "http://www.antlr.org/" "Mozilla/4.0 (compatible; MSIE 6.0; Windows NT 5.1; .NET CLR 1.1.4322)"
62.255.0.8 - - [02/Sep/2003:03:19:48 -0700] "GET /images/button-add-article.gif HTTP/1.0" 200 579 "http://www.antlr.org/article/list" "Mozilla/4.0 (compatible; MSIE 6.0; Windows NT 5.1; .NET CLR 1.1.4322)"
62.255.0.8 - - [02/Sep/2003:03:19:57 -0700] "GET /article/1055467764609/index.html HTTP/1.0" 200 14681 "http://www.antlr.org/article/list" "Mozilla/4.0 (compatible; MSIE 6.0; Windows NT 5.1; .NET CLR 1.1.4322)"
62.255.0.8 - - [02/Sep/2003:03:19:58 -0700] "GET /logo.gif HTTP/1.0" 200 6455 "http://www.antlr.org/article/1055467764609/index.html" "Mozilla/4.0 (compatible; MSIE 6.0; Windows NT 5.1; .NET CLR 1.1.4322)"
195.252.127.2 - - [02/Sep/2003:03:20:17 -0700] "GET /grammar/ada HTTP/1.1" 200 8383 "http://www.antlr.org/grammar/list" "Mozilla/4.0 (compatible; MSIE 6.0; Windows NT 5.1) Opera 7.11 [en]"
195.252.127.2 - - [02/Sep/2003:03:20:23 -0700] "GET /grammar/ada/ada.g HTTP/1.1" 200 53950 "-" "Mozilla/4.0 (compatible; MSIE 6.0; Windows NT 5.1) Opera 7.11 [en]"
195.252.127.2 - - [02/Sep/2003:03:20:27 -0700] "GET /grammar/ada/ada.tree.g HTTP/1.1" 200 20360 "-" "Mozilla/4.0 (compatible; MSIE 6.0; Windows NT 5.1) Opera 7.11 [en]"
195.252.127.2 - - [02/Sep/2003:03:20:33 -0700] "GET /grammar/cgram HTTP/1.1" 200 8086 "http://www.antlr.org/grammar/list" "Mozilla/4.0 (compatible; MSIE 6.0; Windows NT 5.1) Opera 7.11 [en]"
195.252.127.2 - - [02/Sep/2003:03:20:43 -0700] "GET /grammar/HTML HTTP/1.1" 200 7830 "http://www.antlr.org/grammar/list" "Mozilla/4.0 (compatible; MSIE 6.0; Windows NT 5.1) Opera 7.11 [en]"
195.252.127.2 - - [02/Sep/2003:03:20:46 -0700] "GET /grammar/HTML/html.g HTTP/1.1" 200 14739 "-" "Mozilla/4.0 (compatible; MSIE 6.0; Windows NT 5.1) Opera 7.11 [en]"
195.252.127.2 - - [02/Sep/2003:03:20:51 -0700] "GET /grammar/HTML/html.g HTTP/1.1" 200 14739 "http://www.antlr.org/grammar/HTML" "Mozilla/4.0 (compatible; MSIE 6.0; Windows NT 5.1) Opera 7.11 [en]"
62.255.0.8 - - [02/Sep/2003:03:20:59 -0700] "GET /article/list HTTP/1.0" 200 15911 "http://www.antlr.org/" "Mozilla/4.0 (compatible; MSIE 6.0; Windows NT 5.1; .NET CLR 1.1.4322)"
128.131.208.33 - - [02/Sep/2003:03:21:11 -0700] "GET /doc/index.html HTTP/1.1" 200 26469 "http://www.antlr.org/" "Mozilla/4.0 (compatible; MSIE 6.0; Windows NT 5.1; .NET CLR 1.0.3705)"
128.131.208.33 - - [02/Sep/2003:03:21:15 -0700] "GET / HTTP/1.1" 200 11690 "http://www.antlr.org/doc/index.html" "Mozilla/4.0 (compatible; MSIE 6.0; Windows NT 5.1; .NET CLR 1.0.3705)"
128.131.208.33 - - [02/Sep/2003:03:21:25 -0700] "GET /documentation/list HTTP/1.1" 200 8489 "http://www.antlr.org/" "Mozilla/4.0 (compatible; MSIE 6.0; Windows NT 5.1; .NET CLR 1.0.3705)"
128.131.208.33 - - [02/Sep/2003:03:21:28 -0700] "GET / HTTP/1.1" 200 11690 "http://www.antlr.org/doc/index.html" "Mozilla/4.0 (compatible; MSIE 6.0; Windows NT 5.1; .NET CLR 1.0.3705)"
128.131.208.33 - - [02/Sep/2003:03:21:32 -0700] "GET /grammar/list HTTP/1.1" 200 15685 "http://www.antlr.org/" "Mozilla/4.0 (compatible; MSIE 6.0; Windows NT 5.1; .NET CLR 1.0.3705)"
128.131.208.33 - - [02/Sep/2003:03:21:33 -0700] "GET /images/button-add-grammar.gif HTTP/1.1" 200 664 "http://www.antlr.org/grammar/list" "Mozilla/4.0 (compatible; MSIE 6.0; Windows NT 5.1; .NET CLR 1.0.3705)"
195.252.127.2 - - [02/Sep/2003:03:21:39 -0700] "GET /share/1061323078962/antlr.metagrammar.tar HTTP/1.1" 200 30720 "http://www.antlr.org/" "Mozilla/4.0 (compatible; MSIE 6.0; Windows NT 5.1) Opera 7.11 [en]"
128.131.208.33 - - [02/Sep/2003:03:21:39 -0700] "GET /grammar/HTML HTTP/1.1" 200 7830 "http://www.antlr.org/grammar/list" "Mozilla/4.0 (compatible; MSIE 6.0; Windows NT 5.1; .NET CLR 1.0.3705)"
128.131.208.33 - - [02/Sep/2003:03:21:42 -0700] "GET /grammar/HTML/html.g HTTP/1.1" 200 14739 "http://www.antlr.org/grammar/HTML" "Mozilla/4.0 (compatible; MSIE 6.0; Windows NT 5.1; .NET CLR 1.0.3705)"
195.252.127.2 - - [02/Sep/2003:03:21:54 -0700] "GET /images/antlr-link.gif HTTP/1.1" 200 1372 "http://antlraux.sourceforge.net/" "Mozilla/4.0 (compatible; MSIE 6.0; Windows NT 5.1) Opera 7.11 [en]"
128.131.208.33 - - [02/Sep/2003:03:22:06 -0700] "GET /grammar/HTML HTTP/1.1" 200 7830 "http://www.antlr.org/grammar/list" "Mozilla/4.0 (compatible; MSIE 6.0; Windows NT 5.1; .NET CLR 1.0.3705)"
128.131.208.33 - - [02/Sep/2003:03:22:10 -0700] "GET /grammar/HTML/html.g HTTP/1.1" 200 14739 "-" "Mozilla/4.0 (compatible; MSIE 6.0; Windows NT 5.1; .NET CLR 1.0.3705)"
66.77.73.89 - - [02/Sep/2003:03:22:55 -0700] "GET /doc/ HTTP/1.0" 200 9458 "-" "FAST-WebCrawler/3.7/FirstPage (atw-crawler at fast dot no;http://fast.no/support/crawler.asp)"
195.252.127.2 - - [02/Sep/2003:03:23:09 -0700] "GET /share/list HTTP/1.1" 200 10783 "http://www.antlr.org/" "Mozilla/4.0 (compatible; MSIE 6.0; Windows NT 5.1) Opera 7.11 [en]"
195.252.127.2 - - [02/Sep/2003:03:23:09 -0700] "GET /images/button-shared-resource.gif HTTP/1.1" 200 853 "http://www.antlr.org/share/list" "Mozilla/4.0 (compatible; MSIE 6.0; Windows NT 5.1) Opera 7.11 [en]"
195.252.127.2 - - [02/Sep/2003:03:23:38 -0700] "GET /share/1057353989224/antlr-2.7.2-CSharp-SP1.zip HTTP/1.1" 200 56198 "http://www.antlr.org/share/list" "Mozilla/4.0 (compatible; MSIE 6.0; Windows NT 5.1) Opera 7.11 [en]"
64.68.82.7 - - [02/Sep/2003:03:23:52 -0700] "GET /article/1055466339961/133to220.html HTTP/1.0" 200 13485 "-" "Googlebot/2.1 (+http://www.googlebot.com/bot.html)"
211.144.100.172 - - [02/Sep/2003:03:24:31 -0700] "GET /images/shim.gif HTTP/1.1" 304 - "http://www.antlr.org/doc/index.html" "Mozilla/4.0 (compatible; MSIE 5.01; Windows NT 5.0)"
211.144.100.172 - - [02/Sep/2003:03:24:31 -0700] "GET /doc/index.html HTTP/1.1" 200 26469 "-" "Mozilla/4.0 (compatible; MSIE 5.01; Windows NT 5.0)"
211.144.100.172 - - [02/Sep/2003:03:24:31 -0700] "GET /images/logo-head.gif HTTP/1.1" 304 - "http://www.antlr.org/doc/index.html" "Mozilla/4.0 (compatible; MSIE 5.01; Windows NT 5.0)"
211.144.100.172 - - [02/Sep/2003:03:24:31 -0700] "GET /images/button-download.gif HTTP/1.1" 304 - "http://www.antlr.org/doc/index.html" "Mozilla/4.0 (compatible; MSIE 5.01; Windows NT 5.0)"
211.144.100.172 - - [02/Sep/2003:03:24:31 -0700] "GET /images/head-shim.gif HTTP/1.1" 304 - "http://www.antlr.org/doc/index.html" "Mozilla/4.0 (compatible; MSIE 5.01; Windows NT 5.0)"
211.144.100.172 - - [02/Sep/2003:03:24:32 -0700] "GET /images/search.gif HTTP/1.1" 304 - "http://www.antlr.org/doc/index.html" "Mozilla/4.0 (compatible; MSIE 5.01; Windows NT 5.0)"
211.144.100.172 - - [02/Sep/2003:03:24:32 -0700] "GET /images/search-go.gif HTTP/1.1" 304 - "http://www.antlr.org/doc/index.html" "Mozilla/4.0 (compatible; MSIE 5.01; Windows NT 5.0)"
64.68.82.14 - - [02/Sep/2003:03:26:07 -0700] "GET /workshop/94 HTTP/1.0" 200 8312 "-" "Googlebot/2.1 (+http://www.googlebot.com/bot.html)"
81.223.30.52 - - [02/Sep/2003:03:26:14 -0700] "GET / HTTP/1.1" 200 11690 "-" "Mozilla/4.0 (compatible; MSIE 6.0; Windows NT 5.1; .NET CLR 1.1.4322)"
81.223.30.52 - - [02/Sep/2003:03:26:14 -0700] "GET /images/shim.gif HTTP/1.1" 200 43 "http://www.antlr.org" "Mozilla/4.0 (compatible; MSIE 6.0; Windows NT 5.1; .NET CLR 1.1.4322)"
81.223.30.52 - - [02/Sep/2003:03:26:14 -0700] "GET /images/logo-head.gif HTTP/1.1" 200 4098 "http://www.antlr.org" "Mozilla/4.0 (compatible; MSIE 6.0; Windows NT 5.1; .NET CLR 1.1.4322)"
81.223.30.52 - - [02/Sep/2003:03:26:14 -0700] "GET /images/head-shim.gif HTTP/1.1" 200 158 "http://www.antlr.org" "Mozilla/4.0 (compatible; MSIE 6.0; Windows NT 5.1; .NET CLR 1.1.4322)"
81.223.30.52 - - [02/Sep/2003:03:26:14 -0700] "GET /images/button-download.gif HTTP/1.1" 200 733 "http://www.antlr.org" "Mozilla/4.0 (compatible; MSIE 6.0; Windows NT 5.1; .NET CLR 1.1.4322)"
81.223.30.52 - - [02/Sep/2003:03:26:14 -0700] "GET /images/parr-head.jpg HTTP/1.1" 200 3582 "http://www.antlr.org" "Mozilla/4.0 (compatible; MSIE 6.0; Windows NT 5.1; .NET CLR 1.1.4322)"
81.223.30.52 - - [02/Sep/2003:03:26:14 -0700] "GET /images/search.gif HTTP/1.1" 200 299 "http://www.antlr.org" "Mozilla/4.0 (compatible; MSIE 6.0; Windows NT 5.1; .NET CLR 1.1.4322)"
81.223.30.52 - - [02/Sep/2003:03:26:15 -0700] "GET /images/search-go.gif HTTP/1.1" 200 266 "http://www.antlr.org" "Mozilla/4.0 (compatible; MSIE 6.0; Windows NT 5.1; .NET CLR 1.1.4322)"
195.252.127.2 - - [02/Sep/2003:03:26:20 -0700] "GET /share/1061211449559/si.zip HTTP/1.1" 200 5359 "http://www.antlr.org/share/list" "Mozilla/4.0 (compatible; MSIE 6.0; Windows NT 5.1) Opera 7.11 [en]"
81.223.30.52 - - [02/Sep/2003:03:26:33 -0700] "GET /download.html HTTP/1.1" 200 9276 "http://www.antlr.org" "Mozilla/4.0 (compatible; MSIE 6.0; Windows NT 5.1; .NET CLR 1.1.4322)"
81.223.30.52 - - [02/Sep/2003:03:26:46 -0700] "GET /pccts133.html HTTP/1.1" 200 18035 "http://www.antlr.org/download.html" "Mozilla/4.0 (compatible; MSIE 6.0; Windows NT 5.1; .NET CLR 1.1.4322)"
64.68.82.28 - - [02/Sep/2003:03:26:50 -0700] "GET /article/1055465962038/ HTTP/1.0" 200 7690 "-" "Googlebot/2.1 (+http://www.googlebot.com/bot.html)"
195.252.127.2 - - [02/Sep/2003:03:26:56 -0700] "GET /documentation/list HTTP/1.1" 200 8489 "http://www.antlr.org/" "Mozilla/4.0 (compatible; MSIE 6.0; Windows NT 5.1) Opera 7.11 [en]"
156.153.255.243 - - [02/Sep/2003:03:27:04 -0700] "GET / HTTP/1.0" 200 11690 "-" "LinkLint-checkonly/2.3.5"
195.252.127.2 - - [02/Sep/2003:03:27:07 -0700] "GET /article/list HTTP/1.1" 200 15911 "http://www.antlr.org/" "Mozilla/4.0 (compatible; MSIE 6.0; Windows NT 5.1) Opera 7.11 [en]"
195.252.127.2 - - [02/Sep/2003:03:27:07 -0700] "GET /images/button-add-article.gif HTTP/1.1" 200 579 "http://www.antlr.org/article/list" "Mozilla/4.0 (compatible; MSIE 6.0; Windows NT 5.1) Opera 7.11 [en]"
64.68.82.38 - - [02/Sep/2003:03:27:14 -0700] "GET /grammar/HTML HTTP/1.0" 200 7830 "-" "Googlebot/2.1 (+http://www.googlebot.com/bot.html)"
195.252.127.2 - - [02/Sep/2003:03:27:33 -0700] "GET /images/shim.gif HTTP/1.1" 200 43 "http://www.antlr.org/article/langparse.html" "Mozilla/4.0 (compatible; MSIE 6.0; Windows NT 5.1; .NET CLR 1.0.3705; .NET CLR 1.1.4322)"
64.68.82.7 - - [02/Sep/2003:03:27:34 -0700] "GET /article/ HTTP/1.0" 200 9058 "-" "Googlebot/2.1 (+http://www.googlebot.com/bot.html)"
195.252.127.2 - - [02/Sep/2003:03:27:34 -0700] "GET /images/logo-head.gif HTTP/1.1" 200 4098 "http://www.antlr.org/article/langparse.html" "Mozilla/4.0 (compatible; MSIE 6.0; Windows NT 5.1; .NET CLR 1.0.3705; .NET CLR 1.1.4322)"
195.252.127.2 - - [02/Sep/2003:03:27:34 -0700] "GET /article/langparse.html HTTP/1.1" 200 22670 "-" "Mozilla/4.0 (compatible; MSIE 6.0; Windows NT 5.1; .NET CLR 1.0.3705; .NET CLR 1.1.4322)"
195.252.127.2 - - [02/Sep/2003:03:27:34 -0700] "GET /images/head-shim.gif HTTP/1.1" 200 158 "http://www.antlr.org/article/langparse.html" "Mozilla/4.0 (compatible; MSIE 6.0; Windows NT 5.1; .NET CLR 1.0.3705; .NET CLR 1.1.4322)"
195.252.127.2 - - [02/Sep/2003:03:27:34 -0700] "GET /images/button-download.gif HTTP/1.1" 200 733 "http://www.antlr.org/article/langparse.html" "Mozilla/4.0 (compatible; MSIE 6.0; Windows NT 5.1; .NET CLR 1.0.3705; .NET CLR 1.1.4322)"
195.252.127.2 - - [02/Sep/2003:03:27:34 -0700] "GET /images/search.gif HTTP/1.1" 200 299 "http://www.antlr.org/article/langparse.html" "Mozilla/4.0 (compatible; MSIE 6.0; Windows NT 5.1; .NET CLR 1.0.3705; .NET CLR 1.1.4322)"
195.252.127.2 - - [02/Sep/2003:03:27:35 -0700] "GET /images/search-go.gif HTTP/1.1" 200 266 "http://www.antlr.org/article/langparse.html" "Mozilla/4.0 (compatible; MSIE 6.0; Windows NT 5.1; .NET CLR 1.0.3705; .NET CLR 1.1.4322)"
195.252.127.2 - - [02/Sep/2003:03:27:35 -0700] "GET /logo.gif HTTP/1.1" 200 6455 "http://www.antlr.org/article/langparse.html" "Mozilla/4.0 (compatible; MSIE 6.0; Windows NT 5.1; .NET CLR 1.0.3705; .NET CLR 1.1.4322)"
64.68.82.38 - - [02/Sep/2003:03:27:56 -0700] "GET /article/1055549604509/ HTTP/1.0" 200 7690 "-" "Googlebot/2.1 (+http://www.googlebot.com/bot.html)"
64.68.82.169 - - [02/Sep/2003:03:28:12 -0700] "GET /grammar/grammars/java HTTP/1.0" 200 6468 "-" "Googlebot/2.1 (+http://www.googlebot.com/bot.html)"
64.68.82.7 - - [02/Sep/2003:03:28:30 -0700] "GET /grammar/IDL HTTP/1.0" 200 7820 "-" "Googlebot/2.1 (+http://www.googlebot.com/bot.html)"
64.68.82.38 - - [02/Sep/2003:03:28:44 -0700] "GET /article/1055467764609/ HTTP/1.0" 200 7880 "-" "Googlebot/2.1 (+http://www.googlebot.com/bot.html)"
64.68.82.170 - - [02/Sep/2003:03:28:57 -0700] "GET /workshop/95 HTTP/1.0" 200 7817 "-" "Googlebot/2.1 (+http://www.googlebot.com/bot.html)"
64.68.82.28 - - [02/Sep/2003:03:29:09 -0700] "GET /grammar/indexHTML HTTP/1.0" 200 7807 "-" "Googlebot/2.1 (+http://www.googlebot.com/bot.html)"
64.68.82.170 - - [02/Sep/2003:03:29:23 -0700] "GET /article/langparse.html HTTP/1.0" 200 22670 "-" "Googlebot/2.1 (+http://www.googlebot.com/bot.html)"
195.252.127.2 - - [02/Sep/2003:03:30:11 -0700] "GET /logo.gif HTTP/1.1" 200 6455 "http://www.antlr.org/article/needlook.html" "Mozilla/4.0 (compatible; MSIE 6.0; Windows NT 5.1; .NET CLR 1.0.3705; .NET CLR 1.1.4322)"
195.252.127.2 - - [02/Sep/2003:03:30:11 -0700] "GET /article/needlook.html HTTP/1.1" 200 41059 "-" "Mozilla/4.0 (compatible; MSIE 6.0; Windows NT 5.1; .NET CLR 1.0.3705; .NET CLR 1.1.4322)"
211.28.195.204 - - [02/Sep/2003:03:31:18 -0700] "GET /images/shim.gif HTTP/1.1" 304 - "http://www.antlr.org/doc/index.html" "Mozilla/4.0 (compatible; MSIE 6.0; Windows NT 5.1)"
211.28.195.204 - - [02/Sep/2003:03:31:18 -0700] "GET /doc/index.html HTTP/1.1" 200 26469 "http://www.antlr.org/download.html" "Mozilla/4.0 (compatible; MSIE 6.0; Windows NT 5.1)"
211.28.195.204 - - [02/Sep/2003:03:31:18 -0700] "GET /images/logo-head.gif HTTP/1.1" 304 - "http://www.antlr.org/doc/index.html" "Mozilla/4.0 (compatible; MSIE 6.0; Windows NT 5.1)"
211.28.195.204 - - [02/Sep/2003:03:31:19 -0700] "GET /images/head-shim.gif HTTP/1.1" 304 - "http://www.antlr.org/doc/index.html" "Mozilla/4.0 (compatible; MSIE 6.0; Windows NT 5.1)"
211.28.195.204 - - [02/Sep/2003:03:31:19 -0700] "GET /images/button-download.gif HTTP/1.1" 304 - "http://www.antlr.org/doc/index.html" "Mozilla/4.0 (compatible; MSIE 6.0; Windows NT 5.1)"
211.28.195.204 - - [02/Sep/2003:03:31:19 -0700] "GET /images/search.gif HTTP/1.1" 304 - "http://www.antlr.org/doc/index.html" "Mozilla/4.0 (compatible; MSIE 6.0; Windows NT 5.1)"
211.28.195.204 - - [02/Sep/2003:03:31:19 -0700] "GET /images/search-go.gif HTTP/1.1" 304 - "http://www.antlr.org/doc/index.html" "Mozilla/4.0 (compatible; MSIE 6.0; Windows NT 5.1)"
141.35.12.247 - - [02/Sep/2003:03:31:22 -0700] "GET /grammar/java/Main.java HTTP/1.1" 200 3315 "http://www.antlr.org/grammar/java" "Mozilla/5.0 (X11; U; Linux i686; en-US; rv:1.0.2) Gecko/20030716"
211.28.195.204 - - [02/Sep/2003:03:31:24 -0700] "GET /doc/getting-started.html HTTP/1.1" 200 11326 "http://www.antlr.org/doc/index.html" "Mozilla/4.0 (compatible; MSIE 6.0; Windows NT 5.1)"
64.68.82.18 - - [02/Sep/2003:03:32:30 -0700] "GET /article/1055549736871/symbdiff2.html HTTP/1.0" 200 16599 "-" "Googlebot/2.1 (+http://www.googlebot.com/bot.html)"
202.108.249.184 - - [02/Sep/2003:03:33:22 -0700] "GET /grammar/cpp HTTP/1.1" 200 8441 "-" "Baiduspider+(+http://www.baidu.com/search/spider.htm)"
202.108.249.188 - - [02/Sep/2003:03:33:22 -0700] "GET /grammar/ada HTTP/1.1" 200 8383 "-" "Baiduspider+(+http://www.baidu.com/search/spider.htm)"
195.252.127.2 - - [02/Sep/2003:03:33:24 -0700] "GET /article/1055550346383/antlr.ps HTTP/1.1" 200 122880 "-" "Mozilla/4.0 (compatible; MSIE 6.0; Windows NT 5.1; .NET CLR 1.0.3705; .NET CLR 1.1.4322)"
195.252.127.2 - - [02/Sep/2003:03:33:34 -0700] "GET /article/1055550346383/antlr.ps HTTP/1.1" 200 125057 "-" "Mozilla/4.0 (compatible; MSIE 6.0; Windows NT 5.1) Opera 7.11 [en]"
64.68.82.18 - - [02/Sep/2003:03:34:02 -0700] "GET /doc/vocab.html HTTP/1.0" 200 20040 "-" "Googlebot/2.1 (+http://www.googlebot.com/bot.html)"
195.252.127.2 - - [02/Sep/2003:03:34:56 -0700] "GET /article/1055550517640/parr.phd.thesis.pdf HTTP/1.1" 200 489215 "-" "Mozilla/4.0 (compatible; MSIE 6.0; Windows NT 5.1) Opera 7.11 [en]"
64.68.82.28 - - [02/Sep/2003:03:35:15 -0700] "GET /doc/sor.html HTTP/1.0" 200 22139 "-" "Googlebot/2.1 (+http://www.googlebot.com/bot.html)"
141.35.12.247 - - [02/Sep/2003:03:35:21 -0700] "GET /grammar/java/java.tree.g HTTP/1.1" 200 5213 "http://www.antlr.org/grammar/java" "Mozilla/5.0 (X11; U; Linux i686; en-US; rv:1.0.2) Gecko/20030716"
64.68.82.18 - - [02/Sep/2003:03:36:25 -0700] "GET /article/1055550418982/building.dev.tools.html HTTP/1.0" 200 37518 "-" "Googlebot/2.1 (+http://www.googlebot.com/bot.html)"
141.35.12.247 - - [02/Sep/2003:03:37:00 -0700] "GET /doc/index.html HTTP/1.1" 200 26469 "http://www.antlr.org/grammar/java" "Mozilla/5.0 (X11; U; Linux i686; en-US; rv:1.0.2) Gecko/20030716"
141.35.12.247 - - [02/Sep/2003:03:37:17 -0700] "GET /doc/metalang.html HTTP/1.1" 200 52606 "http://www.antlr.org/doc/index.html" "Mozilla/5.0 (X11; U; Linux i686; en-US; rv:1.0.2) Gecko/20030716"
141.35.12.247 - - [02/Sep/2003:03:37:19 -0700] "GET /doc/subrule.gif HTTP/1.1" 200 1887 "http://www.antlr.org/doc/metalang.html#_bb1" "Mozilla/5.0 (X11; U; Linux i686; en-US; rv:1.0.2) Gecko/20030716"
141.35.12.247 - - [02/Sep/2003:03:37:20 -0700] "GET /doc/optional.gif HTTP/1.1" 200 2018 "http://www.antlr.org/doc/metalang.html#_bb1" "Mozilla/5.0 (X11; U; Linux i686; en-US; rv:1.0.2) Gecko/20030716"
141.35.12.247 - - [02/Sep/2003:03:37:20 -0700] "GET /doc/closure.gif HTTP/1.1" 200 2166 "http://www.antlr.org/doc/metalang.html#_bb1" "Mozilla/5.0 (X11; U; Linux i686; en-US; rv:1.0.2) Gecko/20030716"
141.35.12.247 - - [02/Sep/2003:03:37:20 -0700] "GET /doc/posclosure.gif HTTP/1.1" 200 2031 "http://www.antlr.org/doc/metalang.html#_bb1" "Mozilla/5.0 (X11; U; Linux i686; en-US; rv:1.0.2) Gecko/20030716"
212.157.192.194 - - [02/Sep/2003:03:37:26 -0700] "GET / HTTP/1.0" 200 11690 "http://www.google.com/search?hl=en&ie=UTF-8&oe=UTF-8&q=antlr&btnG=Google+Search" "Mozilla/5.0 (Windows; U; Windows NT 5.1; en-US; rv:1.4) Gecko/20030624"
212.157.192.194 - - [02/Sep/2003:03:37:26 -0700] "GET /images/shim.gif HTTP/1.0" 304 - "http://www.antlr.org/" "Mozilla/5.0 (Windows; U; Windows NT 5.1; en-US; rv:1.4) Gecko/20030624"
212.157.192.194 - - [02/Sep/2003:03:37:26 -0700] "GET /images/logo-head.gif HTTP/1.0" 304 - "http://www.antlr.org/" "Mozilla/5.0 (Windows; U; Windows NT 5.1; en-US; rv:1.4) Gecko/20030624"
212.157.192.194 - - [02/Sep/2003:03:37:26 -0700] "GET /images/button-download.gif HTTP/1.0" 304 - "http://www.antlr.org/" "Mozilla/5.0 (Windows; U; Windows NT 5.1; en-US; rv:1.4) Gecko/20030624"
212.157.192.194 - - [02/Sep/2003:03:37:26 -0700] "GET /images/parr-head.jpg HTTP/1.0" 304 - "http://www.antlr.org/" "Mozilla/5.0 (Windows; U; Windows NT 5.1; en-US; rv:1.4) Gecko/20030624"
212.157.192.194 - - [02/Sep/2003:03:37:27 -0700] "GET /images/search.gif HTTP/1.0" 304 - "http://www.antlr.org/" "Mozilla/5.0 (Windows; U; Windows NT 5.1; en-US; rv:1.4) Gecko/20030624"
212.157.192.194 - - [02/Sep/2003:03:37:27 -0700] "GET /images/search-go.gif HTTP/1.0" 304 - "http://www.antlr.org/" "Mozilla/5.0 (Windows; U; Windows NT 5.1; en-US; rv:1.4) Gecko/20030624"
212.157.192.194 - - [02/Sep/2003:03:37:27 -0700] "GET /images/head-shim.gif HTTP/1.0" 304 - "http://www.antlr.org/" "Mozilla/5.0 (Windows; U; Windows NT 5.1; en-US; rv:1.4) Gecko/20030624"
212.157.192.194 - - [02/Sep/2003:03:37:43 -0700] "GET /about.html HTTP/1.0" 200 8707 "http://www.antlr.org/" "Mozilla/5.0 (Windows; U; Windows NT 5.1; en-US; rv:1.4) Gecko/20030624"
212.157.192.194 - - [02/Sep/2003:03:37:57 -0700] "GET /about.html HTTP/1.0" 200 8707 "http://www.antlr.org/about.html" "Mozilla/5.0 (Windows; U; Windows NT 5.1; en-US; rv:1.4) Gecko/20030624"
212.157.192.194 - - [02/Sep/2003:03:38:14 -0700] "GET /why.html HTTP/1.0" 200 10713 "http://www.antlr.org/about.html" "Mozilla/5.0 (Windows; U; Windows NT 5.1; en-US; rv:1.4) Gecko/20030624"
144.32.160.61 - - [02/Sep/2003:03:39:55 -0700] "GET / HTTP/1.1" 200 11690 "-" "Mozilla/5.0 (Windows; U; Windows NT 5.1; en-US; rv:1.0.1) Gecko/20020823 Netscape/7.0"
144.32.160.61 - - [02/Sep/2003:03:39:55 -0700] "GET /favicon.ico HTTP/1.1" 404 173 "-" "Mozilla/5.0 (Windows; U; Windows NT 5.1; en-US; rv:1.0.1) Gecko/20020823 Netscape/7.0"
144.32.160.61 - - [02/Sep/2003:03:39:55 -0700] "GET /images/shim.gif HTTP/1.1" 200 43 "http://www.antlr.org/" "Mozilla/5.0 (Windows; U; Windows NT 5.1; en-US; rv:1.0.1) Gecko/20020823 Netscape/7.0"
144.32.160.61 - - [02/Sep/2003:03:39:56 -0700] "GET /images/logo-head.gif HTTP/1.1" 200 4098 "http://www.antlr.org/" "Mozilla/5.0 (Windows; U; Windows NT 5.1; en-US; rv:1.0.1) Gecko/20020823 Netscape/7.0"
144.32.160.61 - - [02/Sep/2003:03:39:56 -0700] "GET /images/button-download.gif HTTP/1.1" 200 733 "http://www.antlr.org/" "Mozilla/5.0 (Windows; U; Windows NT 5.1; en-US; rv:1.0.1) Gecko/20020823 Netscape/7.0"
144.32.160.61 - - [02/Sep/2003:03:39:56 -0700] "GET /images/parr-head.jpg HTTP/1.1" 200 3582 "http://www.antlr.org/" "Mozilla/5.0 (Windows; U; Windows NT 5.1; en-US; rv:1.0.1) Gecko/20020823 Netscape/7.0"
144.32.160.61 - - [02/Sep/2003:03:39:56 -0700] "GET /images/search.gif HTTP/1.1" 200 299 "http://www.antlr.org/" "Mozilla/5.0 (Windows; U; Windows NT 5.1; en-US; rv:1.0.1) Gecko/20020823 Netscape/7.0"
144.32.160.61 - - [02/Sep/2003:03:39:56 -0700] "GET /images/search-go.gif HTTP/1.1" 200 266 "http://www.antlr.org/" "Mozilla/5.0 (Windows; U; Windows NT 5.1; en-US; rv:1.0.1) Gecko/20020823 Netscape/7.0"
212.157.192.194 - - [02/Sep/2003:03:40:36 -0700] "GET /support.html HTTP/1.0" 200 10899 "http://www.antlr.org/why.html" "Mozilla/5.0 (Windows; U; Windows NT 5.1; en-US; rv:1.4) Gecko/20030624"
212.157.192.194 - - [02/Sep/2003:03:41:24 -0700] "GET /showcase/list HTTP/1.0" 200 13108 "http://www.antlr.org/support.html" "Mozilla/5.0 (Windows; U; Windows NT 5.1; en-US; rv:1.4) Gecko/20030624"
212.157.192.194 - - [02/Sep/2003:03:41:25 -0700] "GET /images/button-add-showcase.gif HTTP/1.0" 200 682 "http://www.antlr.org/showcase/list" "Mozilla/5.0 (Windows; U; Windows NT 5.1; en-US; rv:1.4) Gecko/20030624"
212.157.192.194 - - [02/Sep/2003:03:41:30 -0700] "GET /testimonial/list HTTP/1.0" 200 12509 "http://www.antlr.org/showcase/list" "Mozilla/5.0 (Windows; U; Windows NT 5.1; en-US; rv:1.4) Gecko/20030624"
