212.68.150.1 - - [02/Sep/2003:06:55:02 -0700] "GET / HTTP/1.1" 200 11690 "http://www.cuj.com/link/subject30.htm?topic=link" "Mozilla/4.0 (compatible; MSIE 6.0; Windows NT 5.0; .NET CLR 1.0.3705)"
212.68.150.1 - - [02/Sep/2003:06:55:02 -0700] "GET /images/head-shim.gif HTTP/1.1" 200 158 "http://www.antlr.org/" "Mozilla/4.0 (compatible; MSIE 6.0; Windows NT 5.0; .NET CLR 1.0.3705)"
212.68.150.1 - - [02/Sep/2003:06:55:02 -0700] "GET /images/logo-head.gif HTTP/1.1" 200 4098 "http://www.antlr.org/" "Mozilla/4.0 (compatible; MSIE 6.0; Windows NT 5.0; .NET CLR 1.0.3705)"
212.68.150.1 - - [02/Sep/2003:06:55:02 -0700] "GET /images/button-download.gif HTTP/1.1" 200 733 "http://www.antlr.org/" "Mozilla/4.0 (compatible; MSIE 6.0; Windows NT 5.0; .NET CLR 1.0.3705)"
212.68.150.1 - - [02/Sep/2003:06:55:02 -0700] "GET /images/parr-head.jpg HTTP/1.1" 200 3582 "http://www.antlr.org/" "Mozilla/4.0 (compatible; MSIE 6.0; Windows NT 5.0; .NET CLR 1.0.3705)"
212.68.150.1 - - [02/Sep/2003:06:55:02 -0700] "GET /images/search-go.gif HTTP/1.1" 200 266 "http://www.antlr.org/" "Mozilla/4.0 (compatible; MSIE 6.0; Windows NT 5.0; .NET CLR 1.0.3705)"
212.68.150.1 - - [02/Sep/2003:06:55:03 -0700] "GET /images/search.gif HTTP/1.1" 200 299 "http://www.antlr.org/" "Mozilla/4.0 (compatible; MSIE 6.0; Windows NT 5.0; .NET CLR 1.0.3705)"
195.7.123.178 - - [02/Sep/2003:06:55:45 -0700] "GET /doc/getting-started.html HTTP/1.1" 200 11326 "http://www.jguru.com/faq/view.jsp?EID=78" "Mozilla/4.0 (compatible; MSIE 5.01; Windows NT)"
195.7.123.178 - - [02/Sep/2003:06:55:50 -0700] "GET /article/cutpaste/index.html HTTP/1.1" 200 10494 "http://www.antlr.org/doc/getting-started.html" "Mozilla/4.0 (compatible; MSIE 5.01; Windows NT)"
137.226.70.246 - - [02/Sep/2003:06:56:18 -0700] "GET /grammars/cgram/ HTTP/1.1" 200 6462 "http://www.google.de/search?q=grammars.cgram&ie=UTF-8&oe=UTF-8&hl=de&btnG=Google+Suche&meta=" "Mozilla/5.0 (X11; U; Linux i686; en-US; rv:1.4) Gecko/20030624"
206.168.220.234 - - [02/Sep/2003:06:56:31 -0700] "GET /showcase/list HTTP/1.1" 200 13108 "http://www.antlr.org/share/list" "Mozilla/4.0 (compatible; MSIE 6.0; Windows NT 5.0; (R1 1.3); .NET CLR 1.0.3705)"
206.168.220.234 - - [02/Sep/2003:06:56:32 -0700] "GET /images/button-add-showcase.gif HTTP/1.1" 200 682 "http://www.antlr.org/showcase/list" "Mozilla/4.0 (compatible; MSIE 6.0; Windows NT 5.0; (R1 1.3); .NET CLR 1.0.3705)"
137.226.70.246 - - [02/Sep/2003:06:56:34 -0700] "GET /grammars/cgram/grammars/TNode.java HTTP/1.1" 200 6481 "http://www.google.de/search?hl=de&ie=UTF-8&oe=UTF-8&q=grammars.cgram.grammars&btnG=Google+Suche&meta=" "Mozilla/5.0 (X11; U; Linux i686; en-US; rv:1.4) Gecko/20030624"
80.48.246.196 - - [02/Sep/2003:06:56:43 -0700] "GET /grammars/SQL/sql.g HTTP/1.0" 200 6465 "http://www.experts-exchange.com/Programming/Programming_Languages/Java/Q_20608849.html" "Opera/7.0 (Windows 2000; U) [en]"
212.157.192.194 - - [02/Sep/2003:06:56:58 -0700] "GET /doc/index.html HTTP/1.0" 200 26469 "http://www.antlr.org/doc/index.html" "Mozilla/5.0 (Windows; U; Windows NT 5.1; en-US; rv:1.4) Gecko/20030612"
212.121.135.226 - - [02/Sep/2003:06:56:59 -0700] "GET /doc/getting-started.html HTTP/1.1" 200 11326 "http://www.antlr.org/download.html" "Mozilla/5.0 (X11; U; Linux i686; en-US; rv:1.0.1) Gecko/20021003"
212.121.135.226 - - [02/Sep/2003:06:57:03 -0700] "GET /article/cutpaste/index.html HTTP/1.1" 200 10494 "http://www.antlr.org/doc/getting-started.html" "Mozilla/5.0 (X11; U; Linux i686; en-US; rv:1.0.1) Gecko/20021003"
212.157.192.194 - - [02/Sep/2003:06:57:06 -0700] "GET /doc/metalang.html HTTP/1.0" 200 52606 "http://www.antlr.org/doc/index.html" "Mozilla/5.0 (Windows; U; Windows NT 5.1; en-US; rv:1.4) Gecko/20030612"
212.157.192.194 - - [02/Sep/2003:06:57:12 -0700] "GET /doc/index.html HTTP/1.0" 200 26469 "http://www.antlr.org/doc/index.html" "Mozilla/5.0 (Windows; U; Windows NT 5.1; en-US; rv:1.4) Gecko/20030612"
193.134.170.35 - - [02/Sep/2003:06:57:49 -0700] "GET / HTTP/1.0" 200 11690 "-" "Mozilla/4.0 (compatible; MSIE 6.0; Windows NT 5.1; Hot Lingo 2.2; .NET CLR 1.0.3705)"
193.134.170.35 - - [02/Sep/2003:06:57:50 -0700] "GET /images/shim.gif HTTP/1.0" 200 43 "http://www.antlr.org/" "Mozilla/4.0 (compatible; MSIE 6.0; Windows NT 5.1; Hot Lingo 2.2; .NET CLR 1.0.3705)"
193.134.170.35 - - [02/Sep/2003:06:57:50 -0700] "GET /images/logo-head.gif HTTP/1.0" 200 4098 "http://www.antlr.org/" "Mozilla/4.0 (compatible; MSIE 6.0; Windows NT 5.1; Hot Lingo 2.2; .NET CLR 1.0.3705)"
193.134.170.35 - - [02/Sep/2003:06:57:50 -0700] "GET /images/button-download.gif HTTP/1.0" 200 733 "http://www.antlr.org/" "Mozilla/4.0 (compatible; MSIE 6.0; Windows NT 5.1; Hot Lingo 2.2; .NET CLR 1.0.3705)"
193.134.170.35 - - [02/Sep/2003:06:57:50 -0700] "GET /images/parr-head.jpg HTTP/1.0" 200 3582 "http://www.antlr.org/" "Mozilla/4.0 (compatible; MSIE 6.0; Windows NT 5.1; Hot Lingo 2.2; .NET CLR 1.0.3705)"
193.134.170.35 - - [02/Sep/2003:06:57:51 -0700] "GET /images/search.gif HTTP/1.0" 200 299 "http://www.antlr.org/" "Mozilla/4.0 (compatible; MSIE 6.0; Windows NT 5.1; Hot Lingo 2.2; .NET CLR 1.0.3705)"
193.134.170.35 - - [02/Sep/2003:06:57:51 -0700] "GET /images/head-shim.gif HTTP/1.0" 200 158 "http://www.antlr.org/" "Mozilla/4.0 (compatible; MSIE 6.0; Windows NT 5.1; Hot Lingo 2.2; .NET CLR 1.0.3705)"
63.117.239.50 - - [02/Sep/2003:06:57:51 -0700] "GET / HTTP/1.1" 200 11690 "-" "Mozilla/4.0 (compatible; MSIE 6.0; Windows NT 5.0)"
63.117.239.50 - - [02/Sep/2003:06:57:51 -0700] "GET /images/shim.gif HTTP/1.1" 304 - "http://www.antlr.org/" "Mozilla/4.0 (compatible; MSIE 6.0; Windows NT 5.0)"
193.134.170.35 - - [02/Sep/2003:06:57:51 -0700] "GET /images/search-go.gif HTTP/1.0" 200 266 "http://www.antlr.org/" "Mozilla/4.0 (compatible; MSIE 6.0; Windows NT 5.1; Hot Lingo 2.2; .NET CLR 1.0.3705)"
63.117.239.50 - - [02/Sep/2003:06:57:51 -0700] "GET /images/logo-head.gif HTTP/1.1" 304 - "http://www.antlr.org/" "Mozilla/4.0 (compatible; MSIE 6.0; Windows NT 5.0)"
63.117.239.50 - - [02/Sep/2003:06:57:51 -0700] "GET /images/button-download.gif HTTP/1.1" 304 - "http://www.antlr.org/" "Mozilla/4.0 (compatible; MSIE 6.0; Windows NT 5.0)"
63.117.239.50 - - [02/Sep/2003:06:57:51 -0700] "GET /images/parr-head.jpg HTTP/1.1" 304 - "http://www.antlr.org/" "Mozilla/4.0 (compatible; MSIE 6.0; Windows NT 5.0)"
63.117.239.50 - - [02/Sep/2003:06:57:51 -0700] "GET /images/head-shim.gif HTTP/1.1" 304 - "http://www.antlr.org/" "Mozilla/4.0 (compatible; MSIE 6.0; Windows NT 5.0)"
63.117.239.50 - - [02/Sep/2003:06:57:51 -0700] "GET /images/search.gif HTTP/1.1" 304 - "http://www.antlr.org/" "Mozilla/4.0 (compatible; MSIE 6.0; Windows NT 5.0)"
63.117.239.50 - - [02/Sep/2003:06:57:51 -0700] "GET /images/search-go.gif HTTP/1.1" 304 - "http://www.antlr.org/" "Mozilla/4.0 (compatible; MSIE 6.0; Windows NT 5.0)"
206.168.220.234 - - [02/Sep/2003:06:57:53 -0700] "GET /grammar/list HTTP/1.1" 200 15685 "http://www.antlr.org/showcase/list" "Mozilla/4.0 (compatible; MSIE 6.0; Windows NT 5.0; (R1 1.3); .NET CLR 1.0.3705)"
206.168.220.234 - - [02/Sep/2003:06:57:53 -0700] "GET /images/button-add-grammar.gif HTTP/1.1" 304 - "http://www.antlr.org/grammar/list" "Mozilla/4.0 (compatible; MSIE 6.0; Windows NT 5.0; (R1 1.3); .NET CLR 1.0.3705)"
63.117.239.50 - - [02/Sep/2003:06:58:23 -0700] "GET /favicon.ico HTTP/1.1" 404 1015 "-" "Mozilla/4.0 (compatible; MSIE 6.0; Windows NT 5.0)"
130.239.30.142 - - [02/Sep/2003:06:59:18 -0700] "GET /doc/index.html HTTP/1.1" 200 26469 "http://www.antlr.org/grammar/list" "Mozilla/4.0 (compatible; MSIE 6.0; Windows NT 5.0; .NET CLR 1.1.4322)"
130.239.30.142 - - [02/Sep/2003:06:59:25 -0700] "GET /doc/metalang.html HTTP/1.1" 200 52606 "http://www.antlr.org/doc/index.html" "Mozilla/4.0 (compatible; MSIE 6.0; Windows NT 5.0; .NET CLR 1.1.4322)"
130.239.30.142 - - [02/Sep/2003:06:59:25 -0700] "GET /doc/optional.gif HTTP/1.1" 200 2018 "http://www.antlr.org/doc/metalang.html" "Mozilla/4.0 (compatible; MSIE 6.0; Windows NT 5.0; .NET CLR 1.1.4322)"
130.239.30.142 - - [02/Sep/2003:06:59:25 -0700] "GET /doc/subrule.gif HTTP/1.1" 200 1887 "http://www.antlr.org/doc/metalang.html" "Mozilla/4.0 (compatible; MSIE 6.0; Windows NT 5.0; .NET CLR 1.1.4322)"
130.239.30.142 - - [02/Sep/2003:06:59:25 -0700] "GET /doc/closure.gif HTTP/1.1" 200 2166 "http://www.antlr.org/doc/metalang.html" "Mozilla/4.0 (compatible; MSIE 6.0; Windows NT 5.0; .NET CLR 1.1.4322)"
130.239.30.142 - - [02/Sep/2003:06:59:25 -0700] "GET /doc/posclosure.gif HTTP/1.1" 200 2031 "http://www.antlr.org/doc/metalang.html" "Mozilla/4.0 (compatible; MSIE 6.0; Windows NT 5.0; .NET CLR 1.1.4322)"
80.48.246.196 - - [02/Sep/2003:06:59:26 -0700] "GET /grammar/list HTTP/1.0" 200 15685 "http://www.antlr.org/grammars/SQL/sql.g" "Opera/7.0 (Windows 2000; U) [en]"
80.48.246.196 - - [02/Sep/2003:06:59:27 -0700] "GET /images/button-add-grammar.gif HTTP/1.0" 200 664 "http://www.antlr.org/grammar/list" "Opera/7.0 (Windows 2000; U) [en]"
168.159.190.36 - - [02/Sep/2003:07:00:04 -0700] "GET / HTTP/1.0" 200 11690 "-" "Mozilla/4.0 (compatible; MSIE 6.0; Windows NT 4.0; H010818; .NET CLR 1.0.3705; .NET CLR 1.1.4322)"
168.159.190.36 - - [02/Sep/2003:07:00:04 -0700] "GET /images/shim.gif HTTP/1.0" 304 - "http://www.antlr.org/" "Mozilla/4.0 (compatible; MSIE 6.0; Windows NT 4.0; H010818; .NET CLR 1.0.3705; .NET CLR 1.1.4322)"
168.159.190.36 - - [02/Sep/2003:07:00:04 -0700] "GET /images/logo-head.gif HTTP/1.0" 304 - "http://www.antlr.org/" "Mozilla/4.0 (compatible; MSIE 6.0; Windows NT 4.0; H010818; .NET CLR 1.0.3705; .NET CLR 1.1.4322)"
168.159.190.36 - - [02/Sep/2003:07:00:04 -0700] "GET /images/head-shim.gif HTTP/1.0" 304 - "http://www.antlr.org/" "Mozilla/4.0 (compatible; MSIE 6.0; Windows NT 4.0; H010818; .NET CLR 1.0.3705; .NET CLR 1.1.4322)"
168.159.190.36 - - [02/Sep/2003:07:00:04 -0700] "GET /images/button-download.gif HTTP/1.0" 304 - "http://www.antlr.org/" "Mozilla/4.0 (compatible; MSIE 6.0; Windows NT 4.0; H010818; .NET CLR 1.0.3705; .NET CLR 1.1.4322)"
168.159.190.36 - - [02/Sep/2003:07:00:04 -0700] "GET /images/search.gif HTTP/1.0" 304 - "http://www.antlr.org/" "Mozilla/4.0 (compatible; MSIE 6.0; Windows NT 4.0; H010818; .NET CLR 1.0.3705; .NET CLR 1.1.4322)"
168.159.190.36 - - [02/Sep/2003:07:00:04 -0700] "GET /images/parr-head.jpg HTTP/1.0" 304 - "http://www.antlr.org/" "Mozilla/4.0 (compatible; MSIE 6.0; Windows NT 4.0; H010818; .NET CLR 1.0.3705; .NET CLR 1.1.4322)"
168.159.190.36 - - [02/Sep/2003:07:00:04 -0700] "GET /images/search-go.gif HTTP/1.0" 304 - "http://www.antlr.org/" "Mozilla/4.0 (compatible; MSIE 6.0; Windows NT 4.0; H010818; .NET CLR 1.0.3705; .NET CLR 1.1.4322)"
80.48.246.196 - - [02/Sep/2003:07:00:23 -0700] "GET /doc/getting-started.html HTTP/1.0" 200 11326 "http://www.antlr.org/grammar/list" "Opera/7.0 (Windows 2000; U) [en]"
80.48.246.196 - - [02/Sep/2003:07:00:33 -0700] "GET /article/cutpaste/index.html HTTP/1.0" 200 10494 "http://www.antlr.org/doc/getting-started.html" "Opera/7.0 (Windows 2000; U) [en]"
206.168.220.234 - - [02/Sep/2003:07:00:35 -0700] "GET /grammar/ASN.1 HTTP/1.1" 200 7671 "http://www.antlr.org/grammar/list" "Mozilla/4.0 (compatible; MSIE 6.0; Windows NT 5.0; (R1 1.3); .NET CLR 1.0.3705)"
220.240.5.234 - - [02/Sep/2003:07:00:37 -0700] "GET / HTTP/1.1" 200 11690 "http://madbean.com/blog/12/" "Mozilla/4.0 (compatible; MSIE 4.01; Windows CE; PPC; 240x320)"
220.240.5.234 - - [02/Sep/2003:07:00:38 -0700] "GET /images/logo-head.gif HTTP/1.1" 200 4098 "http://www.antlr.org/" "Mozilla/4.0 (compatible; MSIE 4.01; Windows CE; PPC; 240x320)"
220.240.5.234 - - [02/Sep/2003:07:00:39 -0700] "GET /images/head-shim.gif HTTP/1.1" 200 158 "http://www.antlr.org/" "Mozilla/4.0 (compatible; MSIE 4.01; Windows CE; PPC; 240x320)"
220.240.5.234 - - [02/Sep/2003:07:00:40 -0700] "GET /images/button-download.gif HTTP/1.1" 200 733 "http://www.antlr.org/" "Mozilla/4.0 (compatible; MSIE 4.01; Windows CE; PPC; 240x320)"
206.168.220.234 - - [02/Sep/2003:07:00:40 -0700] "GET /grammar/ASN.1/ASN1_grammar.g HTTP/1.1" 200 10010 "http://www.antlr.org/grammar/ASN.1" "Mozilla/4.0 (compatible; MSIE 6.0; Windows NT 5.0; (R1 1.3); .NET CLR 1.0.3705)"
220.240.5.234 - - [02/Sep/2003:07:00:41 -0700] "GET /images/parr-head.jpg HTTP/1.1" 200 3582 "http://www.antlr.org/" "Mozilla/4.0 (compatible; MSIE 4.01; Windows CE; PPC; 240x320)"
220.240.5.234 - - [02/Sep/2003:07:00:42 -0700] "GET /images/search.gif HTTP/1.1" 200 299 "http://www.antlr.org/" "Mozilla/4.0 (compatible; MSIE 4.01; Windows CE; PPC; 240x320)"
220.240.5.234 - - [02/Sep/2003:07:00:43 -0700] "GET /images/search-go.gif HTTP/1.1" 200 266 "http://www.antlr.org/" "Mozilla/4.0 (compatible; MSIE 4.01; Windows CE; PPC; 240x320)"
198.152.150.69 - - [02/Sep/2003:07:00:52 -0700] "GET / HTTP/1.1" 200 11690 "http://www.google.com/search?num=100&hl=en&lr=&ie=UTF-8&oe=UTF-8&q=antlr" "Mozilla/4.0 (compatible; MSIE 6.0; Windows NT 5.0; .NET CLR 1.1.4322)"
198.152.150.69 - - [02/Sep/2003:07:00:58 -0700] "GET /doc/getting-started.html HTTP/1.1" 200 11326 "http://www.antlr.org/" "Mozilla/4.0 (compatible; MSIE 6.0; Windows NT 5.0; .NET CLR 1.1.4322)"
66.120.162.218 - - [02/Sep/2003:07:01:01 -0700] "GET /grammar/list HTTP/1.1" 200 15685 "http://www.antlr.org/doc/metalang.html" "Opera/7.11 (Windows NT 5.1; U) [en]"
66.120.162.218 - - [02/Sep/2003:07:01:02 -0700] "GET /images/button-download.gif HTTP/1.1" 304 - "http://www.antlr.org/grammar/list" "Opera/7.11 (Windows NT 5.1; U) [en]"
66.120.162.218 - - [02/Sep/2003:07:01:02 -0700] "GET /images/shim.gif HTTP/1.1" 304 - "http://www.antlr.org/grammar/list" "Opera/7.11 (Windows NT 5.1; U) [en]"
66.120.162.218 - - [02/Sep/2003:07:01:02 -0700] "GET /images/search.gif HTTP/1.1" 304 - "http://www.antlr.org/grammar/list" "Opera/7.11 (Windows NT 5.1; U) [en]"
66.120.162.218 - - [02/Sep/2003:07:01:02 -0700] "GET /images/logo-head.gif HTTP/1.1" 304 - "http://www.antlr.org/grammar/list" "Opera/7.11 (Windows NT 5.1; U) [en]"
66.120.162.218 - - [02/Sep/2003:07:01:02 -0700] "GET /images/head-shim.gif HTTP/1.1" 304 - "http://www.antlr.org/grammar/list" "Opera/7.11 (Windows NT 5.1; U) [en]"
66.120.162.218 - - [02/Sep/2003:07:01:02 -0700] "GET /images/search-go.gif HTTP/1.1" 304 - "http://www.antlr.org/grammar/list" "Opera/7.11 (Windows NT 5.1; U) [en]"
66.120.162.218 - - [02/Sep/2003:07:01:02 -0700] "GET /images/button-add-grammar.gif HTTP/1.1" 200 664 "http://www.antlr.org/grammar/list" "Opera/7.11 (Windows NT 5.1; U) [en]"
198.152.150.69 - - [02/Sep/2003:07:01:05 -0700] "GET /article/cutpaste/index.html HTTP/1.1" 200 10494 "http://www.antlr.org/doc/getting-started.html" "Mozilla/4.0 (compatible; MSIE 6.0; Windows NT 5.0; .NET CLR 1.1.4322)"
81.196.150.94 - - [02/Sep/2003:07:01:08 -0700] "GET /grammar/java/JavaRecognizer.java HTTP/1.0" 200 120090 "http://www.antlr.org/grammar/java" "Mozilla/4.0 (compatible; MSIE 5.01; Windows NT 5.0; .NET CLR 1.1.4322)"
66.120.162.218 - - [02/Sep/2003:07:01:09 -0700] "GET /grammar/cgram HTTP/1.1" 200 8086 "http://www.antlr.org/grammar/list" "Opera/7.11 (Windows NT 5.1; U) [en]"
206.168.220.234 - - [02/Sep/2003:07:01:09 -0700] "GET /grammar/ASN.1 HTTP/1.1" 200 7671 "http://www.antlr.org/grammar/list" "Mozilla/4.0 (compatible; MSIE 6.0; Windows NT 5.0; (R1 1.3); .NET CLR 1.0.3705)"
206.168.220.234 - - [02/Sep/2003:07:01:10 -0700] "GET /grammar/list HTTP/1.1" 200 15685 "http://www.antlr.org/showcase/list" "Mozilla/4.0 (compatible; MSIE 6.0; Windows NT 5.0; (R1 1.3); .NET CLR 1.0.3705)"
66.120.162.218 - - [02/Sep/2003:07:01:14 -0700] "GET /grammar/cgram/readme.txt HTTP/1.1" 200 4807 "http://www.antlr.org/grammar/cgram" "Opera/7.11 (Windows NT 5.1; U) [en]"
129.16.225.16 - - [02/Sep/2003:07:01:21 -0700] "GET / HTTP/1.1" 200 11690 "-" "Mozilla/5.0 (X11; U; Linux i686; en-US; rv:1.2.1) Gecko/20030225"
206.168.220.234 - - [02/Sep/2003:07:01:30 -0700] "GET /grammar/HTML HTTP/1.1" 200 7830 "http://www.antlr.org/grammar/list" "Mozilla/4.0 (compatible; MSIE 6.0; Windows NT 5.0; (R1 1.3); .NET CLR 1.0.3705)"
206.168.220.234 - - [02/Sep/2003:07:01:35 -0700] "GET /grammar/HTML/html.g HTTP/1.1" 200 14739 "http://www.antlr.org/grammar/HTML" "Mozilla/4.0 (compatible; MSIE 6.0; Windows NT 5.0; (R1 1.3); .NET CLR 1.0.3705)"
129.16.225.16 - - [02/Sep/2003:07:01:38 -0700] "GET /doc/getting-started.html HTTP/1.1" 200 11326 "http://www.antlr.org/" "Mozilla/5.0 (X11; U; Linux i686; en-US; rv:1.2.1) Gecko/20030225"
129.16.225.16 - - [02/Sep/2003:07:01:41 -0700] "GET /doc/index.html HTTP/1.1" 200 26469 "http://www.antlr.org/" "Mozilla/5.0 (X11; U; Linux i686; en-US; rv:1.2.1) Gecko/20030225"
206.168.220.234 - - [02/Sep/2003:07:01:57 -0700] "GET /grammar/HTML HTTP/1.1" 200 7830 "http://www.antlr.org/grammar/list" "Mozilla/4.0 (compatible; MSIE 6.0; Windows NT 5.0; (R1 1.3); .NET CLR 1.0.3705)"
206.168.220.234 - - [02/Sep/2003:07:01:59 -0700] "GET /grammar/list HTTP/1.1" 200 15685 "http://www.antlr.org/showcase/list" "Mozilla/4.0 (compatible; MSIE 6.0; Windows NT 5.0; (R1 1.3); .NET CLR 1.0.3705)"
129.16.225.16 - - [02/Sep/2003:07:02:13 -0700] "POST /search/results HTTP/1.1" 302 73 "http://www.antlr.org/doc/index.html" "Mozilla/5.0 (X11; U; Linux i686; en-US; rv:1.2.1) Gecko/20030225"
129.16.225.16 - - [02/Sep/2003:07:02:13 -0700] "GET /search/results HTTP/1.1" 200 7765 "http://www.antlr.org/doc/index.html" "Mozilla/5.0 (X11; U; Linux i686; en-US; rv:1.2.1) Gecko/20030225"
198.152.150.69 - - [02/Sep/2003:07:02:45 -0700] "GET /doc/getting-started.html HTTP/1.1" 200 11326 "http://www.antlr.org/" "Mozilla/4.0 (compatible; MSIE 6.0; Windows NT 5.0; .NET CLR 1.1.4322)"
66.120.162.218 - - [02/Sep/2003:07:03:26 -0700] "GET /grammar/cgram/cgram.tgz HTTP/1.1" 200 43412 "http://www.antlr.org/grammar/cgram" "Opera/7.11 (Windows NT 5.1; U) [en]"
168.210.90.231 - - [02/Sep/2003:07:03:50 -0700] "GET /doc/streams.html HTTP/1.1" 200 37824 "http://www.antlr.org/contributions.html" "Mozilla/4.0 (compatible; MSIE 6.0; Windows NT 5.0)"
200.84.90.220 - - [02/Sep/2003:07:03:56 -0700] "GET /download.html HTTP/1.1" 200 9276 "http://www.jguru.com/download/index.jsp" "Mozilla/5.0 (Windows; U; Windows NT 5.1; en-US; rv:1.4) Gecko/20030624 Netscape/7.1 (ax)"
168.210.90.231 - - [02/Sep/2003:07:03:56 -0700] "GET /doc/lexer.to.parser.tokens.gif HTTP/1.1" 200 3585 "http://www.antlr.org/doc/streams.html" "Mozilla/4.0 (compatible; MSIE 6.0; Windows NT 5.0)"
200.84.90.220 - - [02/Sep/2003:07:03:57 -0700] "GET /images/shim.gif HTTP/1.1" 200 43 "http://www.antlr.org/download.html" "Mozilla/5.0 (Windows; U; Windows NT 5.1; en-US; rv:1.4) Gecko/20030624 Netscape/7.1 (ax)"
200.84.90.220 - - [02/Sep/2003:07:03:57 -0700] "GET /favicon.ico HTTP/1.1" 404 173 "-" "Mozilla/5.0 (Windows; U; Windows NT 5.1; en-US; rv:1.4) Gecko/20030624 Netscape/7.1 (ax)"
200.84.90.220 - - [02/Sep/2003:07:03:57 -0700] "GET /images/logo-head.gif HTTP/1.1" 200 4098 "http://www.antlr.org/download.html" "Mozilla/5.0 (Windows; U; Windows NT 5.1; en-US; rv:1.4) Gecko/20030624 Netscape/7.1 (ax)"
200.84.90.220 - - [02/Sep/2003:07:03:57 -0700] "GET /images/search.gif HTTP/1.1" 200 299 "http://www.antlr.org/download.html" "Mozilla/5.0 (Windows; U; Windows NT 5.1; en-US; rv:1.4) Gecko/20030624 Netscape/7.1 (ax)"
200.84.90.220 - - [02/Sep/2003:07:03:57 -0700] "GET /images/button-download.gif HTTP/1.1" 200 733 "http://www.antlr.org/download.html" "Mozilla/5.0 (Windows; U; Windows NT 5.1; en-US; rv:1.4) Gecko/20030624 Netscape/7.1 (ax)"
200.84.90.220 - - [02/Sep/2003:07:03:57 -0700] "GET /images/search-go.gif HTTP/1.1" 200 266 "http://www.antlr.org/download.html" "Mozilla/5.0 (Windows; U; Windows NT 5.1; en-US; rv:1.4) Gecko/20030624 Netscape/7.1 (ax)"
200.84.90.220 - - [02/Sep/2003:07:03:58 -0700] "GET /images/head-shim.gif HTTP/1.1" 200 158 "http://www.antlr.org/download.html" "Mozilla/5.0 (Windows; U; Windows NT 5.1; en-US; rv:1.4) Gecko/20030624 Netscape/7.1 (ax)"
168.210.90.231 - - [02/Sep/2003:07:03:58 -0700] "GET /doc/stream.splitter.gif HTTP/1.1" 200 5527 "http://www.antlr.org/doc/streams.html" "Mozilla/4.0 (compatible; MSIE 6.0; Windows NT 5.0)"
168.210.90.231 - - [02/Sep/2003:07:04:00 -0700] "GET /doc/hidden.stream.gif HTTP/1.1" 200 3667 "http://www.antlr.org/doc/streams.html" "Mozilla/4.0 (compatible; MSIE 6.0; Windows NT 5.0)"
168.210.90.231 - - [02/Sep/2003:07:04:02 -0700] "GET /doc/stream.selector.gif HTTP/1.1" 200 5976 "http://www.antlr.org/doc/streams.html" "Mozilla/4.0 (compatible; MSIE 6.0; Windows NT 5.0)"
168.210.90.231 - - [02/Sep/2003:07:04:03 -0700] "GET /doc/stream.perspectives.gif HTTP/1.1" 200 2679 "http://www.antlr.org/doc/streams.html" "Mozilla/4.0 (compatible; MSIE 6.0; Windows NT 5.0)"
193.110.182.4 - - [02/Sep/2003:07:05:00 -0700] "GET / HTTP/1.0" 200 11690 "http://ant.apache.org/manual/install.html" "Mozilla/5.0 (Windows; U; Windows NT 5.1; en-US; rv:1.3.1) Gecko/20030425"
193.110.182.4 - - [02/Sep/2003:07:05:00 -0700] "GET /images/shim.gif HTTP/1.0" 200 43 "http://www.antlr.org/" "Mozilla/5.0 (Windows; U; Windows NT 5.1; en-US; rv:1.3.1) Gecko/20030425"
193.110.182.4 - - [02/Sep/2003:07:05:00 -0700] "GET /images/logo-head.gif HTTP/1.0" 200 4098 "http://www.antlr.org/" "Mozilla/5.0 (Windows; U; Windows NT 5.1; en-US; rv:1.3.1) Gecko/20030425"
193.110.182.4 - - [02/Sep/2003:07:05:00 -0700] "GET /images/button-download.gif HTTP/1.0" 200 733 "http://www.antlr.org/" "Mozilla/5.0 (Windows; U; Windows NT 5.1; en-US; rv:1.3.1) Gecko/20030425"
193.110.182.4 - - [02/Sep/2003:07:05:01 -0700] "GET /images/parr-head.jpg HTTP/1.0" 200 3582 "http://www.antlr.org/" "Mozilla/5.0 (Windows; U; Windows NT 5.1; en-US; rv:1.3.1) Gecko/20030425"
193.110.182.4 - - [02/Sep/2003:07:05:01 -0700] "GET /images/search.gif HTTP/1.0" 200 299 "http://www.antlr.org/" "Mozilla/5.0 (Windows; U; Windows NT 5.1; en-US; rv:1.3.1) Gecko/20030425"
193.110.182.4 - - [02/Sep/2003:07:05:01 -0700] "GET /images/search-go.gif HTTP/1.0" 200 266 "http://www.antlr.org/" "Mozilla/5.0 (Windows; U; Windows NT 5.1; en-US; rv:1.3.1) Gecko/20030425"
217.167.119.251 - - [02/Sep/2003:07:05:04 -0700] "GET / HTTP/1.1" 200 11690 "http://www.google.fr/search?q=antlr&ie=UTF-8&oe=UTF-8&hl=fr&meta=" "Mozilla/4.0 (compatible; MSIE 6.0; Windows 98)"
217.167.119.251 - - [02/Sep/2003:07:05:05 -0700] "GET /images/shim.gif HTTP/1.1" 200 43 "http://www.antlr.org/" "Mozilla/4.0 (compatible; MSIE 6.0; Windows 98)"
217.167.119.251 - - [02/Sep/2003:07:05:05 -0700] "GET /images/logo-head.gif HTTP/1.1" 200 4098 "http://www.antlr.org/" "Mozilla/4.0 (compatible; MSIE 6.0; Windows 98)"
217.167.119.251 - - [02/Sep/2003:07:05:05 -0700] "GET /images/head-shim.gif HTTP/1.1" 200 158 "http://www.antlr.org/" "Mozilla/4.0 (compatible; MSIE 6.0; Windows 98)"
217.167.119.251 - - [02/Sep/2003:07:05:05 -0700] "GET /images/button-download.gif HTTP/1.1" 200 733 "http://www.antlr.org/" "Mozilla/4.0 (compatible; MSIE 6.0; Windows 98)"
217.167.119.251 - - [02/Sep/2003:07:05:05 -0700] "GET /images/parr-head.jpg HTTP/1.1" 200 3582 "http://www.antlr.org/" "Mozilla/4.0 (compatible; MSIE 6.0; Windows 98)"
217.167.119.251 - - [02/Sep/2003:07:05:06 -0700] "GET /images/search.gif HTTP/1.1" 200 299 "http://www.antlr.org/" "Mozilla/4.0 (compatible; MSIE 6.0; Windows 98)"
217.167.119.251 - - [02/Sep/2003:07:05:06 -0700] "GET /images/search-go.gif HTTP/1.1" 200 266 "http://www.antlr.org/" "Mozilla/4.0 (compatible; MSIE 6.0; Windows 98)"
200.84.90.220 - - [02/Sep/2003:07:05:13 -0700] "GET /download/antlr-2.7.2.zip HTTP/1.1" 200 1943296 "http://www.antlr.org/download.html" "Mozilla/5.0 (Windows; U; Windows NT 5.1; en-US; rv:1.4) Gecko/20030624 Netscape/7.1 (ax)"
193.110.182.4 - - [02/Sep/2003:07:05:17 -0700] "GET /images/head-shim.gif HTTP/1.0" 200 158 "http://www.antlr.org/" "Mozilla/5.0 (Windows; U; Windows NT 5.1; en-US; rv:1.3.1) Gecko/20030425"
129.16.225.16 - - [02/Sep/2003:07:05:27 -0700] "GET /javadoc/overview-summary.html HTTP/1.1" 200 9784 "http://www.antlr.org/search/results" "Mozilla/5.0 (X11; U; Linux i686; en-US; rv:1.2.1) Gecko/20030225"
217.167.119.251 - - [02/Sep/2003:07:05:27 -0700] "GET /doc/getting-started.html HTTP/1.1" 200 11326 "http://www.antlr.org/" "Mozilla/4.0 (compatible; MSIE 6.0; Windows 98)"
217.167.119.251 - - [02/Sep/2003:07:05:32 -0700] "GET /download/antlr-2.7.2.tar.gz HTTP/1.1" 200 49152 "http://www.antlr.org/doc/getting-started.html" "Mozilla/4.0 (compatible; MSIE 6.0; Windows 98)"
217.167.119.251 - - [02/Sep/2003:07:05:34 -0700] "GET /article/cutpaste/index.html HTTP/1.1" 200 10494 "http://www.antlr.org/doc/getting-started.html" "Mozilla/4.0 (compatible; MSIE 6.0; Windows 98)"
217.167.119.251 - - [02/Sep/2003:07:05:34 -0700] "GET /images/shim.gif HTTP/1.1" 304 - "http://www.antlr.org/article/cutpaste/index.html" "Mozilla/4.0 (compatible; MSIE 6.0; Windows 98)"
217.167.119.251 - - [02/Sep/2003:07:05:34 -0700] "GET /images/logo-head.gif HTTP/1.1" 304 - "http://www.antlr.org/article/cutpaste/index.html" "Mozilla/4.0 (compatible; MSIE 6.0; Windows 98)"
217.167.119.251 - - [02/Sep/2003:07:05:35 -0700] "GET /images/button-download.gif HTTP/1.1" 304 - "http://www.antlr.org/article/cutpaste/index.html" "Mozilla/4.0 (compatible; MSIE 6.0; Windows 98)"
217.167.119.251 - - [02/Sep/2003:07:05:35 -0700] "GET /images/head-shim.gif HTTP/1.1" 304 - "http://www.antlr.org/article/cutpaste/index.html" "Mozilla/4.0 (compatible; MSIE 6.0; Windows 98)"
217.167.119.251 - - [02/Sep/2003:07:05:35 -0700] "GET /images/search.gif HTTP/1.1" 304 - "http://www.antlr.org/article/cutpaste/index.html" "Mozilla/4.0 (compatible; MSIE 6.0; Windows 98)"
217.167.119.251 - - [02/Sep/2003:07:05:35 -0700] "GET /images/search-go.gif HTTP/1.1" 304 - "http://www.antlr.org/article/cutpaste/index.html" "Mozilla/4.0 (compatible; MSIE 6.0; Windows 98)"
193.110.182.4 - - [02/Sep/2003:07:05:35 -0700] "GET /doc/getting-started.html HTTP/1.0" 200 11326 "http://www.antlr.org/" "Mozilla/5.0 (Windows; U; Windows NT 5.1; en-US; rv:1.3.1) Gecko/20030425"
63.117.239.50 - - [02/Sep/2003:07:05:36 -0700] "GET /download.html HTTP/1.1" 200 9276 "http://www.antlr.org/" "Mozilla/4.0 (compatible; MSIE 6.0; Windows NT 5.0)"
217.167.119.251 - - [02/Sep/2003:07:05:37 -0700] "GET /doc/getting-started.html HTTP/1.1" 200 11326 "http://www.antlr.org/" "Mozilla/4.0 (compatible; MSIE 6.0; Windows 98)"
63.117.239.50 - - [02/Sep/2003:07:05:37 -0700] "GET /images/logo-head.gif HTTP/1.1" 304 - "http://www.antlr.org/download.html" "Mozilla/4.0 (compatible; MSIE 6.0; Windows NT 5.0)"
63.117.239.50 - - [02/Sep/2003:07:05:37 -0700] "GET /images/shim.gif HTTP/1.1" 304 - "http://www.antlr.org/download.html" "Mozilla/4.0 (compatible; MSIE 6.0; Windows NT 5.0)"
63.117.239.50 - - [02/Sep/2003:07:05:37 -0700] "GET /images/button-download.gif HTTP/1.1" 304 - "http://www.antlr.org/download.html" "Mozilla/4.0 (compatible; MSIE 6.0; Windows NT 5.0)"
63.117.239.50 - - [02/Sep/2003:07:05:37 -0700] "GET /images/head-shim.gif HTTP/1.1" 304 - "http://www.antlr.org/download.html" "Mozilla/4.0 (compatible; MSIE 6.0; Windows NT 5.0)"
63.117.239.50 - - [02/Sep/2003:07:05:37 -0700] "GET /images/search.gif HTTP/1.1" 304 - "http://www.antlr.org/download.html" "Mozilla/4.0 (compatible; MSIE 6.0; Windows NT 5.0)"
63.117.239.50 - - [02/Sep/2003:07:05:37 -0700] "GET /images/search-go.gif HTTP/1.1" 304 - "http://www.antlr.org/download.html" "Mozilla/4.0 (compatible; MSIE 6.0; Windows NT 5.0)"
129.16.225.16 - - [02/Sep/2003:07:05:38 -0700] "GET /javadoc/antlr/debug/package-summary.html HTTP/1.1" 200 14102 "http://www.antlr.org/javadoc/overview-summary.html" "Mozilla/5.0 (X11; U; Linux i686; en-US; rv:1.2.1) Gecko/20030225"
217.167.119.251 - - [02/Sep/2003:07:05:38 -0700] "GET /article/cutpaste/index.html HTTP/1.1" 200 10494 "http://www.antlr.org/doc/getting-started.html" "Mozilla/4.0 (compatible; MSIE 6.0; Windows 98)"
129.16.225.16 - - [02/Sep/2003:07:05:42 -0700] "GET /javadoc/antlr/debug/misc/package-summary.html HTTP/1.1" 200 8348 "http://www.antlr.org/javadoc/overview-summary.html" "Mozilla/5.0 (X11; U; Linux i686; en-US; rv:1.2.1) Gecko/20030225"
129.16.225.16 - - [02/Sep/2003:07:05:44 -0700] "GET /javadoc/antlr/debug/misc/ASTFrame.html HTTP/1.1" 200 18586 "http://www.antlr.org/javadoc/antlr/debug/misc/package-summary.html" "Mozilla/5.0 (X11; U; Linux i686; en-US; rv:1.2.1) Gecko/20030225"
193.110.182.4 - - [02/Sep/2003:07:05:49 -0700] "GET /doc/index.html HTTP/1.0" 200 26469 "http://www.antlr.org/doc/getting-started.html" "Mozilla/5.0 (Windows; U; Windows NT 5.1; en-US; rv:1.3.1) Gecko/20030425"
137.226.70.246 - - [02/Sep/2003:07:06:06 -0700] "GET /grammars/cgram/grammars/TNode.java HTTP/1.1" 200 6481 "http://groups.yahoo.com/group/antlr-interest/message/5968" "Mozilla/5.0 (X11; U; Linux i686; en-US; rv:1.4) Gecko/20030624"
63.117.239.50 - - [02/Sep/2003:07:06:28 -0700] "GET /download/antlr-2.7.2.zip HTTP/1.1" 200 1943296 "http://www.antlr.org/download.html" "Mozilla/4.0 (compatible; MSIE 6.0; Windows NT 5.0)"
195.93.65.12 - - [02/Sep/2003:07:06:32 -0700] "GET / HTTP/1.0" 200 11690 "-" "Mozilla/4.0 (compatible; MSIE 5.5; AOL 7.0; Windows 98)"
195.93.66.13 - - [02/Sep/2003:07:06:36 -0700] "GET /images/shim.gif HTTP/1.0" 200 43 "http://www.antlr.org/" "Mozilla/4.0 (compatible; MSIE 5.5; AOL 7.0; Windows 98)"
195.93.73.16 - - [02/Sep/2003:07:06:36 -0700] "GET /images/logo-head.gif HTTP/1.0" 200 4098 "http://www.antlr.org/" "Mozilla/4.0 (compatible; MSIE 5.5; AOL 7.0; Windows 98)"
195.93.66.12 - - [02/Sep/2003:07:06:37 -0700] "GET /images/button-download.gif HTTP/1.0" 200 733 "http://www.antlr.org/" "Mozilla/4.0 (compatible; MSIE 5.5; AOL 7.0; Windows 98)"
195.93.72.17 - - [02/Sep/2003:07:06:38 -0700] "GET /images/parr-head.jpg HTTP/1.0" 200 3582 "http://www.antlr.org/" "Mozilla/4.0 (compatible; MSIE 5.5; AOL 7.0; Windows 98)"
195.93.72.6 - - [02/Sep/2003:07:06:38 -0700] "GET /images/search.gif HTTP/1.0" 200 299 "http://www.antlr.org/" "Mozilla/4.0 (compatible; MSIE 5.5; AOL 7.0; Windows 98)"
195.93.73.16 - - [02/Sep/2003:07:06:39 -0700] "GET /images/head-shim.gif HTTP/1.0" 200 158 "http://www.antlr.org/" "Mozilla/4.0 (compatible; MSIE 5.5; AOL 7.0; Windows 98)"
195.93.73.17 - - [02/Sep/2003:07:06:39 -0700] "GET /images/search-go.gif HTTP/1.0" 200 266 "http://www.antlr.org/" "Mozilla/4.0 (compatible; MSIE 5.5; AOL 7.0; Windows 98)"
193.81.246.12 - - [02/Sep/2003:07:06:43 -0700] "GET /article/cutpaste/index.html HTTP/1.0" 200 10494 "http://www.antlr.org/doc/getting-started.html" "Mozilla/4.0 (compatible; MSIE 6.0; Windows NT 5.0; T312461)"
193.81.246.12 - - [02/Sep/2003:07:06:44 -0700] "GET /images/shim.gif HTTP/1.0" 200 43 "http://www.antlr.org/article/cutpaste/index.html" "Mozilla/4.0 (compatible; MSIE 6.0; Windows NT 5.0; T312461)"
193.81.246.12 - - [02/Sep/2003:07:06:44 -0700] "GET /images/logo-head.gif HTTP/1.0" 200 4098 "http://www.antlr.org/article/cutpaste/index.html" "Mozilla/4.0 (compatible; MSIE 6.0; Windows NT 5.0; T312461)"
193.81.246.12 - - [02/Sep/2003:07:06:44 -0700] "GET /images/head-shim.gif HTTP/1.0" 200 158 "http://www.antlr.org/article/cutpaste/index.html" "Mozilla/4.0 (compatible; MSIE 6.0; Windows NT 5.0; T312461)"
193.81.246.12 - - [02/Sep/2003:07:06:44 -0700] "GET /images/button-download.gif HTTP/1.0" 200 733 "http://www.antlr.org/article/cutpaste/index.html" "Mozilla/4.0 (compatible; MSIE 6.0; Windows NT 5.0; T312461)"
193.81.246.12 - - [02/Sep/2003:07:06:44 -0700] "GET /images/search.gif HTTP/1.0" 200 299 "http://www.antlr.org/article/cutpaste/index.html" "Mozilla/4.0 (compatible; MSIE 6.0; Windows NT 5.0; T312461)"
193.81.246.12 - - [02/Sep/2003:07:06:44 -0700] "GET /images/search-go.gif HTTP/1.0" 200 266 "http://www.antlr.org/article/cutpaste/index.html" "Mozilla/4.0 (compatible; MSIE 6.0; Windows NT 5.0; T312461)"
66.196.72.17 - - [02/Sep/2003:07:07:05 -0700] "GET /grammars/ASN.1/ASN1_grammar.g HTTP/1.0" 200 6476 "-" "Mozilla/5.0 (Slurp/cat; slurp@inktomi.com; http://www.inktomi.com/slurp.html)"
168.210.90.231 - - [02/Sep/2003:07:07:17 -0700] "GET /contributions.html HTTP/1.1" 200 22239 "http://www.antlr.org/about.html" "Mozilla/4.0 (compatible; MSIE 6.0; Windows NT 5.0)"
129.16.225.16 - - [02/Sep/2003:07:08:34 -0700] "GET /javadoc/antlr/package-summary.html HTTP/1.1" 200 22368 "http://www.antlr.org/javadoc/overview-summary.html" "Mozilla/5.0 (X11; U; Linux i686; en-US; rv:1.2.1) Gecko/20030225"
129.16.225.16 - - [02/Sep/2003:07:08:42 -0700] "GET /javadoc/antlr/CommonAST.html HTTP/1.1" 200 18511 "http://www.antlr.org/javadoc/antlr/package-summary.html" "Mozilla/5.0 (X11; U; Linux i686; en-US; rv:1.2.1) Gecko/20030225"
217.167.119.251 - - [02/Sep/2003:07:08:47 -0700] "GET /doc/getting-started.html HTTP/1.1" 200 11326 "http://www.antlr.org/" "Mozilla/4.0 (compatible; MSIE 6.0; Windows 98)"
217.167.119.251 - - [02/Sep/2003:07:08:47 -0700] "GET /images/shim.gif HTTP/1.1" 304 - "http://www.antlr.org/doc/getting-started.html" "Mozilla/4.0 (compatible; MSIE 6.0; Windows 98)"
217.167.119.251 - - [02/Sep/2003:07:08:47 -0700] "GET /images/logo-head.gif HTTP/1.1" 304 - "http://www.antlr.org/doc/getting-started.html" "Mozilla/4.0 (compatible; MSIE 6.0; Windows 98)"
217.167.119.251 - - [02/Sep/2003:07:08:47 -0700] "GET /images/head-shim.gif HTTP/1.1" 304 - "http://www.antlr.org/doc/getting-started.html" "Mozilla/4.0 (compatible; MSIE 6.0; Windows 98)"
217.167.119.251 - - [02/Sep/2003:07:08:48 -0700] "GET /images/button-download.gif HTTP/1.1" 304 - "http://www.antlr.org/doc/getting-started.html" "Mozilla/4.0 (compatible; MSIE 6.0; Windows 98)"
217.167.119.251 - - [02/Sep/2003:07:08:48 -0700] "GET /images/search.gif HTTP/1.1" 304 - "http://www.antlr.org/doc/getting-started.html" "Mozilla/4.0 (compatible; MSIE 6.0; Windows 98)"
217.167.119.251 - - [02/Sep/2003:07:08:48 -0700] "GET /images/search-go.gif HTTP/1.1" 304 - "http://www.antlr.org/doc/getting-started.html" "Mozilla/4.0 (compatible; MSIE 6.0; Windows 98)"
217.167.119.251 - - [02/Sep/2003:07:08:49 -0700] "GET / HTTP/1.1" 200 11690 "http://www.google.fr/search?q=antlr&ie=UTF-8&oe=UTF-8&hl=fr&meta=" "Mozilla/4.0 (compatible; MSIE 6.0; Windows 98)"
217.167.119.251 - - [02/Sep/2003:07:08:49 -0700] "GET /images/parr-head.jpg HTTP/1.1" 304 - "http://www.antlr.org/" "Mozilla/4.0 (compatible; MSIE 6.0; Windows 98)"
194.203.13.66 - - [02/Sep/2003:07:09:09 -0700] "GET /book/index.html HTTP/1.0" 200 9357 "http://min.ecn.purdue.edu/~rfisher/Tutorials/PCCTS/Index.html" "Mozilla/4.0 (compatible; MSIE 4.01; Windows NT)"
129.16.225.16 - - [02/Sep/2003:07:09:09 -0700] "GET /javadoc/antlr/BaseAST.html HTTP/1.1" 200 37521 "http://www.antlr.org/javadoc/antlr/CommonAST.html" "Mozilla/5.0 (X11; U; Linux i686; en-US; rv:1.2.1) Gecko/20030225"
194.203.13.66 - - [02/Sep/2003:07:09:09 -0700] "GET /images/shim.gif HTTP/1.0" 200 43 "http://www.antlr.org/book/index.html" "Mozilla/4.0 (compatible; MSIE 4.01; Windows NT)"
194.203.13.66 - - [02/Sep/2003:07:09:09 -0700] "GET /images/head-shim.gif HTTP/1.0" 200 158 "http://www.antlr.org/book/index.html" "Mozilla/4.0 (compatible; MSIE 4.01; Windows NT)"
194.203.13.66 - - [02/Sep/2003:07:09:10 -0700] "GET /images/button-download.gif HTTP/1.0" 200 733 "http://www.antlr.org/book/index.html" "Mozilla/4.0 (compatible; MSIE 4.01; Windows NT)"
194.203.13.66 - - [02/Sep/2003:07:09:10 -0700] "GET /images/search.gif HTTP/1.0" 200 299 "http://www.antlr.org/book/index.html" "Mozilla/4.0 (compatible; MSIE 4.01; Windows NT)"
194.203.13.66 - - [02/Sep/2003:07:09:10 -0700] "GET /images/search-go.gif HTTP/1.0" 200 266 "http://www.antlr.org/book/index.html" "Mozilla/4.0 (compatible; MSIE 4.01; Windows NT)"
194.203.13.66 - - [02/Sep/2003:07:09:12 -0700] "GET /images/logo-head.gif HTTP/1.0" 200 4098 "http://www.antlr.org/book/index.html" "Mozilla/4.0 (compatible; MSIE 4.01; Windows NT)"
213.3.7.27 - - [02/Sep/2003:07:10:16 -0700] "GET / HTTP/1.1" 200 11690 "http://ant.apache.org/manual/tasksoverview.html" "Mozilla/5.0 (Windows; U; Windows NT 5.0; en-US; rv:1.5a) Gecko/20030728 Mozilla Firebird/0.6.1"
213.3.7.27 - - [02/Sep/2003:07:10:17 -0700] "GET /images/logo-head.gif HTTP/1.1" 200 4098 "http://www.antlr.org/" "Mozilla/5.0 (Windows; U; Windows NT 5.0; en-US; rv:1.5a) Gecko/20030728 Mozilla Firebird/0.6.1"
213.3.7.27 - - [02/Sep/2003:07:10:17 -0700] "GET /images/shim.gif HTTP/1.1" 200 43 "http://www.antlr.org/" "Mozilla/5.0 (Windows; U; Windows NT 5.0; en-US; rv:1.5a) Gecko/20030728 Mozilla Firebird/0.6.1"
213.3.7.27 - - [02/Sep/2003:07:10:17 -0700] "GET /images/button-download.gif HTTP/1.1" 200 733 "http://www.antlr.org/" "Mozilla/5.0 (Windows; U; Windows NT 5.0; en-US; rv:1.5a) Gecko/20030728 Mozilla Firebird/0.6.1"
213.3.7.27 - - [02/Sep/2003:07:10:17 -0700] "GET /images/parr-head.jpg HTTP/1.1" 200 3582 "http://www.antlr.org/" "Mozilla/5.0 (Windows; U; Windows NT 5.0; en-US; rv:1.5a) Gecko/20030728 Mozilla Firebird/0.6.1"
213.3.7.27 - - [02/Sep/2003:07:10:17 -0700] "GET /favicon.ico HTTP/1.1" 404 173 "-" "Mozilla/5.0 (Windows; U; Windows NT 5.0; en-US; rv:1.5a) Gecko/20030728 Mozilla Firebird/0.6.1"
213.3.7.27 - - [02/Sep/2003:07:10:18 -0700] "GET /images/search-go.gif HTTP/1.1" 200 266 "http://www.antlr.org/" "Mozilla/5.0 (Windows; U; Windows NT 5.0; en-US; rv:1.5a) Gecko/20030728 Mozilla Firebird/0.6.1"
213.3.7.27 - - [02/Sep/2003:07:10:18 -0700] "GET /images/search.gif HTTP/1.1" 200 299 "http://www.antlr.org/" "Mozilla/5.0 (Windows; U; Windows NT 5.0; en-US; rv:1.5a) Gecko/20030728 Mozilla Firebird/0.6.1"
213.3.7.27 - - [02/Sep/2003:07:10:18 -0700] "GET /images/head-shim.gif HTTP/1.1" 200 158 "http://www.antlr.org/" "Mozilla/5.0 (Windows; U; Windows NT 5.0; en-US; rv:1.5a) Gecko/20030728 Mozilla Firebird/0.6.1"
168.210.90.231 - - [02/Sep/2003:07:11:01 -0700] "GET / HTTP/1.1" 200 11690 "http://www.google.com/search?q=antlr&btnG=Google+Search&hl=en&lr=&ie=UTF-8&oe=UTF-8" "Mozilla/4.0 (compatible; MSIE 6.0; Windows NT 5.0)"
168.210.90.231 - - [02/Sep/2003:07:11:13 -0700] "GET /doc/getting-started.html HTTP/1.1" 200 11326 "http://www.antlr.org/" "Mozilla/4.0 (compatible; MSIE 6.0; Windows NT 5.0)"
13.1.102.204 - - [02/Sep/2003:07:11:34 -0700] "GET /fieldguide/firstgr/input HTTP/1.1" 200 6471 "-" "Mozilla/4.0 (compatible; grub-client-1.3.7; Crawl your own stuff with http://grub.org)"
168.210.90.231 - - [02/Sep/2003:07:11:56 -0700] "GET /support.html HTTP/1.1" 200 10899 "http://www.antlr.org/doc/getting-started.html" "Mozilla/4.0 (compatible; MSIE 6.0; Windows NT 5.0)"
207.245.217.212 - - [02/Sep/2003:07:12:25 -0700] "GET / HTTP/1.1" 200 11690 "-" "Mozilla/4.0 (compatible; MSIE 6.0; Windows NT 5.1; .NET CLR 1.0.3705)"
207.245.217.212 - - [02/Sep/2003:07:12:25 -0700] "GET /images/shim.gif HTTP/1.1" 304 - "http://antlr.org/" "Mozilla/4.0 (compatible; MSIE 6.0; Windows NT 5.1; .NET CLR 1.0.3705)"
207.245.217.212 - - [02/Sep/2003:07:12:25 -0700] "GET /images/logo-head.gif HTTP/1.1" 304 - "http://antlr.org/" "Mozilla/4.0 (compatible; MSIE 6.0; Windows NT 5.1; .NET CLR 1.0.3705)"
207.245.217.212 - - [02/Sep/2003:07:12:25 -0700] "GET /images/head-shim.gif HTTP/1.1" 304 - "http://antlr.org/" "Mozilla/4.0 (compatible; MSIE 6.0; Windows NT 5.1; .NET CLR 1.0.3705)"
207.245.217.212 - - [02/Sep/2003:07:12:25 -0700] "GET /images/button-download.gif HTTP/1.1" 304 - "http://antlr.org/" "Mozilla/4.0 (compatible; MSIE 6.0; Windows NT 5.1; .NET CLR 1.0.3705)"
207.245.217.212 - - [02/Sep/2003:07:12:25 -0700] "GET /images/parr-head.jpg HTTP/1.1" 304 - "http://antlr.org/" "Mozilla/4.0 (compatible; MSIE 6.0; Windows NT 5.1; .NET CLR 1.0.3705)"
207.245.217.212 - - [02/Sep/2003:07:12:26 -0700] "GET /images/search.gif HTTP/1.1" 304 - "http://antlr.org/" "Mozilla/4.0 (compatible; MSIE 6.0; Windows NT 5.1; .NET CLR 1.0.3705)"
207.245.217.212 - - [02/Sep/2003:07:12:26 -0700] "GET /images/search-go.gif HTTP/1.1" 304 - "http://antlr.org/" "Mozilla/4.0 (compatible; MSIE 6.0; Windows NT 5.1; .NET CLR 1.0.3705)"
207.245.217.212 - - [02/Sep/2003:07:12:34 -0700] "GET /article/whitespace/index.html HTTP/1.1" 200 21208 "http://antlr.org/" "Mozilla/4.0 (compatible; MSIE 6.0; Windows NT 5.1; .NET CLR 1.0.3705)"
207.245.217.212 - - [02/Sep/2003:07:12:34 -0700] "GET /article/whitespace/instr.ast.gif HTTP/1.1" 200 7673 "http://antlr.org/article/whitespace/index.html" "Mozilla/4.0 (compatible; MSIE 6.0; Windows NT 5.1; .NET CLR 1.0.3705)"
130.67.132.140 - - [02/Sep/2003:07:12:45 -0700] "GET / HTTP/1.1" 200 11690 "-" "Mozilla/4.0 (compatible; MSIE 6.0; Windows NT 5.1; .NET CLR 1.1.4322)"
130.67.132.140 - - [02/Sep/2003:07:12:46 -0700] "GET /images/shim.gif HTTP/1.1" 200 43 "http://www.antlr.org/" "Mozilla/4.0 (compatible; MSIE 6.0; Windows NT 5.1; .NET CLR 1.1.4322)"
130.67.132.140 - - [02/Sep/2003:07:12:47 -0700] "GET /images/logo-head.gif HTTP/1.1" 200 4098 "http://www.antlr.org/" "Mozilla/4.0 (compatible; MSIE 6.0; Windows NT 5.1; .NET CLR 1.1.4322)"
130.67.132.140 - - [02/Sep/2003:07:12:47 -0700] "GET /images/head-shim.gif HTTP/1.1" 200 158 "http://www.antlr.org/" "Mozilla/4.0 (compatible; MSIE 6.0; Windows NT 5.1; .NET CLR 1.1.4322)"
130.67.132.140 - - [02/Sep/2003:07:12:48 -0700] "GET /images/button-download.gif HTTP/1.1" 200 733 "http://www.antlr.org/" "Mozilla/4.0 (compatible; MSIE 6.0; Windows NT 5.1; .NET CLR 1.1.4322)"
130.67.132.140 - - [02/Sep/2003:07:12:48 -0700] "GET /images/parr-head.jpg HTTP/1.1" 200 3582 "http://www.antlr.org/" "Mozilla/4.0 (compatible; MSIE 6.0; Windows NT 5.1; .NET CLR 1.1.4322)"
130.67.132.140 - - [02/Sep/2003:07:12:49 -0700] "GET /images/search.gif HTTP/1.1" 200 299 "http://www.antlr.org/" "Mozilla/4.0 (compatible; MSIE 6.0; Windows NT 5.1; .NET CLR 1.1.4322)"
130.67.132.140 - - [02/Sep/2003:07:12:50 -0700] "GET /images/search-go.gif HTTP/1.1" 200 266 "http://www.antlr.org/" "Mozilla/4.0 (compatible; MSIE 6.0; Windows NT 5.1; .NET CLR 1.1.4322)"
130.67.132.140 - - [02/Sep/2003:07:13:16 -0700] "GET /grammar/cpp HTTP/1.1" 200 8441 "http://www.antlr.org/" "Mozilla/4.0 (compatible; MSIE 6.0; Windows NT 5.1; .NET CLR 1.1.4322)"
130.67.132.140 - - [02/Sep/2003:07:13:17 -0700] "GET /images/shim.gif HTTP/1.1" 304 - "http://www.antlr.org/grammar/cpp" "Mozilla/4.0 (compatible; MSIE 6.0; Windows NT 5.1; .NET CLR 1.1.4322)"
130.67.132.140 - - [02/Sep/2003:07:13:17 -0700] "GET /images/logo-head.gif HTTP/1.1" 304 - "http://www.antlr.org/grammar/cpp" "Mozilla/4.0 (compatible; MSIE 6.0; Windows NT 5.1; .NET CLR 1.1.4322)"
130.67.132.140 - - [02/Sep/2003:07:13:17 -0700] "GET /images/button-download.gif HTTP/1.1" 304 - "http://www.antlr.org/grammar/cpp" "Mozilla/4.0 (compatible; MSIE 6.0; Windows NT 5.1; .NET CLR 1.1.4322)"
130.67.132.140 - - [02/Sep/2003:07:13:18 -0700] "GET /images/head-shim.gif HTTP/1.1" 304 - "http://www.antlr.org/grammar/cpp" "Mozilla/4.0 (compatible; MSIE 6.0; Windows NT 5.1; .NET CLR 1.1.4322)"
130.67.132.140 - - [02/Sep/2003:07:13:18 -0700] "GET /images/search.gif HTTP/1.1" 304 - "http://www.antlr.org/grammar/cpp" "Mozilla/4.0 (compatible; MSIE 6.0; Windows NT 5.1; .NET CLR 1.1.4322)"
130.67.132.140 - - [02/Sep/2003:07:13:18 -0700] "GET /images/search-go.gif HTTP/1.1" 304 - "http://www.antlr.org/grammar/cpp" "Mozilla/4.0 (compatible; MSIE 6.0; Windows NT 5.1; .NET CLR 1.1.4322)"
130.67.132.140 - - [02/Sep/2003:07:13:27 -0700] "GET /grammar/cpp/CPP_parser.g HTTP/1.1" 200 60526 "http://www.antlr.org/grammar/cpp" "Mozilla/4.0 (compatible; MSIE 6.0; Windows NT 5.1; .NET CLR 1.1.4322)"
130.67.132.140 - - [02/Sep/2003:07:13:31 -0700] "GET /grammar/cpp HTTP/1.1" 200 8441 "http://www.antlr.org/" "Mozilla/4.0 (compatible; MSIE 6.0; Windows NT 5.1; .NET CLR 1.1.4322)"
168.210.90.231 - - [02/Sep/2003:07:13:33 -0700] "GET /doc/getting-started.html HTTP/1.1" 200 11326 "http://www.antlr.org/" "Mozilla/4.0 (compatible; MSIE 6.0; Windows NT 5.0)"
130.67.132.140 - - [02/Sep/2003:07:13:52 -0700] "GET /grammar/cpp/CPP_parser.g HTTP/1.1" 200 60526 "-" "Mozilla/4.0 (compatible; MSIE 6.0; Windows NT 5.1; .NET CLR 1.1.4322)"
204.144.6.87 - - [02/Sep/2003:07:14:27 -0700] "GET /images/shim.gif HTTP/1.0" 200 43 "http://www.antlr.org/doc/runtime.html" "Mozilla/4.0 (compatible; MSIE 6.0; Windows NT 5.0)"
204.144.6.87 - - [02/Sep/2003:07:14:27 -0700] "GET /images/logo-head.gif HTTP/1.0" 200 4098 "http://www.antlr.org/doc/runtime.html" "Mozilla/4.0 (compatible; MSIE 6.0; Windows NT 5.0)"
204.144.6.87 - - [02/Sep/2003:07:14:27 -0700] "GET /images/head-shim.gif HTTP/1.0" 200 158 "http://www.antlr.org/doc/runtime.html" "Mozilla/4.0 (compatible; MSIE 6.0; Windows NT 5.0)"
204.144.6.87 - - [02/Sep/2003:07:14:28 -0700] "GET /images/button-download.gif HTTP/1.0" 200 733 "http://www.antlr.org/doc/runtime.html" "Mozilla/4.0 (compatible; MSIE 6.0; Windows NT 5.0)"
204.144.6.87 - - [02/Sep/2003:07:14:28 -0700] "GET /images/search.gif HTTP/1.0" 200 299 "http://www.antlr.org/doc/runtime.html" "Mozilla/4.0 (compatible; MSIE 6.0; Windows NT 5.0)"
204.144.6.87 - - [02/Sep/2003:07:14:28 -0700] "GET /doc/runtime.html HTTP/1.0" 200 49604 "http://www.google.com/search?q=positive+closure&hl=en&lr=&ie=UTF-8&oe=UTF-8&start=20&sa=N" "Mozilla/4.0 (compatible; MSIE 6.0; Windows NT 5.0)"
204.144.6.87 - - [02/Sep/2003:07:14:28 -0700] "GET /images/search-go.gif HTTP/1.0" 200 266 "http://www.antlr.org/doc/runtime.html" "Mozilla/4.0 (compatible; MSIE 6.0; Windows NT 5.0)"
193.113.37.9 - - [02/Sep/2003:07:14:39 -0700] "GET /images/search-go.gif HTTP/1.0" 304 - "http://www.antlr.org/doc/lexer.html" "Mozilla/4.0 (compatible; MSIE 6.0; Windows NT 5.0; Q312461; .NET CLR 1.0.3705; .NET CLR 1.1.4322)"
193.113.37.9 - - [02/Sep/2003:07:14:40 -0700] "GET /doc/lexer.html HTTP/1.0" 200 83864 "http://www.jguru.com/faq/view.jsp?EID=93729" "Mozilla/4.0 (compatible; MSIE 6.0; Windows NT 5.0; Q312461; .NET CLR 1.0.3705; .NET CLR 1.1.4322)"
12.32.197.131 - - [02/Sep/2003:07:15:19 -0700] "GET / HTTP/1.1" 200 11690 "-" "Mozilla/5.0 (Windows; U; Windows NT 5.0; en-US; rv:1.4b) Gecko/20030516 Mozilla Firebird/0.6"
12.32.197.131 - - [02/Sep/2003:07:15:24 -0700] "GET /doc/getting-started.html HTTP/1.1" 200 11326 "http://www.antlr.org/" "Mozilla/5.0 (Windows; U; Windows NT 5.0; en-US; rv:1.4b) Gecko/20030516 Mozilla Firebird/0.6"
12.32.197.131 - - [02/Sep/2003:07:15:51 -0700] "GET /why.html HTTP/1.1" 200 10713 "http://www.antlr.org/doc/getting-started.html" "Mozilla/5.0 (Windows; U; Windows NT 5.0; en-US; rv:1.4b) Gecko/20030516 Mozilla Firebird/0.6"
61.218.123.194 - - [02/Sep/2003:07:16:32 -0700] "GET / HTTP/1.1" 200 11690 "http://home.kimo.com.tw/jsliu60/COMPILERS/#Compiler%20Tools" "Mozilla/5.0 (X11; U; Linux i686; zh-TW; rv:1.2.1) Gecko/20030225"
61.218.123.194 - - [02/Sep/2003:07:16:32 -0700] "GET /images/shim.gif HTTP/1.1" 200 43 "http://www.antlr.org/" "Mozilla/5.0 (X11; U; Linux i686; zh-TW; rv:1.2.1) Gecko/20030225"
61.218.123.194 - - [02/Sep/2003:07:16:33 -0700] "GET /images/logo-head.gif HTTP/1.1" 200 4098 "http://www.antlr.org/" "Mozilla/5.0 (X11; U; Linux i686; zh-TW; rv:1.2.1) Gecko/20030225"
61.218.123.194 - - [02/Sep/2003:07:16:33 -0700] "GET /images/button-download.gif HTTP/1.1" 200 733 "http://www.antlr.org/" "Mozilla/5.0 (X11; U; Linux i686; zh-TW; rv:1.2.1) Gecko/20030225"
61.218.123.194 - - [02/Sep/2003:07:16:33 -0700] "GET /images/parr-head.jpg HTTP/1.1" 200 3582 "http://www.antlr.org/" "Mozilla/5.0 (X11; U; Linux i686; zh-TW; rv:1.2.1) Gecko/20030225"
61.218.123.194 - - [02/Sep/2003:07:16:33 -0700] "GET /images/search.gif HTTP/1.1" 200 299 "http://www.antlr.org/" "Mozilla/5.0 (X11; U; Linux i686; zh-TW; rv:1.2.1) Gecko/20030225"
61.218.123.194 - - [02/Sep/2003:07:16:33 -0700] "GET /images/search-go.gif HTTP/1.1" 200 266 "http://www.antlr.org/" "Mozilla/5.0 (X11; U; Linux i686; zh-TW; rv:1.2.1) Gecko/20030225"
61.218.123.194 - - [02/Sep/2003:07:16:33 -0700] "GET /images/head-shim.gif HTTP/1.1" 200 158 "http://www.antlr.org/" "Mozilla/5.0 (X11; U; Linux i686; zh-TW; rv:1.2.1) Gecko/20030225"
212.121.135.226 - - [02/Sep/2003:07:16:58 -0700] "GET / HTTP/1.1" 200 11690 "http://www.google.de/search?q=antlr&ie=UTF-8&oe=UTF-8&hl=de&btnG=Google+Suche&meta=" "Mozilla/5.0 (X11; U; Linux i686; en-US; rv:1.4b) Gecko/20030507"
212.121.135.226 - - [02/Sep/2003:07:16:58 -0700] "GET /images/parr-head.jpg HTTP/1.1" 304 - "http://www.antlr.org/" "Mozilla/5.0 (X11; U; Linux i686; en-US; rv:1.4b) Gecko/20030507"
212.121.135.226 - - [02/Sep/2003:07:17:07 -0700] "GET /doc/getting-started.html HTTP/1.1" 200 11326 "http://www.antlr.org/" "Mozilla/5.0 (X11; U; Linux i686; en-US; rv:1.4b) Gecko/20030507"
212.121.135.226 - - [02/Sep/2003:07:17:13 -0700] "GET /article/cutpaste/index.html HTTP/1.1" 200 10494 "http://www.antlr.org/doc/getting-started.html" "Mozilla/5.0 (X11; U; Linux i686; en-US; rv:1.4b) Gecko/20030507"
168.210.90.231 - - [02/Sep/2003:07:18:11 -0700] "GET /download/antlr-2.7.2.tar.gz HTTP/1.1" 200 1557051 "-" "GetRight/5.0.2"
130.67.132.140 - - [02/Sep/2003:07:19:28 -0700] "GET /grammar/list HTTP/1.1" 200 15685 "http://www.antlr.org/grammar/cpp" "Mozilla/4.0 (compatible; MSIE 6.0; Windows NT 5.1; .NET CLR 1.1.4322)"
130.67.132.140 - - [02/Sep/2003:07:19:28 -0700] "GET /images/shim.gif HTTP/1.1" 304 - "http://www.antlr.org/grammar/list" "Mozilla/4.0 (compatible; MSIE 6.0; Windows NT 5.1; .NET CLR 1.1.4322)"
130.67.132.140 - - [02/Sep/2003:07:19:29 -0700] "GET /images/logo-head.gif HTTP/1.1" 304 - "http://www.antlr.org/grammar/list" "Mozilla/4.0 (compatible; MSIE 6.0; Windows NT 5.1; .NET CLR 1.1.4322)"
130.67.132.140 - - [02/Sep/2003:07:19:30 -0700] "GET /images/head-shim.gif HTTP/1.1" 304 - "http://www.antlr.org/grammar/list" "Mozilla/4.0 (compatible; MSIE 6.0; Windows NT 5.1; .NET CLR 1.1.4322)"
130.67.132.140 - - [02/Sep/2003:07:19:30 -0700] "GET /images/button-download.gif HTTP/1.1" 304 - "http://www.antlr.org/grammar/list" "Mozilla/4.0 (compatible; MSIE 6.0; Windows NT 5.1; .NET CLR 1.1.4322)"
130.67.132.140 - - [02/Sep/2003:07:19:30 -0700] "GET /images/search.gif HTTP/1.1" 304 - "http://www.antlr.org/grammar/list" "Mozilla/4.0 (compatible; MSIE 6.0; Windows NT 5.1; .NET CLR 1.1.4322)"
130.67.132.140 - - [02/Sep/2003:07:19:30 -0700] "GET /images/search-go.gif HTTP/1.1" 304 - "http://www.antlr.org/grammar/list" "Mozilla/4.0 (compatible; MSIE 6.0; Windows NT 5.1; .NET CLR 1.1.4322)"
