18.250.3.150 - - [02/Sep/2003:09:07:57 -0700] "GET /images/shim.gif HTTP/1.1" 200 43 "http://www.antlr.org/article/needlook.html" "Mozilla/5.0 (X11; U; Linux i686; en-US; rv:1.5a) Gecko/20030728 Mozilla Firebird/0.6.1"
18.250.3.150 - - [02/Sep/2003:09:07:57 -0700] "GET /article/needlook.html HTTP/1.1" 200 41059 "http://www.google.com/search?hl=en&ie=UTF-8&oe=UTF-8&q=LL%281%29+LL%28k%29+LR%28k%29&btnG=Google+Search" "Mozilla/5.0 (X11; U; Linux i686; en-US; rv:1.5a) Gecko/20030728 Mozilla Firebird/0.6.1"
18.250.3.150 - - [02/Sep/2003:09:07:57 -0700] "GET /images/logo-head.gif HTTP/1.1" 200 4098 "http://www.antlr.org/article/needlook.html" "Mozilla/5.0 (X11; U; Linux i686; en-US; rv:1.5a) Gecko/20030728 Mozilla Firebird/0.6.1"
18.250.3.150 - - [02/Sep/2003:09:07:58 -0700] "GET /favicon.ico HTTP/1.1" 404 173 "-" "Mozilla/5.0 (X11; U; Linux i686; en-US; rv:1.5a) Gecko/20030728 Mozilla Firebird/0.6.1"
18.250.3.150 - - [02/Sep/2003:09:07:58 -0700] "GET /images/button-download.gif HTTP/1.1" 200 733 "http://www.antlr.org/article/needlook.html" "Mozilla/5.0 (X11; U; Linux i686; en-US; rv:1.5a) Gecko/20030728 Mozilla Firebird/0.6.1"
18.250.3.150 - - [02/Sep/2003:09:07:58 -0700] "GET /images/search.gif HTTP/1.1" 200 299 "http://www.antlr.org/article/needlook.html" "Mozilla/5.0 (X11; U; Linux i686; en-US; rv:1.5a) Gecko/20030728 Mozilla Firebird/0.6.1"
18.250.3.150 - - [02/Sep/2003:09:07:58 -0700] "GET /images/search-go.gif HTTP/1.1" 200 266 "http://www.antlr.org/article/needlook.html" "Mozilla/5.0 (X11; U; Linux i686; en-US; rv:1.5a) Gecko/20030728 Mozilla Firebird/0.6.1"
18.250.3.150 - - [02/Sep/2003:09:07:58 -0700] "GET /logo.gif HTTP/1.1" 200 6455 "http://www.antlr.org/article/needlook.html" "Mozilla/5.0 (X11; U; Linux i686; en-US; rv:1.5a) Gecko/20030728 Mozilla Firebird/0.6.1"
18.250.3.150 - - [02/Sep/2003:09:07:58 -0700] "GET /images/head-shim.gif HTTP/1.1" 200 158 "http://www.antlr.org/article/needlook.html" "Mozilla/5.0 (X11; U; Linux i686; en-US; rv:1.5a) Gecko/20030728 Mozilla Firebird/0.6.1"
61.11.48.139 - - [02/Sep/2003:09:08:40 -0700] "GET /doc/getting-started.html HTTP/1.1" 200 11326 "-" "Mozilla/4.0 (compatible; MSIE 6.0; Windows NT 5.0; .NET CLR 1.1.4322)"
61.11.48.139 - - [02/Sep/2003:09:08:49 -0700] "GET /images/shim.gif HTTP/1.1" 304 - "http://www.antlr.org/doc/getting-started.html" "Mozilla/4.0 (compatible; MSIE 6.0; Windows NT 5.0; .NET CLR 1.1.4322)"
61.11.48.139 - - [02/Sep/2003:09:08:49 -0700] "GET /images/logo-head.gif HTTP/1.1" 304 - "http://www.antlr.org/doc/getting-started.html" "Mozilla/4.0 (compatible; MSIE 6.0; Windows NT 5.0; .NET CLR 1.1.4322)"
61.11.48.139 - - [02/Sep/2003:09:08:50 -0700] "GET /images/head-shim.gif HTTP/1.1" 304 - "http://www.antlr.org/doc/getting-started.html" "Mozilla/4.0 (compatible; MSIE 6.0; Windows NT 5.0; .NET CLR 1.1.4322)"
61.11.48.139 - - [02/Sep/2003:09:08:52 -0700] "GET /images/button-download.gif HTTP/1.1" 304 - "http://www.antlr.org/doc/getting-started.html" "Mozilla/4.0 (compatible; MSIE 6.0; Windows NT 5.0; .NET CLR 1.1.4322)"
61.11.48.139 - - [02/Sep/2003:09:09:04 -0700] "GET /images/search.gif HTTP/1.1" 304 - "http://www.antlr.org/doc/getting-started.html" "Mozilla/4.0 (compatible; MSIE 6.0; Windows NT 5.0; .NET CLR 1.1.4322)"
61.11.48.139 - - [02/Sep/2003:09:09:04 -0700] "GET /images/search-go.gif HTTP/1.1" 304 - "http://www.antlr.org/doc/getting-started.html" "Mozilla/4.0 (compatible; MSIE 6.0; Windows NT 5.0; .NET CLR 1.1.4322)"
216.181.179.247 - - [02/Sep/2003:09:10:11 -0700] "GET /doc/metalang.html HTTP/1.1" 200 52606 "http://www.antlr.org/doc/index.html" "Mozilla/4.0 (compatible; MSIE 6.0; Windows NT 5.1; .NET CLR 1.0.3705; .NET CLR 1.1.4322)"
216.181.179.247 - - [02/Sep/2003:09:10:12 -0700] "GET /doc/optional.gif HTTP/1.1" 200 2018 "http://www.antlr.org/doc/metalang.html" "Mozilla/4.0 (compatible; MSIE 6.0; Windows NT 5.1; .NET CLR 1.0.3705; .NET CLR 1.1.4322)"
216.181.179.247 - - [02/Sep/2003:09:10:12 -0700] "GET /doc/subrule.gif HTTP/1.1" 200 1887 "http://www.antlr.org/doc/metalang.html" "Mozilla/4.0 (compatible; MSIE 6.0; Windows NT 5.1; .NET CLR 1.0.3705; .NET CLR 1.1.4322)"
216.181.179.247 - - [02/Sep/2003:09:10:12 -0700] "GET /doc/closure.gif HTTP/1.1" 200 2166 "http://www.antlr.org/doc/metalang.html" "Mozilla/4.0 (compatible; MSIE 6.0; Windows NT 5.1; .NET CLR 1.0.3705; .NET CLR 1.1.4322)"
216.181.179.247 - - [02/Sep/2003:09:10:12 -0700] "GET /doc/posclosure.gif HTTP/1.1" 200 2031 "http://www.antlr.org/doc/metalang.html" "Mozilla/4.0 (compatible; MSIE 6.0; Windows NT 5.1; .NET CLR 1.0.3705; .NET CLR 1.1.4322)"
61.97.229.58 - - [02/Sep/2003:09:10:13 -0700] "GET / HTTP/1.1" 200 11690 "http://www.google.co.kr/search?q=antlr&ie=UTF-8&oe=UTF-8&hl=ko&lr=" "Mozilla/4.0 (compatible; MSIE 6.0; Windows NT 5.0)"
61.97.229.58 - - [02/Sep/2003:09:10:13 -0700] "GET /images/shim.gif HTTP/1.1" 200 43 "http://www.antlr.org/" "Mozilla/4.0 (compatible; MSIE 6.0; Windows NT 5.0)"
61.97.229.58 - - [02/Sep/2003:09:10:13 -0700] "GET /images/logo-head.gif HTTP/1.1" 200 4098 "http://www.antlr.org/" "Mozilla/4.0 (compatible; MSIE 6.0; Windows NT 5.0)"
61.97.229.58 - - [02/Sep/2003:09:10:13 -0700] "GET /images/button-download.gif HTTP/1.1" 200 733 "http://www.antlr.org/" "Mozilla/4.0 (compatible; MSIE 6.0; Windows NT 5.0)"
61.97.229.58 - - [02/Sep/2003:09:10:13 -0700] "GET /images/head-shim.gif HTTP/1.1" 200 158 "http://www.antlr.org/" "Mozilla/4.0 (compatible; MSIE 6.0; Windows NT 5.0)"
61.97.229.58 - - [02/Sep/2003:09:10:13 -0700] "GET /images/parr-head.jpg HTTP/1.1" 200 3582 "http://www.antlr.org/" "Mozilla/4.0 (compatible; MSIE 6.0; Windows NT 5.0)"
61.97.229.58 - - [02/Sep/2003:09:10:13 -0700] "GET /images/search.gif HTTP/1.1" 200 299 "http://www.antlr.org/" "Mozilla/4.0 (compatible; MSIE 6.0; Windows NT 5.0)"
61.97.229.58 - - [02/Sep/2003:09:10:14 -0700] "GET /images/search-go.gif HTTP/1.1" 200 266 "http://www.antlr.org/" "Mozilla/4.0 (compatible; MSIE 6.0; Windows NT 5.0)"
61.97.229.58 - - [02/Sep/2003:09:10:19 -0700] "GET /about.html HTTP/1.1" 200 8707 "http://www.antlr.org/" "Mozilla/4.0 (compatible; MSIE 6.0; Windows NT 5.0)"
61.97.229.58 - - [02/Sep/2003:09:10:24 -0700] "GET /article/list HTTP/1.1" 200 15911 "http://www.antlr.org/about.html" "Mozilla/4.0 (compatible; MSIE 6.0; Windows NT 5.0)"
61.97.229.58 - - [02/Sep/2003:09:10:24 -0700] "GET /images/button-add-article.gif HTTP/1.1" 200 579 "http://www.antlr.org/article/list" "Mozilla/4.0 (compatible; MSIE 6.0; Windows NT 5.0)"
61.97.229.58 - - [02/Sep/2003:09:10:29 -0700] "GET /doc/index.html HTTP/1.1" 200 26469 "http://www.antlr.org/article/list" "Mozilla/4.0 (compatible; MSIE 6.0; Windows NT 5.0)"
61.97.229.58 - - [02/Sep/2003:09:10:40 -0700] "GET /doc/lexer.to.parser.tokens.gif HTTP/1.1" 200 3585 "http://www.antlr.org/doc/streams.html" "Mozilla/4.0 (compatible; MSIE 6.0; Windows NT 5.0)"
61.97.229.58 - - [02/Sep/2003:09:10:40 -0700] "GET /doc/streams.html HTTP/1.1" 200 37824 "http://www.antlr.org/doc/index.html" "Mozilla/4.0 (compatible; MSIE 6.0; Windows NT 5.0)"
61.97.229.58 - - [02/Sep/2003:09:10:40 -0700] "GET /doc/stream.splitter.gif HTTP/1.1" 200 5527 "http://www.antlr.org/doc/streams.html" "Mozilla/4.0 (compatible; MSIE 6.0; Windows NT 5.0)"
61.97.229.58 - - [02/Sep/2003:09:10:40 -0700] "GET /doc/hidden.stream.gif HTTP/1.1" 200 3667 "http://www.antlr.org/doc/streams.html" "Mozilla/4.0 (compatible; MSIE 6.0; Windows NT 5.0)"
61.97.229.58 - - [02/Sep/2003:09:10:40 -0700] "GET /doc/stream.selector.gif HTTP/1.1" 200 5976 "http://www.antlr.org/doc/streams.html" "Mozilla/4.0 (compatible; MSIE 6.0; Windows NT 5.0)"
61.97.229.58 - - [02/Sep/2003:09:10:40 -0700] "GET /doc/stream.perspectives.gif HTTP/1.1" 200 2679 "http://www.antlr.org/doc/streams.html" "Mozilla/4.0 (compatible; MSIE 6.0; Windows NT 5.0)"
216.181.179.247 - - [02/Sep/2003:09:10:43 -0700] "GET /doc/lexer.html HTTP/1.1" 200 83864 "http://www.antlr.org/doc/metalang.html" "Mozilla/4.0 (compatible; MSIE 6.0; Windows NT 5.1; .NET CLR 1.0.3705; .NET CLR 1.1.4322)"
61.97.229.58 - - [02/Sep/2003:09:10:46 -0700] "GET /doc/index.html HTTP/1.1" 200 26469 "http://www.antlr.org/article/list" "Mozilla/4.0 (compatible; MSIE 6.0; Windows NT 5.0)"
61.97.229.58 - - [02/Sep/2003:09:10:48 -0700] "GET /article/list HTTP/1.1" 200 15911 "http://www.antlr.org/about.html" "Mozilla/4.0 (compatible; MSIE 6.0; Windows NT 5.0)"
61.97.229.58 - - [02/Sep/2003:09:10:53 -0700] "GET /article/list HTTP/1.1" 200 15911 "http://www.antlr.org/article/list" "Mozilla/4.0 (compatible; MSIE 6.0; Windows NT 5.0)"
61.97.229.58 - - [02/Sep/2003:09:10:55 -0700] "GET /book/index.html HTTP/1.1" 200 9357 "http://www.antlr.org/article/list" "Mozilla/4.0 (compatible; MSIE 6.0; Windows NT 5.0)"
61.97.229.58 - - [02/Sep/2003:09:11:01 -0700] "GET /book/language.pdf HTTP/1.1" 200 103260 "http://www.antlr.org/book/index.html" "Mozilla/4.0 (compatible; MSIE 6.0; Windows NT 5.0)"
61.97.229.58 - - [02/Sep/2003:09:11:16 -0700] "GET /book/index.html HTTP/1.1" 200 9357 "http://www.antlr.org/article/list" "Mozilla/4.0 (compatible; MSIE 6.0; Windows NT 5.0)"
61.97.229.58 - - [02/Sep/2003:09:11:17 -0700] "GET /article/list HTTP/1.1" 200 15911 "http://www.antlr.org/article/list" "Mozilla/4.0 (compatible; MSIE 6.0; Windows NT 5.0)"
61.97.229.58 - - [02/Sep/2003:09:11:20 -0700] "GET /doc/getting-started.html HTTP/1.1" 200 11326 "http://www.antlr.org/article/list" "Mozilla/4.0 (compatible; MSIE 6.0; Windows NT 5.0)"
61.97.229.58 - - [02/Sep/2003:09:11:24 -0700] "GET /article/cutpaste/index.html HTTP/1.1" 200 10494 "http://www.antlr.org/doc/getting-started.html" "Mozilla/4.0 (compatible; MSIE 6.0; Windows NT 5.0)"
61.97.229.58 - - [02/Sep/2003:09:11:57 -0700] "GET /doc/getting-started.html HTTP/1.1" 200 11326 "http://www.antlr.org/article/list" "Mozilla/4.0 (compatible; MSIE 6.0; Windows NT 5.0)"
61.97.229.58 - - [02/Sep/2003:09:12:11 -0700] "GET /doc/getting-started.html HTTP/1.1" 200 11326 "http://www.antlr.org/article/list" "Mozilla/4.0 (compatible; MSIE 6.0; Windows NT 5.0)"
212.160.232.11 - - [02/Sep/2003:09:12:26 -0700] "GET / HTTP/1.1" 200 11690 "-" "Mozilla/4.0 (compatible; MSIE 6.0; Windows 98; .NET CLR 1.1.4322; .NET CLR 1.0.3705)"
212.160.232.11 - - [02/Sep/2003:09:12:26 -0700] "GET /images/shim.gif HTTP/1.1" 200 43 "http://www.antlr.org/" "Mozilla/4.0 (compatible; MSIE 6.0; Windows 98; .NET CLR 1.1.4322; .NET CLR 1.0.3705)"
212.160.232.11 - - [02/Sep/2003:09:12:26 -0700] "GET /images/logo-head.gif HTTP/1.1" 200 4098 "http://www.antlr.org/" "Mozilla/4.0 (compatible; MSIE 6.0; Windows 98; .NET CLR 1.1.4322; .NET CLR 1.0.3705)"
212.160.232.11 - - [02/Sep/2003:09:12:26 -0700] "GET /images/button-download.gif HTTP/1.1" 200 733 "http://www.antlr.org/" "Mozilla/4.0 (compatible; MSIE 6.0; Windows 98; .NET CLR 1.1.4322; .NET CLR 1.0.3705)"
212.160.232.11 - - [02/Sep/2003:09:12:27 -0700] "GET /images/parr-head.jpg HTTP/1.1" 200 3582 "http://www.antlr.org/" "Mozilla/4.0 (compatible; MSIE 6.0; Windows 98; .NET CLR 1.1.4322; .NET CLR 1.0.3705)"
212.160.232.11 - - [02/Sep/2003:09:12:27 -0700] "GET /images/head-shim.gif HTTP/1.1" 200 158 "http://www.antlr.org/" "Mozilla/4.0 (compatible; MSIE 6.0; Windows 98; .NET CLR 1.1.4322; .NET CLR 1.0.3705)"
61.97.229.58 - - [02/Sep/2003:09:12:27 -0700] "GET /doc/getting-started.html HTTP/1.1" 200 11326 "http://www.antlr.org/article/list" "Mozilla/4.0 (compatible; MSIE 6.0; Windows NT 5.0)"
212.160.232.11 - - [02/Sep/2003:09:12:27 -0700] "GET /images/search.gif HTTP/1.1" 200 299 "http://www.antlr.org/" "Mozilla/4.0 (compatible; MSIE 6.0; Windows 98; .NET CLR 1.1.4322; .NET CLR 1.0.3705)"
212.160.232.11 - - [02/Sep/2003:09:12:27 -0700] "GET /images/search-go.gif HTTP/1.1" 200 266 "http://www.antlr.org/" "Mozilla/4.0 (compatible; MSIE 6.0; Windows 98; .NET CLR 1.1.4322; .NET CLR 1.0.3705)"
212.160.232.11 - - [02/Sep/2003:09:12:37 -0700] "GET /grammar/list HTTP/1.1" 200 15685 "http://www.antlr.org/" "Mozilla/4.0 (compatible; MSIE 6.0; Windows 98; .NET CLR 1.1.4322; .NET CLR 1.0.3705)"
218.227.204.171 - - [02/Sep/2003:09:12:37 -0700] "HEAD / HTTP/1.1" 200 8192 "-" "Wget/1.5.3.1"
212.160.232.11 - - [02/Sep/2003:09:12:37 -0700] "GET /images/button-add-grammar.gif HTTP/1.1" 200 664 "http://www.antlr.org/grammar/list" "Mozilla/4.0 (compatible; MSIE 6.0; Windows 98; .NET CLR 1.1.4322; .NET CLR 1.0.3705)"
212.160.232.11 - - [02/Sep/2003:09:12:43 -0700] "GET /grammar/1057936474293/index.html HTTP/1.1" 200 8124 "http://www.antlr.org/grammar/list" "Mozilla/4.0 (compatible; MSIE 6.0; Windows 98; .NET CLR 1.1.4322; .NET CLR 1.0.3705)"
212.199.10.62 - - [02/Sep/2003:09:12:43 -0700] "GET /download/antlr-2.7.2.zip HTTP/1.1" 200 212992 "-" "Mozilla/4.0 (compatible; MSIE 5.0; Windows 98; DigExt)"
212.160.232.11 - - [02/Sep/2003:09:12:44 -0700] "GET /images/shim.gif HTTP/1.1" 304 - "http://www.antlr.org/grammar/1057936474293/index.html" "Mozilla/4.0 (compatible; MSIE 6.0; Windows 98; .NET CLR 1.1.4322; .NET CLR 1.0.3705)"
212.160.232.11 - - [02/Sep/2003:09:12:44 -0700] "GET /images/logo-head.gif HTTP/1.1" 304 - "http://www.antlr.org/grammar/1057936474293/index.html" "Mozilla/4.0 (compatible; MSIE 6.0; Windows 98; .NET CLR 1.1.4322; .NET CLR 1.0.3705)"
212.160.232.11 - - [02/Sep/2003:09:12:44 -0700] "GET /images/button-download.gif HTTP/1.1" 304 - "http://www.antlr.org/grammar/1057936474293/index.html" "Mozilla/4.0 (compatible; MSIE 6.0; Windows 98; .NET CLR 1.1.4322; .NET CLR 1.0.3705)"
212.160.232.11 - - [02/Sep/2003:09:12:44 -0700] "GET /images/search.gif HTTP/1.1" 304 - "http://www.antlr.org/grammar/1057936474293/index.html" "Mozilla/4.0 (compatible; MSIE 6.0; Windows 98; .NET CLR 1.1.4322; .NET CLR 1.0.3705)"
199.172.169.15 - - [02/Sep/2003:09:12:44 -0700] "GET / HTTP/1.0" 200 11690 "http://www1.cs.columbia.edu/~sedwards/classes/2003/w4115f/project.html" "Mozilla/4.0 (compatible; MSIE 5.5; Windows NT 5.0; T312461; .NET CLR 1.0.3705)"
212.160.232.11 - - [02/Sep/2003:09:12:44 -0700] "GET /images/head-shim.gif HTTP/1.1" 304 - "http://www.antlr.org/grammar/1057936474293/index.html" "Mozilla/4.0 (compatible; MSIE 6.0; Windows 98; .NET CLR 1.1.4322; .NET CLR 1.0.3705)"
199.172.169.15 - - [02/Sep/2003:09:12:44 -0700] "GET /images/head-shim.gif HTTP/1.0" 200 158 "http://www.antlr.org/" "Mozilla/4.0 (compatible; MSIE 5.5; Windows NT 5.0; T312461; .NET CLR 1.0.3705)"
199.172.169.15 - - [02/Sep/2003:09:12:44 -0700] "GET /images/logo-head.gif HTTP/1.0" 200 4098 "http://www.antlr.org/" "Mozilla/4.0 (compatible; MSIE 5.5; Windows NT 5.0; T312461; .NET CLR 1.0.3705)"
199.172.169.15 - - [02/Sep/2003:09:12:44 -0700] "GET /images/shim.gif HTTP/1.0" 200 43 "http://www.antlr.org/" "Mozilla/4.0 (compatible; MSIE 5.5; Windows NT 5.0; T312461; .NET CLR 1.0.3705)"
212.160.232.11 - - [02/Sep/2003:09:12:44 -0700] "GET /images/search-go.gif HTTP/1.1" 304 - "http://www.antlr.org/grammar/1057936474293/index.html" "Mozilla/4.0 (compatible; MSIE 6.0; Windows 98; .NET CLR 1.1.4322; .NET CLR 1.0.3705)"
199.172.169.15 - - [02/Sep/2003:09:12:44 -0700] "GET /images/button-download.gif HTTP/1.0" 200 733 "http://www.antlr.org/" "Mozilla/4.0 (compatible; MSIE 5.5; Windows NT 5.0; T312461; .NET CLR 1.0.3705)"
199.172.169.15 - - [02/Sep/2003:09:12:44 -0700] "GET /images/parr-head.jpg HTTP/1.0" 200 3582 "http://www.antlr.org/" "Mozilla/4.0 (compatible; MSIE 5.5; Windows NT 5.0; T312461; .NET CLR 1.0.3705)"
199.172.169.15 - - [02/Sep/2003:09:12:44 -0700] "GET /images/search-go.gif HTTP/1.0" 200 266 "http://www.antlr.org/" "Mozilla/4.0 (compatible; MSIE 5.5; Windows NT 5.0; T312461; .NET CLR 1.0.3705)"
199.172.169.15 - - [02/Sep/2003:09:12:44 -0700] "GET /images/search.gif HTTP/1.0" 200 299 "http://www.antlr.org/" "Mozilla/4.0 (compatible; MSIE 5.5; Windows NT 5.0; T312461; .NET CLR 1.0.3705)"
212.160.232.11 - - [02/Sep/2003:09:12:49 -0700] "GET /grammar/1057936474293/DmlSQL2.g HTTP/1.1" 200 40960 "http://www.antlr.org/grammar/1057936474293/index.html" "Mozilla/4.0 (compatible; MSIE 6.0; Windows 98; .NET CLR 1.1.4322; .NET CLR 1.0.3705)"
61.97.229.58 - - [02/Sep/2003:09:12:50 -0700] "GET /doc/getting-started.html HTTP/1.1" 200 11326 "http://www.antlr.org/article/list" "Mozilla/4.0 (compatible; MSIE 6.0; Windows NT 5.0)"
212.160.232.11 - - [02/Sep/2003:09:12:52 -0700] "GET /grammar/1057936474293/DmlSQL2.zip HTTP/1.1" 200 39290 "http://www.antlr.org/grammar/1057936474293/index.html" "Mozilla/4.0 (compatible; MSIE 6.0; Windows 98; .NET CLR 1.1.4322; .NET CLR 1.0.3705)"
61.97.229.58 - - [02/Sep/2003:09:12:55 -0700] "GET /testimonial/list HTTP/1.1" 200 12509 "http://www.antlr.org/doc/getting-started.html" "Mozilla/4.0 (compatible; MSIE 6.0; Windows NT 5.0)"
61.11.48.139 - - [02/Sep/2003:09:12:55 -0700] "GET /doc/getting-started.html HTTP/1.1" 200 11326 "-" "Mozilla/4.0 (compatible; MSIE 6.0; Windows NT 5.0; .NET CLR 1.1.4322)"
61.97.229.58 - - [02/Sep/2003:09:12:55 -0700] "GET /images/button-testimonial.gif HTTP/1.1" 200 701 "http://www.antlr.org/testimonial/list" "Mozilla/4.0 (compatible; MSIE 6.0; Windows NT 5.0)"
61.97.229.58 - - [02/Sep/2003:09:13:02 -0700] "GET /why.html HTTP/1.1" 200 10713 "http://www.antlr.org/testimonial/list" "Mozilla/4.0 (compatible; MSIE 6.0; Windows NT 5.0)"
61.97.229.58 - - [02/Sep/2003:09:13:17 -0700] "GET /about.html HTTP/1.1" 200 8707 "http://www.antlr.org/why.html" "Mozilla/4.0 (compatible; MSIE 6.0; Windows NT 5.0)"
61.97.229.58 - - [02/Sep/2003:09:13:25 -0700] "GET /showcase/list HTTP/1.1" 200 13108 "http://www.antlr.org/about.html" "Mozilla/4.0 (compatible; MSIE 6.0; Windows NT 5.0)"
61.97.229.58 - - [02/Sep/2003:09:13:25 -0700] "GET /images/button-add-showcase.gif HTTP/1.1" 200 682 "http://www.antlr.org/showcase/list" "Mozilla/4.0 (compatible; MSIE 6.0; Windows NT 5.0)"
61.97.229.58 - - [02/Sep/2003:09:13:48 -0700] "GET /article/list HTTP/1.1" 200 15911 "http://www.antlr.org/showcase/list" "Mozilla/4.0 (compatible; MSIE 6.0; Windows NT 5.0)"
18.250.3.150 - - [02/Sep/2003:09:13:54 -0700] "GET /logo.gif HTTP/1.1" 200 6455 "http://www.antlr.org/article/needlook.html" "Mozilla/5.0 (X11; U; Linux i686; en-US; rv:1.5a) Gecko/20030728 Mozilla Firebird/0.6.1"
61.97.229.58 - - [02/Sep/2003:09:13:57 -0700] "GET /article/index.html HTTP/1.1" 302 150 "http://www.antlr.org/article/list" "Mozilla/4.0 (compatible; MSIE 6.0; Windows NT 5.0)"
61.97.229.58 - - [02/Sep/2003:09:13:57 -0700] "GET /error.jsp?msg=Problems+extracting+content%2Ftitle+from+file+%2Farticle%2Findex.html%3A+null HTTP/1.1" 200 6470 "http://www.antlr.org/article/list" "Mozilla/4.0 (compatible; MSIE 6.0; Windows NT 5.0)"
216.181.179.247 - - [02/Sep/2003:09:13:58 -0700] "GET /doc/metalang.html HTTP/1.1" 200 52606 "http://www.antlr.org/doc/index.html" "Mozilla/4.0 (compatible; MSIE 6.0; Windows NT 5.1; .NET CLR 1.0.3705; .NET CLR 1.1.4322)"
61.97.229.58 - - [02/Sep/2003:09:13:59 -0700] "GET /article/list HTTP/1.1" 200 15911 "http://www.antlr.org/showcase/list" "Mozilla/4.0 (compatible; MSIE 6.0; Windows NT 5.0)"
61.97.229.58 - - [02/Sep/2003:09:14:01 -0700] "GET /article/1055467764609/index.html HTTP/1.1" 200 14681 "http://www.antlr.org/article/list" "Mozilla/4.0 (compatible; MSIE 6.0; Windows NT 5.0)"
61.97.229.58 - - [02/Sep/2003:09:14:01 -0700] "GET /logo.gif HTTP/1.1" 200 6455 "http://www.antlr.org/article/1055467764609/index.html" "Mozilla/4.0 (compatible; MSIE 6.0; Windows NT 5.0)"
216.181.179.247 - - [02/Sep/2003:09:14:09 -0700] "GET /doc/index.html HTTP/1.1" 200 26469 "http://www.antlr.org/javadoc/antlr/package-summary.html" "Mozilla/4.0 (compatible; MSIE 6.0; Windows NT 5.1; .NET CLR 1.0.3705; .NET CLR 1.1.4322)"
216.181.179.247 - - [02/Sep/2003:09:14:14 -0700] "GET /images/shim.gif HTTP/1.1" 304 - "http://www.antlr.org/doc/metalang.html" "Mozilla/4.0 (compatible; MSIE 6.0; Windows NT 5.1; .NET CLR 1.0.3705; .NET CLR 1.1.4322)"
216.181.179.247 - - [02/Sep/2003:09:14:14 -0700] "GET /images/logo-head.gif HTTP/1.1" 304 - "http://www.antlr.org/doc/metalang.html" "Mozilla/4.0 (compatible; MSIE 6.0; Windows NT 5.1; .NET CLR 1.0.3705; .NET CLR 1.1.4322)"
216.181.179.247 - - [02/Sep/2003:09:14:14 -0700] "GET /doc/metalang.html HTTP/1.1" 200 52606 "http://www.antlr.org/doc/index.html" "Mozilla/4.0 (compatible; MSIE 6.0; Windows NT 5.1; .NET CLR 1.0.3705; .NET CLR 1.1.4322)"
216.181.179.247 - - [02/Sep/2003:09:14:14 -0700] "GET /images/head-shim.gif HTTP/1.1" 304 - "http://www.antlr.org/doc/metalang.html" "Mozilla/4.0 (compatible; MSIE 6.0; Windows NT 5.1; .NET CLR 1.0.3705; .NET CLR 1.1.4322)"
216.181.179.247 - - [02/Sep/2003:09:14:14 -0700] "GET /images/button-download.gif HTTP/1.1" 304 - "http://www.antlr.org/doc/metalang.html" "Mozilla/4.0 (compatible; MSIE 6.0; Windows NT 5.1; .NET CLR 1.0.3705; .NET CLR 1.1.4322)"
216.181.179.247 - - [02/Sep/2003:09:14:15 -0700] "GET /images/search.gif HTTP/1.1" 304 - "http://www.antlr.org/doc/metalang.html" "Mozilla/4.0 (compatible; MSIE 6.0; Windows NT 5.1; .NET CLR 1.0.3705; .NET CLR 1.1.4322)"
216.181.179.247 - - [02/Sep/2003:09:14:15 -0700] "GET /images/search-go.gif HTTP/1.1" 304 - "http://www.antlr.org/doc/metalang.html" "Mozilla/4.0 (compatible; MSIE 6.0; Windows NT 5.1; .NET CLR 1.0.3705; .NET CLR 1.1.4322)"
216.181.179.247 - - [02/Sep/2003:09:14:15 -0700] "GET /doc/subrule.gif HTTP/1.1" 200 1887 "http://www.antlr.org/doc/metalang.html" "Mozilla/4.0 (compatible; MSIE 6.0; Windows NT 5.1; .NET CLR 1.0.3705; .NET CLR 1.1.4322)"
216.181.179.247 - - [02/Sep/2003:09:14:15 -0700] "GET /doc/optional.gif HTTP/1.1" 200 2018 "http://www.antlr.org/doc/metalang.html" "Mozilla/4.0 (compatible; MSIE 6.0; Windows NT 5.1; .NET CLR 1.0.3705; .NET CLR 1.1.4322)"
216.181.179.247 - - [02/Sep/2003:09:14:15 -0700] "GET /doc/closure.gif HTTP/1.1" 200 2166 "http://www.antlr.org/doc/metalang.html" "Mozilla/4.0 (compatible; MSIE 6.0; Windows NT 5.1; .NET CLR 1.0.3705; .NET CLR 1.1.4322)"
216.181.179.247 - - [02/Sep/2003:09:14:15 -0700] "GET /doc/posclosure.gif HTTP/1.1" 200 2031 "http://www.antlr.org/doc/metalang.html" "Mozilla/4.0 (compatible; MSIE 6.0; Windows NT 5.1; .NET CLR 1.0.3705; .NET CLR 1.1.4322)"
18.250.3.150 - - [02/Sep/2003:09:14:29 -0700] "GET /logo.gif HTTP/1.1" 200 6455 "http://www.antlr.org/article/needlook.html" "Mozilla/5.0 (X11; U; Linux i686; en-US; rv:1.5a) Gecko/20030728 Mozilla Firebird/0.6.1"
18.250.3.150 - - [02/Sep/2003:09:14:36 -0700] "GET /download.html HTTP/1.1" 200 9276 "http://www.antlr.org/article/needlook.html" "Mozilla/5.0 (X11; U; Linux i686; en-US; rv:1.5a) Gecko/20030728 Mozilla Firebird/0.6.1"
18.250.3.150 - - [02/Sep/2003:09:14:40 -0700] "GET /logo.gif HTTP/1.1" 200 6455 "http://www.antlr.org/article/needlook.html" "Mozilla/5.0 (X11; U; Linux i686; en-US; rv:1.5a) Gecko/20030728 Mozilla Firebird/0.6.1"
18.250.3.150 - - [02/Sep/2003:09:14:49 -0700] "GET /article/1055550517640/parr.phd.thesis.pdf HTTP/1.1" 200 229376 "http://www.google.com/search?hl=en&ie=UTF-8&oe=UTF-8&q=LL%281%29+LL%28k%29+LR%28k%29&btnG=Google+Search" "Mozilla/5.0 (X11; U; Linux i686; en-US; rv:1.5a) Gecko/20030728 Mozilla Firebird/0.6.1"
61.97.229.58 - - [02/Sep/2003:09:14:51 -0700] "GET /logo.gif HTTP/1.1" 200 6455 "-" "Mozilla/4.0 (compatible; MSIE 6.0; Windows NT 5.0)"
61.97.229.58 - - [02/Sep/2003:09:17:18 -0700] "GET /logo.gif HTTP/1.1" 200 6455 "-" "Mozilla/4.0 (compatible; MSIE 6.0; Windows NT 5.0)"
61.97.229.58 - - [02/Sep/2003:09:17:29 -0700] "GET /article/list HTTP/1.1" 200 15911 "http://www.antlr.org/showcase/list" "Mozilla/4.0 (compatible; MSIE 6.0; Windows NT 5.0)"
61.97.229.58 - - [02/Sep/2003:09:17:33 -0700] "GET /article/index.html HTTP/1.1" 302 150 "http://www.antlr.org/article/list" "Mozilla/4.0 (compatible; MSIE 6.0; Windows NT 5.0)"
61.97.229.58 - - [02/Sep/2003:09:17:33 -0700] "GET /error.jsp?msg=Problems+extracting+content%2Ftitle+from+file+%2Farticle%2Findex.html%3A+null HTTP/1.1" 200 6470 "http://www.antlr.org/article/list" "Mozilla/4.0 (compatible; MSIE 6.0; Windows NT 5.0)"
61.97.229.58 - - [02/Sep/2003:09:17:35 -0700] "GET /article/list HTTP/1.1" 200 15911 "http://www.antlr.org/showcase/list" "Mozilla/4.0 (compatible; MSIE 6.0; Windows NT 5.0)"
61.97.229.58 - - [02/Sep/2003:09:17:58 -0700] "GET /article/list HTTP/1.1" 200 15911 "http://www.antlr.org/showcase/list" "Mozilla/4.0 (compatible; MSIE 6.0; Windows NT 5.0)"
61.97.229.58 - - [02/Sep/2003:09:18:15 -0700] "GET /doc/index.html HTTP/1.1" 200 26469 "http://www.antlr.org/article/list" "Mozilla/4.0 (compatible; MSIE 6.0; Windows NT 5.0)"
61.97.229.58 - - [02/Sep/2003:09:18:24 -0700] "GET /doc/lexer.html HTTP/1.1" 200 83864 "http://www.antlr.org/doc/index.html" "Mozilla/4.0 (compatible; MSIE 6.0; Windows NT 5.0)"
61.97.229.58 - - [02/Sep/2003:09:18:35 -0700] "GET /doc/index.html HTTP/1.1" 200 26469 "http://www.antlr.org/article/list" "Mozilla/4.0 (compatible; MSIE 6.0; Windows NT 5.0)"
61.97.229.58 - - [02/Sep/2003:09:19:11 -0700] "GET /article/list HTTP/1.1" 200 15911 "http://www.antlr.org/showcase/list" "Mozilla/4.0 (compatible; MSIE 6.0; Windows NT 5.0)"
61.97.229.58 - - [02/Sep/2003:09:19:15 -0700] "GET /article/list HTTP/1.1" 200 15911 "http://www.antlr.org/article/list" "Mozilla/4.0 (compatible; MSIE 6.0; Windows NT 5.0)"
141.45.31.103 - - [02/Sep/2003:09:19:20 -0700] "GET /pccts133.html HTTP/1.0" 200 18035 "http://catalog.compilertools.net/kits.html" "Mozilla/4.8 (Macintosh; U; PPC)"
141.45.31.103 - - [02/Sep/2003:09:19:20 -0700] "GET /images/shim.gif HTTP/1.0" 200 43 "http://www.ANTLR.org/pccts133.html" "Mozilla/4.8 (Macintosh; U; PPC)"
141.45.31.103 - - [02/Sep/2003:09:19:20 -0700] "GET /images/logo-head.gif HTTP/1.0" 200 4098 "http://www.ANTLR.org/pccts133.html" "Mozilla/4.8 (Macintosh; U; PPC)"
141.45.31.103 - - [02/Sep/2003:09:19:20 -0700] "GET /images/shim.gif HTTP/1.0" 200 43 "http://www.ANTLR.org/pccts133.html" "Mozilla/4.8 (Macintosh; U; PPC)"
61.97.229.58 - - [02/Sep/2003:09:19:20 -0700] "GET /doc/getting-started.html HTTP/1.1" 200 11326 "http://www.antlr.org/article/list" "Mozilla/4.0 (compatible; MSIE 6.0; Windows NT 5.0)"
141.45.31.103 - - [02/Sep/2003:09:19:20 -0700] "GET /images/logo-head.gif HTTP/1.0" 200 4098 "http://www.ANTLR.org/pccts133.html" "Mozilla/4.8 (Macintosh; U; PPC)"
141.45.31.103 - - [02/Sep/2003:09:19:20 -0700] "GET /images/search.gif HTTP/1.0" 200 299 "http://www.ANTLR.org/pccts133.html" "Mozilla/4.8 (Macintosh; U; PPC)"
141.45.31.103 - - [02/Sep/2003:09:19:20 -0700] "GET /images/head-shim.gif HTTP/1.0" 200 158 "http://www.ANTLR.org/pccts133.html" "Mozilla/4.8 (Macintosh; U; PPC)"
141.45.31.103 - - [02/Sep/2003:09:19:22 -0700] "GET /images/button-download.gif HTTP/1.0" 200 733 "http://www.ANTLR.org/pccts133.html" "Mozilla/4.8 (Macintosh; U; PPC)"
141.45.31.103 - - [02/Sep/2003:09:19:22 -0700] "GET /images/search-go.gif HTTP/1.0" 200 266 "http://www.ANTLR.org/pccts133.html" "Mozilla/4.8 (Macintosh; U; PPC)"
61.97.229.58 - - [02/Sep/2003:09:19:29 -0700] "GET /book/byhand.pdf HTTP/1.1" 200 93253 "http://www.antlr.org/doc/getting-started.html" "Mozilla/4.0 (compatible; MSIE 6.0; Windows NT 5.0)"
65.204.211.10 - - [02/Sep/2003:09:19:42 -0700] "GET /images/shim.gif HTTP/1.1" 304 - "http://www.antlr.org/" "Mozilla/4.0 (compatible; MSIE 6.0; Windows NT 5.1; .NET CLR 1.0.3705; .NET CLR 1.1.4322)"
65.204.211.10 - - [02/Sep/2003:09:19:42 -0700] "GET / HTTP/1.1" 200 11690 "-" "Mozilla/4.0 (compatible; MSIE 6.0; Windows NT 5.1; .NET CLR 1.0.3705; .NET CLR 1.1.4322)"
65.204.211.10 - - [02/Sep/2003:09:19:42 -0700] "GET /images/logo-head.gif HTTP/1.1" 304 - "http://www.antlr.org/" "Mozilla/4.0 (compatible; MSIE 6.0; Windows NT 5.1; .NET CLR 1.0.3705; .NET CLR 1.1.4322)"
65.204.211.10 - - [02/Sep/2003:09:19:42 -0700] "GET /images/head-shim.gif HTTP/1.1" 304 - "http://www.antlr.org/" "Mozilla/4.0 (compatible; MSIE 6.0; Windows NT 5.1; .NET CLR 1.0.3705; .NET CLR 1.1.4322)"
65.204.211.10 - - [02/Sep/2003:09:19:42 -0700] "GET /images/parr-head.jpg HTTP/1.1" 304 - "http://www.antlr.org/" "Mozilla/4.0 (compatible; MSIE 6.0; Windows NT 5.1; .NET CLR 1.0.3705; .NET CLR 1.1.4322)"
65.204.211.10 - - [02/Sep/2003:09:19:42 -0700] "GET /images/button-download.gif HTTP/1.1" 304 - "http://www.antlr.org/" "Mozilla/4.0 (compatible; MSIE 6.0; Windows NT 5.1; .NET CLR 1.0.3705; .NET CLR 1.1.4322)"
65.204.211.10 - - [02/Sep/2003:09:19:42 -0700] "GET /images/search.gif HTTP/1.1" 304 - "http://www.antlr.org/" "Mozilla/4.0 (compatible; MSIE 6.0; Windows NT 5.1; .NET CLR 1.0.3705; .NET CLR 1.1.4322)"
65.204.211.10 - - [02/Sep/2003:09:19:42 -0700] "GET /images/search-go.gif HTTP/1.1" 304 - "http://www.antlr.org/" "Mozilla/4.0 (compatible; MSIE 6.0; Windows NT 5.1; .NET CLR 1.0.3705; .NET CLR 1.1.4322)"
61.97.229.58 - - [02/Sep/2003:09:19:56 -0700] "GET /doc/getting-started.html HTTP/1.1" 200 11326 "http://www.antlr.org/article/list" "Mozilla/4.0 (compatible; MSIE 6.0; Windows NT 5.0)"
61.97.229.58 - - [02/Sep/2003:09:20:03 -0700] "GET /article/firstgr/index.html HTTP/1.1" 200 14192 "http://www.antlr.org/doc/getting-started.html" "Mozilla/4.0 (compatible; MSIE 6.0; Windows NT 5.0)"
61.97.229.58 - - [02/Sep/2003:09:20:11 -0700] "GET /doc/getting-started.html HTTP/1.1" 200 11326 "http://www.antlr.org/article/list" "Mozilla/4.0 (compatible; MSIE 6.0; Windows NT 5.0)"
65.204.211.10 - - [02/Sep/2003:09:20:12 -0700] "GET /doc/getting-started.html HTTP/1.1" 200 11326 "http://www.antlr.org/" "Mozilla/4.0 (compatible; MSIE 6.0; Windows NT 5.1; .NET CLR 1.0.3705; .NET CLR 1.1.4322)"
61.97.229.58 - - [02/Sep/2003:09:20:15 -0700] "GET /article/cutpaste/index.html HTTP/1.1" 200 10494 "http://www.antlr.org/doc/getting-started.html" "Mozilla/4.0 (compatible; MSIE 6.0; Windows NT 5.0)"
61.97.229.58 - - [02/Sep/2003:09:20:21 -0700] "GET /doc/getting-started.html HTTP/1.1" 200 11326 "http://www.antlr.org/article/list" "Mozilla/4.0 (compatible; MSIE 6.0; Windows NT 5.0)"
61.97.229.58 - - [02/Sep/2003:09:20:56 -0700] "GET /article/cutpaste/index.html HTTP/1.1" 200 10494 "http://www.antlr.org/doc/getting-started.html" "Mozilla/4.0 (compatible; MSIE 6.0; Windows NT 5.0)"
61.97.229.58 - - [02/Sep/2003:09:20:59 -0700] "GET /doc/getting-started.html HTTP/1.1" 200 11326 "http://www.antlr.org/article/list" "Mozilla/4.0 (compatible; MSIE 6.0; Windows NT 5.0)"
209.237.238.161 - - [02/Sep/2003:09:21:11 -0700] "GET /robots.txt HTTP/1.0" 200 6457 "-" "ia_archiver"
209.237.238.161 - - [02/Sep/2003:09:21:11 -0700] "GET /doc/metalang.tml HTTP/1.0" 200 55554 "-" "ia_archiver"
61.97.229.58 - - [02/Sep/2003:09:21:43 -0700] "GET /doc/getting-started.html HTTP/1.1" 200 11326 "http://www.antlr.org/article/list" "Mozilla/4.0 (compatible; MSIE 6.0; Windows NT 5.0)"
61.97.229.58 - - [02/Sep/2003:09:22:21 -0700] "GET /doc/getting-started.html HTTP/1.1" 200 11326 "http://www.antlr.org/article/list" "Mozilla/4.0 (compatible; MSIE 6.0; Windows NT 5.0)"
81.56.196.172 - - [02/Sep/2003:09:22:44 -0700] "GET /download/antlr-2.7.2.zip HTTP/1.1" 200 98304 "-" "Mozilla/4.01 [en](Win95;I)"
61.97.229.58 - - [02/Sep/2003:09:22:52 -0700] "GET /doc/getting-started.html HTTP/1.1" 200 11326 "http://www.antlr.org/article/list" "Mozilla/4.0 (compatible; MSIE 6.0; Windows NT 5.0)"
81.56.196.172 - - [02/Sep/2003:09:22:53 -0700] "GET /download/antlr-2.7.2.zip HTTP/1.1" 200 90112 "-" "Mozilla/4.01 [en](Win95;I)"
61.11.48.139 - - [02/Sep/2003:09:22:58 -0700] "GET /images/head-shim.gif HTTP/1.1" 304 - "http://www.antlr.org/doc/getting-started.html" "Mozilla/4.0 (compatible; MSIE 6.0; Windows NT 5.0; .NET CLR 1.1.4322)"
61.11.48.139 - - [02/Sep/2003:09:22:58 -0700] "GET /images/head-shim.gif HTTP/1.1" 304 - "http://www.antlr.org/doc/getting-started.html" "Mozilla/4.0 (compatible; MSIE 6.0; Windows NT 5.0; .NET CLR 1.1.4322)"
61.11.48.139 - - [02/Sep/2003:09:22:59 -0700] "GET /images/head-shim.gif HTTP/1.1" 304 - "http://www.antlr.org/doc/getting-started.html" "Mozilla/4.0 (compatible; MSIE 6.0; Windows NT 5.0; .NET CLR 1.1.4322)"
81.56.196.172 - - [02/Sep/2003:09:23:00 -0700] "GET /download/antlr-2.7.2.zip HTTP/1.1" 200 90112 "-" "Mozilla/4.01 [en](Win95;I)"
81.56.196.172 - - [02/Sep/2003:09:23:03 -0700] "GET /download/antlr-2.7.2.zip HTTP/1.1" 200 90112 "-" "Mozilla/4.01 [en](Win95;I)"
81.56.196.172 - - [02/Sep/2003:09:23:11 -0700] "GET /download/antlr-2.7.2.zip HTTP/1.1" 200 98304 "-" "Mozilla/4.01 [en](Win95;I)"
81.56.196.172 - - [02/Sep/2003:09:23:12 -0700] "GET /download/antlr-2.7.2.zip HTTP/1.1" 200 122880 "-" "Mozilla/4.01 [en](Win95;I)"
12.210.67.206 - - [02/Sep/2003:09:23:15 -0700] "GET /showcase/list HTTP/1.1" 200 13108 "http://www.antlr.org/doc/antlr272release.html" "Mozilla/4.0 (compatible; MSIE 6.0; Windows NT 5.1; Q312461; .NET CLR 1.0.3705; .NET CLR 1.1.4322)"
12.210.67.206 - - [02/Sep/2003:09:23:16 -0700] "GET /images/head-shim.gif HTTP/1.1" 200 158 "http://www.antlr.org/showcase/list" "Mozilla/4.0 (compatible; MSIE 6.0; Windows NT 5.1; Q312461; .NET CLR 1.0.3705; .NET CLR 1.1.4322)"
12.210.67.206 - - [02/Sep/2003:09:23:16 -0700] "GET /images/search.gif HTTP/1.1" 200 299 "http://www.antlr.org/showcase/list" "Mozilla/4.0 (compatible; MSIE 6.0; Windows NT 5.1; Q312461; .NET CLR 1.0.3705; .NET CLR 1.1.4322)"
12.210.67.206 - - [02/Sep/2003:09:23:16 -0700] "GET /images/search-go.gif HTTP/1.1" 200 266 "http://www.antlr.org/showcase/list" "Mozilla/4.0 (compatible; MSIE 6.0; Windows NT 5.1; Q312461; .NET CLR 1.0.3705; .NET CLR 1.1.4322)"
12.210.67.206 - - [02/Sep/2003:09:23:16 -0700] "GET /images/button-add-showcase.gif HTTP/1.1" 200 682 "http://www.antlr.org/showcase/list" "Mozilla/4.0 (compatible; MSIE 6.0; Windows NT 5.1; Q312461; .NET CLR 1.0.3705; .NET CLR 1.1.4322)"
61.97.229.58 - - [02/Sep/2003:09:23:34 -0700] "GET /doc/getting-started.html HTTP/1.1" 200 11326 "http://www.antlr.org/article/list" "Mozilla/4.0 (compatible; MSIE 6.0; Windows NT 5.0)"
61.97.229.58 - - [02/Sep/2003:09:23:39 -0700] "GET /doc/index.html HTTP/1.1" 200 26469 "http://www.antlr.org/doc/getting-started.html" "Mozilla/4.0 (compatible; MSIE 6.0; Windows NT 5.0)"
61.97.229.58 - - [02/Sep/2003:09:23:48 -0700] "GET /doc/metalang.html HTTP/1.1" 200 52606 "http://www.antlr.org/doc/index.html" "Mozilla/4.0 (compatible; MSIE 6.0; Windows NT 5.0)"
61.97.229.58 - - [02/Sep/2003:09:23:48 -0700] "GET /doc/optional.gif HTTP/1.1" 200 2018 "http://www.antlr.org/doc/metalang.html" "Mozilla/4.0 (compatible; MSIE 6.0; Windows NT 5.0)"
61.97.229.58 - - [02/Sep/2003:09:23:49 -0700] "GET /doc/subrule.gif HTTP/1.1" 200 1887 "http://www.antlr.org/doc/metalang.html" "Mozilla/4.0 (compatible; MSIE 6.0; Windows NT 5.0)"
61.97.229.58 - - [02/Sep/2003:09:23:49 -0700] "GET /doc/closure.gif HTTP/1.1" 200 2166 "http://www.antlr.org/doc/metalang.html" "Mozilla/4.0 (compatible; MSIE 6.0; Windows NT 5.0)"
61.97.229.58 - - [02/Sep/2003:09:23:49 -0700] "GET /doc/posclosure.gif HTTP/1.1" 200 2031 "http://www.antlr.org/doc/metalang.html" "Mozilla/4.0 (compatible; MSIE 6.0; Windows NT 5.0)"
61.97.229.58 - - [02/Sep/2003:09:23:53 -0700] "GET /doc/index.html HTTP/1.1" 200 26469 "http://www.antlr.org/doc/getting-started.html" "Mozilla/4.0 (compatible; MSIE 6.0; Windows NT 5.0)"
61.97.229.58 - - [02/Sep/2003:09:23:54 -0700] "GET /doc/getting-started.html HTTP/1.1" 200 11326 "http://www.antlr.org/article/list" "Mozilla/4.0 (compatible; MSIE 6.0; Windows NT 5.0)"
195.217.128.161 - - [02/Sep/2003:09:24:03 -0700] "GET /doc/index.html HTTP/1.0" 200 26469 "http://www.antlr.org/download.html" "Mozilla/4.0 (compatible; MSIE 6.0; Windows NT 5.0)"
195.217.128.161 - - [02/Sep/2003:09:24:03 -0700] "GET /images/shim.gif HTTP/1.0" 304 - "http://www.antlr.org/doc/index.html" "Mozilla/4.0 (compatible; MSIE 6.0; Windows NT 5.0)"
195.217.128.161 - - [02/Sep/2003:09:24:04 -0700] "GET /images/logo-head.gif HTTP/1.0" 304 - "http://www.antlr.org/doc/index.html" "Mozilla/4.0 (compatible; MSIE 6.0; Windows NT 5.0)"
195.217.128.161 - - [02/Sep/2003:09:24:04 -0700] "GET /images/button-download.gif HTTP/1.0" 304 - "http://www.antlr.org/doc/index.html" "Mozilla/4.0 (compatible; MSIE 6.0; Windows NT 5.0)"
61.97.229.58 - - [02/Sep/2003:09:24:04 -0700] "GET /article/list HTTP/1.1" 200 15911 "http://www.antlr.org/doc/getting-started.html" "Mozilla/4.0 (compatible; MSIE 6.0; Windows NT 5.0)"
195.217.128.161 - - [02/Sep/2003:09:24:04 -0700] "GET /images/head-shim.gif HTTP/1.0" 304 - "http://www.antlr.org/doc/index.html" "Mozilla/4.0 (compatible; MSIE 6.0; Windows NT 5.0)"
195.217.128.161 - - [02/Sep/2003:09:24:05 -0700] "GET /images/search.gif HTTP/1.0" 304 - "http://www.antlr.org/doc/index.html" "Mozilla/4.0 (compatible; MSIE 6.0; Windows NT 5.0)"
195.217.128.161 - - [02/Sep/2003:09:24:05 -0700] "GET /images/search-go.gif HTTP/1.0" 304 - "http://www.antlr.org/doc/index.html" "Mozilla/4.0 (compatible; MSIE 6.0; Windows NT 5.0)"
12.210.67.206 - - [02/Sep/2003:09:24:08 -0700] "GET /images/button-download.gif HTTP/1.1" 200 733 "http://www.antlr.org/doc/antlr272release.html" "Mozilla/4.0 (compatible; MSIE 6.0; Windows NT 5.1; Q312461; .NET CLR 1.0.3705; .NET CLR 1.1.4322)"
12.210.67.206 - - [02/Sep/2003:09:24:08 -0700] "GET /doc/antlr272release.html HTTP/1.1" 200 29232 "http://www.antlr.org/doc/index.html" "Mozilla/4.0 (compatible; MSIE 6.0; Windows NT 5.1; Q312461; .NET CLR 1.0.3705; .NET CLR 1.1.4322)"
12.210.67.206 - - [02/Sep/2003:09:24:09 -0700] "GET /images/head-shim.gif HTTP/1.1" 200 158 "http://www.antlr.org/doc/antlr272release.html" "Mozilla/4.0 (compatible; MSIE 6.0; Windows NT 5.1; Q312461; .NET CLR 1.0.3705; .NET CLR 1.1.4322)"
12.210.67.206 - - [02/Sep/2003:09:24:09 -0700] "GET /images/search.gif HTTP/1.1" 200 299 "http://www.antlr.org/doc/antlr272release.html" "Mozilla/4.0 (compatible; MSIE 6.0; Windows NT 5.1; Q312461; .NET CLR 1.0.3705; .NET CLR 1.1.4322)"
12.210.67.206 - - [02/Sep/2003:09:24:09 -0700] "GET /images/search-go.gif HTTP/1.1" 200 266 "http://www.antlr.org/doc/antlr272release.html" "Mozilla/4.0 (compatible; MSIE 6.0; Windows NT 5.1; Q312461; .NET CLR 1.0.3705; .NET CLR 1.1.4322)"
12.210.67.206 - - [02/Sep/2003:09:24:13 -0700] "GET /doc/getting-started.html HTTP/1.1" 200 11326 "http://www.antlr.org/doc/antlr272release.html" "Mozilla/4.0 (compatible; MSIE 6.0; Windows NT 5.1; Q312461; .NET CLR 1.0.3705; .NET CLR 1.1.4322)"
12.210.67.206 - - [02/Sep/2003:09:24:13 -0700] "GET /images/button-download.gif HTTP/1.1" 200 733 "http://www.antlr.org/doc/getting-started.html" "Mozilla/4.0 (compatible; MSIE 6.0; Windows NT 5.1; Q312461; .NET CLR 1.0.3705; .NET CLR 1.1.4322)"
12.210.67.206 - - [02/Sep/2003:09:24:13 -0700] "GET /images/head-shim.gif HTTP/1.1" 200 158 "http://www.antlr.org/doc/getting-started.html" "Mozilla/4.0 (compatible; MSIE 6.0; Windows NT 5.1; Q312461; .NET CLR 1.0.3705; .NET CLR 1.1.4322)"
12.210.67.206 - - [02/Sep/2003:09:24:13 -0700] "GET /images/search.gif HTTP/1.1" 200 299 "http://www.antlr.org/doc/getting-started.html" "Mozilla/4.0 (compatible; MSIE 6.0; Windows NT 5.1; Q312461; .NET CLR 1.0.3705; .NET CLR 1.1.4322)"
12.210.67.206 - - [02/Sep/2003:09:24:13 -0700] "GET /images/search-go.gif HTTP/1.1" 200 266 "http://www.antlr.org/doc/getting-started.html" "Mozilla/4.0 (compatible; MSIE 6.0; Windows NT 5.1; Q312461; .NET CLR 1.0.3705; .NET CLR 1.1.4322)"
61.97.229.58 - - [02/Sep/2003:09:24:19 -0700] "GET /doc/getting-started.html HTTP/1.1" 200 11326 "http://www.antlr.org/article/list" "Mozilla/4.0 (compatible; MSIE 6.0; Windows NT 5.0)"
12.210.67.206 - - [02/Sep/2003:09:24:19 -0700] "GET /article/cutpaste/index.html HTTP/1.1" 200 10494 "http://www.antlr.org/doc/getting-started.html" "Mozilla/4.0 (compatible; MSIE 6.0; Windows NT 5.1; Q312461; .NET CLR 1.0.3705; .NET CLR 1.1.4322)"
12.210.67.206 - - [02/Sep/2003:09:24:19 -0700] "GET /images/button-download.gif HTTP/1.1" 200 733 "http://www.antlr.org/article/cutpaste/index.html" "Mozilla/4.0 (compatible; MSIE 6.0; Windows NT 5.1; Q312461; .NET CLR 1.0.3705; .NET CLR 1.1.4322)"
12.210.67.206 - - [02/Sep/2003:09:24:19 -0700] "GET /images/head-shim.gif HTTP/1.1" 200 158 "http://www.antlr.org/article/cutpaste/index.html" "Mozilla/4.0 (compatible; MSIE 6.0; Windows NT 5.1; Q312461; .NET CLR 1.0.3705; .NET CLR 1.1.4322)"
12.210.67.206 - - [02/Sep/2003:09:24:19 -0700] "GET /images/search.gif HTTP/1.1" 200 299 "http://www.antlr.org/article/cutpaste/index.html" "Mozilla/4.0 (compatible; MSIE 6.0; Windows NT 5.1; Q312461; .NET CLR 1.0.3705; .NET CLR 1.1.4322)"
12.210.67.206 - - [02/Sep/2003:09:24:19 -0700] "GET /images/search-go.gif HTTP/1.1" 200 266 "http://www.antlr.org/article/cutpaste/index.html" "Mozilla/4.0 (compatible; MSIE 6.0; Windows NT 5.1; Q312461; .NET CLR 1.0.3705; .NET CLR 1.1.4322)"
213.3.6.89 - - [02/Sep/2003:09:28:01 -0700] "GET / HTTP/1.1" 200 11690 "-" "Mozilla/5.0 (Windows; U; Windows NT 5.0; en-US; rv:1.4) Gecko/20030624 Netscape/7.1 (ax)"
213.3.6.89 - - [02/Sep/2003:09:28:01 -0700] "GET /images/shim.gif HTTP/1.1" 200 43 "-" "Mozilla/5.0 (Windows; U; Windows NT 5.0; en-US; rv:1.4) Gecko/20030624 Netscape/7.1 (ax)"
213.3.6.89 - - [02/Sep/2003:09:28:01 -0700] "GET /favicon.ico HTTP/1.1" 404 173 "-" "Mozilla/5.0 (Windows; U; Windows NT 5.0; en-US; rv:1.4) Gecko/20030624 Netscape/7.1 (ax)"
213.3.6.89 - - [02/Sep/2003:09:28:01 -0700] "GET /images/button-download.gif HTTP/1.1" 200 733 "-" "Mozilla/5.0 (Windows; U; Windows NT 5.0; en-US; rv:1.4) Gecko/20030624 Netscape/7.1 (ax)"
213.3.6.89 - - [02/Sep/2003:09:28:02 -0700] "GET /images/logo-head.gif HTTP/1.1" 200 4098 "-" "Mozilla/5.0 (Windows; U; Windows NT 5.0; en-US; rv:1.4) Gecko/20030624 Netscape/7.1 (ax)"
213.3.6.89 - - [02/Sep/2003:09:28:02 -0700] "GET /images/parr-head.jpg HTTP/1.1" 200 3582 "-" "Mozilla/5.0 (Windows; U; Windows NT 5.0; en-US; rv:1.4) Gecko/20030624 Netscape/7.1 (ax)"
213.3.6.89 - - [02/Sep/2003:09:28:02 -0700] "GET /images/search.gif HTTP/1.1" 200 299 "-" "Mozilla/5.0 (Windows; U; Windows NT 5.0; en-US; rv:1.4) Gecko/20030624 Netscape/7.1 (ax)"
213.3.6.89 - - [02/Sep/2003:09:28:02 -0700] "GET /images/search-go.gif HTTP/1.1" 200 266 "-" "Mozilla/5.0 (Windows; U; Windows NT 5.0; en-US; rv:1.4) Gecko/20030624 Netscape/7.1 (ax)"
213.3.6.89 - - [02/Sep/2003:09:28:03 -0700] "GET /images/head-shim.gif HTTP/1.1" 200 158 "-" "Mozilla/5.0 (Windows; U; Windows NT 5.0; en-US; rv:1.4) Gecko/20030624 Netscape/7.1 (ax)"
213.3.6.89 - - [02/Sep/2003:09:28:08 -0700] "GET /download.html HTTP/1.1" 200 9276 "-" "Mozilla/5.0 (Windows; U; Windows NT 5.0; en-US; rv:1.4) Gecko/20030624 Netscape/7.1 (ax)"
213.3.6.89 - - [02/Sep/2003:09:28:09 -0700] "GET /images/shim.gif HTTP/1.1" 304 - "-" "Mozilla/5.0 (Windows; U; Windows NT 5.0; en-US; rv:1.4) Gecko/20030624 Netscape/7.1 (ax)"
213.3.6.89 - - [02/Sep/2003:09:28:09 -0700] "GET /images/logo-head.gif HTTP/1.1" 304 - "-" "Mozilla/5.0 (Windows; U; Windows NT 5.0; en-US; rv:1.4) Gecko/20030624 Netscape/7.1 (ax)"
213.3.6.89 - - [02/Sep/2003:09:28:09 -0700] "GET /images/button-download.gif HTTP/1.1" 304 - "-" "Mozilla/5.0 (Windows; U; Windows NT 5.0; en-US; rv:1.4) Gecko/20030624 Netscape/7.1 (ax)"
213.3.6.89 - - [02/Sep/2003:09:28:10 -0700] "GET /images/search.gif HTTP/1.1" 304 - "-" "Mozilla/5.0 (Windows; U; Windows NT 5.0; en-US; rv:1.4) Gecko/20030624 Netscape/7.1 (ax)"
213.3.6.89 - - [02/Sep/2003:09:28:10 -0700] "GET /images/search-go.gif HTTP/1.1" 304 - "-" "Mozilla/5.0 (Windows; U; Windows NT 5.0; en-US; rv:1.4) Gecko/20030624 Netscape/7.1 (ax)"
213.3.6.89 - - [02/Sep/2003:09:28:10 -0700] "GET /images/head-shim.gif HTTP/1.1" 304 - "-" "Mozilla/5.0 (Windows; U; Windows NT 5.0; en-US; rv:1.4) Gecko/20030624 Netscape/7.1 (ax)"
213.3.6.89 - - [02/Sep/2003:09:28:25 -0700] "GET /support.html HTTP/1.1" 200 10899 "-" "Mozilla/5.0 (Windows; U; Windows NT 5.0; en-US; rv:1.4) Gecko/20030624 Netscape/7.1 (ax)"
213.3.6.89 - - [02/Sep/2003:09:28:26 -0700] "GET /images/shim.gif HTTP/1.1" 304 - "-" "Mozilla/5.0 (Windows; U; Windows NT 5.0; en-US; rv:1.4) Gecko/20030624 Netscape/7.1 (ax)"
213.3.6.89 - - [02/Sep/2003:09:28:26 -0700] "GET /images/logo-head.gif HTTP/1.1" 304 - "-" "Mozilla/5.0 (Windows; U; Windows NT 5.0; en-US; rv:1.4) Gecko/20030624 Netscape/7.1 (ax)"
213.3.6.89 - - [02/Sep/2003:09:28:27 -0700] "GET /images/button-download.gif HTTP/1.1" 304 - "-" "Mozilla/5.0 (Windows; U; Windows NT 5.0; en-US; rv:1.4) Gecko/20030624 Netscape/7.1 (ax)"
213.3.6.89 - - [02/Sep/2003:09:28:27 -0700] "GET /images/search.gif HTTP/1.1" 304 - "-" "Mozilla/5.0 (Windows; U; Windows NT 5.0; en-US; rv:1.4) Gecko/20030624 Netscape/7.1 (ax)"
213.3.6.89 - - [02/Sep/2003:09:28:27 -0700] "GET /images/head-shim.gif HTTP/1.1" 304 - "-" "Mozilla/5.0 (Windows; U; Windows NT 5.0; en-US; rv:1.4) Gecko/20030624 Netscape/7.1 (ax)"
213.3.6.89 - - [02/Sep/2003:09:28:27 -0700] "GET /images/search-go.gif HTTP/1.1" 304 - "-" "Mozilla/5.0 (Windows; U; Windows NT 5.0; en-US; rv:1.4) Gecko/20030624 Netscape/7.1 (ax)"
24.70.95.203 - - [02/Sep/2003:09:28:33 -0700] "GET /audio/cpp.mp3 HTTP/1.1" 200 73728 "http://www.cs.usfca.edu/~parrt/course/652/" "Mozilla/4.0 (compatible; MSIE 6.0; Windows 98)"
61.97.229.58 - - [02/Sep/2003:09:28:37 -0700] "GET / HTTP/1.1" 200 11690 "-" "Mozilla/4.0 (compatible; MSIE 6.0; Windows NT 5.0)"
61.97.229.58 - - [02/Sep/2003:09:28:44 -0700] "GET /about.html HTTP/1.1" 200 8707 "http://www.antlr.org" "Mozilla/4.0 (compatible; MSIE 6.0; Windows NT 5.0)"
61.97.229.58 - - [02/Sep/2003:09:28:49 -0700] "GET /doc/getting-started.html HTTP/1.1" 200 11326 "http://www.antlr.org/about.html" "Mozilla/4.0 (compatible; MSIE 6.0; Windows NT 5.0)"
209.237.238.163 - - [02/Sep/2003:09:28:53 -0700] "GET /robots.txt HTTP/1.0" 200 6457 "-" "ia_archiver"
209.237.238.163 - - [02/Sep/2003:09:28:53 -0700] "GET /recommendations.html HTTP/1.0" 302 150 "-" "ia_archiver"
24.70.95.203 - - [02/Sep/2003:09:29:00 -0700] "GET /audio/cpp.mp3 HTTP/1.1" 200 1327104 "-" "NSPlayer/7.1.0.3055"
213.3.6.89 - - [02/Sep/2003:09:29:44 -0700] "GET /download/antlr-2.7.2.zip HTTP/1.1" 200 1943296 "-" "Mozilla/5.0 (Windows; U; Windows NT 5.0; en-US; rv:1.4) Gecko/20030624 Netscape/7.1 (ax)"
131.107.3.83 - - [02/Sep/2003:09:30:34 -0700] "GET /images/head-shim.gif HTTP/1.0" 304 - "http://antlr.org/doc/metalang.html" "Mozilla/4.0 (compatible; MSIE 6.0; Windows NT 5.1; .NET CLR 1.1.4322; .NET CLR 1.2.30401)"
61.11.48.139 - - [02/Sep/2003:09:30:56 -0700] "GET /doc/getting-started.html HTTP/1.1" 200 11326 "-" "Mozilla/4.0 (compatible; MSIE 6.0; Windows NT 5.0; .NET CLR 1.1.4322)"
61.11.48.139 - - [02/Sep/2003:09:30:57 -0700] "GET /images/shim.gif HTTP/1.1" 304 - "http://www.antlr.org/doc/getting-started.html" "Mozilla/4.0 (compatible; MSIE 6.0; Windows NT 5.0; .NET CLR 1.1.4322)"
61.11.48.139 - - [02/Sep/2003:09:30:58 -0700] "GET /images/logo-head.gif HTTP/1.1" 304 - "http://www.antlr.org/doc/getting-started.html" "Mozilla/4.0 (compatible; MSIE 6.0; Windows NT 5.0; .NET CLR 1.1.4322)"
61.11.48.139 - - [02/Sep/2003:09:30:58 -0700] "GET /images/button-download.gif HTTP/1.1" 304 - "http://www.antlr.org/doc/getting-started.html" "Mozilla/4.0 (compatible; MSIE 6.0; Windows NT 5.0; .NET CLR 1.1.4322)"
61.11.48.139 - - [02/Sep/2003:09:31:00 -0700] "GET /images/search.gif HTTP/1.1" 304 - "http://www.antlr.org/doc/getting-started.html" "Mozilla/4.0 (compatible; MSIE 6.0; Windows NT 5.0; .NET CLR 1.1.4322)"
61.11.48.139 - - [02/Sep/2003:09:31:01 -0700] "GET /images/search-go.gif HTTP/1.1" 304 - "http://www.antlr.org/doc/getting-started.html" "Mozilla/4.0 (compatible; MSIE 6.0; Windows NT 5.0; .NET CLR 1.1.4322)"
62.104.220.70 - - [02/Sep/2003:09:31:06 -0700] "GET / HTTP/1.0" 200 11690 "-" "Mozilla/5.0 (X11; U; Linux i686; en-US; rv:1.4) Gecko/20030624"
62.104.220.70 - - [02/Sep/2003:09:31:08 -0700] "GET /images/shim.gif HTTP/1.0" 200 43 "http://www.antlr.org/" "Mozilla/5.0 (X11; U; Linux i686; en-US; rv:1.4) Gecko/20030624"
62.104.220.70 - - [02/Sep/2003:09:31:08 -0700] "GET /images/logo-head.gif HTTP/1.0" 200 4098 "http://www.antlr.org/" "Mozilla/5.0 (X11; U; Linux i686; en-US; rv:1.4) Gecko/20030624"
62.104.220.70 - - [02/Sep/2003:09:31:09 -0700] "GET /images/button-download.gif HTTP/1.0" 200 733 "http://www.antlr.org/" "Mozilla/5.0 (X11; U; Linux i686; en-US; rv:1.4) Gecko/20030624"
62.104.220.70 - - [02/Sep/2003:09:31:10 -0700] "GET /images/parr-head.jpg HTTP/1.0" 200 3582 "http://www.antlr.org/" "Mozilla/5.0 (X11; U; Linux i686; en-US; rv:1.4) Gecko/20030624"
62.104.220.70 - - [02/Sep/2003:09:31:10 -0700] "GET /images/head-shim.gif HTTP/1.0" 200 158 "http://www.antlr.org/" "Mozilla/5.0 (X11; U; Linux i686; en-US; rv:1.4) Gecko/20030624"
62.104.220.70 - - [02/Sep/2003:09:31:11 -0700] "GET /images/search.gif HTTP/1.0" 200 299 "http://www.antlr.org/" "Mozilla/5.0 (X11; U; Linux i686; en-US; rv:1.4) Gecko/20030624"
62.104.220.70 - - [02/Sep/2003:09:31:11 -0700] "GET /images/search-go.gif HTTP/1.0" 200 266 "http://www.antlr.org/" "Mozilla/5.0 (X11; U; Linux i686; en-US; rv:1.4) Gecko/20030624"
62.104.220.70 - - [02/Sep/2003:09:31:41 -0700] "GET /doc/index.html HTTP/1.0" 200 26469 "http://www.antlr.org/" "Mozilla/5.0 (X11; U; Linux i686; en-US; rv:1.4) Gecko/20030624"
62.104.220.70 - - [02/Sep/2003:09:32:26 -0700] "GET /doc/sor.html HTTP/1.0" 200 22139 "http://www.antlr.org/doc/index.html" "Mozilla/5.0 (X11; U; Linux i686; en-US; rv:1.4) Gecko/20030624"
62.57.74.14 - - [02/Sep/2003:09:32:30 -0700] "GET / HTTP/1.1" 200 11690 "http://www.google.com/search?hl=en&lr=&ie=UTF-8&oe=UTF-8&q=antlr&btnG=Google+Search" "Mozilla/5.0 (X11; U; Linux i686; en-US; rv:1.5a) Gecko/20030728 Mozilla Firebird/0.6.1"
62.57.74.14 - - [02/Sep/2003:09:32:30 -0700] "GET /images/shim.gif HTTP/1.1" 200 43 "http://www.antlr.org/" "Mozilla/5.0 (X11; U; Linux i686; en-US; rv:1.5a) Gecko/20030728 Mozilla Firebird/0.6.1"
62.57.74.14 - - [02/Sep/2003:09:32:30 -0700] "GET /images/logo-head.gif HTTP/1.1" 200 4098 "http://www.antlr.org/" "Mozilla/5.0 (X11; U; Linux i686; en-US; rv:1.5a) Gecko/20030728 Mozilla Firebird/0.6.1"
62.57.74.14 - - [02/Sep/2003:09:32:30 -0700] "GET /images/button-download.gif HTTP/1.1" 200 733 "http://www.antlr.org/" "Mozilla/5.0 (X11; U; Linux i686; en-US; rv:1.5a) Gecko/20030728 Mozilla Firebird/0.6.1"
62.57.74.14 - - [02/Sep/2003:09:32:30 -0700] "GET /images/parr-head.jpg HTTP/1.1" 200 3582 "http://www.antlr.org/" "Mozilla/5.0 (X11; U; Linux i686; en-US; rv:1.5a) Gecko/20030728 Mozilla Firebird/0.6.1"
