195.252.127.2 - - [02/Sep/2003:02:32:48 -0700] "GET /grammar/cgram/examples/Test.java HTTP/1.1" 200 2339 "http://www.antlr.org/grammar/cgram/examples" "Mozilla/4.0 (compatible; MSIE 6.0; Windows NT 5.1) Opera 7.11 [en]"
195.252.127.2 - - [02/Sep/2003:02:33:04 -0700] "GET /grammar/ada HTTP/1.1" 200 8383 "http://www.antlr.org/" "Mozilla/4.0 (compatible; MSIE 6.0; Windows NT 5.1) Opera 7.11 [en]"
195.252.127.2 - - [02/Sep/2003:02:33:08 -0700] "GET /grammar/ada/ada.g HTTP/1.1" 200 53950 "http://www.antlr.org/grammar/ada" "Mozilla/4.0 (compatible; MSIE 6.0; Windows NT 5.1) Opera 7.11 [en]"
195.77.105.200 - - [02/Sep/2003:02:35:10 -0700] "GET /images/shim.gif HTTP/1.1" 304 - "http://www.antlr.org" "Mozilla/4.0 (compatible; MSIE 6.0; Windows 98)"
195.77.105.200 - - [02/Sep/2003:02:35:13 -0700] "GET / HTTP/1.1" 200 11690 "-" "Mozilla/4.0 (compatible; MSIE 6.0; Windows 98)"
195.77.105.200 - - [02/Sep/2003:02:35:13 -0700] "GET /images/logo-head.gif HTTP/1.1" 304 - "http://www.antlr.org" "Mozilla/4.0 (compatible; MSIE 6.0; Windows 98)"
195.77.105.200 - - [02/Sep/2003:02:35:16 -0700] "GET /images/head-shim.gif HTTP/1.1" 304 - "http://www.antlr.org" "Mozilla/4.0 (compatible; MSIE 6.0; Windows 98)"
195.77.105.200 - - [02/Sep/2003:02:35:19 -0700] "GET /images/button-download.gif HTTP/1.1" 304 - "http://www.antlr.org" "Mozilla/4.0 (compatible; MSIE 6.0; Windows 98)"
195.77.105.200 - - [02/Sep/2003:02:35:19 -0700] "GET /images/parr-head.jpg HTTP/1.1" 304 - "http://www.antlr.org" "Mozilla/4.0 (compatible; MSIE 6.0; Windows 98)"
195.77.105.200 - - [02/Sep/2003:02:35:22 -0700] "GET /images/search.gif HTTP/1.1" 304 - "http://www.antlr.org" "Mozilla/4.0 (compatible; MSIE 6.0; Windows 98)"
195.77.105.200 - - [02/Sep/2003:02:35:22 -0700] "GET /images/search-go.gif HTTP/1.1" 304 - "http://www.antlr.org" "Mozilla/4.0 (compatible; MSIE 6.0; Windows 98)"
195.252.127.2 - - [02/Sep/2003:02:35:38 -0700] "GET /download.html HTTP/1.1" 200 9276 "http://www.antlr.org/" "Mozilla/4.0 (compatible; MSIE 6.0; Windows NT 5.1) Opera 7.11 [en]"
211.28.195.204 - - [02/Sep/2003:02:35:49 -0700] "GET / HTTP/1.1" 200 11690 "-" "Mozilla/4.0 (compatible; MSIE 6.0; Windows NT 5.1)"
195.77.105.200 - - [02/Sep/2003:02:35:49 -0700] "GET / HTTP/1.1" 200 11690 "-" "Mozilla/4.0 (compatible; MSIE 6.0; Windows 98)"
211.28.195.204 - - [02/Sep/2003:02:35:49 -0700] "GET /images/shim.gif HTTP/1.1" 200 43 "http://www.antlr.org/" "Mozilla/4.0 (compatible; MSIE 6.0; Windows NT 5.1)"
211.28.195.204 - - [02/Sep/2003:02:35:49 -0700] "GET /images/logo-head.gif HTTP/1.1" 200 4098 "http://www.antlr.org/" "Mozilla/4.0 (compatible; MSIE 6.0; Windows NT 5.1)"
211.28.195.204 - - [02/Sep/2003:02:35:49 -0700] "GET /images/head-shim.gif HTTP/1.1" 200 158 "http://www.antlr.org/" "Mozilla/4.0 (compatible; MSIE 6.0; Windows NT 5.1)"
211.28.195.204 - - [02/Sep/2003:02:35:49 -0700] "GET /images/button-download.gif HTTP/1.1" 200 733 "http://www.antlr.org/" "Mozilla/4.0 (compatible; MSIE 6.0; Windows NT 5.1)"
211.28.195.204 - - [02/Sep/2003:02:35:49 -0700] "GET /images/parr-head.jpg HTTP/1.1" 200 3582 "http://www.antlr.org/" "Mozilla/4.0 (compatible; MSIE 6.0; Windows NT 5.1)"
211.28.195.204 - - [02/Sep/2003:02:35:50 -0700] "GET /images/search.gif HTTP/1.1" 200 299 "http://www.antlr.org/" "Mozilla/4.0 (compatible; MSIE 6.0; Windows NT 5.1)"
211.28.195.204 - - [02/Sep/2003:02:35:50 -0700] "GET /images/search-go.gif HTTP/1.1" 200 266 "http://www.antlr.org/" "Mozilla/4.0 (compatible; MSIE 6.0; Windows NT 5.1)"
195.77.105.200 - - [02/Sep/2003:02:35:52 -0700] "GET /doc/glossary.html HTTP/1.1" 200 31009 "http://www.antlr.org" "Mozilla/4.0 (compatible; MSIE 6.0; Windows 98)"
195.77.105.200 - - [02/Sep/2003:02:35:55 -0700] "GET / HTTP/1.1" 200 11690 "-" "Mozilla/4.0 (compatible; MSIE 6.0; Windows 98)"
195.77.105.200 - - [02/Sep/2003:02:35:55 -0700] "GET /images/search-go.gif HTTP/1.1" 304 - "http://www.antlr.org/doc/glossary.html" "Mozilla/4.0 (compatible; MSIE 6.0; Windows 98)"
195.77.105.200 - - [02/Sep/2003:02:35:57 -0700] "GET /images/search.gif HTTP/1.1" 304 - "http://www.antlr.org/doc/glossary.html" "Mozilla/4.0 (compatible; MSIE 6.0; Windows 98)"
195.77.105.200 - - [02/Sep/2003:02:35:58 -0700] "GET /images/shim.gif HTTP/1.1" 304 - "http://www.antlr.org" "Mozilla/4.0 (compatible; MSIE 6.0; Windows 98)"
212.121.135.226 - - [02/Sep/2003:02:35:59 -0700] "GET /grammar/list HTTP/1.1" 200 15685 "http://www.antlr.org/download.html" "Mozilla/5.0 (X11; U; Linux i686; en-US; rv:1.4b) Gecko/20030507"
195.77.105.200 - - [02/Sep/2003:02:36:00 -0700] "GET /images/logo-head.gif HTTP/1.1" 304 - "http://www.antlr.org" "Mozilla/4.0 (compatible; MSIE 6.0; Windows 98)"
195.77.105.200 - - [02/Sep/2003:02:36:00 -0700] "GET /images/head-shim.gif HTTP/1.1" 304 - "http://www.antlr.org" "Mozilla/4.0 (compatible; MSIE 6.0; Windows 98)"
195.77.105.200 - - [02/Sep/2003:02:36:03 -0700] "GET /images/button-download.gif HTTP/1.1" 304 - "http://www.antlr.org" "Mozilla/4.0 (compatible; MSIE 6.0; Windows 98)"
212.121.135.226 - - [02/Sep/2003:02:36:03 -0700] "GET /grammar/IDL HTTP/1.1" 200 7820 "http://www.antlr.org/grammar/list" "Mozilla/5.0 (X11; U; Linux i686; en-US; rv:1.4b) Gecko/20030507"
195.77.105.200 - - [02/Sep/2003:02:36:03 -0700] "GET /images/parr-head.jpg HTTP/1.1" 304 - "http://www.antlr.org" "Mozilla/4.0 (compatible; MSIE 6.0; Windows 98)"
195.77.105.200 - - [02/Sep/2003:02:36:05 -0700] "GET /images/search.gif HTTP/1.1" 304 - "http://www.antlr.org" "Mozilla/4.0 (compatible; MSIE 6.0; Windows 98)"
211.28.195.204 - - [02/Sep/2003:02:36:06 -0700] "GET /download.html HTTP/1.1" 200 9276 "http://www.antlr.org/" "Mozilla/4.0 (compatible; MSIE 6.0; Windows NT 5.1)"
195.77.105.200 - - [02/Sep/2003:02:36:06 -0700] "GET /book/index.html HTTP/1.1" 200 9357 "http://www.antlr.org" "Mozilla/4.0 (compatible; MSIE 6.0; Windows 98)"
211.28.195.204 - - [02/Sep/2003:02:36:07 -0700] "GET /download.html HTTP/1.1" 200 9276 "http://www.antlr.org/download.html" "Mozilla/4.0 (compatible; MSIE 6.0; Windows NT 5.1)"
4.60.94.22 - - [02/Sep/2003:02:36:08 -0700] "GET / HTTP/1.1" 200 11690 "http://activeurls.com" "Mozilla/2.0 compatible; Check&Get 1.14 (Windows NT)"
195.252.127.2 - - [02/Sep/2003:02:36:11 -0700] "GET /download/antlr-2.7.2.zip HTTP/1.1" 200 32768 "http://www.antlr.org/download" "Mozilla/4.0 (compatible; MSIE 5.00; Windows 98)"
195.252.127.2 - - [02/Sep/2003:02:36:12 -0700] "GET /download/antlr-2.7.2.zip HTTP/1.1" 200 32768 "http://www.antlr.org/download" "Mozilla/4.0 (compatible; MSIE 5.00; Windows 98)"
195.252.127.2 - - [02/Sep/2003:02:36:13 -0700] "GET /download/antlr-2.7.2.zip HTTP/1.1" 200 40960 "http://www.antlr.org/download" "Mozilla/4.0 (compatible; MSIE 5.00; Windows 98)"
195.252.127.2 - - [02/Sep/2003:02:36:14 -0700] "GET /download/antlr-2.7.2.zip HTTP/1.1" 200 49152 "http://www.antlr.org/download" "Mozilla/4.0 (compatible; MSIE 5.00; Windows 98)"
195.252.127.2 - - [02/Sep/2003:02:36:15 -0700] "GET /doc/index.html HTTP/1.1" 200 26469 "http://www.antlr.org/download.html" "Mozilla/4.0 (compatible; MSIE 6.0; Windows NT 5.1) Opera 7.11 [en]"
202.141.152.5 - - [02/Sep/2003:02:36:15 -0700] "GET /images/logo-head.gif HTTP/1.0" 200 4098 "http://www.antlr.org/article/1055550418982/building.dev.tools.html" "Mozilla/4.0 (compatible; MSIE 6.0; Windows NT 5.0)"
202.141.152.5 - - [02/Sep/2003:02:36:15 -0700] "GET /images/head-shim.gif HTTP/1.0" 200 158 "http://www.antlr.org/article/1055550418982/building.dev.tools.html" "Mozilla/4.0 (compatible; MSIE 6.0; Windows NT 5.0)"
202.141.152.5 - - [02/Sep/2003:02:36:15 -0700] "GET /article/1055550418982/building.dev.tools.html HTTP/1.0" 200 37518 "http://www.google.co.in/search?q=backtracking+escape+from+maze+using+java&ie=UTF-8&oe=UTF-8&hl=en&meta=" "Mozilla/4.0 (compatible; MSIE 6.0; Windows NT 5.0)"
202.141.152.5 - - [02/Sep/2003:02:36:16 -0700] "GET /images/button-download.gif HTTP/1.0" 200 733 "http://www.antlr.org/article/1055550418982/building.dev.tools.html" "Mozilla/4.0 (compatible; MSIE 6.0; Windows NT 5.0)"
202.141.152.5 - - [02/Sep/2003:02:36:16 -0700] "GET /images/search.gif HTTP/1.0" 200 299 "http://www.antlr.org/article/1055550418982/building.dev.tools.html" "Mozilla/4.0 (compatible; MSIE 6.0; Windows NT 5.0)"
202.141.152.5 - - [02/Sep/2003:02:36:16 -0700] "GET /logo.gif HTTP/1.0" 200 6455 "http://www.antlr.org/article/1055550418982/building.dev.tools.html" "Mozilla/4.0 (compatible; MSIE 6.0; Windows NT 5.0)"
202.141.152.5 - - [02/Sep/2003:02:36:17 -0700] "GET /images/shim.gif HTTP/1.0" 200 43 "http://www.antlr.org/article/1055550418982/building.dev.tools.html" "Mozilla/4.0 (compatible; MSIE 6.0; Windows NT 5.0)"
202.141.152.5 - - [02/Sep/2003:02:36:17 -0700] "GET /images/search-go.gif HTTP/1.0" 200 266 "http://www.antlr.org/article/1055550418982/building.dev.tools.html" "Mozilla/4.0 (compatible; MSIE 6.0; Windows NT 5.0)"
212.121.135.226 - - [02/Sep/2003:02:36:23 -0700] "GET /grammar/IDL/idl.g HTTP/1.1" 200 11611 "-" "Wget/1.8.2"
211.28.195.204 - - [02/Sep/2003:02:36:27 -0700] "GET /download/antlr-2.7.2.zip HTTP/1.1" 200 147456 "http://www.antlr.org/download.html" "Mozilla/4.0 (compatible; MSIE 6.0; Windows NT 5.1)"
212.121.135.226 - - [02/Sep/2003:02:36:32 -0700] "GET /grammar/IDL/Main.java HTTP/1.1" 200 352 "-" "Wget/1.8.2"
211.28.195.204 - - [02/Sep/2003:02:36:35 -0700] "GET /download/antlr-2.7.2.zip HTTP/1.1" 200 16384 "http://www.antlr.org/download" "Mozilla/4.0 (compatible; MSIE 5.00; Windows 98)"
211.28.195.204 - - [02/Sep/2003:02:36:35 -0700] "GET /download/antlr-2.7.2.zip HTTP/1.1" 200 16384 "http://www.antlr.org/download" "Mozilla/4.0 (compatible; MSIE 5.00; Windows 98)"
211.28.195.204 - - [02/Sep/2003:02:36:35 -0700] "GET /download/antlr-2.7.2.zip HTTP/1.1" 200 16384 "http://www.antlr.org/download" "Mozilla/4.0 (compatible; MSIE 5.00; Windows 98)"
211.28.195.204 - - [02/Sep/2003:02:36:35 -0700] "GET /download/antlr-2.7.2.zip HTTP/1.1" 200 16384 "http://www.antlr.org/download" "Mozilla/4.0 (compatible; MSIE 5.00; Windows 98)"
211.28.195.204 - - [02/Sep/2003:02:36:35 -0700] "GET /download/antlr-2.7.2.zip HTTP/1.1" 200 16384 "http://www.antlr.org/download" "Mozilla/4.0 (compatible; MSIE 5.00; Windows 98)"
211.28.195.204 - - [02/Sep/2003:02:36:35 -0700] "GET /download/antlr-2.7.2.zip HTTP/1.1" 200 16384 "http://www.antlr.org/download" "Mozilla/4.0 (compatible; MSIE 5.00; Windows 98)"
211.28.195.204 - - [02/Sep/2003:02:36:35 -0700] "GET /download/antlr-2.7.2.zip HTTP/1.1" 200 16384 "http://www.antlr.org/download" "Mozilla/4.0 (compatible; MSIE 5.00; Windows 98)"
211.28.195.204 - - [02/Sep/2003:02:36:35 -0700] "GET /download/antlr-2.7.2.zip HTTP/1.1" 200 16384 "http://www.antlr.org/download" "Mozilla/4.0 (compatible; MSIE 5.00; Windows 98)"
211.28.195.204 - - [02/Sep/2003:02:36:35 -0700] "GET /download/antlr-2.7.2.zip HTTP/1.1" 200 16384 "http://www.antlr.org/download" "Mozilla/4.0 (compatible; MSIE 5.00; Windows 98)"
212.121.135.226 - - [02/Sep/2003:02:36:41 -0700] "GET /grammar/IDL/shiplist HTTP/1.1" 200 28 "-" "Wget/1.8.2"
212.121.135.226 - - [02/Sep/2003:02:36:49 -0700] "GET /grammar/IDL/test.idl HTTP/1.1" 200 873 "-" "Wget/1.8.2"
195.252.127.2 - - [02/Sep/2003:02:37:03 -0700] "GET /book/index.html HTTP/1.1" 200 9357 "http://www.antlr.org/" "Mozilla/4.0 (compatible; MSIE 6.0; Windows NT 5.1) Opera 7.11 [en]"
80.13.100.21 - - [02/Sep/2003:02:37:12 -0700] "GET / HTTP/1.1" 200 11690 "-" "Mozilla/4.0 (compatible; MSIE 6.0; Windows NT 5.0; .NET CLR 1.1.4322)"
80.13.100.21 - - [02/Sep/2003:02:37:13 -0700] "GET /images/logo-head.gif HTTP/1.1" 200 4098 "http://www.antlr.org/" "Mozilla/4.0 (compatible; MSIE 6.0; Windows NT 5.0; .NET CLR 1.1.4322)"
80.13.100.21 - - [02/Sep/2003:02:37:13 -0700] "GET /images/button-download.gif HTTP/1.1" 200 733 "http://www.antlr.org/" "Mozilla/4.0 (compatible; MSIE 6.0; Windows NT 5.0; .NET CLR 1.1.4322)"
80.13.100.21 - - [02/Sep/2003:02:37:14 -0700] "GET /images/shim.gif HTTP/1.1" 200 43 "http://www.antlr.org/" "Mozilla/4.0 (compatible; MSIE 6.0; Windows NT 5.0; .NET CLR 1.1.4322)"
80.13.100.21 - - [02/Sep/2003:02:37:14 -0700] "GET /images/parr-head.jpg HTTP/1.1" 200 3582 "http://www.antlr.org/" "Mozilla/4.0 (compatible; MSIE 6.0; Windows NT 5.0; .NET CLR 1.1.4322)"
80.13.100.21 - - [02/Sep/2003:02:37:14 -0700] "GET /images/head-shim.gif HTTP/1.1" 200 158 "http://www.antlr.org/" "Mozilla/4.0 (compatible; MSIE 6.0; Windows NT 5.0; .NET CLR 1.1.4322)"
80.13.100.21 - - [02/Sep/2003:02:37:14 -0700] "GET /images/search.gif HTTP/1.1" 200 299 "http://www.antlr.org/" "Mozilla/4.0 (compatible; MSIE 6.0; Windows NT 5.0; .NET CLR 1.1.4322)"
80.13.100.21 - - [02/Sep/2003:02:37:14 -0700] "GET /images/search-go.gif HTTP/1.1" 200 266 "http://www.antlr.org/" "Mozilla/4.0 (compatible; MSIE 6.0; Windows NT 5.0; .NET CLR 1.1.4322)"
80.13.100.21 - - [02/Sep/2003:02:37:17 -0700] "GET /testimonial/list HTTP/1.1" 200 12509 "http://www.antlr.org/" "Mozilla/4.0 (compatible; MSIE 6.0; Windows NT 5.0; .NET CLR 1.1.4322)"
211.28.195.204 - - [02/Sep/2003:02:37:17 -0700] "GET /download/antlr-2.7.2.zip HTTP/1.1" 200 1943296 "http://www.antlr.org/download" "Mozilla/4.0 (compatible; MSIE 5.00; Windows 98)"
80.13.100.21 - - [02/Sep/2003:02:37:17 -0700] "GET /images/button-testimonial.gif HTTP/1.1" 200 701 "http://www.antlr.org/testimonial/list" "Mozilla/4.0 (compatible; MSIE 6.0; Windows NT 5.0; .NET CLR 1.1.4322)"
80.13.100.21 - - [02/Sep/2003:02:37:34 -0700] "GET /grammar/list HTTP/1.1" 200 15685 "http://www.antlr.org/testimonial/list" "Mozilla/4.0 (compatible; MSIE 6.0; Windows NT 5.0; .NET CLR 1.1.4322)"
80.13.100.21 - - [02/Sep/2003:02:37:35 -0700] "GET /images/button-add-grammar.gif HTTP/1.1" 200 664 "http://www.antlr.org/grammar/list" "Mozilla/4.0 (compatible; MSIE 6.0; Windows NT 5.0; .NET CLR 1.1.4322)"
195.77.105.200 - - [02/Sep/2003:02:37:36 -0700] "GET / HTTP/1.1" 200 11690 "-" "Mozilla/4.0 (compatible; MSIE 6.0; Windows 98)"
195.77.105.200 - - [02/Sep/2003:02:37:39 -0700] "GET /book/language.pdf HTTP/1.1" 200 49152 "http://www.antlr.org/book/index.html" "Mozilla/4.0 (compatible; MSIE 6.0; Windows 98)"
80.13.100.21 - - [02/Sep/2003:02:37:41 -0700] "GET /grammar/cpp HTTP/1.1" 200 8441 "http://www.antlr.org/grammar/list" "Mozilla/4.0 (compatible; MSIE 6.0; Windows NT 5.0; .NET CLR 1.1.4322)"
80.13.100.21 - - [02/Sep/2003:02:37:44 -0700] "GET /grammar/list HTTP/1.1" 200 15685 "http://www.antlr.org/testimonial/list" "Mozilla/4.0 (compatible; MSIE 6.0; Windows NT 5.0; .NET CLR 1.1.4322)"
64.68.82.167 - - [02/Sep/2003:02:37:46 -0700] "GET /article/tags/Main.java HTTP/1.0" 200 557 "-" "Googlebot/2.1 (+http://www.googlebot.com/bot.html)"
80.13.100.21 - - [02/Sep/2003:02:37:50 -0700] "GET /grammar/cpp HTTP/1.1" 200 8441 "http://www.antlr.org/grammar/list" "Mozilla/4.0 (compatible; MSIE 6.0; Windows NT 5.0; .NET CLR 1.1.4322)"
80.13.100.21 - - [02/Sep/2003:02:37:54 -0700] "GET /grammar/cpp/MyReadMe.txt HTTP/1.1" 200 5163 "http://www.antlr.org/grammar/cpp" "Mozilla/4.0 (compatible; MSIE 6.0; Windows NT 5.0; .NET CLR 1.1.4322)"
195.252.127.2 - - [02/Sep/2003:02:37:55 -0700] "GET /grammar/cgram/cgram.tgz HTTP/1.1" 200 43412 "http://www.antlr.org/grammar/cgram" "Mozilla/4.0 (compatible; MSIE 5.00; Windows 98)"
128.242.197.101 - - [02/Sep/2003:02:37:58 -0700] "GET / HTTP/1.0" 200 11690 "-" "Mozilla/4.0 (compatible; MSIE 5.0; Windows 98; DigExt; AIRF)"
195.252.127.2 - - [02/Sep/2003:02:38:00 -0700] "GET /grammar/cgram HTTP/1.1" 200 8086 "http://www.codetransform.com/" "Mozilla/4.0 (compatible; MSIE 6.0; Windows NT 5.1) Opera 7.11 [en]"
195.252.127.2 - - [02/Sep/2003:02:38:08 -0700] "GET /grammar/cgram/examples HTTP/1.1" 200 8004 "http://www.antlr.org/grammar/cgram" "Mozilla/4.0 (compatible; MSIE 6.0; Windows NT 5.1) Opera 7.11 [en]"
80.13.100.21 - - [02/Sep/2003:02:38:24 -0700] "GET /grammar/cpp HTTP/1.1" 200 8441 "http://www.antlr.org/grammar/list" "Mozilla/4.0 (compatible; MSIE 6.0; Windows NT 5.0; .NET CLR 1.1.4322)"
80.13.100.21 - - [02/Sep/2003:02:38:27 -0700] "GET /grammar/list HTTP/1.1" 200 15685 "http://www.antlr.org/testimonial/list" "Mozilla/4.0 (compatible; MSIE 6.0; Windows NT 5.0; .NET CLR 1.1.4322)"
212.121.135.226 - - [02/Sep/2003:02:38:38 -0700] "GET /grammar/list HTTP/1.1" 200 15685 "http://www.antlr.org/why.html" "Mozilla/5.0 (X11; U; Linux i686; en-US; rv:1.0.1) Gecko/20021003"
212.121.135.226 - - [02/Sep/2003:02:38:39 -0700] "GET /images/button-add-grammar.gif HTTP/1.1" 304 - "http://www.antlr.org/grammar/list" "Mozilla/5.0 (X11; U; Linux i686; en-US; rv:1.0.1) Gecko/20021003"
64.68.82.168 - - [02/Sep/2003:02:38:46 -0700] "GET /article/lexbacktrack/BuildPageIndex.java HTTP/1.0" 200 4670 "-" "Googlebot/2.1 (+http://www.googlebot.com/bot.html)"
212.121.135.226 - - [02/Sep/2003:02:38:56 -0700] "GET /grammar/list HTTP/1.1" 200 15685 "http://www.antlr.org/javadoc/overview-summary.html" "Mozilla/5.0 (X11; U; Linux i686; en-US; rv:1.0.1) Gecko/20021003"
212.121.135.226 - - [02/Sep/2003:02:39:10 -0700] "GET /grammar/IDL HTTP/1.1" 200 7820 "http://www.antlr.org/grammar/list" "Mozilla/5.0 (X11; U; Linux i686; en-US; rv:1.0.1) Gecko/20021003"
195.252.127.2 - - [02/Sep/2003:02:39:12 -0700] "GET /doc/getting-started.html HTTP/1.1" 200 11326 "http://www.antlr.org/" "Mozilla/4.0 (compatible; MSIE 6.0; Windows NT 5.1) Opera 7.11 [en]"
64.68.82.168 - - [02/Sep/2003:02:39:12 -0700] "GET /article/lexbacktrack/Main.java HTTP/1.0" 200 946 "-" "Googlebot/2.1 (+http://www.googlebot.com/bot.html)"
212.121.135.226 - - [02/Sep/2003:02:39:16 -0700] "GET /grammar/IDL/Main.java HTTP/1.1" 200 352 "http://www.antlr.org/grammar/IDL" "Mozilla/5.0 (X11; U; Linux i686; en-US; rv:1.0.1) Gecko/20021003"
212.121.135.226 - - [02/Sep/2003:02:39:29 -0700] "GET /doc/index.html HTTP/1.1" 200 26469 "http://www.antlr.org/javadoc/overview-summary.html" "Mozilla/5.0 (X11; U; Linux i686; en-US; rv:1.0.1) Gecko/20021003"
212.121.135.226 - - [02/Sep/2003:02:39:32 -0700] "GET /javadoc/overview-summary.html HTTP/1.1" 200 9784 "http://www.antlr.org/doc/index.html" "Mozilla/5.0 (X11; U; Linux i686; en-US; rv:1.0.1) Gecko/20021003"
212.121.135.226 - - [02/Sep/2003:02:39:37 -0700] "GET /why.html HTTP/1.1" 200 10713 "http://www.antlr.org/javadoc/overview-summary.html" "Mozilla/5.0 (X11; U; Linux i686; en-US; rv:1.0.1) Gecko/20021003"
212.121.135.226 - - [02/Sep/2003:02:39:39 -0700] "GET /doc/getting-started.html HTTP/1.1" 200 11326 "http://www.antlr.org/why.html" "Mozilla/5.0 (X11; U; Linux i686; en-US; rv:1.0.1) Gecko/20021003"
212.121.135.226 - - [02/Sep/2003:02:39:43 -0700] "GET /article/cutpaste/index.html HTTP/1.1" 200 10494 "http://www.antlr.org/doc/getting-started.html" "Mozilla/5.0 (X11; U; Linux i686; en-US; rv:1.0.1) Gecko/20021003"
195.252.127.2 - - [02/Sep/2003:02:39:49 -0700] "GET /article/cutpaste/index.html HTTP/1.1" 200 10494 "http://www.antlr.org/doc/getting-started.html" "Mozilla/4.0 (compatible; MSIE 6.0; Windows NT 5.1) Opera 7.11 [en]"
128.250.6.142 - - [02/Sep/2003:02:40:38 -0700] "GET / HTTP/1.0" 200 11690 "-" "Mozilla/4.0 (compatible; MSIE 6.0; Windows NT 5.0; .NET CLR 1.0.3705; .NET CLR 1.1.4322)"
128.250.6.142 - - [02/Sep/2003:02:40:39 -0700] "GET /images/shim.gif HTTP/1.0" 200 43 "http://www.antlr.org/" "Mozilla/4.0 (compatible; MSIE 6.0; Windows NT 5.0; .NET CLR 1.0.3705; .NET CLR 1.1.4322)"
128.250.6.142 - - [02/Sep/2003:02:40:39 -0700] "GET /images/logo-head.gif HTTP/1.0" 200 4098 "http://www.antlr.org/" "Mozilla/4.0 (compatible; MSIE 6.0; Windows NT 5.0; .NET CLR 1.0.3705; .NET CLR 1.1.4322)"
128.250.6.142 - - [02/Sep/2003:02:40:39 -0700] "GET /images/button-download.gif HTTP/1.0" 200 733 "http://www.antlr.org/" "Mozilla/4.0 (compatible; MSIE 6.0; Windows NT 5.0; .NET CLR 1.0.3705; .NET CLR 1.1.4322)"
128.250.6.142 - - [02/Sep/2003:02:40:39 -0700] "GET /images/parr-head.jpg HTTP/1.0" 200 3582 "http://www.antlr.org/" "Mozilla/4.0 (compatible; MSIE 6.0; Windows NT 5.0; .NET CLR 1.0.3705; .NET CLR 1.1.4322)"
128.250.6.142 - - [02/Sep/2003:02:40:39 -0700] "GET /images/search.gif HTTP/1.0" 200 299 "http://www.antlr.org/" "Mozilla/4.0 (compatible; MSIE 6.0; Windows NT 5.0; .NET CLR 1.0.3705; .NET CLR 1.1.4322)"
128.250.6.142 - - [02/Sep/2003:02:40:39 -0700] "GET /images/head-shim.gif HTTP/1.0" 200 158 "http://www.antlr.org/" "Mozilla/4.0 (compatible; MSIE 6.0; Windows NT 5.0; .NET CLR 1.0.3705; .NET CLR 1.1.4322)"
128.250.6.142 - - [02/Sep/2003:02:40:39 -0700] "GET /images/search-go.gif HTTP/1.0" 200 266 "http://www.antlr.org/" "Mozilla/4.0 (compatible; MSIE 6.0; Windows NT 5.0; .NET CLR 1.0.3705; .NET CLR 1.1.4322)"
195.252.127.2 - - [02/Sep/2003:02:40:47 -0700] "GET /download/antlr-2.7.2.zip HTTP/1.1" 200 1943296 "http://www.antlr.org/download" "Mozilla/4.0 (compatible; MSIE 5.00; Windows 98)"
128.250.6.142 - - [02/Sep/2003:02:41:03 -0700] "GET /doc/getting-started.html HTTP/1.0" 200 11326 "http://www.antlr.org/" "Mozilla/4.0 (compatible; MSIE 6.0; Windows NT 5.0; .NET CLR 1.0.3705; .NET CLR 1.1.4322)"
212.121.135.226 - - [02/Sep/2003:02:41:06 -0700] "GET /doc/index.html HTTP/1.1" 200 26469 "http://www.antlr.org/grammar/IDL" "Mozilla/5.0 (X11; U; Linux i686; en-US; rv:1.4b) Gecko/20030507"
64.68.82.14 - - [02/Sep/2003:02:41:11 -0700] "GET /workshop/97/summary.html HTTP/1.0" 200 12647 "-" "Googlebot/2.1 (+http://www.googlebot.com/bot.html)"
128.250.6.142 - - [02/Sep/2003:02:41:23 -0700] "GET /article/cutpaste/index.html HTTP/1.0" 200 10494 "http://www.antlr.org/doc/getting-started.html" "Mozilla/4.0 (compatible; MSIE 6.0; Windows NT 5.0; .NET CLR 1.0.3705; .NET CLR 1.1.4322)"
212.121.135.226 - - [02/Sep/2003:02:41:26 -0700] "GET /doc/sor.html HTTP/1.1" 200 22139 "http://www.antlr.org/doc/index.html" "Mozilla/5.0 (X11; U; Linux i686; en-US; rv:1.4b) Gecko/20030507"
212.121.135.226 - - [02/Sep/2003:02:42:52 -0700] "GET /showcase/list HTTP/1.1" 200 13108 "http://www.antlr.org/grammar/IDL" "Mozilla/5.0 (X11; U; Linux i686; en-US; rv:1.4b) Gecko/20030507"
212.121.135.226 - - [02/Sep/2003:02:42:52 -0700] "GET /images/button-add-showcase.gif HTTP/1.1" 200 682 "http://www.antlr.org/showcase/list" "Mozilla/5.0 (X11; U; Linux i686; en-US; rv:1.4b) Gecko/20030507"
212.121.135.226 - - [02/Sep/2003:02:42:55 -0700] "GET /about.html HTTP/1.1" 200 8707 "http://www.antlr.org/grammar/IDL" "Mozilla/5.0 (X11; U; Linux i686; en-US; rv:1.4b) Gecko/20030507"
128.250.6.142 - - [02/Sep/2003:02:43:07 -0700] "GET /doc/getting-started.html HTTP/1.0" 200 11326 "http://www.antlr.org/" "Mozilla/4.0 (compatible; MSIE 6.0; Windows NT 5.0; .NET CLR 1.0.3705; .NET CLR 1.1.4322)"
141.21.4.52 - - [02/Sep/2003:02:43:12 -0700] "GET /audio/cpp.mp3 HTTP/1.0" 200 98304 "-" "Opera/6.06 (Windows 2000; U) [en]"
212.76.33.71 - - [02/Sep/2003:02:43:12 -0700] "GET /images/shim.gif HTTP/1.0" 200 43 "http://www.antlr.org/doc/index.html" "Mozilla/4.0 (compatible; MSIE 6.0; Windows NT 5.1)"
212.76.33.71 - - [02/Sep/2003:02:43:12 -0700] "GET /images/logo-head.gif HTTP/1.0" 200 4098 "http://www.antlr.org/doc/index.html" "Mozilla/4.0 (compatible; MSIE 6.0; Windows NT 5.1)"
212.76.33.71 - - [02/Sep/2003:02:43:12 -0700] "GET /images/head-shim.gif HTTP/1.0" 200 158 "http://www.antlr.org/doc/index.html" "Mozilla/4.0 (compatible; MSIE 6.0; Windows NT 5.1)"
212.76.33.71 - - [02/Sep/2003:02:43:12 -0700] "GET /doc/index.html HTTP/1.0" 200 26469 "-" "Mozilla/4.0 (compatible; MSIE 6.0; Windows NT 5.1)"
212.76.33.71 - - [02/Sep/2003:02:43:12 -0700] "GET /images/button-download.gif HTTP/1.0" 200 733 "http://www.antlr.org/doc/index.html" "Mozilla/4.0 (compatible; MSIE 6.0; Windows NT 5.1)"
212.76.33.71 - - [02/Sep/2003:02:43:12 -0700] "GET /images/search-go.gif HTTP/1.0" 200 266 "http://www.antlr.org/doc/index.html" "Mozilla/4.0 (compatible; MSIE 6.0; Windows NT 5.1)"
212.76.33.71 - - [02/Sep/2003:02:43:12 -0700] "GET /images/search.gif HTTP/1.0" 200 299 "http://www.antlr.org/doc/index.html" "Mozilla/4.0 (compatible; MSIE 6.0; Windows NT 5.1)"
212.121.135.226 - - [02/Sep/2003:02:43:15 -0700] "GET /javadoc/overview-summary.html HTTP/1.1" 200 9784 "http://www.antlr.org/about.html" "Mozilla/5.0 (X11; U; Linux i686; en-US; rv:1.4b) Gecko/20030507"
128.250.6.142 - - [02/Sep/2003:02:43:17 -0700] "GET /grammar/list HTTP/1.0" 200 15685 "http://www.antlr.org/doc/getting-started.html" "Mozilla/4.0 (compatible; MSIE 6.0; Windows NT 5.0; .NET CLR 1.0.3705; .NET CLR 1.1.4322)"
128.250.6.142 - - [02/Sep/2003:02:43:17 -0700] "GET /images/button-add-grammar.gif HTTP/1.0" 200 664 "http://www.antlr.org/grammar/list" "Mozilla/4.0 (compatible; MSIE 6.0; Windows NT 5.0; .NET CLR 1.0.3705; .NET CLR 1.1.4322)"
212.76.33.71 - - [02/Sep/2003:02:43:19 -0700] "POST /search/results HTTP/1.0" 200 7765 "http://www.antlr.org/doc/index.html" "Mozilla/4.0 (compatible; MSIE 6.0; Windows NT 5.1)"
212.121.135.226 - - [02/Sep/2003:02:43:19 -0700] "GET /javadoc/antlr/package-summary.html HTTP/1.1" 200 22368 "http://www.antlr.org/javadoc/overview-summary.html" "Mozilla/5.0 (X11; U; Linux i686; en-US; rv:1.4b) Gecko/20030507"
212.76.33.71 - - [02/Sep/2003:02:43:23 -0700] "GET /doc/index.html HTTP/1.0" 200 26469 "http://www.antlr.org/search/results" "Mozilla/4.0 (compatible; MSIE 6.0; Windows NT 5.1)"
212.121.135.226 - - [02/Sep/2003:02:43:25 -0700] "GET /share/list HTTP/1.1" 200 10783 "http://www.antlr.org/javadoc/antlr/package-summary.html" "Mozilla/5.0 (X11; U; Linux i686; en-US; rv:1.4b) Gecko/20030507"
212.121.135.226 - - [02/Sep/2003:02:43:26 -0700] "GET /images/button-shared-resource.gif HTTP/1.1" 200 853 "http://www.antlr.org/share/list" "Mozilla/5.0 (X11; U; Linux i686; en-US; rv:1.4b) Gecko/20030507"
212.121.135.226 - - [02/Sep/2003:02:43:31 -0700] "GET /article/list HTTP/1.1" 200 15911 "http://www.antlr.org/share/list" "Mozilla/5.0 (X11; U; Linux i686; en-US; rv:1.4b) Gecko/20030507"
212.121.135.226 - - [02/Sep/2003:02:43:31 -0700] "GET /images/button-add-article.gif HTTP/1.1" 200 579 "http://www.antlr.org/article/list" "Mozilla/5.0 (X11; U; Linux i686; en-US; rv:1.4b) Gecko/20030507"
128.250.6.142 - - [02/Sep/2003:02:43:31 -0700] "GET /grammar/java HTTP/1.0" 200 8472 "http://www.antlr.org/grammar/list" "Mozilla/4.0 (compatible; MSIE 6.0; Windows NT 5.0; .NET CLR 1.0.3705; .NET CLR 1.1.4322)"
12.207.163.65 - - [02/Sep/2003:02:43:31 -0700] "GET /grammars/java/shiplist HTTP/1.1" 200 6469 "-" "Mozilla/4.0 (compatible; grub-client-1.3.7; Crawl your own stuff with http://grub.org)"
128.250.6.142 - - [02/Sep/2003:02:43:38 -0700] "GET /grammar/java/java.g HTTP/1.0" 200 33216 "http://www.antlr.org/grammar/java" "Mozilla/4.0 (compatible; MSIE 6.0; Windows NT 5.0; .NET CLR 1.0.3705; .NET CLR 1.1.4322)"
212.76.33.71 - - [02/Sep/2003:02:43:40 -0700] "GET /doc/index.html HTTP/1.0" 200 26469 "http://www.antlr.org/doc/index.html" "Mozilla/4.0 (compatible; MSIE 6.0; Windows NT 5.1)"
212.76.33.71 - - [02/Sep/2003:02:43:47 -0700] "GET /javadoc/overview-summary.html HTTP/1.0" 200 9784 "http://www.antlr.org/doc/index.html" "Mozilla/4.0 (compatible; MSIE 6.0; Windows NT 5.1)"
128.250.6.142 - - [02/Sep/2003:02:43:48 -0700] "GET /grammar/java/tests HTTP/1.0" 200 7970 "http://www.antlr.org/grammar/java" "Mozilla/4.0 (compatible; MSIE 6.0; Windows NT 5.0; .NET CLR 1.0.3705; .NET CLR 1.1.4322)"
128.250.6.142 - - [02/Sep/2003:02:43:50 -0700] "GET /grammar/java/tests/A.java HTTP/1.0" 200 175 "http://www.antlr.org/grammar/java/tests" "Mozilla/4.0 (compatible; MSIE 6.0; Windows NT 5.0; .NET CLR 1.0.3705; .NET CLR 1.1.4322)"
212.76.33.71 - - [02/Sep/2003:02:43:55 -0700] "GET /javadoc/antlr/package-summary.html HTTP/1.0" 200 22368 "http://www.antlr.org/javadoc/overview-summary.html" "Mozilla/4.0 (compatible; MSIE 6.0; Windows NT 5.1)"
212.121.135.226 - - [02/Sep/2003:02:44:05 -0700] "GET /images/logo-head.gif HTTP/1.1" 304 - "http://www.antlr.org/doc/index.html" "Mozilla/5.0 (X11; U; Linux i686; en-US; rv:1.4b) Gecko/20030507"
212.121.135.226 - - [02/Sep/2003:02:44:05 -0700] "GET /images/shim.gif HTTP/1.1" 304 - "http://www.antlr.org/doc/index.html" "Mozilla/5.0 (X11; U; Linux i686; en-US; rv:1.4b) Gecko/20030507"
212.121.135.226 - - [02/Sep/2003:02:44:05 -0700] "GET /images/button-download.gif HTTP/1.1" 304 - "http://www.antlr.org/doc/index.html" "Mozilla/5.0 (X11; U; Linux i686; en-US; rv:1.4b) Gecko/20030507"
212.121.135.226 - - [02/Sep/2003:02:44:05 -0700] "GET /doc/index.html HTTP/1.1" 200 26469 "http://www.antlr.org/article/list" "Mozilla/5.0 (X11; U; Linux i686; en-US; rv:1.4b) Gecko/20030507"
212.121.135.226 - - [02/Sep/2003:02:44:05 -0700] "GET /images/head-shim.gif HTTP/1.1" 304 - "http://www.antlr.org/doc/index.html" "Mozilla/5.0 (X11; U; Linux i686; en-US; rv:1.4b) Gecko/20030507"
212.121.135.226 - - [02/Sep/2003:02:44:05 -0700] "GET /images/search.gif HTTP/1.1" 304 - "http://www.antlr.org/doc/index.html" "Mozilla/5.0 (X11; U; Linux i686; en-US; rv:1.4b) Gecko/20030507"
212.121.135.226 - - [02/Sep/2003:02:44:05 -0700] "GET /images/search-go.gif HTTP/1.1" 304 - "http://www.antlr.org/doc/index.html" "Mozilla/5.0 (X11; U; Linux i686; en-US; rv:1.4b) Gecko/20030507"
212.76.33.71 - - [02/Sep/2003:02:44:09 -0700] "GET /javadoc/antlr/Token.html HTTP/1.0" 200 19356 "http://www.antlr.org/javadoc/antlr/package-summary.html" "Mozilla/4.0 (compatible; MSIE 6.0; Windows NT 5.1)"
213.11.67.50 - - [02/Sep/2003:02:44:21 -0700] "GET /doc/index.html HTTP/1.1" 200 26469 "http://www.antlr.org/" "Mozilla/4.0 (compatible; MSIE 6.0; Windows NT 5.0)"
61.145.138.57 - - [02/Sep/2003:02:45:02 -0700] "GET / HTTP/1.0" 200 11690 "http://www.cjsdn.com/post/view?bid=1&id=48408&sty=1&tpg=1&age=0" "Mozilla/4.0 (compatible; MSIE 5.01; Windows NT 5.0)"
61.145.138.57 - - [02/Sep/2003:02:45:06 -0700] "GET /images/shim.gif HTTP/1.0" 200 43 "http://www.antlr.org/" "Mozilla/4.0 (compatible; MSIE 5.01; Windows NT 5.0)"
61.145.138.57 - - [02/Sep/2003:02:45:06 -0700] "GET /images/logo-head.gif HTTP/1.0" 200 4098 "http://www.antlr.org/" "Mozilla/4.0 (compatible; MSIE 5.01; Windows NT 5.0)"
61.145.138.57 - - [02/Sep/2003:02:45:07 -0700] "GET /images/button-download.gif HTTP/1.0" 200 733 "http://www.antlr.org/" "Mozilla/4.0 (compatible; MSIE 5.01; Windows NT 5.0)"
61.145.138.57 - - [02/Sep/2003:02:45:07 -0700] "GET /images/parr-head.jpg HTTP/1.0" 200 3582 "http://www.antlr.org/" "Mozilla/4.0 (compatible; MSIE 5.01; Windows NT 5.0)"
61.145.138.57 - - [02/Sep/2003:02:45:07 -0700] "GET /images/head-shim.gif HTTP/1.0" 200 158 "http://www.antlr.org/" "Mozilla/4.0 (compatible; MSIE 5.01; Windows NT 5.0)"
61.145.138.57 - - [02/Sep/2003:02:45:07 -0700] "GET /images/search.gif HTTP/1.0" 200 299 "http://www.antlr.org/" "Mozilla/4.0 (compatible; MSIE 5.01; Windows NT 5.0)"
61.145.138.57 - - [02/Sep/2003:02:45:08 -0700] "GET /images/search-go.gif HTTP/1.0" 200 266 "http://www.antlr.org/" "Mozilla/4.0 (compatible; MSIE 5.01; Windows NT 5.0)"
81.53.59.201 - - [02/Sep/2003:02:45:31 -0700] "GET /javadoc/antlr/collections/impl/Vector.html HTTP/1.1" 200 15530 "http://www.google.fr/search?sourceid=navclient&hl=fr&q=java+%22class+vector%22" "Mozilla/4.0 (compatible; MSIE 6.0; Windows NT 5.1)"
81.53.59.201 - - [02/Sep/2003:02:45:31 -0700] "GET /images/shim.gif HTTP/1.1" 200 43 "http://www.antlr.org/javadoc/antlr/collections/impl/Vector.html" "Mozilla/4.0 (compatible; MSIE 6.0; Windows NT 5.1)"
81.53.59.201 - - [02/Sep/2003:02:45:34 -0700] "GET /images/logo-head.gif HTTP/1.1" 200 4098 "http://www.antlr.org/javadoc/antlr/collections/impl/Vector.html" "Mozilla/4.0 (compatible; MSIE 6.0; Windows NT 5.1)"
81.53.59.201 - - [02/Sep/2003:02:45:36 -0700] "GET /images/head-shim.gif HTTP/1.1" 200 158 "http://www.antlr.org/javadoc/antlr/collections/impl/Vector.html" "Mozilla/4.0 (compatible; MSIE 6.0; Windows NT 5.1)"
81.53.59.201 - - [02/Sep/2003:02:45:38 -0700] "GET /images/button-download.gif HTTP/1.1" 200 733 "http://www.antlr.org/javadoc/antlr/collections/impl/Vector.html" "Mozilla/4.0 (compatible; MSIE 6.0; Windows NT 5.1)"
81.53.59.201 - - [02/Sep/2003:02:45:39 -0700] "GET /images/search.gif HTTP/1.1" 200 299 "http://www.antlr.org/javadoc/antlr/collections/impl/Vector.html" "Mozilla/4.0 (compatible; MSIE 6.0; Windows NT 5.1)"
81.53.59.201 - - [02/Sep/2003:02:45:41 -0700] "GET /images/search-go.gif HTTP/1.1" 200 266 "http://www.antlr.org/javadoc/antlr/collections/impl/Vector.html" "Mozilla/4.0 (compatible; MSIE 6.0; Windows NT 5.1)"
64.68.82.168 - - [02/Sep/2003:02:45:51 -0700] "GET /doc/metalang.html HTTP/1.0" 200 52606 "-" "Googlebot/2.1 (+http://www.googlebot.com/bot.html)"
128.250.6.142 - - [02/Sep/2003:02:46:52 -0700] "GET /grammar/list HTTP/1.0" 200 15685 "http://www.antlr.org/doc/getting-started.html" "Mozilla/4.0 (compatible; MSIE 6.0; Windows NT 5.0; .NET CLR 1.0.3705; .NET CLR 1.1.4322)"
65.92.48.92 - - [02/Sep/2003:02:47:00 -0700] "GET / HTTP/1.1" 200 11690 "http://freshmeat.net/projects/antlr/?topic_id=259%2C48%2C49%2C849%2C858" "Mozilla/5.0 Galeon/1.2.5 (X11; Linux i686; U;) Gecko/20020911"
65.92.48.92 - - [02/Sep/2003:02:47:00 -0700] "GET /images/logo-head.gif HTTP/1.1" 200 4098 "http://www.antlr.org/" "Mozilla/5.0 Galeon/1.2.5 (X11; Linux i686; U;) Gecko/20020911"
65.92.48.92 - - [02/Sep/2003:02:47:00 -0700] "GET /images/shim.gif HTTP/1.1" 200 43 "http://www.antlr.org/" "Mozilla/5.0 Galeon/1.2.5 (X11; Linux i686; U;) Gecko/20020911"
65.92.48.92 - - [02/Sep/2003:02:47:00 -0700] "GET /images/button-download.gif HTTP/1.1" 200 733 "http://www.antlr.org/" "Mozilla/5.0 Galeon/1.2.5 (X11; Linux i686; U;) Gecko/20020911"
65.92.48.92 - - [02/Sep/2003:02:47:00 -0700] "GET /images/parr-head.jpg HTTP/1.1" 200 3582 "http://www.antlr.org/" "Mozilla/5.0 Galeon/1.2.5 (X11; Linux i686; U;) Gecko/20020911"
65.92.48.92 - - [02/Sep/2003:02:47:00 -0700] "GET /images/search.gif HTTP/1.1" 200 299 "http://www.antlr.org/" "Mozilla/5.0 Galeon/1.2.5 (X11; Linux i686; U;) Gecko/20020911"
65.92.48.92 - - [02/Sep/2003:02:47:00 -0700] "GET /images/search-go.gif HTTP/1.1" 200 266 "http://www.antlr.org/" "Mozilla/5.0 Galeon/1.2.5 (X11; Linux i686; U;) Gecko/20020911"
65.92.48.92 - - [02/Sep/2003:02:47:00 -0700] "GET /images/head-shim.gif HTTP/1.1" 200 158 "-" "Mozilla/5.0 Galeon/1.2.5 (X11; Linux i686; U;) Gecko/20020911"
212.121.135.226 - - [02/Sep/2003:02:47:29 -0700] "GET /share/list HTTP/1.1" 200 10783 "http://www.antlr.org/article/cutpaste/index.html" "Mozilla/5.0 (X11; U; Linux i686; en-US; rv:1.0.1) Gecko/20021003"
212.121.135.226 - - [02/Sep/2003:02:47:29 -0700] "GET /images/button-shared-resource.gif HTTP/1.1" 304 - "http://www.antlr.org/share/list" "Mozilla/5.0 (X11; U; Linux i686; en-US; rv:1.0.1) Gecko/20021003"
65.92.48.92 - - [02/Sep/2003:02:47:32 -0700] "GET /download.html HTTP/1.1" 200 9276 "http://www.antlr.org/" "Mozilla/5.0 Galeon/1.2.5 (X11; Linux i686; U;) Gecko/20020911"
65.92.48.92 - - [02/Sep/2003:02:47:49 -0700] "GET /doc/index.html HTTP/1.1" 200 26469 "http://www.antlr.org/download.html" "Mozilla/5.0 Galeon/1.2.5 (X11; Linux i686; U;) Gecko/20020911"
65.92.48.92 - - [02/Sep/2003:02:47:56 -0700] "GET /download/antlr-2.7.2.zip HTTP/1.1" 200 1943296 "http://www.antlr.org/download.html" "Mozilla/5.0 Galeon/1.2.5 (X11; Linux i686; U;) Gecko/20020911"
65.92.48.92 - - [02/Sep/2003:02:48:19 -0700] "GET /doc/options.html HTTP/1.1" 200 37045 "http://www.antlr.org/doc/index.html" "Mozilla/5.0 Galeon/1.2.5 (X11; Linux i686; U;) Gecko/20020911"
212.121.135.226 - - [02/Sep/2003:02:48:28 -0700] "GET /share/1059167192813/JavaReader.zip HTTP/1.1" 200 3648 "http://www.antlr.org/share/list" "Mozilla/5.0 (X11; U; Linux i686; en-US; rv:1.0.1) Gecko/20021003"
65.92.48.92 - - [02/Sep/2003:02:48:29 -0700] "GET /download.html HTTP/1.1" 200 9276 "http://www.antlr.org/doc/options.html#Options" "Mozilla/5.0 Galeon/1.2.5 (X11; Linux i686; U;) Gecko/20020911"
212.121.135.226 - - [02/Sep/2003:02:49:26 -0700] "GET /share/1059167192813/JavaReader.zip HTTP/1.1" 200 3648 "http://www.antlr.org/share/list" "Mozilla/5.0 (X11; U; Linux i686; en-US; rv:1.0.1) Gecko/20021003"
64.68.82.14 - - [02/Sep/2003:02:49:48 -0700] "GET /grammar/linkChecker HTTP/1.0" 200 8038 "-" "Googlebot/2.1 (+http://www.googlebot.com/bot.html)"
141.45.5.138 - - [02/Sep/2003:02:50:11 -0700] "GET /doc/options.html HTTP/1.1" 200 37045 "http://www.antlr.org/doc/index.html" "Mozilla/5.0 (X11; U; Linux i686; en-US; rv:1.4b) Gecko/20030630 Mozilla Firebird/0.6"
141.45.5.138 - - [02/Sep/2003:02:50:18 -0700] "GET /doc/vocab.html HTTP/1.1" 200 20040 "http://www.antlr.org/doc/options.html" "Mozilla/5.0 (X11; U; Linux i686; en-US; rv:1.4b) Gecko/20030630 Mozilla Firebird/0.6"
217.81.155.122 - - [02/Sep/2003:02:52:05 -0700] "GET / HTTP/1.1" 200 11690 "-" "Mozilla/4.0 (compatible; MSIE 6.0; Windows NT 5.1) Opera 7.11 [de]"
217.81.155.122 - - [02/Sep/2003:02:52:05 -0700] "GET /images/button-download.gif HTTP/1.1" 304 - "http://www.antlr.org/" "Mozilla/4.0 (compatible; MSIE 6.0; Windows NT 5.1) Opera 7.11 [de]"
217.81.155.122 - - [02/Sep/2003:02:52:06 -0700] "GET /images/shim.gif HTTP/1.1" 304 - "http://www.antlr.org/" "Mozilla/4.0 (compatible; MSIE 6.0; Windows NT 5.1) Opera 7.11 [de]"
217.81.155.122 - - [02/Sep/2003:02:52:06 -0700] "GET /images/logo-head.gif HTTP/1.1" 304 - "http://www.antlr.org/" "Mozilla/4.0 (compatible; MSIE 6.0; Windows NT 5.1) Opera 7.11 [de]"
217.81.155.122 - - [02/Sep/2003:02:52:06 -0700] "GET /images/head-shim.gif HTTP/1.1" 304 - "http://www.antlr.org/" "Mozilla/4.0 (compatible; MSIE 6.0; Windows NT 5.1) Opera 7.11 [de]"
217.81.155.122 - - [02/Sep/2003:02:52:06 -0700] "GET /images/parr-head.jpg HTTP/1.1" 304 - "http://www.antlr.org/" "Mozilla/4.0 (compatible; MSIE 6.0; Windows NT 5.1) Opera 7.11 [de]"
217.81.155.122 - - [02/Sep/2003:02:52:06 -0700] "GET /images/parr-head.jpg HTTP/1.1" 304 - "http://www.antlr.org/" "Mozilla/4.0 (compatible; MSIE 6.0; Windows NT 5.1) Opera 7.11 [de]"
217.81.155.122 - - [02/Sep/2003:02:52:06 -0700] "GET /images/search.gif HTTP/1.1" 304 - "http://www.antlr.org/" "Mozilla/4.0 (compatible; MSIE 6.0; Windows NT 5.1) Opera 7.11 [de]"
217.81.155.122 - - [02/Sep/2003:02:52:06 -0700] "GET /images/search-go.gif HTTP/1.1" 304 - "http://www.antlr.org/" "Mozilla/4.0 (compatible; MSIE 6.0; Windows NT 5.1) Opera 7.11 [de]"
81.255.42.139 - - [02/Sep/2003:02:53:13 -0700] "GET / HTTP/1.1" 200 11690 "http://wwwhome.cs.utwente.nl/~kruiskam/antlr-2.7.2/doc/" "Mozilla/4.78 [fr] (WinNT; U)"
81.255.42.139 - - [02/Sep/2003:02:53:13 -0700] "GET /images/shim.gif HTTP/1.1" 200 43 "http://www.ANTLR.org/" "Mozilla/4.78 [fr] (WinNT; U)"
81.255.42.139 - - [02/Sep/2003:02:53:13 -0700] "GET /images/shim.gif HTTP/1.1" 200 43 "http://www.ANTLR.org/" "Mozilla/4.78 [fr] (WinNT; U)"
81.255.42.139 - - [02/Sep/2003:02:53:13 -0700] "GET /images/logo-head.gif HTTP/1.1" 200 4098 "http://www.ANTLR.org/" "Mozilla/4.78 [fr] (WinNT; U)"
81.255.42.139 - - [02/Sep/2003:02:53:13 -0700] "GET /images/logo-head.gif HTTP/1.1" 200 4098 "http://www.ANTLR.org/" "Mozilla/4.78 [fr] (WinNT; U)"
81.255.42.139 - - [02/Sep/2003:02:53:13 -0700] "GET /images/button-download.gif HTTP/1.1" 200 733 "http://www.ANTLR.org/" "Mozilla/4.78 [fr] (WinNT; U)"
81.255.42.139 - - [02/Sep/2003:02:53:13 -0700] "GET /images/parr-head.jpg HTTP/1.1" 200 3582 "http://www.ANTLR.org/" "Mozilla/4.78 [fr] (WinNT; U)"
81.255.42.139 - - [02/Sep/2003:02:53:14 -0700] "GET /images/head-shim.gif HTTP/1.1" 200 158 "http://www.ANTLR.org/" "Mozilla/4.78 [fr] (WinNT; U)"
81.255.42.139 - - [02/Sep/2003:02:53:14 -0700] "GET /images/search-go.gif HTTP/1.1" 200 266 "http://www.ANTLR.org/" "Mozilla/4.78 [fr] (WinNT; U)"
81.255.42.139 - - [02/Sep/2003:02:53:14 -0700] "GET /images/search.gif HTTP/1.1" 200 299 "http://www.ANTLR.org/" "Mozilla/4.78 [fr] (WinNT; U)"
81.255.42.139 - - [02/Sep/2003:02:53:47 -0700] "GET /grammar/ada HTTP/1.1" 200 8383 "http://www.ANTLR.org/" "Mozilla/4.78 [fr] (WinNT; U)"
195.252.127.2 - - [02/Sep/2003:02:53:57 -0700] "GET /article/firstgr/index.html HTTP/1.1" 200 14192 "http://www.antlr.org/doc/getting-started.html" "Mozilla/4.0 (compatible; MSIE 6.0; Windows NT 5.1) Opera 7.11 [en]"
81.255.42.139 - - [02/Sep/2003:02:54:28 -0700] "GET /grammar/ada/ada.g HTTP/1.1" 200 53950 "-" "Mozilla/4.78 [fr] (WinNT; U)"
81.255.42.139 - - [02/Sep/2003:02:54:32 -0700] "GET /grammar/ada/ada.tree.g HTTP/1.1" 200 20360 "-" "Mozilla/4.78 [fr] (WinNT; U)"
81.255.42.139 - - [02/Sep/2003:02:54:36 -0700] "GET /grammar/ada/AdaAST.hpp HTTP/1.1" 200 1619 "-" "Mozilla/4.78 [fr] (WinNT; U)"
81.255.42.139 - - [02/Sep/2003:02:54:39 -0700] "GET /grammar/ada/adasupport.cpp HTTP/1.1" 200 3990 "-" "Mozilla/4.78 [fr] (WinNT; U)"
81.255.42.139 - - [02/Sep/2003:02:54:42 -0700] "GET /grammar/ada/adasupport.hpp HTTP/1.1" 200 240 "-" "Mozilla/4.78 [fr] (WinNT; U)"
81.255.42.139 - - [02/Sep/2003:02:54:45 -0700] "GET /grammar/ada/choptree HTTP/1.1" 200 636 "-" "Mozilla/4.78 [fr] (WinNT; U)"
81.255.42.139 - - [02/Sep/2003:02:54:48 -0700] "GET /grammar/ada/Main.cpp HTTP/1.1" 200 2507 "-" "Mozilla/4.78 [fr] (WinNT; U)"
81.255.42.139 - - [02/Sep/2003:02:54:51 -0700] "GET /grammar/ada/Makefile HTTP/1.1" 200 1109 "-" "Mozilla/4.78 [fr] (WinNT; U)"
64.68.82.167 - - [02/Sep/2003:02:54:55 -0700] "GET /grammar/java HTTP/1.0" 200 8472 "-" "Googlebot/2.1 (+http://www.googlebot.com/bot.html)"
81.255.42.139 - - [02/Sep/2003:02:54:58 -0700] "GET /grammar/ada/ada_utils.cpp HTTP/1.1" 200 1721 "-" "Mozilla/4.78 [fr] (WinNT; U)"
81.255.42.139 - - [02/Sep/2003:02:55:01 -0700] "GET /grammar/ada/README HTTP/1.1" 200 926 "-" "Mozilla/4.78 [fr] (WinNT; U)"
81.255.42.139 - - [02/Sep/2003:02:55:05 -0700] "GET /grammar/ada/TREMULA HTTP/1.1" 200 6687 "-" "Mozilla/4.78 [fr] (WinNT; U)"
81.255.42.139 - - [02/Sep/2003:02:55:07 -0700] "GET /grammar/ada/ada_utils.hpp HTTP/1.1" 200 357 "-" "Mozilla/4.78 [fr] (WinNT; U)"
81.255.42.139 - - [02/Sep/2003:02:55:10 -0700] "GET /grammar/ada/preambles.h HTTP/1.1" 200 494 "-" "Mozilla/4.78 [fr] (WinNT; U)"
81.255.42.139 - - [02/Sep/2003:02:55:11 -0700] "GET / HTTP/1.1" 200 11690 "http://wwwhome.cs.utwente.nl/~kruiskam/antlr-2.7.2/doc/" "Mozilla/4.78 [fr] (WinNT; U)"
81.255.42.139 - - [02/Sep/2003:02:55:15 -0700] "GET /grammar/list HTTP/1.1" 200 15685 "http://www.ANTLR.org/" "Mozilla/4.78 [fr] (WinNT; U)"
81.255.42.139 - - [02/Sep/2003:02:55:15 -0700] "GET /images/button-add-grammar.gif HTTP/1.1" 200 664 "http://www.ANTLR.org/grammar/list" "Mozilla/4.78 [fr] (WinNT; U)"
195.252.127.2 - - [02/Sep/2003:02:55:17 -0700] "GET /book/byhand.pdf HTTP/1.1" 200 93253 "http://www.antlr.org/doc/getting-started.html" "Mozilla/4.0 (compatible; MSIE 6.0; Windows NT 5.1) Opera 7.11 [en]"
81.255.42.139 - - [02/Sep/2003:02:55:41 -0700] "GET /grammar/ORACLE-7-SQL HTTP/1.1" 200 7808 "http://www.ANTLR.org/grammar/list" "Mozilla/4.78 [fr] (WinNT; U)"
81.255.42.139 - - [02/Sep/2003:02:55:52 -0700] "GET /grammar/ORACLE-7-SQL/sql.g HTTP/1.1" 200 17010 "-" "Mozilla/4.78 [fr] (WinNT; U)"
81.255.42.139 - - [02/Sep/2003:02:55:56 -0700] "GET /grammar/ORACLE-7-SQL/Main.java HTTP/1.1" 200 822 "-" "Mozilla/4.78 [fr] (WinNT; U)"
195.252.127.2 - - [02/Sep/2003:02:56:35 -0700] "GET /book/index.html HTTP/1.1" 200 9357 "http://www.antlr.org/doc/getting-started.html" "Mozilla/4.0 (compatible; MSIE 6.0; Windows NT 5.1) Opera 7.11 [en]"
64.68.82.28 - - [02/Sep/2003:02:56:36 -0700] "GET /1.33/history.ps HTTP/1.0" 200 20308 "-" "Googlebot/2.1 (+http://www.googlebot.com/bot.html)"
195.252.127.2 - - [02/Sep/2003:02:56:45 -0700] "GET /book/language.pdf HTTP/1.1" 200 103260 "-" "Mozilla/4.0 (compatible; MSIE 6.0; Windows NT 5.1) Opera 7.11 [en]"
210.59.144.149 - - [02/Sep/2003:02:56:49 -0700] "GET /robots.txt HTTP/1.0" 200 6457 "-" "Openbot/3.0+(robot-response@openfind.com.tw;+http://www.openfind.com.tw/robot.html)"
64.68.82.170 - - [02/Sep/2003:02:57:14 -0700] "GET /article/cutpaste/ HTTP/1.0" 200 7793 "-" "Googlebot/2.1 (+http://www.googlebot.com/bot.html)"
211.144.100.172 - - [02/Sep/2003:03:03:04 -0700] "GET /favicon.ico HTTP/1.1" 404 1015 "-" "Mozilla/4.0 (compatible; MSIE 5.01; Windows NT 5.0)"
212.76.33.71 - - [02/Sep/2003:03:03:08 -0700] "GET /doc/index.html HTTP/1.0" 200 26469 "http://www.antlr.org/doc/index.html" "Mozilla/4.0 (compatible; MSIE 6.0; Windows NT 5.1)"
64.68.82.167 - - [02/Sep/2003:03:03:24 -0700] "GET /article/firstgr/ HTTP/1.0" 200 7844 "-" "Googlebot/2.1 (+http://www.googlebot.com/bot.html)"
211.144.100.172 - - [02/Sep/2003:03:03:24 -0700] "GET /images/shim.gif HTTP/1.1" 304 - "http://www.antlr.org/doc/index.html" "Mozilla/4.0 (compatible; MSIE 5.01; Windows NT 5.0)"
211.144.100.172 - - [02/Sep/2003:03:03:24 -0700] "GET /doc/index.html HTTP/1.1" 200 26469 "-" "Mozilla/4.0 (compatible; MSIE 5.01; Windows NT 5.0)"
211.144.100.172 - - [02/Sep/2003:03:03:24 -0700] "GET /images/logo-head.gif HTTP/1.1" 304 - "http://www.antlr.org/doc/index.html" "Mozilla/4.0 (compatible; MSIE 5.01; Windows NT 5.0)"
211.144.100.172 - - [02/Sep/2003:03:03:25 -0700] "GET /images/button-download.gif HTTP/1.1" 304 - "http://www.antlr.org/doc/index.html" "Mozilla/4.0 (compatible; MSIE 5.01; Windows NT 5.0)"
211.144.100.172 - - [02/Sep/2003:03:03:25 -0700] "GET /images/head-shim.gif HTTP/1.1" 304 - "http://www.antlr.org/doc/index.html" "Mozilla/4.0 (compatible; MSIE 5.01; Windows NT 5.0)"
211.144.100.172 - - [02/Sep/2003:03:03:25 -0700] "GET /images/search.gif HTTP/1.1" 304 - "http://www.antlr.org/doc/index.html" "Mozilla/4.0 (compatible; MSIE 5.01; Windows NT 5.0)"
211.144.100.172 - - [02/Sep/2003:03:03:25 -0700] "GET /images/search-go.gif HTTP/1.1" 304 - "http://www.antlr.org/doc/index.html" "Mozilla/4.0 (compatible; MSIE 5.01; Windows NT 5.0)"
212.76.33.71 - - [02/Sep/2003:03:03:25 -0700] "GET /doc/trees.html HTTP/1.0" 200 48468 "http://www.antlr.org/doc/index.html" "Mozilla/4.0 (compatible; MSIE 6.0; Windows NT 5.1)"
212.76.33.71 - - [02/Sep/2003:03:03:49 -0700] "GET /doc/options.html HTTP/1.0" 200 37045 "http://www.antlr.org/doc/trees.html" "Mozilla/4.0 (compatible; MSIE 6.0; Windows NT 5.1)"
156.153.255.243 - - [02/Sep/2003:03:04:29 -0700] "GET / HTTP/1.0" 200 11690 "-" "LinkLint-checkonly/2.3.5"
156.153.255.243 - - [02/Sep/2003:03:04:29 -0700] "GET /images/shim.gif HTTP/1.0" 200 43 "-" "Mozilla/3.01 (compatible;)"
156.153.255.243 - - [02/Sep/2003:03:04:29 -0700] "GET /images/logo-head.gif HTTP/1.0" 200 4098 "-" "Mozilla/3.01 (compatible;)"
156.153.255.243 - - [02/Sep/2003:03:04:29 -0700] "GET /images/search.gif HTTP/1.0" 200 299 "-" "Mozilla/3.01 (compatible;)"
64.68.82.170 - - [02/Sep/2003:03:04:44 -0700] "GET /grammar/cim HTTP/1.0" 200 8017 "-" "Googlebot/2.1 (+http://www.googlebot.com/bot.html)"
195.252.127.2 - - [02/Sep/2003:03:04:47 -0700] "GET /doc/index.html HTTP/1.1" 200 26469 "http://www.antlr.org/" "Mozilla/4.0 (compatible; MSIE 6.0; Windows NT 5.1) Opera 7.11 [en]"
141.21.4.52 - - [02/Sep/2003:03:05:09 -0700] "GET / HTTP/1.0" 200 11690 "-" "Opera/6.06 (Windows 2000; U) [en]"
141.21.4.52 - - [02/Sep/2003:03:05:11 -0700] "GET /doc/index.html HTTP/1.0" 200 26469 "-" "Opera/6.06 (Windows 2000; U) [en]"
141.21.4.52 - - [02/Sep/2003:03:05:15 -0700] "GET /doc/index.html HTTP/1.0" 200 26469 "-" "Opera/6.06 (Windows 2000; U) [en]"
219.133.0.1 - - [02/Sep/2003:03:05:17 -0700] "GET /doc/metalang.html HTTP/1.0" 200 52606 "http://www.antlr.org/doc/index.html" "Mozilla/4.0 (compatible; MSIE 5.01; Windows NT 5.0)"
141.21.4.52 - - [02/Sep/2003:03:05:18 -0700] "GET /javadoc/overview-summary.html HTTP/1.0" 200 9784 "-" "Opera/6.06 (Windows 2000; U) [en]"
219.133.0.1 - - [02/Sep/2003:03:05:18 -0700] "GET /doc/optional.gif HTTP/1.0" 200 2018 "http://www.antlr.org/doc/metalang.html" "Mozilla/4.0 (compatible; MSIE 5.01; Windows NT 5.0)"
219.133.0.1 - - [02/Sep/2003:03:05:18 -0700] "GET /doc/subrule.gif HTTP/1.0" 200 1887 "http://www.antlr.org/doc/metalang.html" "Mozilla/4.0 (compatible; MSIE 5.01; Windows NT 5.0)"
219.133.0.1 - - [02/Sep/2003:03:05:18 -0700] "GET /doc/closure.gif HTTP/1.0" 200 2166 "http://www.antlr.org/doc/metalang.html" "Mozilla/4.0 (compatible; MSIE 5.01; Windows NT 5.0)"
219.133.0.1 - - [02/Sep/2003:03:05:19 -0700] "GET /doc/posclosure.gif HTTP/1.0" 200 2031 "http://www.antlr.org/doc/metalang.html" "Mozilla/4.0 (compatible; MSIE 5.01; Windows NT 5.0)"
141.21.4.52 - - [02/Sep/2003:03:05:21 -0700] "GET /javadoc/antlr/collections/package-summary.html HTTP/1.0" 200 8829 "-" "Opera/6.06 (Windows 2000; U) [en]"
141.21.4.52 - - [02/Sep/2003:03:05:24 -0700] "GET /javadoc/antlr/collections/AST.html HTTP/1.0" 200 23647 "-" "Opera/6.06 (Windows 2000; U) [en]"
141.21.4.52 - - [02/Sep/2003:03:05:30 -0700] "GET /javadoc/antlr/package-summary.html HTTP/1.0" 200 22368 "-" "Opera/6.06 (Windows 2000; U) [en]"
141.21.4.52 - - [02/Sep/2003:03:05:34 -0700] "GET /javadoc/antlr/CommonAST.html HTTP/1.0" 200 18511 "-" "Opera/6.06 (Windows 2000; U) [en]"
212.59.7.121 - - [02/Sep/2003:03:05:48 -0700] "GET / HTTP/1.1" 200 11690 "http://developer.java.sun.com/developer/technicalArticles/Parser/SeriesPt1/" "Mozilla/4.0 (compatible; MSIE 6.0; Windows NT 5.0)"
212.59.7.121 - - [02/Sep/2003:03:05:48 -0700] "GET /images/shim.gif HTTP/1.1" 200 43 "http://www.antlr.org/" "Mozilla/4.0 (compatible; MSIE 6.0; Windows NT 5.0)"
212.59.7.121 - - [02/Sep/2003:03:05:49 -0700] "GET /images/logo-head.gif HTTP/1.1" 200 4098 "http://www.antlr.org/" "Mozilla/4.0 (compatible; MSIE 6.0; Windows NT 5.0)"
212.59.7.121 - - [02/Sep/2003:03:05:49 -0700] "GET /images/head-shim.gif HTTP/1.1" 200 158 "http://www.antlr.org/" "Mozilla/4.0 (compatible; MSIE 6.0; Windows NT 5.0)"
212.59.7.121 - - [02/Sep/2003:03:05:50 -0700] "GET /images/button-download.gif HTTP/1.1" 200 733 "http://www.antlr.org/" "Mozilla/4.0 (compatible; MSIE 6.0; Windows NT 5.0)"
212.59.7.121 - - [02/Sep/2003:03:05:50 -0700] "GET /images/parr-head.jpg HTTP/1.1" 200 3582 "http://www.antlr.org/" "Mozilla/4.0 (compatible; MSIE 6.0; Windows NT 5.0)"
212.59.7.121 - - [02/Sep/2003:03:05:50 -0700] "GET /images/search.gif HTTP/1.1" 200 299 "http://www.antlr.org/" "Mozilla/4.0 (compatible; MSIE 6.0; Windows NT 5.0)"
212.59.7.121 - - [02/Sep/2003:03:05:51 -0700] "GET /images/search-go.gif HTTP/1.1" 200 266 "http://www.antlr.org/" "Mozilla/4.0 (compatible; MSIE 6.0; Windows NT 5.0)"
195.252.127.2 - - [02/Sep/2003:03:05:55 -0700] "GET /article/list HTTP/1.1" 200 15911 "http://www.antlr.org/doc/index.html" "Mozilla/4.0 (compatible; MSIE 6.0; Windows NT 5.1) Opera 7.11 [en]"
